
--
-- Table structure for table `ps_homeslider`
--

CREATE TABLE `ps_homeslider` (
  `id_homeslider_slides` int(10) unsigned NOT NULL AUTO_INCREMENT,
  `id_shop` int(10) unsigned NOT NULL,
  PRIMARY KEY (`id_homeslider_slides`,`id_shop`)
) ENGINE=InnoDB AUTO_INCREMENT=2 DEFAULT CHARSET=utf8;

--
-- Dumping data for table `ps_homeslider`
--

INSERT INTO `ps_homeslider` VALUES (1,1);

--
-- Table structure for table `ps_homeslider_slides`
--

CREATE TABLE `ps_homeslider_slides` (
  `id_homeslider_slides` int(10) unsigned NOT NULL AUTO_INCREMENT,
  `position` int(10) unsigned NOT NULL DEFAULT '0',
  `active` tinyint(1) unsigned NOT NULL DEFAULT '0',
  PRIMARY KEY (`id_homeslider_slides`)
) ENGINE=InnoDB AUTO_INCREMENT=2 DEFAULT CHARSET=utf8;

--
-- Dumping data for table `ps_homeslider_slides`
--

INSERT INTO `ps_homeslider_slides` VALUES (1,0,1);

--
-- Table structure for table `ps_homeslider_slides_lang`
--

CREATE TABLE `ps_homeslider_slides_lang` (
  `id_homeslider_slides` int(10) unsigned NOT NULL,
  `id_lang` int(10) unsigned NOT NULL,
  `title` varchar(255) NOT NULL,
  `description` text NOT NULL,
  `legend` varchar(255) NOT NULL,
  `url` varchar(255) NOT NULL,
  `image` varchar(255) NOT NULL,
  PRIMARY KEY (`id_homeslider_slides`,`id_lang`)
) ENGINE=InnoDB DEFAULT CHARSET=utf8;

--
-- Dumping data for table `ps_homeslider_slides_lang`
--

INSERT INTO `ps_homeslider_slides_lang` VALUES (1,1,'Pyramide de la musique','','Pyramide de la musique','https://www.pyramusique.ma/fr/32_casio','534869680f47cbe4035fe683743543be64f20bdb_casiow.jpg'),(1,2,'Sample 1','<h2>EXCEPTEUR<br />OCCAECAT</h2>\n<p>Lorem ipsum dolor sit amet, consectetur adipiscing elit. Proin tristique in tortor et dignissim. Quisque non tempor leo. Maecenas egestas sem elit</p>\n<p><button class=\"btn btn-default\" type=\"button\">Shop now !</button></p>','sample-1','http://www.prestashop.com/?utm_source=v16_homeslider','sample-1.jpg');

--
-- Table structure for table `ps_hook`
--

CREATE TABLE `ps_hook` (
  `id_hook` int(10) unsigned NOT NULL AUTO_INCREMENT,
  `name` varchar(64) NOT NULL,
  `title` varchar(64) NOT NULL,
  `description` text,
  `position` tinyint(1) NOT NULL DEFAULT '1',
  `live_edit` tinyint(1) NOT NULL DEFAULT '0',
  PRIMARY KEY (`id_hook`),
  UNIQUE KEY `hook_name` (`name`)
) ENGINE=InnoDB AUTO_INCREMENT=159 DEFAULT CHARSET=utf8;

--
-- Dumping data for table `ps_hook`
--

INSERT INTO `ps_hook` VALUES (1,'displayPayment','Payment','This hook displays new elements on the payment page',1,1),(2,'actionValidateOrder','New orders','',1,0),(3,'displayMaintenance','Maintenance Page','This hook displays new elements on the maintenance page',1,0),(4,'actionPaymentConfirmation','Payment confirmation','This hook displays new elements after the payment is validated',1,0),(5,'displayPaymentReturn','Payment return','',1,0),(6,'actionUpdateQuantity','Quantity update','Quantity is updated only when a customer effectively places their order',1,0),(7,'displayRightColumn','Right column blocks','This hook displays new elements in the right-hand column',1,1),(8,'displayLeftColumn','Left column blocks','This hook displays new elements in the left-hand column',1,1),(9,'displayHome','Homepage content','This hook displays new elements on the homepage',1,1),(10,'displayHeader','Pages header','This hook displays additional elements in the header of your pages',1,0),(11,'actionCartSave','Cart creation and update','This hook is displayed when a product is added to the cart or if the cart\'s content is modified',1,0),(12,'actionAuthentication','Successful customer authentication','This hook is displayed after a customer successfully signs in',1,0),(13,'actionProductAdd','Product creation','This hook is displayed after a product is created',1,0),(14,'actionProductUpdate','Product update','This hook is displayed after a product has been updated',1,0),(15,'displayTop','Top of pages','This hook displays  additional elements at the top of your pages',1,0),(16,'displayRightColumnProduct','New elements on the product page (right column)','This hook displays new elements in the right-hand column of the product page',1,0),(17,'actionProductDelete','Product deletion','This hook is called when a product is deleted',1,0),(18,'displayFooterProduct','Product footer','This hook adds new blocks under the product\'s description',1,1),(19,'displayInvoice','Invoice','This hook displays new blocks on the invoice (order)',1,0),(20,'actionOrderStatusUpdate','Order status update - Event','This hook launches modules when the status of an order changes.',1,0),(21,'displayAdminOrder','Display new elements in the Back Office, tab AdminOrder','This hook launches modules when the AdminOrder tab is displayed in the Back Office',1,0),(22,'displayAdminOrderTabOrder','Display new elements in Back Office, AdminOrder, panel Order','This hook launches modules when the AdminOrder tab is displayed in the Back Office and extends / override Order panel tabs',1,0),(23,'displayAdminOrderTabShip','Display new elements in Back Office, AdminOrder, panel Shipping','This hook launches modules when the AdminOrder tab is displayed in the Back Office and extends / override Shipping panel tabs',1,0),(24,'displayAdminOrderContentOrder','Display new elements in Back Office, AdminOrder, panel Order','This hook launches modules when the AdminOrder tab is displayed in the Back Office and extends / override Order panel content',1,0),(25,'displayAdminOrderContentShip','Display new elements in Back Office, AdminOrder, panel Shipping','This hook launches modules when the AdminOrder tab is displayed in the Back Office and extends / override Shipping panel content',1,0),(26,'displayFooter','Footer','This hook displays new blocks in the footer',1,0),(27,'displayPDFInvoice','PDF Invoice','This hook allows you to display additional information on PDF invoices',1,0),(28,'displayAdminCustomers','Display new elements in the Back Office, tab AdminCustomers','This hook launches modules when the AdminCustomers tab is displayed in the Back Office',1,0),(29,'displayOrderConfirmation','Order confirmation page','This hook is called within an order\'s confirmation page',1,0),(30,'actionCustomerAccountAdd','Successful customer account creation','This hook is called when a new customer creates an account successfully',1,0),(31,'displayCustomerAccount','Customer account displayed in Front Office','This hook displays new elements on the customer account page',1,0),(32,'actionOrderSlipAdd','Order slip creation','This hook is called when a new credit slip is added regarding client order',1,0),(33,'displayProductTab','Tabs on product page','This hook is called on the product page\'s tab',1,0),(34,'displayProductTabContent','Tabs content on the product page','This hook is called on the product page\'s tab',1,0),(35,'displayShoppingCartFooter','Shopping cart footer','This hook displays some specific information on the shopping cart\'s page',1,0),(36,'displayCustomerAccountForm','Customer account creation form','This hook displays some information on the form to create a customer account',1,0),(37,'displayAdminStatsModules','Stats - Modules','',1,0),(38,'displayAdminStatsGraphEngine','Graph engines','',1,0),(39,'actionOrderReturn','Returned product','This hook is displayed when a customer returns a product ',1,0),(40,'displayProductButtons','Product page actions','This hook adds new action buttons on the product page',1,0),(41,'displayBackOfficeHome','Administration panel homepage','This hook is displayed on the admin panel\'s homepage',1,0),(42,'displayAdminStatsGridEngine','Grid engines','',1,0),(43,'actionWatermark','Watermark','',1,0),(44,'actionProductCancel','Product cancelled','This hook is called when you cancel a product in an order',1,0),(45,'displayLeftColumnProduct','New elements on the product page (left column)','This hook displays new elements in the left-hand column of the product page',1,0),(46,'actionProductOutOfStock','Out-of-stock product','This hook displays new action buttons if a product is out of stock',1,0),(47,'actionProductAttributeUpdate','Product attribute update','This hook is displayed when a product\'s attribute is updated',1,0),(48,'displayCarrierList','Extra carrier (module mode)','',1,0),(49,'displayShoppingCart','Shopping cart - Additional button','This hook displays new action buttons within the shopping cart',1,0),(50,'actionSearch','Search','',1,0),(51,'displayBeforePayment','Redirect during the order process','This hook redirects the user to the module instead of displaying payment modules',1,0),(52,'actionCarrierUpdate','Carrier Update','This hook is called when a carrier is updated',1,0),(53,'actionOrderStatusPostUpdate','Post update of order status','',1,0),(54,'displayCustomerAccountFormTop','Block above the form for create an account','This hook is displayed above the customer\'s account creation form',1,0),(55,'displayBackOfficeHeader','Administration panel header','This hook is displayed in the header of the admin panel',1,0),(56,'displayBackOfficeTop','Administration panel hover the tabs','This hook is displayed on the roll hover of the tabs within the admin panel',1,0),(57,'displayBackOfficeFooter','Administration panel footer','This hook is displayed within the admin panel\'s footer',1,0),(58,'actionProductAttributeDelete','Product attribute deletion','This hook is displayed when a product\'s attribute is deleted',1,0),(59,'actionCarrierProcess','Carrier process','',1,0),(60,'actionOrderDetail','Order detail','This hook is used to set the follow-up in Smarty when an order\'s detail is called',1,0),(61,'displayBeforeCarrier','Before carriers list','This hook is displayed before the carrier list in Front Office',1,0),(62,'displayOrderDetail','Order detail','This hook is displayed within the order\'s details in Front Office',1,0),(63,'actionPaymentCCAdd','Payment CC added','',1,0),(64,'displayProductComparison','Extra product comparison','',1,0),(65,'actionCategoryAdd','Category creation','This hook is displayed when a category is created',1,0),(66,'actionCategoryUpdate','Category modification','This hook is displayed when a category is modified',1,0),(67,'actionCategoryDelete','Category deletion','This hook is displayed when a category is deleted',1,0),(68,'actionBeforeAuthentication','Before authentication','This hook is displayed before the customer\'s authentication',1,0),(69,'displayPaymentTop','Top of payment page','This hook is displayed at the top of the payment page',1,0),(70,'actionHtaccessCreate','After htaccess creation','This hook is displayed after the htaccess creation',1,0),(71,'actionAdminMetaSave','After saving the configuration in AdminMeta','This hook is displayed after saving the configuration in AdminMeta',1,0),(72,'displayAttributeGroupForm','Add fields to the form \'attribute group\'','This hook adds fields to the form \'attribute group\'',1,0),(73,'actionAttributeGroupSave','Saving an attribute group','This hook is called while saving an attributes group',1,0),(74,'actionAttributeGroupDelete','Deleting attribute group','This hook is called while deleting an attributes  group',1,0),(75,'displayFeatureForm','Add fields to the form \'feature\'','This hook adds fields to the form \'feature\'',1,0),(76,'actionFeatureSave','Saving attributes\' features','This hook is called while saving an attributes features',1,0),(77,'actionFeatureDelete','Deleting attributes\' features','This hook is called while deleting an attributes features',1,0),(78,'actionProductSave','Saving products','This hook is called while saving products',1,0),(79,'actionProductListOverride','Assign a products list to a category','This hook assigns a products list to a category',1,0),(80,'displayAttributeGroupPostProcess','On post-process in admin attribute group','This hook is called on post-process in admin attribute group',1,0),(81,'displayFeaturePostProcess','On post-process in admin feature','This hook is called on post-process in admin feature',1,0),(82,'displayFeatureValueForm','Add fields to the form \'feature value\'','This hook adds fields to the form \'feature value\'',1,0),(83,'displayFeatureValuePostProcess','On post-process in admin feature value','This hook is called on post-process in admin feature value',1,0),(84,'actionFeatureValueDelete','Deleting attributes\' features\' values','This hook is called while deleting an attributes features value',1,0),(85,'actionFeatureValueSave','Saving an attributes features value','This hook is called while saving an attributes features value',1,0),(86,'displayAttributeForm','Add fields to the form \'attribute value\'','This hook adds fields to the form \'attribute value\'',1,0),(87,'actionAttributePostProcess','On post-process in admin feature value','This hook is called on post-process in admin feature value',1,0),(88,'actionAttributeDelete','Deleting an attributes features value','This hook is called while deleting an attributes features value',1,0),(89,'actionAttributeSave','Saving an attributes features value','This hook is called while saving an attributes features value',1,0),(90,'actionTaxManager','Tax Manager Factory','',1,0),(91,'displayMyAccountBlock','My account block','This hook displays extra information within the \'my account\' block\"',1,0),(92,'actionModuleInstallBefore','actionModuleInstallBefore','',1,0),(93,'actionModuleInstallAfter','actionModuleInstallAfter','',1,0),(94,'displayHomeTab','Home Page Tabs','This hook displays new elements on the homepage tabs',1,1),(95,'displayHomeTabContent','Home Page Tabs Content','This hook displays new elements on the homepage tabs content',1,1),(96,'displayTopColumn','Top column blocks','This hook displays new elements in the top of columns',1,1),(97,'displayBackOfficeCategory','Display new elements in the Back Office, tab AdminCategories','This hook launches modules when the AdminCategories tab is displayed in the Back Office',1,0),(98,'displayProductListFunctionalButtons','Display new elements in the Front Office, products list','This hook launches modules when the products list is displayed in the Front Office',1,0),(99,'displayNav','Navigation','',1,1),(100,'displayOverrideTemplate','Change the default template of current controller','',1,0),(101,'actionObjectProductUpdateAfter','actionObjectProductUpdateAfter','',0,0),(102,'actionObjectProductDeleteAfter','actionObjectProductDeleteAfter','',0,0),(103,'displayCompareExtraInformation','displayCompareExtraInformation','',1,1),(104,'displayBanner','displayBanner','',1,1),(105,'actionObjectLanguageAddAfter','actionObjectLanguageAddAfter','',0,0),(106,'actionCartListOverride','actionCartListOverride','',0,0),(107,'actionAdminMetaControllerUpdate_optionsBefore','actionAdminMetaControllerUpdate_optionsBefore','',0,0),(108,'actionAdminLanguagesControllerStatusBefore','actionAdminLanguagesControllerStatusBefore','',0,0),(109,'actionObjectCmsUpdateAfter','actionObjectCmsUpdateAfter','',0,0),(110,'actionObjectCmsDeleteAfter','actionObjectCmsDeleteAfter','',0,0),(111,'actionShopDataDuplication','actionShopDataDuplication','',0,0),(112,'actionAdminStoresControllerUpdate_optionsAfter','actionAdminStoresControllerUpdate_optionsAfter','',0,0),(113,'actionObjectManufacturerDeleteAfter','actionObjectManufacturerDeleteAfter','',0,0),(114,'actionObjectManufacturerAddAfter','actionObjectManufacturerAddAfter','',0,0),(115,'actionObjectManufacturerUpdateAfter','actionObjectManufacturerUpdateAfter','',0,0),(117,'actionModuleRegisterHookAfter','actionModuleRegisterHookAfter','',0,0),(118,'actionModuleUnRegisterHookAfter','actionModuleUnRegisterHookAfter','',0,0),(119,'displayMyAccountBlockfooter','My account block','Display extra informations inside the \"my account\" block',1,0),(120,'displayMobileTopSiteMap','displayMobileTopSiteMap','',1,1),(121,'actionObjectSupplierDeleteAfter','actionObjectSupplierDeleteAfter','',0,0),(122,'actionObjectSupplierAddAfter','actionObjectSupplierAddAfter','',0,0),(123,'actionObjectSupplierUpdateAfter','actionObjectSupplierUpdateAfter','',0,0),(124,'actionObjectCategoryUpdateAfter','actionObjectCategoryUpdateAfter','',0,0),(125,'actionObjectCategoryDeleteAfter','actionObjectCategoryDeleteAfter','',0,0),(126,'actionObjectCategoryAddAfter','actionObjectCategoryAddAfter','',0,0),(127,'actionObjectCmsAddAfter','actionObjectCmsAddAfter','',0,0),(128,'actionObjectProductAddAfter','actionObjectProductAddAfter','',0,0),(129,'dashboardZoneOne','dashboardZoneOne','',0,0),(130,'dashboardData','dashboardData','',0,0),(131,'actionObjectOrderAddAfter','actionObjectOrderAddAfter','',0,0),(132,'actionObjectCustomerAddAfter','actionObjectCustomerAddAfter','',0,0),(133,'actionObjectCustomerMessageAddAfter','actionObjectCustomerMessageAddAfter','',0,0),(134,'actionObjectCustomerThreadAddAfter','actionObjectCustomerThreadAddAfter','',0,0),(135,'actionObjectOrderReturnAddAfter','actionObjectOrderReturnAddAfter','',0,0),(136,'actionAdminControllerSetMedia','actionAdminControllerSetMedia','',0,0),(137,'dashboardZoneTwo','dashboardZoneTwo','',0,0),(138,'ekomiSmartPrc','ekomiSmartPrc','',0,0),(139,'displaySearch','displaySearch','',1,1),(140,'displaySocialSharing','displaySocialSharing','',1,1),(141,'actionBeforeCartUpdateQty','actionBeforeCartUpdateQty','',0,0),(142,'displayMobileHeader','displayMobileHeader','',1,1),(143,'displayMobileShoppingCartTop','displayMobileShoppingCartTop','',1,1),(144,'displayMobileAddToCartTop','displayMobileAddToCartTop','',1,1),(145,'displayPaymentEU','displayPaymentEU','',1,1),(146,'actionPSCleanerGetModulesTables','actionPSCleanerGetModulesTables','',0,0),(147,'displayProductListReviews','displayProductListReviews','',1,1),(148,'actionAdminPerformanceControllerAfter','actionAdminPerformanceControllerAfter','',0,0),(149,'displaySlideshow','displaySlideshow','',1,1),(150,'topNavigation','topNavigation','',0,0),(151,'displayContentBottom','displayContentBottom','',1,1),(152,'displayBottom','displayBottom','',1,1),(153,'displayFooterTop','displayFooterTop','',1,1),(154,'displayFooterBottom','displayFooterBottom','',1,1),(155,'displayFootNav','displayFootNav','',1,1),(156,'displayHeaderRight','displayHeaderRight','',1,1),(157,'ModuleRoutes','ModuleRoutes','',0,0),(158,'displayAdminAfterHeader','displayAdminAfterHeader','',1,1);

--
-- Table structure for table `ps_hook_alias`
--

CREATE TABLE `ps_hook_alias` (
  `id_hook_alias` int(10) unsigned NOT NULL AUTO_INCREMENT,
  `alias` varchar(64) NOT NULL,
  `name` varchar(64) NOT NULL,
  PRIMARY KEY (`id_hook_alias`),
  UNIQUE KEY `alias` (`alias`)
) ENGINE=InnoDB AUTO_INCREMENT=87 DEFAULT CHARSET=utf8;

--
-- Dumping data for table `ps_hook_alias`
--

INSERT INTO `ps_hook_alias` VALUES (1,'payment','displayPayment'),(2,'newOrder','actionValidateOrder'),(3,'paymentConfirm','actionPaymentConfirmation'),(4,'paymentReturn','displayPaymentReturn'),(5,'updateQuantity','actionUpdateQuantity'),(6,'rightColumn','displayRightColumn'),(7,'leftColumn','displayLeftColumn'),(8,'home','displayHome'),(9,'header','displayHeader'),(10,'cart','actionCartSave'),(11,'authentication','actionAuthentication'),(12,'addproduct','actionProductAdd'),(13,'updateproduct','actionProductUpdate'),(14,'top','displayTop'),(15,'extraRight','displayRightColumnProduct'),(16,'deleteproduct','actionProductDelete'),(17,'productfooter','displayFooterProduct'),(18,'invoice','displayInvoice'),(19,'updateOrderStatus','actionOrderStatusUpdate'),(20,'adminOrder','displayAdminOrder'),(21,'footer','displayFooter'),(22,'PDFInvoice','displayPDFInvoice'),(23,'adminCustomers','displayAdminCustomers'),(24,'orderConfirmation','displayOrderConfirmation'),(25,'createAccount','actionCustomerAccountAdd'),(26,'customerAccount','displayCustomerAccount'),(27,'orderSlip','actionOrderSlipAdd'),(28,'productTab','displayProductTab'),(29,'productTabContent','displayProductTabContent'),(30,'shoppingCart','displayShoppingCartFooter'),(31,'createAccountForm','displayCustomerAccountForm'),(32,'AdminStatsModules','displayAdminStatsModules'),(33,'GraphEngine','displayAdminStatsGraphEngine'),(34,'orderReturn','actionOrderReturn'),(35,'productActions','displayProductButtons'),(36,'backOfficeHome','displayBackOfficeHome'),(37,'GridEngine','displayAdminStatsGridEngine'),(38,'watermark','actionWatermark'),(39,'cancelProduct','actionProductCancel'),(40,'extraLeft','displayLeftColumnProduct'),(41,'productOutOfStock','actionProductOutOfStock'),(42,'updateProductAttribute','actionProductAttributeUpdate'),(43,'extraCarrier','displayCarrierList'),(44,'shoppingCartExtra','displayShoppingCart'),(45,'search','actionSearch'),(46,'backBeforePayment','displayBeforePayment'),(47,'updateCarrier','actionCarrierUpdate'),(48,'postUpdateOrderStatus','actionOrderStatusPostUpdate'),(49,'createAccountTop','displayCustomerAccountFormTop'),(50,'backOfficeHeader','displayBackOfficeHeader'),(51,'backOfficeTop','displayBackOfficeTop'),(52,'backOfficeFooter','displayBackOfficeFooter'),(53,'deleteProductAttribute','actionProductAttributeDelete'),(54,'processCarrier','actionCarrierProcess'),(55,'orderDetail','actionOrderDetail'),(56,'beforeCarrier','displayBeforeCarrier'),(57,'orderDetailDisplayed','displayOrderDetail'),(58,'paymentCCAdded','actionPaymentCCAdd'),(59,'extraProductComparison','displayProductComparison'),(60,'categoryAddition','actionCategoryAdd'),(61,'categoryUpdate','actionCategoryUpdate'),(62,'categoryDeletion','actionCategoryDelete'),(63,'beforeAuthentication','actionBeforeAuthentication'),(64,'paymentTop','displayPaymentTop'),(65,'afterCreateHtaccess','actionHtaccessCreate'),(66,'afterSaveAdminMeta','actionAdminMetaSave'),(67,'attributeGroupForm','displayAttributeGroupForm'),(68,'afterSaveAttributeGroup','actionAttributeGroupSave'),(69,'afterDeleteAttributeGroup','actionAttributeGroupDelete'),(70,'featureForm','displayFeatureForm'),(71,'afterSaveFeature','actionFeatureSave'),(72,'afterDeleteFeature','actionFeatureDelete'),(73,'afterSaveProduct','actionProductSave'),(74,'productListAssign','actionProductListOverride'),(75,'postProcessAttributeGroup','displayAttributeGroupPostProcess'),(76,'postProcessFeature','displayFeaturePostProcess'),(77,'featureValueForm','displayFeatureValueForm'),(78,'postProcessFeatureValue','displayFeatureValuePostProcess'),(79,'afterDeleteFeatureValue','actionFeatureValueDelete'),(80,'afterSaveFeatureValue','actionFeatureValueSave'),(81,'attributeForm','displayAttributeForm'),(82,'postProcessAttribute','actionAttributePostProcess'),(83,'afterDeleteAttribute','actionAttributeDelete'),(84,'afterSaveAttribute','actionAttributeSave'),(85,'taxManager','actionTaxManager'),(86,'myAccountBlock','displayMyAccountBlock');

--
-- Table structure for table `ps_hook_module`
--

CREATE TABLE `ps_hook_module` (
  `id_module` int(10) unsigned NOT NULL,
  `id_shop` int(11) unsigned NOT NULL DEFAULT '1',
  `id_hook` int(10) unsigned NOT NULL,
  `position` tinyint(2) unsigned NOT NULL,
  PRIMARY KEY (`id_module`,`id_hook`,`id_shop`),
  KEY `id_hook` (`id_hook`),
  KEY `id_module` (`id_module`),
  KEY `position` (`id_shop`,`position`)
) ENGINE=InnoDB DEFAULT CHARSET=utf8;

--
-- Dumping data for table `ps_hook_module`
--

INSERT INTO `ps_hook_module` VALUES (3,1,1,0),(1,1,16,1),(1,1,101,1),(1,1,102,1),(1,1,103,1),(2,1,105,1),(3,1,5,1),(4,1,53,1),(4,1,94,1),(4,1,95,1),(7,1,65,1),(7,1,66,1),(7,1,67,1),(7,1,97,1),(7,1,107,1),(7,1,108,1),(9,1,9,1),(11,1,72,1),(11,1,73,1),(11,1,74,1),(11,1,75,1),(11,1,76,1),(11,1,77,1),(11,1,78,1),(11,1,79,1),(11,1,80,1),(11,1,81,1),(11,1,82,1),(11,1,83,1),(11,1,84,1),(11,1,85,1),(11,1,86,1),(11,1,87,1),(11,1,88,1),(11,1,89,1),(12,1,109,1),(12,1,110,1),(12,1,111,1),(12,1,112,1),(16,1,113,1),(16,1,114,1),(16,1,115,1),(17,1,117,1),(17,1,118,1),(19,1,8,1),(19,1,10,1),(19,1,13,1),(19,1,14,1),(20,1,26,1),(20,1,30,1),(22,1,15,1),(22,1,120,1),(25,1,121,1),(25,1,122,1),(25,1,123,1),(27,1,124,1),(27,1,125,1),(27,1,126,1),(27,1,127,1),(27,1,128,1),(28,1,99,1),(30,1,1,1),(31,1,129,1),(31,1,130,1),(31,1,131,1),(31,1,132,1),(31,1,133,1),(31,1,134,1),(31,1,135,1),(31,1,136,1),(32,1,137,1),(35,1,38,1),(36,1,42,1),(37,1,96,1),(40,1,37,1),(50,1,12,1),(60,1,50,1),(63,1,55,1),(66,1,35,1),(70,1,138,1),(71,1,2,1),(71,1,20,1),(71,1,28,1),(71,1,31,1),(71,1,39,1),(71,1,44,1),(71,1,91,1),(72,1,11,1),(72,1,21,1),(72,1,52,1),(73,1,29,1),(75,1,1,1),(75,1,18,1),(75,1,27,1),(75,1,49,1),(75,1,51,1),(75,1,141,1),(75,1,142,1),(75,1,143,1),(75,1,144,1),(75,1,145,1),(75,1,146,1),(76,1,7,1),(76,1,32,1),(76,1,69,1),(77,1,129,1),(78,1,33,1),(78,1,34,1),(78,1,64,1),(78,1,147,1),(79,1,7,1),(79,1,18,1),(79,1,149,1),(79,1,151,1),(79,1,152,1),(79,1,153,1),(79,1,154,1),(79,1,155,1),(84,1,45,1),(87,1,157,1),(87,1,158,1),(2,1,10,2),(4,1,8,2),(4,1,14,2),(8,1,99,2),(11,1,65,2),(11,1,66,2),(11,1,67,2),(13,1,9,2),(18,1,117,2),(18,1,118,2),(19,1,94,2),(19,1,95,2),(27,1,101,2),(27,1,102,2),(27,1,109,2),(27,1,110,2),(27,1,111,2),(27,1,113,2),(27,1,114,2),(27,1,115,2),(27,1,121,2),(27,1,122,2),(27,1,123,2),(30,1,5,2),(32,1,53,2),(32,1,130,2),(32,1,136,2),(33,1,137,2),(34,1,50,2),(34,1,131,2),(38,1,13,2),(39,1,40,2),(41,1,37,2),(50,1,30,2),(63,1,96,2),(63,1,105,2),(69,1,55,2),(71,1,16,2),(71,1,35,2),(72,1,2,2),(75,1,21,2),(75,1,29,2),(75,1,44,2),(76,1,18,2),(76,1,27,2),(76,1,49,2),(76,1,51,2),(78,1,16,2),(79,1,34,2),(81,1,26,2),(82,1,7,2),(82,1,149,2),(82,1,150,2),(82,1,151,2),(82,1,152,2),(82,1,153,2),(82,1,154,2),(82,1,155,2),(86,1,145,2),(4,1,10,3),(4,1,13,3),(6,1,26,3),(7,1,8,3),(10,1,99,3),(23,1,14,3),(28,1,15,3),(33,1,130,3),(33,1,136,3),(34,1,137,3),(37,1,111,3),(38,1,66,3),(38,1,94,3),(42,1,37,3),(70,1,53,3),(75,1,5,3),(75,1,7,3),(75,1,55,3),(76,1,21,3),(76,1,40,3),(76,1,44,3),(79,1,16,3),(79,1,111,3),(79,1,150,3),(81,1,18,3),(1,1,10,4),(11,1,8,4),(14,1,99,4),(23,1,13,4),(27,1,66,4),(34,1,130,4),(35,1,136,4),(38,1,14,4),(43,1,37,4),(75,1,53,4),(76,1,1,4),(76,1,5,4),(76,1,55,4),(79,1,15,4),(82,1,16,4),(82,1,18,4),(82,1,26,4),(82,1,111,4),(88,1,150,4),(7,1,26,5),(12,1,8,5),(40,1,15,5),(44,1,37,5),(73,1,136,5),(85,1,13,5),(85,1,14,5),(85,1,18,5),(86,1,1,5),(86,1,5,5),(87,1,55,5),(6,1,10,6),(12,1,26,6),(16,1,8,6),(41,1,15,6),(45,1,37,6),(91,1,55,6),(17,1,8,7),(18,1,26,7),(27,1,10,7),(46,1,37,7),(82,1,15,7),(8,1,10,8),(21,1,8,8),(27,1,15,8),(47,1,37,8),(79,1,26,8),(7,1,10,9),(15,1,26,9),(23,1,8,9),(48,1,37,9),(76,1,15,9),(82,1,8,9),(9,1,10,10),(24,1,8,10),(49,1,37,10),(50,1,26,10),(79,1,8,10),(10,1,10,11),(25,1,8,11),(51,1,37,11),(63,1,26,11),(11,1,10,12),(26,1,8,12),(52,1,37,12),(12,1,10,13),(29,1,8,13),(53,1,37,13),(14,1,10,14),(54,1,37,14),(63,1,8,14),(15,1,10,15),(55,1,37,15),(16,1,10,16),(56,1,37,16),(17,1,10,17),(57,1,37,17),(18,1,10,18),(20,1,10,19),(59,1,37,19),(21,1,10,20),(60,1,37,20),(22,1,10,21),(61,1,37,21),(23,1,10,22),(62,1,37,22),(24,1,10,23),(25,1,10,24),(26,1,10,25),(28,1,10,26),(29,1,10,27),(38,1,10,28),(37,1,10,29),(39,1,10,30),(63,1,10,31),(64,1,10,32),(66,1,10,33),(78,1,10,34),(84,1,10,35),(79,1,10,36),(73,1,10,37),(75,1,10,38),(82,1,10,39),(76,1,10,40),(85,1,10,41),(81,1,10,42),(83,1,10,43),(87,1,10,44),(88,1,10,45),(91,1,10,46);

--
-- Table structure for table `ps_hook_module_exceptions`
--

CREATE TABLE `ps_hook_module_exceptions` (
  `id_hook_module_exceptions` int(10) unsigned NOT NULL AUTO_INCREMENT,
  `id_shop` int(11) unsigned NOT NULL DEFAULT '1',
  `id_module` int(10) unsigned NOT NULL,
  `id_hook` int(10) unsigned NOT NULL,
  `file_name` varchar(255) DEFAULT NULL,
  PRIMARY KEY (`id_hook_module_exceptions`),
  KEY `id_module` (`id_module`),
  KEY `id_hook` (`id_hook`)
) ENGINE=InnoDB AUTO_INCREMENT=184 DEFAULT CHARSET=utf8;

--
-- Dumping data for table `ps_hook_module_exceptions`
--

INSERT INTO `ps_hook_module_exceptions` VALUES (1,1,4,8,'category'),(2,1,16,8,'category'),(3,1,17,8,'category'),(4,1,21,8,'category'),(5,1,25,8,'category'),(6,1,4,8,'category'),(7,1,4,8,'category'),(8,1,4,8,'category'),(9,1,4,8,'category'),(10,1,4,8,'category'),(11,1,16,8,'category'),(12,1,16,8,'category'),(13,1,16,8,'category'),(14,1,16,8,'category'),(15,1,16,8,'category'),(16,1,16,8,'category'),(17,1,16,8,'category'),(18,1,16,8,'category'),(19,1,16,8,'category'),(20,1,16,8,'category'),(21,1,16,8,'category'),(22,1,16,8,'category'),(23,1,16,8,'category'),(24,1,16,8,'category'),(25,1,16,8,'category'),(26,1,16,8,'category'),(27,1,16,8,'category'),(28,1,16,8,'category'),(29,1,16,8,'category'),(30,1,16,8,'category'),(31,1,16,8,'category'),(32,1,16,8,'category'),(33,1,16,8,'category'),(34,1,16,8,'category'),(35,1,16,8,'category'),(36,1,17,8,'category'),(37,1,17,8,'category'),(38,1,17,8,'category'),(39,1,17,8,'category'),(40,1,17,8,'category'),(41,1,21,8,'category'),(42,1,21,8,'category'),(43,1,21,8,'category'),(44,1,21,8,'category'),(45,1,21,8,'category'),(46,1,4,8,'category'),(47,1,16,8,'category'),(48,1,17,8,'category'),(49,1,21,8,'category'),(50,1,25,8,'category'),(51,1,4,8,'category'),(52,1,4,8,'category'),(53,1,4,8,'category'),(54,1,4,8,'category'),(55,1,4,8,'category'),(56,1,16,8,'category'),(57,1,16,8,'category'),(58,1,16,8,'category'),(59,1,16,8,'category'),(60,1,16,8,'category'),(61,1,16,8,'category'),(62,1,16,8,'category'),(63,1,16,8,'category'),(64,1,16,8,'category'),(65,1,16,8,'category'),(66,1,16,8,'category'),(67,1,16,8,'category'),(68,1,16,8,'category'),(69,1,16,8,'category'),(70,1,16,8,'category'),(71,1,16,8,'category'),(72,1,16,8,'category'),(73,1,16,8,'category'),(74,1,16,8,'category'),(75,1,16,8,'category'),(76,1,16,8,'category'),(77,1,16,8,'category'),(78,1,16,8,'category'),(79,1,16,8,'category'),(80,1,16,8,'category'),(81,1,17,8,'category'),(82,1,17,8,'category'),(83,1,17,8,'category'),(84,1,17,8,'category'),(85,1,17,8,'category'),(86,1,21,8,'category'),(87,1,21,8,'category'),(88,1,21,8,'category'),(89,1,21,8,'category'),(90,1,21,8,'category'),(91,1,4,8,'category'),(92,1,16,8,'category'),(93,1,17,8,'category'),(94,1,21,8,'category'),(95,1,25,8,'category'),(96,1,4,8,'category'),(97,1,4,8,'category'),(98,1,4,8,'category'),(99,1,4,8,'category'),(100,1,4,8,'category'),(101,1,16,8,'category'),(102,1,16,8,'category'),(103,1,16,8,'category'),(104,1,16,8,'category'),(105,1,16,8,'category'),(106,1,16,8,'category'),(107,1,16,8,'category'),(108,1,16,8,'category'),(109,1,16,8,'category'),(110,1,16,8,'category'),(111,1,16,8,'category'),(112,1,16,8,'category'),(113,1,16,8,'category'),(114,1,16,8,'category'),(115,1,16,8,'category'),(116,1,16,8,'category'),(117,1,16,8,'category'),(118,1,16,8,'category'),(119,1,16,8,'category'),(120,1,16,8,'category'),(121,1,16,8,'category'),(122,1,16,8,'category'),(123,1,16,8,'category'),(124,1,16,8,'category'),(125,1,16,8,'category'),(126,1,17,8,'category'),(127,1,17,8,'category'),(128,1,17,8,'category'),(129,1,17,8,'category'),(130,1,17,8,'category'),(131,1,21,8,'category'),(132,1,21,8,'category'),(133,1,21,8,'category'),(134,1,21,8,'category'),(135,1,21,8,'category'),(136,1,4,8,'category'),(137,1,4,8,'category'),(138,1,4,8,'category'),(139,1,4,8,'category'),(140,1,4,8,'category'),(141,1,16,8,'category'),(142,1,16,8,'category'),(143,1,16,8,'category'),(144,1,16,8,'category'),(145,1,16,8,'category'),(146,1,16,8,'category'),(147,1,16,8,'category'),(148,1,16,8,'category'),(149,1,16,8,'category'),(150,1,16,8,'category'),(151,1,16,8,'category'),(152,1,16,8,'category'),(153,1,16,8,'category'),(154,1,16,8,'category'),(155,1,16,8,'category'),(156,1,16,8,'category'),(157,1,16,8,'category'),(158,1,16,8,'category'),(159,1,16,8,'category'),(160,1,16,8,'category'),(161,1,16,8,'category'),(162,1,16,8,'category'),(163,1,16,8,'category'),(164,1,16,8,'category'),(165,1,16,8,'category'),(166,1,17,8,'category'),(167,1,17,8,'category'),(168,1,17,8,'category'),(169,1,17,8,'category'),(170,1,17,8,'category'),(171,1,21,8,'category'),(172,1,21,8,'category'),(173,1,21,8,'category'),(174,1,21,8,'category'),(175,1,21,8,'category'),(176,1,4,8,'category'),(177,1,16,8,'category'),(178,1,17,8,'category'),(179,1,21,8,'category'),(180,1,25,8,'category'),(183,1,38,13,'newproducts');

--
-- Table structure for table `ps_hotfix_patche`
--

CREATE TABLE `ps_hotfix_patche` (
  `id_hotfix_patche` int(11) NOT NULL AUTO_INCREMENT,
  `guid` varchar(32) DEFAULT NULL,
  `date` date DEFAULT NULL,
  `status` tinyint(4) DEFAULT NULL,
  PRIMARY KEY (`id_hotfix_patche`)
) ENGINE=InnoDB DEFAULT CHARSET=utf8;

--
-- Dumping data for table `ps_hotfix_patche`
--


--
-- Table structure for table `ps_image`
--

CREATE TABLE `ps_image` (
  `id_image` int(10) unsigned NOT NULL AUTO_INCREMENT,
  `id_product` int(10) unsigned NOT NULL,
  `position` smallint(2) unsigned NOT NULL DEFAULT '0',
  `cover` tinyint(1) unsigned NOT NULL DEFAULT '0',
  PRIMARY KEY (`id_image`),
  UNIQUE KEY `idx_product_image` (`id_image`,`id_product`,`cover`),
  KEY `image_product` (`id_product`),
  KEY `id_product_cover` (`id_product`,`cover`)
) ENGINE=InnoDB AUTO_INCREMENT=2787 DEFAULT CHARSET=utf8;

--
-- Dumping data for table `ps_image`
--

INSERT INTO `ps_image` VALUES (541,634,1,1),(546,639,1,1),(547,640,1,1),(548,641,1,1),(549,642,1,1),(550,643,1,1),(552,645,1,1),(553,646,1,1),(554,647,1,1),(618,728,1,1),(619,729,1,1),(620,730,1,1),(621,731,1,1),(622,732,1,1),(623,733,1,1),(625,735,1,1),(641,751,1,1),(644,754,1,1),(645,755,1,1),(646,756,1,1),(647,757,1,1),(648,758,1,1),(650,760,1,1),(651,761,1,1),(653,763,1,1),(654,764,1,1),(655,765,1,1),(656,766,1,1),(657,767,1,1),(659,769,1,1),(660,770,1,1),(661,771,1,1),(662,772,1,1),(664,774,1,1),(665,775,1,1),(666,776,1,1),(667,777,1,1),(669,779,1,1),(670,780,1,1),(671,781,1,1),(676,786,1,1),(678,788,1,1),(679,789,1,1),(681,791,1,1),(727,837,1,1),(728,838,1,1),(730,840,1,1),(732,842,1,1),(733,843,1,1),(734,844,1,1),(735,845,1,1),(736,846,1,1),(737,847,1,1),(738,848,1,1),(739,849,1,1),(741,851,1,1),(742,853,1,1),(743,854,1,1),(744,855,1,1),(745,856,1,1),(746,857,1,1),(747,858,1,1),(748,859,1,1),(749,860,1,1),(750,861,1,1),(751,862,1,1),(752,863,1,1),(753,864,1,1),(754,865,1,1),(755,866,1,1),(756,841,1,1),(782,892,1,1),(784,894,1,1),(786,896,1,1),(787,897,1,1),(790,900,1,1),(791,901,1,1),(793,903,1,1),(796,906,1,1),(805,915,1,1),(807,917,1,1),(808,918,1,1),(809,919,1,1),(811,921,1,1),(812,922,1,1),(813,923,1,1),(814,924,1,1),(819,929,1,1),(820,930,1,1),(825,932,1,1),(827,934,1,1),(828,935,1,1),(829,936,1,1),(830,937,1,1),(831,938,1,1),(832,939,1,1),(838,941,1,1),(839,942,1,1),(840,943,1,1),(843,946,1,1),(844,947,1,1),(846,949,1,1),(847,950,1,1),(875,978,1,1),(877,980,1,1),(878,981,1,1),(879,982,1,1),(880,983,1,1),(881,984,1,1),(882,985,1,1),(883,986,1,1),(884,987,1,1),(885,988,1,1),(886,989,1,1),(887,990,1,1),(888,991,1,1),(889,992,1,1),(890,993,1,1),(892,995,1,1),(961,933,1,1),(962,931,1,1),(963,928,1,1),(964,927,1,1),(988,1080,1,1),(989,1081,1,1),(990,1082,1,1),(991,1083,1,1),(993,1085,1,1),(995,1087,1,1),(996,1088,1,1),(997,1089,1,1),(998,1090,1,1),(999,1091,1,1),(1001,1093,1,1),(1002,1094,1,1),(1003,1095,1,1),(1004,1096,1,1),(1005,1097,1,1),(1006,1098,1,1),(1007,1099,1,1),(1008,1100,1,1),(1165,852,1,1),(1169,904,1,1),(1171,940,1,1),(1337,1396,1,1),(1338,1397,1,1),(1339,1398,1,1),(1340,1399,1,1),(1341,1400,1,1),(1342,1401,1,1),(1343,1402,1,1),(1346,1405,1,1),(1350,1409,1,1),(1351,1410,1,1),(1352,1411,1,1),(1353,1412,1,1),(1354,1413,1,1),(1358,1417,1,1),(1359,1418,1,1),(1360,1419,1,1),(1361,1420,1,1),(1362,1421,1,1),(1363,1422,1,1),(1364,1423,1,1),(1365,1424,1,1),(1366,1425,1,1),(1367,1426,1,1),(1368,1427,1,1),(1370,1429,1,1),(1371,1430,1,1),(1372,1431,1,1),(1373,1432,1,1),(1374,1433,1,1),(1375,1434,1,1),(1376,1435,1,1),(1377,1436,1,1),(1378,1437,1,1),(1383,1442,1,1),(1384,1443,1,1),(1385,1444,1,1),(1386,1445,1,1),(1387,1446,1,1),(1388,1447,1,1),(1391,1416,1,1),(1392,1428,1,1),(1395,1439,1,1),(1396,1439,2,0),(1397,1440,1,1),(1419,945,1,1),(1420,644,1,1),(1422,1467,1,1),(1423,1467,2,0),(1424,1468,1,1),(1425,1469,1,1),(1426,1470,1,1),(1427,1471,1,1),(1429,1473,1,1),(1430,1474,1,1),(1431,1475,1,1),(1433,1477,1,1),(1434,1478,1,1),(1435,1479,1,1),(1436,1480,1,1),(1437,1481,1,1),(1438,1482,1,1),(1439,1483,1,1),(1440,1484,1,1),(1441,1485,1,1),(1442,1486,1,1),(1443,1487,1,1),(1444,1488,1,1),(1445,1489,1,1),(1446,1490,1,1),(1447,1491,1,1),(1448,1492,1,1),(1449,1493,1,1),(1450,1494,1,1),(1451,1495,1,1),(1452,1496,1,1),(1453,1497,1,1),(1454,1519,1,1),(1455,1520,1,1),(1456,1521,1,1),(1457,1522,1,1),(1458,1523,1,1),(1459,1524,1,1),(1460,1525,1,1),(1461,1526,1,1),(1462,1527,1,1),(1463,1528,1,1),(1464,1529,1,1),(1465,1530,1,1),(1466,1531,1,1),(1467,1532,1,1),(1468,1533,1,1),(1470,1535,1,1),(1471,1536,1,1),(1472,1537,1,1),(1473,1538,1,1),(1474,1539,1,1),(1475,1534,1,1),(1477,787,1,1),(1478,1540,1,1),(1479,1541,1,1),(1480,1542,1,1),(1481,1543,1,1),(1482,1544,1,1),(1483,1545,1,1),(1484,1546,1,1),(1485,1547,1,1),(1486,1548,1,1),(1487,1549,1,1),(1488,1550,1,1),(1489,1551,1,1),(1491,1553,1,1),(1492,1554,1,1),(1493,1555,1,1),(1494,1556,1,1),(1495,1557,1,1),(1496,1558,1,1),(1498,1560,1,1),(1499,1561,1,1),(1500,1562,1,1),(1501,1563,1,1),(1502,1564,1,1),(1503,1565,1,1),(1504,1566,1,1),(1505,850,1,1),(1506,1403,1,1),(1507,1406,1,1),(1508,1404,1,1),(1509,1567,1,1),(1510,1567,2,0),(1513,1569,1,1),(1514,1570,1,1),(1515,1571,1,1),(1516,1572,1,1),(1517,1573,1,1),(1518,1574,1,1),(1519,1575,1,1),(1520,1576,1,1),(1521,1576,2,0),(1522,1578,2,0),(1523,1578,1,1),(1524,1579,2,0),(1525,1579,1,1),(1528,1580,1,1),(1529,1476,1,1),(1530,762,1,1),(1531,1472,1,1),(1532,1581,1,1),(1538,1580,2,0),(1539,1580,3,0),(1542,1585,1,1),(1543,1585,2,0),(1544,1585,3,0),(1547,753,1,1),(1548,759,1,1),(1549,1588,1,1),(1551,1590,1,1),(1552,1590,2,0),(1563,1600,1,1),(1564,1600,2,0),(1565,1601,1,1),(1566,1602,3,0),(1567,1602,1,1),(1568,1602,2,0),(1569,1603,1,0),(1570,1603,2,1),(1571,1604,1,1),(1575,1608,1,1),(1576,1609,1,0),(1577,1610,1,1),(1578,1610,2,0),(1579,1610,3,0),(1581,1612,1,1),(1584,1615,1,1),(1585,1616,1,0),(1589,1618,1,1),(1590,1619,1,1),(1592,1621,1,1),(1595,1623,1,1),(1596,1623,2,0),(1601,1625,2,0),(1602,1626,1,1),(1603,1627,1,1),(1604,1628,1,0),(1605,1628,2,1),(1606,1629,1,1),(1607,1629,2,0),(1608,1630,1,1),(1609,1630,2,0),(1610,1631,1,0),(1611,1631,2,1),(1612,1632,1,1),(1613,1633,1,1),(1615,1633,2,0),(1616,1634,1,1),(1631,1637,1,0),(1632,1637,2,1),(1639,1640,1,0),(1640,1640,2,1),(1641,1640,3,0),(1642,1641,1,0),(1643,1641,2,1),(1644,1641,3,0),(1645,1641,4,0),(1646,1641,5,0),(1647,1642,1,0),(1648,1642,2,1),(1649,1643,2,0),(1650,1643,3,0),(1653,1644,1,1),(1654,1645,1,1),(1655,1646,1,1),(1656,1647,1,1),(1657,1647,2,0),(1658,1648,1,1),(1671,1654,1,1),(1674,1656,1,1),(1675,1656,2,0),(1676,1656,3,0),(1677,1656,4,0),(1678,1657,1,1),(1681,1658,1,1),(1682,1658,2,0),(1683,1658,3,0),(1684,1658,4,0),(1689,1659,1,1),(1690,1659,2,0),(1691,1659,3,0),(1696,1660,1,1),(1697,1660,2,0),(1698,1660,3,0),(1702,1661,1,0),(1703,1661,2,0),(1704,1661,3,1),(1708,1662,1,1),(1709,1662,2,0),(1710,1662,3,0),(1714,1663,1,1),(1715,1663,2,0),(1716,1663,3,0),(1720,1664,1,1),(1721,1664,2,0),(1722,1664,3,0),(1724,1665,1,1),(1725,1609,2,1),(1726,1616,2,1),(1727,1666,1,1),(1728,1666,2,0),(1729,1666,3,0),(1730,1667,1,0),(1731,1667,2,0),(1732,1667,3,0),(1733,1667,4,1),(1734,1668,1,0),(1735,1668,2,0),(1736,1668,3,0),(1737,1668,4,0),(1738,1668,5,0),(1739,1668,6,0),(1740,1668,7,1),(1741,1668,8,0),(1742,1668,9,0),(1743,1668,10,0),(1744,1668,11,0),(1745,1669,2,0),(1746,1669,3,0),(1747,1669,4,0),(1748,1669,1,1),(1749,1669,5,0),(1750,1669,6,0),(1757,1670,2,0),(1758,1670,3,0),(1760,1670,4,0),(1761,1670,5,0),(1762,1670,6,0),(1765,1672,2,0),(1766,1672,3,0),(1767,1672,1,1),(1768,1673,2,0),(1769,1673,3,0),(1770,1673,4,0),(1771,1673,1,1),(1772,1625,1,1),(1773,1674,1,1),(1774,1674,2,0),(1775,1674,3,0),(1776,1674,4,0),(1781,1675,1,1),(1782,1675,2,0),(1785,1676,1,1),(1786,1676,2,0),(1787,1676,3,0),(1791,1677,1,1),(1792,1677,2,0),(1793,1677,3,0),(1794,1678,3,0),(1795,1678,4,0),(1796,1678,1,1),(1797,1678,5,0),(1798,1678,6,0),(1799,1678,7,0),(1800,1678,2,0),(1801,1679,1,1),(1802,1679,2,0),(1803,1679,3,0),(1804,1679,4,0),(1805,1680,1,1),(1806,1680,2,0),(1808,1681,2,0),(1809,912,1,1),(1810,1682,1,1),(1811,1682,2,0),(1812,1682,3,0),(1813,1682,4,0),(1814,1683,2,0),(1815,1683,1,1),(1816,1683,3,0),(1817,1683,4,0),(1818,1683,5,0),(1819,1684,1,1),(1820,1685,1,1),(1821,1686,1,1),(1822,1687,1,1),(1823,1687,2,0),(1824,1689,1,1),(1825,1690,1,1),(1826,1692,1,1),(1827,1692,2,0),(1828,1694,2,0),(1829,1694,1,1),(1830,1695,1,1),(1831,1695,2,0),(1836,1697,1,1),(1837,1697,2,0),(1848,1,1,1),(1851,1711,1,1),(1852,1712,1,1),(1853,1713,1,1),(1854,1714,1,1),(1855,1715,1,1),(1856,1716,1,1),(1865,1724,1,1),(1866,1725,1,1),(1867,1726,1,1),(1869,1728,1,1),(1888,1710,1,1),(1889,1747,2,0),(1890,1747,1,1),(1891,1747,3,0),(1892,1749,1,1),(1893,1749,2,0),(1894,1749,3,0),(1895,1750,1,1),(1896,1750,2,0),(1897,1750,3,0),(1898,1751,1,1),(1899,1752,1,1),(1900,1753,1,1),(1901,1753,2,0),(1902,1753,3,0),(1903,1753,4,0),(1904,1754,2,1),(1905,1754,1,0),(1910,1756,1,1),(1911,1756,2,0),(1912,1756,3,0),(1913,1756,4,0),(1914,1756,5,0),(1915,1756,6,0),(1916,1756,7,0),(1917,1757,1,1),(1918,908,1,1),(1919,908,2,0),(1920,908,3,0),(1921,908,4,0),(1922,908,5,0),(1923,908,6,0),(1924,908,7,0),(1925,1758,1,1),(1926,1758,2,0),(1927,1759,1,1),(1928,1759,2,0),(1929,1759,3,0),(1930,1696,1,1),(1931,1760,2,0),(1932,1760,1,1),(1933,1762,1,1),(1934,1762,2,0),(1935,1762,3,0),(1936,1762,4,0),(1937,1765,1,1),(1938,1765,2,0),(1939,1767,1,1),(1940,1768,1,1),(1941,1768,2,0),(1945,1770,1,1),(1946,1771,1,1),(1947,1771,2,0),(1948,1771,3,0),(1949,1772,1,1),(1950,1772,2,0),(1951,1772,3,0),(1952,1772,4,0),(1953,1773,1,1),(1954,1774,1,0),(1955,1774,2,1),(1956,1775,2,0),(1957,1775,1,1),(1958,1775,3,0),(1959,1776,1,1),(1960,1776,2,0),(1961,1776,3,0),(1962,1778,1,1),(1963,1778,2,0),(1964,1778,3,0),(1965,1778,4,0),(1966,1778,5,0),(1967,1779,1,1),(1968,1779,2,0),(1969,1779,3,0),(1970,1779,4,0),(1971,1779,5,0),(1972,1779,6,0),(1973,1780,1,1),(1974,1780,2,0),(1975,1780,3,0),(1976,1780,4,0),(1977,1781,1,1),(1978,1782,1,1),(1979,1782,2,0),(1980,1782,3,0),(1981,1783,1,1),(1982,1783,2,0),(1983,1783,3,0),(1984,1784,1,1),(1985,1785,1,1),(1986,1785,2,0),(1987,1785,3,0),(1988,1785,4,0),(1989,1785,5,0),(1990,1785,6,0),(1991,1786,1,1),(1992,1787,1,1),(1993,1788,1,1),(1994,1788,2,0),(1995,1789,1,1),(1996,1790,1,1),(1997,1620,1,1),(1998,1791,1,1),(1999,1792,1,1),(2000,1792,2,0),(2001,1793,1,1),(2002,1794,1,1),(2003,1795,1,1),(2004,1796,1,1),(2005,1797,1,1),(2006,1798,1,1),(2009,1799,1,1),(2010,1800,1,1),(2011,1802,1,1),(2012,1802,2,0),(2013,1803,1,1),(2014,1804,1,1),(2015,1806,1,1),(2016,1808,1,1),(2017,1809,1,1),(2018,1810,1,1),(2019,1811,1,1),(2020,1812,1,1),(2021,1813,1,1),(2022,1814,1,1),(2023,1815,1,1),(2024,1816,1,1),(2025,1817,1,1),(2026,1820,1,1),(2027,1820,2,0),(2028,1820,3,0),(2029,1820,4,0),(2030,1821,1,1),(2031,1822,1,1),(2032,1824,1,1),(2033,1825,1,1),(2034,1823,1,1),(2035,1826,1,1),(2036,1827,1,1),(2037,1828,1,1),(2038,1830,1,1),(2040,1831,1,1),(2041,1833,1,1),(2042,1832,1,1),(2045,1834,1,1),(2046,1835,1,1),(2047,1836,1,1),(2048,1837,1,1),(2050,1839,1,1),(2054,1840,1,1),(2055,1841,1,1),(2058,1842,1,1),(2059,1843,1,1),(2060,1843,2,0),(2063,1844,1,1),(2064,1844,2,0),(2065,1846,1,1),(2066,1846,2,0),(2067,1845,1,1),(2068,1845,2,0),(2069,1829,1,1),(2070,1847,1,1),(2072,1848,1,1),(2073,1848,2,0),(2074,1849,1,1),(2075,1850,1,1),(2076,1851,1,1),(2077,1852,1,1),(2078,1853,1,1),(2079,1854,1,1),(2080,1854,2,0),(2081,1855,1,1),(2082,1856,1,1),(2083,1857,1,1),(2084,1859,1,1),(2085,1859,2,0),(2086,1858,1,1),(2087,1858,2,0),(2088,1860,1,1),(2089,1860,2,0),(2091,1861,1,0),(2092,1861,2,1),(2093,1862,1,1),(2095,1863,1,1),(2096,1863,2,0),(2097,1863,3,0),(2098,1865,1,1),(2099,1867,1,0),(2100,1867,2,1),(2101,1866,1,1),(2102,1868,1,1),(2103,1870,1,1),(2104,1869,1,1),(2105,1864,1,1),(2106,1864,2,0),(2107,1864,3,0),(2108,1838,3,0),(2109,1838,2,0),(2110,1838,1,1),(2111,1873,1,1),(2112,1874,1,1),(2113,1872,1,1),(2114,790,1,1),(2115,1875,1,1),(2116,895,1,1),(2117,913,1,1),(2118,1876,1,1),(2119,1877,1,1),(2120,1670,1,1),(2121,1878,1,1),(2122,1879,1,1),(2123,1879,2,0),(2124,1880,1,1),(2125,1880,2,0),(2126,1881,2,0),(2127,1881,1,1),(2128,1881,3,0),(2129,1881,4,0),(2130,1649,1,0),(2131,1649,2,1),(2132,1882,1,1),(2133,1882,2,0),(2134,1882,3,0),(2135,1883,1,1),(2136,1883,2,0),(2137,1883,3,0),(2141,1884,1,1),(2145,1885,2,0),(2146,1885,1,1),(2148,1886,1,1),(2149,1886,2,0),(2150,1886,3,0),(2153,1887,1,1),(2155,1888,1,1),(2156,1888,2,0),(2160,1889,1,1),(2161,1889,2,0),(2162,1889,3,0),(2163,1890,1,1),(2164,1890,2,0),(2165,1890,3,0),(2172,1653,1,1),(2173,1892,1,1),(2174,1892,2,0),(2175,1892,3,0),(2176,1892,4,0),(2177,1893,1,1),(2178,1893,2,0),(2179,1894,1,1),(2180,1894,2,0),(2181,1895,1,1),(2182,1895,2,0),(2183,1895,3,0),(2184,1895,4,0),(2185,1896,1,1),(2186,1896,2,0),(2194,1900,1,1),(2195,1900,2,0),(2196,1901,1,1),(2197,1901,2,0),(2200,1903,1,1),(2201,1903,2,0),(2202,1903,3,0),(2203,1904,1,1),(2204,1904,2,0),(2205,1904,3,0),(2206,1904,4,0),(2207,1904,5,0),(2208,1906,1,0),(2209,1906,2,1),(2210,1908,1,1),(2211,1911,1,1),(2212,1912,1,1),(2213,1913,1,1),(2214,1914,1,1),(2215,1909,1,1),(2216,1910,1,1),(2217,1915,1,1),(2218,1915,2,0),(2219,1912,2,0),(2220,1917,1,1),(2221,1917,2,0),(2222,1916,1,1),(2223,1919,1,1),(2224,1919,2,0),(2225,1918,1,1),(2226,1918,2,0),(2227,1920,1,1),(2228,1920,2,0),(2229,1921,1,0),(2230,1921,2,1),(2231,1921,3,0),(2232,1922,2,0),(2233,1922,3,0),(2234,1922,1,1),(2235,1923,2,0),(2236,1923,3,0),(2237,1923,1,1),(2238,1924,1,1),(2239,1924,2,0),(2240,1924,3,0),(2242,1925,2,0),(2243,1925,1,1),(2244,1925,3,0),(2245,1926,2,0),(2246,1926,3,0),(2247,1926,1,1),(2248,1927,1,1),(2249,1927,2,0),(2250,1928,1,1),(2251,1928,2,0),(2252,1929,1,1),(2253,1929,2,0),(2254,1930,1,1),(2255,1930,2,0),(2256,1930,3,0),(2257,1931,1,1),(2258,1932,1,1),(2259,1933,1,0),(2260,1934,1,1),(2261,1935,1,1),(2262,1936,1,1),(2263,1937,1,1),(2264,1937,2,0),(2265,1937,3,0),(2266,1938,1,1),(2267,1939,1,1),(2268,1941,2,0),(2269,1941,1,1),(2270,1942,2,0),(2271,1942,3,0),(2272,1942,1,1),(2277,1943,1,0),(2278,1943,2,0),(2280,1943,3,0),(2281,1944,1,0),(2282,1944,2,0),(2283,1944,3,0),(2284,1945,1,1),(2285,1946,2,0),(2286,1946,3,0),(2287,1946,4,0),(2288,1946,5,0),(2289,1946,1,1),(2290,1947,1,1),(2291,1947,2,0),(2292,1947,3,0),(2293,1947,4,0),(2294,1948,1,1),(2295,1948,2,0),(2296,1949,1,1),(2297,1949,2,0),(2298,1951,2,0),(2299,1951,1,1),(2300,1951,3,0),(2301,1951,4,0),(2302,1951,5,0),(2303,1953,1,1),(2307,1954,1,1),(2308,1954,2,0),(2309,1954,3,0),(2310,1954,4,0),(2311,1954,5,0),(2313,1955,1,1),(2314,1956,2,0),(2315,1956,3,0),(2316,1956,1,1),(2317,1956,4,0),(2318,1957,2,0),(2319,1957,1,1),(2320,1957,3,0),(2321,1957,4,0),(2322,1957,5,0),(2323,1958,2,0),(2324,1958,3,0),(2325,1958,4,0),(2326,1958,1,1),(2327,1959,1,1),(2328,1960,1,1),(2329,1961,1,1),(2330,1962,1,1),(2331,1963,1,1),(2332,1964,1,1),(2333,1965,1,1),(2334,1897,1,1),(2335,1897,2,0),(2336,1897,3,0),(2337,1897,4,0),(2338,1898,1,1),(2339,1898,2,0),(2340,1898,3,0),(2341,1966,1,0),(2342,1966,2,1),(2343,1967,1,1),(2344,1968,1,1),(2345,1969,1,1),(2346,1970,1,1),(2347,1970,2,0),(2348,1971,1,1),(2349,1971,2,0),(2350,1974,1,1),(2351,1974,2,0),(2352,1976,1,1),(2353,1976,2,0),(2354,1975,1,1),(2355,1975,2,0),(2356,1977,2,0),(2357,1977,1,1),(2358,1972,1,1),(2359,1972,2,0),(2360,1972,3,0),(2361,1973,2,0),(2362,1973,1,1),(2363,1978,1,1),(2364,1978,2,0),(2365,1979,1,1),(2366,1979,2,0),(2367,1979,3,0),(2368,1979,4,0),(2369,1979,5,0),(2370,1980,1,1),(2371,1980,2,0),(2372,1980,3,0),(2373,1980,4,0),(2374,1980,5,0),(2375,1981,1,1),(2376,1981,2,0),(2377,1982,1,1),(2378,1982,2,0),(2379,1982,3,0),(2380,1984,1,1),(2381,1984,2,0),(2382,1985,1,1),(2383,1985,2,0),(2384,1986,1,1),(2385,1986,2,0),(2386,1987,1,1),(2387,1987,2,0),(2388,1988,1,1),(2389,1988,2,0),(2390,1991,1,1),(2391,1991,2,0),(2392,1991,3,0),(2393,1992,1,0),(2394,1992,2,1),(2395,1994,2,0),(2396,1994,3,0),(2397,1994,4,0),(2398,1994,5,0),(2399,1994,1,1),(2400,1995,2,0),(2401,1995,3,0),(2402,1995,4,0),(2403,1995,5,0),(2404,1995,1,1),(2405,1996,1,1),(2406,1997,2,0),(2407,1997,1,1),(2408,1998,1,1),(2409,1998,2,0),(2410,1998,3,0),(2411,1999,1,1),(2412,1999,2,0),(2413,1999,3,0),(2414,1999,4,0),(2415,2000,1,1),(2416,2000,2,0),(2417,2000,3,0),(2418,2000,4,0),(2419,2001,2,0),(2420,2001,1,1),(2421,1990,2,0),(2422,1990,1,1),(2423,1990,3,0),(2424,1989,2,0),(2425,1989,3,0),(2426,1989,4,0),(2427,1989,5,0),(2428,1989,1,1),(2429,2002,1,1),(2430,2003,1,1),(2431,2004,1,1),(2432,2005,1,1),(2433,2005,2,0),(2434,2005,3,0),(2435,2005,4,0),(2436,2005,5,0),(2437,2006,1,1),(2438,2006,2,0),(2439,2007,1,1),(2440,2007,2,0),(2441,2007,3,0),(2442,2007,4,0),(2443,2007,5,0),(2444,2007,6,0),(2445,2009,1,0),(2446,2009,2,1),(2447,2009,3,0),(2448,2009,4,0),(2449,2008,2,0),(2450,2008,1,1),(2451,2008,3,0),(2452,2011,1,1),(2453,2011,2,0),(2454,2011,3,0),(2455,2010,1,1),(2456,2010,2,0),(2457,2010,3,0),(2458,2012,1,1),(2459,2012,2,0),(2460,1755,1,1),(2461,1755,2,0),(2462,1755,3,0),(2463,1755,4,0),(2464,1755,5,0),(2465,2013,1,1),(2466,2013,2,0),(2467,2013,3,0),(2468,2013,4,0),(2469,2014,1,1),(2470,2014,2,0),(2471,2015,1,1),(2472,2015,2,0),(2473,2015,3,0),(2474,2015,4,0),(2475,2016,1,1),(2476,2016,2,0),(2477,2016,3,0),(2478,2016,4,0),(2479,2016,5,0),(2480,2016,6,0),(2481,2017,1,1),(2482,2017,2,0),(2483,2018,1,1),(2484,2018,2,0),(2485,2019,1,1),(2486,2019,2,0),(2487,2019,3,0),(2488,2020,1,1),(2489,2020,2,0),(2490,2021,1,1),(2491,2021,2,0),(2492,2022,1,1),(2493,2022,2,0),(2494,2022,3,0),(2498,2023,2,0),(2499,2023,3,0),(2500,2023,1,1),(2501,2024,2,0),(2502,2024,1,1),(2503,2024,3,0),(2504,2025,2,0),(2505,2025,3,0),(2506,2025,1,1),(2507,2025,4,0),(2508,2025,5,0),(2509,2025,6,0),(2510,2027,2,0),(2511,2027,3,0),(2512,2027,4,0),(2513,2027,1,1),(2514,2028,1,1),(2515,2028,2,0),(2516,2028,3,0),(2517,2028,4,0),(2518,2029,1,1),(2519,2029,2,0),(2520,2030,1,1),(2521,2030,2,0),(2522,2030,3,0),(2523,2031,1,1),(2524,2031,2,0),(2525,2031,3,0),(2526,2031,4,0),(2527,2032,1,1),(2528,2032,2,0),(2529,2032,3,0),(2530,2033,1,1),(2531,2033,2,0),(2532,1577,1,1),(2533,1933,2,1),(2537,2034,1,1),(2538,2034,2,0),(2539,2034,3,0),(2540,1907,1,1),(2541,2035,1,1),(2542,2035,2,0),(2543,2035,3,0),(2544,2035,4,0),(2545,2035,5,0),(2549,2036,1,0),(2550,2036,2,0),(2551,2036,3,1),(2552,2036,4,0),(2553,2036,5,0),(2554,2036,6,0),(2555,1943,4,1),(2556,1943,5,0),(2557,1943,6,0),(2558,734,1,1),(2559,737,1,0),(2560,737,2,1),(2561,2037,1,1),(2562,2037,2,0),(2563,2037,3,0),(2564,2037,4,0),(2565,2038,2,0),(2566,2038,3,0),(2567,2038,4,0),(2568,2038,1,1),(2569,752,1,1),(2570,2042,1,1),(2571,2039,1,1),(2572,2043,1,1),(2573,2043,2,0),(2574,2043,3,0),(2575,2043,4,0),(2576,2040,1,1),(2577,2041,1,1),(2578,2041,2,0),(2579,2044,1,1),(2580,2044,2,0),(2581,2044,3,0),(2582,2044,4,0),(2583,2044,5,0),(2584,2045,2,0),(2585,2045,3,0),(2586,2045,4,0),(2587,2045,1,1),(2588,2046,2,0),(2589,2046,3,0),(2590,2046,1,1),(2591,2046,4,0),(2592,2046,5,0),(2593,2048,2,0),(2594,2048,3,0),(2595,2048,1,1),(2596,2048,4,0),(2597,2049,1,1),(2598,1899,1,1),(2599,1899,2,0),(2600,1899,3,0),(2601,1899,4,0),(2602,1902,1,1),(2603,1902,2,0),(2604,2050,1,1),(2605,2050,2,0),(2606,2050,3,0),(2607,2051,2,1),(2608,2051,3,1),(2609,2051,1,1),(2610,2051,4,0),(2611,2051,5,0),(2612,1891,1,1),(2620,2053,1,1),(2621,1696,2,0),(2622,1681,3,0),(2623,1681,4,0),(2624,2054,2,0),(2625,2054,1,1),(2626,1944,4,1),(2627,1944,5,0),(2628,1944,6,0),(2629,1944,7,0),(2630,637,1,1),(2631,637,2,0),(2632,637,3,0),(2633,2055,1,1),(2634,2055,2,0),(2635,2056,1,1),(2636,2057,1,1),(2637,2058,1,1),(2638,2058,2,0),(2639,2059,1,1),(2640,2059,2,0),(2641,2060,2,0),(2642,2060,1,1),(2643,2062,1,1),(2644,2062,2,0),(2645,631,1,1),(2646,631,2,0),(2647,2063,1,1),(2648,2064,1,1),(2649,2065,1,1),(2650,2065,2,0),(2651,2065,3,0),(2653,2065,4,0),(2654,2066,1,1),(2655,2066,2,0),(2656,2066,3,0),(2657,2066,4,0),(2658,2068,1,1),(2659,2068,2,0),(2660,2068,3,0),(2661,2069,1,1),(2662,2069,2,0),(2663,2071,1,1),(2664,2071,2,0),(2665,2070,1,1),(2666,2070,2,0),(2667,2070,3,0),(2668,2072,2,0),(2670,2072,1,1),(2671,2073,1,1),(2672,1681,1,1),(2673,1643,1,1),(2674,2074,1,1),(2675,1569,2,0),(2676,2075,1,1),(2677,2076,1,1),(2678,2076,2,0),(2679,2077,1,1),(2680,2077,2,0),(2681,2078,1,1),(2682,2079,1,1),(2683,2079,2,0),(2684,2080,1,1),(2685,2080,2,0),(2686,2081,1,1),(2687,2082,1,1),(2688,2082,2,0),(2689,2082,3,0),(2690,2082,4,0),(2691,2083,1,1),(2692,2084,1,1),(2693,2084,2,0),(2694,2085,1,1),(2695,2086,1,1),(2696,2087,1,1),(2697,2088,1,1),(2698,2088,2,0),(2699,2088,3,0),(2700,2089,1,1),(2701,2089,2,0),(2702,2090,1,1),(2703,2090,2,0),(2704,2092,1,1),(2705,2094,1,1),(2706,2097,2,0),(2707,2097,1,1),(2708,2097,3,0),(2709,2098,1,1),(2710,2098,2,0),(2711,2098,3,0),(2712,2099,1,1),(2713,2099,2,0),(2714,2099,3,0),(2715,2100,1,1),(2716,2100,2,0),(2717,2100,3,0),(2718,2101,1,1),(2719,2101,2,0),(2720,2101,3,0),(2721,2102,2,0),(2722,2102,1,1),(2723,2102,3,0),(2727,2093,1,1),(2728,2104,1,0),(2730,2104,2,1),(2734,2106,1,1),(2735,2106,2,0),(2736,2106,3,0),(2737,2107,2,0),(2738,2107,1,1),(2739,2109,1,1),(2740,2109,2,0),(2741,2109,3,0),(2742,2110,1,1),(2744,2111,2,0),(2745,2111,3,0),(2746,2111,1,1),(2750,2114,1,1),(2751,2114,2,0),(2752,2112,1,1),(2754,2112,3,0),(2755,2112,2,0),(2756,2105,1,1),(2757,2105,2,0),(2758,2103,1,1),(2759,2103,2,0),(2761,2115,1,1),(2762,1639,1,1),(2763,2116,1,1),(2764,2117,1,1),(2765,2117,2,0),(2766,2118,1,1),(2767,2118,2,0),(2768,2118,3,0),(2769,2119,1,1),(2770,2120,1,1),(2771,2120,2,0),(2772,2121,1,1),(2773,2121,2,0),(2774,2122,1,1),(2775,2122,2,0),(2776,2122,3,0),(2777,2123,1,1),(2778,2123,2,0),(2779,2123,3,0),(2780,2124,1,1),(2781,2124,2,0),(2782,2124,3,0),(2783,2125,1,1),(2784,2125,2,0),(2785,2125,3,0),(2786,2125,4,0);

--
-- Table structure for table `ps_image_lang`
--

CREATE TABLE `ps_image_lang` (
  `id_image` int(10) unsigned NOT NULL,
  `id_lang` int(10) unsigned NOT NULL,
  `legend` varchar(128) DEFAULT NULL,
  PRIMARY KEY (`id_image`,`id_lang`),
  KEY `id_image` (`id_image`)
) ENGINE=InnoDB DEFAULT CHARSET=utf8;

--
-- Dumping data for table `ps_image_lang`
--

INSERT INTO `ps_image_lang` VALUES (541,1,''),(541,2,''),(546,1,''),(546,2,''),(547,1,''),(547,2,''),(548,1,''),(548,2,''),(549,1,''),(549,2,''),(550,1,''),(550,2,''),(552,1,''),(552,2,''),(553,1,''),(553,2,''),(554,1,''),(554,2,''),(618,1,''),(618,2,''),(619,1,''),(619,2,''),(620,1,''),(620,2,''),(621,1,''),(621,2,''),(622,1,''),(622,2,''),(623,1,''),(623,2,''),(625,1,''),(625,2,''),(641,1,''),(641,2,''),(644,1,''),(644,2,''),(645,1,''),(645,2,''),(646,1,''),(646,2,''),(647,1,''),(647,2,''),(648,1,''),(648,2,''),(650,1,''),(650,2,''),(651,1,''),(651,2,''),(653,1,''),(653,2,''),(654,1,''),(654,2,''),(655,1,''),(655,2,''),(656,1,''),(656,2,''),(657,1,''),(657,2,''),(659,1,''),(659,2,''),(660,1,''),(660,2,''),(661,1,''),(661,2,''),(662,1,''),(662,2,''),(664,1,''),(664,2,''),(665,1,''),(665,2,''),(666,1,''),(666,2,''),(667,1,''),(667,2,''),(669,1,''),(669,2,''),(670,1,''),(670,2,''),(671,1,''),(671,2,''),(676,1,''),(676,2,''),(678,1,''),(678,2,''),(679,1,''),(679,2,''),(681,1,''),(681,2,''),(727,1,''),(727,2,''),(728,1,''),(728,2,''),(730,1,''),(730,2,''),(732,1,''),(732,2,''),(733,1,''),(733,2,''),(734,1,''),(734,2,''),(735,1,''),(735,2,''),(736,1,''),(736,2,''),(737,1,''),(737,2,''),(738,1,''),(738,2,''),(739,1,''),(739,2,''),(741,1,''),(741,2,''),(742,1,''),(742,2,''),(743,1,''),(743,2,''),(744,1,''),(744,2,''),(745,1,''),(745,2,''),(746,1,''),(746,2,''),(747,1,''),(747,2,''),(748,1,''),(748,2,''),(749,1,''),(749,2,''),(750,1,''),(750,2,''),(751,1,''),(751,2,''),(752,1,''),(752,2,''),(753,1,''),(753,2,''),(754,1,''),(754,2,''),(755,1,''),(755,2,''),(756,1,'Cloche LP ES-6'),(756,2,'Cloche LP ES-6'),(782,1,''),(782,2,''),(784,1,''),(784,2,''),(786,1,''),(786,2,''),(787,1,''),(787,2,''),(790,1,''),(790,2,''),(791,1,''),(791,2,''),(793,1,''),(793,2,''),(796,1,''),(796,2,''),(805,1,''),(805,2,''),(807,1,''),(807,2,''),(808,1,''),(808,2,''),(809,1,''),(809,2,''),(811,1,''),(811,2,''),(812,1,''),(812,2,''),(813,1,''),(813,2,''),(814,1,''),(814,2,''),(819,1,''),(819,2,''),(820,1,''),(820,2,''),(825,1,''),(825,2,''),(827,1,''),(827,2,''),(828,1,''),(828,2,''),(829,1,''),(829,2,''),(830,1,''),(830,2,''),(831,1,''),(831,2,''),(832,1,''),(832,2,''),(838,1,''),(838,2,''),(839,1,''),(839,2,''),(840,1,''),(840,2,''),(843,1,''),(843,2,''),(844,1,''),(844,2,''),(846,1,''),(846,2,''),(847,1,''),(847,2,''),(875,1,''),(875,2,''),(877,1,''),(877,2,''),(878,1,''),(878,2,''),(879,1,''),(879,2,''),(880,1,''),(880,2,''),(881,1,''),(881,2,''),(882,1,''),(882,2,''),(883,1,''),(883,2,''),(884,1,''),(884,2,''),(885,1,''),(885,2,''),(886,1,''),(886,2,''),(887,1,''),(887,2,''),(888,1,''),(888,2,''),(889,1,''),(889,2,''),(890,1,''),(890,2,''),(892,1,''),(892,2,''),(961,1,'Fender Rumble 15'),(961,2,'Fender Rumble 15'),(962,1,'Success Amplifier GX-10'),(962,2,'Success Amplifier GX-10'),(963,1,'Ampli  LINE6 spider V60'),(963,2,'Ampli  LINE6 spider V60'),(964,1,'Ampli Fender électro acoustic 90'),(964,2,'Ampli Fender électro acoustic 90'),(988,1,''),(988,2,''),(989,1,''),(989,2,''),(990,1,''),(990,2,''),(991,1,''),(991,2,''),(993,1,''),(993,2,''),(995,1,''),(995,2,''),(996,1,''),(996,2,''),(997,1,''),(997,2,''),(998,1,''),(998,2,''),(999,1,''),(999,2,''),(1001,1,''),(1001,2,''),(1002,1,''),(1002,2,''),(1003,1,''),(1003,2,''),(1004,1,''),(1004,2,''),(1005,1,''),(1005,2,''),(1006,1,''),(1006,2,''),(1007,1,''),(1007,2,''),(1008,1,''),(1008,2,''),(1165,1,'Shakers LP'),(1165,2,'Shakers instrument LP'),(1169,1,'Sonata classique'),(1169,2,'Sonata classique'),(1171,1,'Effet auto Wah Boss AW 2'),(1171,2,'Effet auto Wah Boss AW 2'),(1337,1,''),(1337,2,''),(1338,1,''),(1338,2,''),(1339,1,''),(1339,2,''),(1340,1,''),(1340,2,''),(1341,1,''),(1341,2,''),(1342,1,''),(1342,2,''),(1343,1,''),(1343,2,''),(1346,1,''),(1346,2,''),(1350,1,''),(1350,2,''),(1351,1,''),(1351,2,''),(1352,1,''),(1352,2,''),(1353,1,''),(1353,2,''),(1354,1,''),(1354,2,''),(1358,1,''),(1358,2,''),(1359,1,''),(1359,2,''),(1360,1,''),(1360,2,''),(1361,1,''),(1361,2,''),(1362,1,''),(1362,2,''),(1363,1,''),(1363,2,''),(1364,1,''),(1364,2,''),(1365,1,''),(1365,2,''),(1366,1,''),(1366,2,''),(1367,1,''),(1367,2,''),(1368,1,''),(1368,2,''),(1370,1,''),(1370,2,''),(1371,1,''),(1371,2,''),(1372,1,''),(1372,2,''),(1373,1,''),(1373,2,''),(1374,1,''),(1374,2,''),(1375,1,''),(1375,2,''),(1376,1,''),(1376,2,''),(1377,1,''),(1377,2,''),(1378,1,''),(1378,2,''),(1383,1,''),(1383,2,''),(1384,1,''),(1384,2,''),(1385,1,''),(1385,2,''),(1386,1,''),(1386,2,''),(1387,1,''),(1387,2,''),(1388,1,''),(1388,2,''),(1391,1,'Peau batterie Laser 16'),(1391,2,'Peau batterie Laser 16'),(1392,1,'Peau Remo derbouka animal'),(1392,2,'Peau Remo derbouka animal'),(1395,1,'Electric Squier Pack'),(1395,2,'Electric Squier Pack'),(1396,1,'Electric Squier Pack'),(1396,2,'Electric Squier Pack'),(1397,1,'Pack Mcgrey'),(1397,2,'Pack Mcgrey'),(1419,1,'Octave Boss'),(1419,2,'Octave Boss'),(1420,1,'Roland pédale  de volume double'),(1420,2,'Roland pédale  de volume double'),(1422,1,'PSR-E363 Yamaha avec adaptateur '),(1422,2,'PSR-E363 Yamaha avec adaptateur '),(1423,1,'PSR-E363 Yamaha avec adaptateur '),(1423,2,'PSR-E363 Yamaha avec adaptateur '),(1424,1,''),(1424,2,''),(1425,1,''),(1425,2,''),(1426,1,''),(1426,2,''),(1427,1,''),(1427,2,''),(1429,1,''),(1429,2,''),(1430,1,''),(1430,2,''),(1431,1,''),(1431,2,''),(1433,1,''),(1433,2,''),(1434,1,''),(1434,2,''),(1435,1,''),(1435,2,''),(1436,1,''),(1436,2,''),(1437,1,''),(1437,2,''),(1438,1,''),(1438,2,''),(1439,1,''),(1439,2,''),(1440,1,''),(1440,2,''),(1441,1,''),(1441,2,''),(1442,1,''),(1442,2,''),(1443,1,''),(1443,2,''),(1444,1,''),(1444,2,''),(1445,1,''),(1445,2,''),(1446,1,''),(1446,2,''),(1447,1,''),(1447,2,''),(1448,1,''),(1448,2,''),(1449,1,''),(1449,2,''),(1450,1,''),(1450,2,''),(1451,1,''),(1451,2,''),(1452,1,''),(1452,2,''),(1453,1,''),(1453,2,''),(1454,1,''),(1454,2,''),(1455,1,''),(1455,2,''),(1456,1,''),(1456,2,''),(1457,1,''),(1457,2,''),(1458,1,''),(1458,2,''),(1459,1,''),(1459,2,''),(1460,1,''),(1460,2,''),(1461,1,''),(1461,2,''),(1462,1,''),(1462,2,''),(1463,1,''),(1463,2,''),(1464,1,''),(1464,2,''),(1465,1,''),(1465,2,''),(1466,1,''),(1466,2,''),(1467,1,''),(1467,2,''),(1468,1,''),(1468,2,''),(1470,1,''),(1470,2,''),(1471,1,''),(1471,2,''),(1472,1,''),(1472,2,''),(1473,1,''),(1473,2,''),(1474,1,''),(1474,2,''),(1475,1,'Connecteur de jack'),(1475,2,'Connecteur de jack'),(1477,1,'Violon alto Ritmuller'),(1477,2,'Violon alto Ritmuller'),(1478,1,''),(1478,2,''),(1479,1,''),(1479,2,''),(1480,1,''),(1480,2,''),(1481,1,''),(1481,2,''),(1482,1,''),(1482,2,''),(1483,1,''),(1483,2,''),(1484,1,''),(1484,2,''),(1485,1,''),(1485,2,''),(1486,1,''),(1486,2,''),(1487,1,''),(1487,2,''),(1488,1,''),(1488,2,''),(1489,1,''),(1489,2,''),(1491,1,''),(1491,2,''),(1492,1,''),(1492,2,''),(1493,1,''),(1493,2,''),(1494,1,''),(1494,2,''),(1495,1,''),(1495,2,''),(1496,1,''),(1496,2,''),(1498,1,''),(1498,2,''),(1499,1,''),(1499,2,''),(1500,1,''),(1500,2,''),(1501,1,''),(1501,2,''),(1502,1,''),(1502,2,''),(1503,1,''),(1503,2,''),(1504,1,''),(1504,2,''),(1505,1,'Métallophone avec support'),(1505,2,'Métallophone avec support'),(1506,1,'Caisse claire 15'),(1506,2,'Caisse claire 15'),(1507,1,'Conga Jinbao Une unite'),(1507,2,'Conga Jinbao Une unite'),(1508,1,'Cajon Jinbao avec housse'),(1508,2,'Cajon Jinbao avec housse'),(1509,1,'Piano P-125 Yamaha'),(1509,2,'Piano P-125 Yamaha'),(1510,1,'Piano P-125 Yamaha'),(1510,2,'Piano P-125 Yamaha'),(1513,1,'Violon Sonata bois massif'),(1513,2,'Violon Sonata bois massif'),(1514,1,'Violoncelle 1/2 Sonata'),(1514,2,'Violoncelle 1/2 Sonata'),(1515,1,'Power Stack'),(1515,2,'Power Stack'),(1516,1,'Metal charger Ibanez'),(1516,2,'Metal charger Ibanez'),(1517,1,'Ibanez TC7'),(1517,2,'Ibanez TC7'),(1518,1,'Boss Digital delay '),(1518,2,'Boss Digital delay '),(1519,1,'Acorn PS-61'),(1519,2,'Acorn PS-61'),(1520,1,'Nanuel Rodriguez Caballero 10'),(1520,2,'Nanuel Rodriguez Caballero 10'),(1521,1,'Nanuel Rodriguez Caballero 10'),(1521,2,'Nanuel Rodriguez Caballero 10'),(1522,1,'Martinez MCG 40C'),(1522,2,'Martinez MCG 40C'),(1523,1,'Martinez MCG 40C'),(1523,2,'Martinez MCG 40C'),(1524,1,'Manuel rodriguez C11'),(1524,2,'Manuel rodriguez C11'),(1525,1,'Manuel rodriguez C11'),(1525,2,'Manuel rodriguez C11'),(1528,1,'Clevan C3'),(1528,2,'Clevan C3'),(1529,1,'Ceinture guitare Fender'),(1529,2,'Ceinture guitare Fender'),(1530,1,'Micro shure sm57'),(1530,2,'Micro shure sm57'),(1531,1,'Capo D\'addario NS'),(1531,2,'Capo D\'addario NS'),(1532,1,' Alice contrebasse'),(1532,2,' Alice contrebasse'),(1538,1,'Clevan C3'),(1538,2,'Clevan C3'),(1539,1,'Clevan C3'),(1539,2,'Clevan C3'),(1542,1,'Florencia Cutway'),(1542,2,'Florencia Cutway'),(1543,1,'Florencia Cutway'),(1543,2,'Florencia Cutway'),(1544,1,'Florencia Cutway'),(1544,2,'Florencia Cutway'),(1547,1,'BLX Shure'),(1547,2,'BLX Shure'),(1548,1,'Micro ECM-627'),(1548,2,'Micro ECM-627'),(1549,1,'Piano  CSP-150 Clavinova '),(1549,2,'Piano  CSP-150 Clavinova '),(1551,1,'Electric Squier Pack'),(1551,2,'Electric Squier Pack'),(1552,1,'Electric Squier Pack'),(1552,2,'Electric Squier Pack'),(1563,1,'Piano JU109 Yamaha'),(1563,2,'Piano JU109 Yamaha'),(1564,1,'Piano JU109 Yamaha'),(1564,2,'Piano JU109 Yamaha'),(1565,1,'Piano JX113'),(1565,2,'Piano JX113'),(1566,1,'Ukulele Clevan'),(1566,2,'Ukulele Clevan'),(1567,1,'Ukulele Clevan'),(1567,2,'Ukulele Clevan'),(1568,1,'Ukulele Clevan'),(1568,2,'Ukulele Clevan'),(1569,1,'Ukulele Sonata Soprano'),(1569,2,'Ukulele Sonata Soprano'),(1570,1,'Ukulele Sonata Soprano'),(1570,2,'Ukulele Sonata Soprano'),(1571,1,'Ukulele U.K flag'),(1571,2,'Ukulele U.K flag'),(1575,1,''),(1575,2,''),(1576,1,''),(1576,2,''),(1577,1,'Caballero 8 laminada Manuel Rodriguez'),(1577,2,'Caballero 8 laminada Manuel Rodriguez'),(1578,1,'Caballero 8 laminada Manuel Rodriguez'),(1578,2,'Caballero 8 laminada Manuel Rodriguez'),(1579,1,'Caballero 8 laminada Manuel Rodriguez'),(1579,2,'Caballero 8 laminada Manuel Rodriguez'),(1581,1,''),(1581,2,''),(1584,1,''),(1584,2,''),(1585,1,'Violon Sonata'),(1585,2,'Violon Sonata'),(1589,1,'Livre conservatoire Jule Arnoud partie 2'),(1589,2,'Livre conservatoire Jule Arnoud partie 2'),(1590,1,' Le Solfège Contemporain de 1 à 5'),(1590,2,' Le Solfège Contemporain de 1 à 5'),(1592,1,''),(1592,2,''),(1595,1,'P-115 Yamaha'),(1595,2,'P-115 Yamaha'),(1596,1,'P-115 Yamaha'),(1596,2,'P-115 Yamaha'),(1601,1,'Mélodica'),(1601,2,'Mélodica'),(1602,1,'DAS Action 15'),(1602,2,'DAS Action 15'),(1603,1,'Carte son a22 xt'),(1603,2,'Carte son a22 xt'),(1604,1,'Mirco A MC-10'),(1604,2,'Mirco A MC-10'),(1605,1,'Mirco A MC-10'),(1605,2,'Mirco A MC-10'),(1606,1,'Pack studio Artesia'),(1606,2,'Pack studio Artesia'),(1607,1,'Pack studio Artesia'),(1607,2,'Pack studio Artesia'),(1608,1,'Guitare classique C40 Black'),(1608,2,'Guitare classique C40 Black'),(1609,1,'Guitare classique C40 Black'),(1609,2,'Guitare classique C40 Black'),(1610,1,'M-audio 2x2 m'),(1610,2,'M-audio 2x2 m'),(1611,1,'M-audio 2x2 m'),(1611,2,'M-audio 2x2 m'),(1612,1,'Saxophone Yamaha YAS 23 d\'occasion'),(1612,2,'Saxophone Yamaha YAS 23'),(1613,1,'Saxophone JY d\'occasion'),(1613,2,'Saxophone JY d\'occasion'),(1615,1,'Saxophone JY d\'occasion'),(1615,2,'Saxophone JY d\'occasion'),(1616,1,'Clarinette Jinbao '),(1616,2,'Clarinette Jinbao '),(1631,1,'Guitare Folk acoustique Clevan '),(1631,2,'Guitare Folk acoustique Clevan '),(1632,1,'Guitare Folk acoustique Clevan '),(1632,2,'Guitare Folk acoustique Clevan '),(1639,1,'guitare basse'),(1639,2,'guitare basse'),(1640,1,'guitare basse'),(1640,2,'guitare basse'),(1641,1,'guitare basse'),(1641,2,'guitare basse'),(1642,1,'Guitare électro-classique'),(1642,2,'Guitare électro-classique'),(1643,1,'Guitare électro-classique'),(1643,2,'Guitare électro-classique'),(1644,1,'Guitare électro-classique'),(1644,2,'Guitare électro-classique'),(1645,1,'Guitare électro-classique'),(1645,2,'Guitare électro-classique'),(1646,1,'Guitare électro-classique'),(1646,2,'Guitare électro-classique'),(1647,1,'Guitare électro-classique Fitness'),(1647,2,'Guitare électro-classique Fitness'),(1648,1,'Guitare électro-classique Fitness'),(1648,2,'Guitare électro-classique Fitness'),(1649,1,'FA 115 PK Fender'),(1649,2,'FA 115 PK Fender'),(1650,1,'FA 115 PK Fender'),(1650,2,'FA 115 PK Fender'),(1653,1,'AKAI MPK Mini'),(1653,2,'AKAI MPK Mini'),(1654,1,'Orgue Ringway  CK62+'),(1654,2,'Orgue Ringway  CK62+'),(1655,1,'Orgue Ringway  TB820'),(1655,2,'Orgue Ringway  TB820'),(1656,1,'ESC105 Fender'),(1656,2,'ESC105 Fender'),(1657,1,'ESC105 Fender'),(1657,2,'ESC105 Fender'),(1658,1,'Djembe'),(1658,2,'Djembe'),(1671,1,''),(1671,2,''),(1674,1,'Sonata électro-acoustique'),(1674,2,'Sonata électro-acoustique'),(1675,1,'Sonata électro-acoustique'),(1675,2,'Sonata électro-acoustique'),(1676,1,'Sonata électro-acoustique'),(1676,2,'Sonata électro-acoustique'),(1677,1,'Sonata électro-acoustique'),(1677,2,'Sonata électro-acoustique'),(1678,1,'Piano oriental Ringway'),(1678,2,'Piano oriental Ringway'),(1681,1,'Darbouka égyptienne avec pochette '),(1681,2,'Darbouka égyptienne avec pochette '),(1682,1,'Darbouka égyptienne avec pochette '),(1682,2,'Darbouka égyptienne avec pochette '),(1683,1,'Darbouka égyptienne avec pochette '),(1683,2,'Darbouka égyptienne avec pochette '),(1684,1,'Darbouka égyptienne avec pochette '),(1684,2,'Darbouka égyptienne avec pochette '),(1689,1,'Darbouka égyptienne avec pochette '),(1689,2,'Darbouka égyptienne avec pochette '),(1690,1,'Darbouka égyptienne avec pochette '),(1690,2,'Darbouka égyptienne avec pochette '),(1691,1,'Darbouka égyptienne avec pochette '),(1691,2,'Darbouka égyptienne avec pochette '),(1696,1,'Darbouka égyptienne avec pochette '),(1696,2,'Darbouka égyptienne avec pochette '),(1697,1,'Darbouka égyptienne avec pochette '),(1697,2,'Darbouka égyptienne avec pochette '),(1698,1,'Darbouka égyptienne avec pochette '),(1698,2,'Darbouka égyptienne avec pochette '),(1702,1,'Darbouka avec pochette '),(1702,2,'Darbouka égyptienne avec pochette '),(1703,1,'Darbouka avec pochette '),(1703,2,'Darbouka égyptienne avec pochette '),(1704,1,'Darbouka avec pochette '),(1704,2,'Darbouka égyptienne avec pochette '),(1708,1,'Darbouka avec pochette '),(1708,2,'Darbouka égyptienne avec pochette '),(1709,1,'Darbouka avec pochette '),(1709,2,'Darbouka égyptienne avec pochette '),(1710,1,'Darbouka avec pochette '),(1710,2,'Darbouka égyptienne avec pochette '),(1714,1,'Darbouka Gawharat El Fan avec pochette '),(1714,2,'Darbouka égyptienne avec pochette '),(1715,1,'Darbouka Gawharat El Fan avec pochette '),(1715,2,'Darbouka égyptienne avec pochette '),(1716,1,'Darbouka Gawharat El Fan avec pochette '),(1716,2,'Darbouka égyptienne avec pochette '),(1720,1,'Darbouka Gawharat El Fan avec pochette '),(1720,2,'Darbouka égyptienne avec pochette '),(1721,1,'Darbouka Gawharat El Fan avec pochette '),(1721,2,'Darbouka égyptienne avec pochette '),(1722,1,'Darbouka Gawharat El Fan avec pochette '),(1722,2,'Darbouka égyptienne avec pochette '),(1724,1,'Guitare Fender Squier gaucher avec ampli Frontman '),(1724,2,'Pack Yamaha electric guitar'),(1725,1,'Violon 4/4'),(1725,2,'Violon 4/4'),(1726,1,'Violon Sonata'),(1726,2,'Violon Sonata'),(1727,1,'Piano DGX-660 Yamaha'),(1727,2,'Piano DGX-660 Yamaha'),(1728,1,'Piano DGX-660 Yamaha'),(1728,2,'Piano DGX-660 Yamaha'),(1729,1,'Piano DGX-660 Yamaha'),(1729,2,'Piano DGX-660 Yamaha'),(1730,1,'Cajon Snarecraft Meinl'),(1730,2,'Cajon Snarecraft Meinl'),(1731,1,'Cajon Snarecraft Meinl'),(1731,2,'Cajon Snarecraft Meinl'),(1732,1,'Cajon Snarecraft Meinl'),(1732,2,'Cajon Snarecraft Meinl'),(1733,1,'Cajon Snarecraft Meinl'),(1733,2,'Cajon Snarecraft Meinl'),(1734,1,'Guitare Yamaha C70'),(1734,2,'Guitare Yamaha C70'),(1735,1,'Guitare Yamaha C70'),(1735,2,'Guitare Yamaha C70'),(1736,1,'Guitare Yamaha C70'),(1736,2,'Guitare Yamaha C70'),(1737,1,'Guitare Yamaha C70'),(1737,2,'Guitare Yamaha C70'),(1738,1,'Guitare Yamaha C70'),(1738,2,'Guitare Yamaha C70'),(1739,1,'Guitare Yamaha C70'),(1739,2,'Guitare Yamaha C70'),(1740,1,'Guitare Yamaha C70'),(1740,2,'Guitare Yamaha C70'),(1741,1,'Guitare Yamaha C70'),(1741,2,'Guitare Yamaha C70'),(1742,1,'Guitare Yamaha C70'),(1742,2,'Guitare Yamaha C70'),(1743,1,'Guitare Yamaha C70'),(1743,2,'Guitare Yamaha C70'),(1744,1,'Guitare Yamaha C70'),(1744,2,'Guitare Yamaha C70'),(1745,1,'Guitare Yamaha C80'),(1745,2,'Guitare Yamaha C80'),(1746,1,'Guitare Yamaha C80'),(1746,2,'Guitare Yamaha C80'),(1747,1,'Guitare Yamaha C80'),(1747,2,'Guitare Yamaha C80'),(1748,1,'Guitare Yamaha C80'),(1748,2,'Guitare Yamaha C80'),(1749,1,'Guitare Yamaha C80'),(1749,2,'Guitare Yamaha C80'),(1750,1,'Guitare Yamaha C80'),(1750,2,'Guitare Yamaha C80'),(1757,1,'Guitare acoustique Fender FA-125'),(1757,2,'Guitare acoustique Fender FA-125'),(1758,1,'Guitare acoustique Fender FA-125'),(1758,2,'Guitare acoustique Fender FA-125'),(1760,1,'Guitare acoustique Fender FA-125'),(1760,2,'Guitare acoustique Fender FA-125'),(1761,1,'Guitare acoustique Fender FA-125'),(1761,2,'Guitare acoustique Fender FA-125'),(1762,1,'Guitare acoustique Fender FA-125'),(1762,2,'Guitare acoustique Fender FA-125'),(1765,1,'Amplificateur électrique Fender '),(1765,2,'Amplificateur électrique Fender '),(1766,1,'Amplificateur électrique Fender '),(1766,2,'Amplificateur électrique Fender '),(1767,1,'Amplificateur électrique Fender '),(1767,2,'Amplificateur électrique Fender '),(1768,1,'Platine vinyle Numark PT01 USB'),(1768,2,'Platine vinyle Numark PT01 USB'),(1769,1,'Platine vinyle Numark PT01 USB'),(1769,2,'Platine vinyle Numark PT01 USB'),(1770,1,'Platine vinyle Numark PT01 USB'),(1770,2,'Platine vinyle Numark PT01 USB'),(1771,1,'Platine vinyle Numark PT01 USB'),(1771,2,'Platine vinyle Numark PT01 USB'),(1772,1,'Mélodica'),(1772,2,'Mélodica'),(1773,1,'Pédalier pédale de guitare Multi-effet Fender Lost Highway Phaser'),(1773,2,'Pédalier pédale de guitare Multi-effet Fender Lost Highway Phaser'),(1774,1,'Pédalier pédale de guitare Multi-effet Fender Lost Highway Phaser'),(1774,2,'Pédalier pédale de guitare Multi-effet Fender Lost Highway Phaser'),(1775,1,'Pédalier pédale de guitare Multi-effet Fender Lost Highway Phaser'),(1775,2,'Pédalier pédale de guitare Multi-effet Fender Lost Highway Phaser'),(1776,1,'Pédalier pédale de guitare Multi-effet Fender Lost Highway Phaser'),(1776,2,'Pédalier pédale de guitare Multi-effet Fender Lost Highway Phaser'),(1781,1,'Pédalier pédale de guitare Multi-effet Fender Lost Highway Phaser'),(1781,2,'Pédalier pédale de guitare Multi-effet Fender Lost Highway Phaser'),(1782,1,'Pédalier pédale de guitare Multi-effet Fender Lost Highway Phaser'),(1782,2,'Pédalier pédale de guitare Multi-effet Fender Lost Highway Phaser'),(1785,1,'Pédalier pédale de guitare Multi-effet Fender Mirror Image Delay'),(1785,2,'Pédalier pédale de guitare Multi-effet Fender Lost Highway Phaser'),(1786,1,'Pédalier pédale de guitare Multi-effet Fender Mirror Image Delay'),(1786,2,'Pédalier pédale de guitare Multi-effet Fender Lost Highway Phaser'),(1787,1,'Pédalier pédale de guitare Multi-effet Fender Mirror Image Delay'),(1787,2,'Pédalier pédale de guitare Multi-effet Fender Lost Highway Phaser'),(1791,1,'Pédalier pédale de guitare Multi-effet Fender Marine Layer Reverb'),(1791,2,'Pédalier pédale de guitare Multi-effet Fender Lost Highway Phaser'),(1792,1,'Pédalier pédale de guitare Multi-effet Fender Marine Layer Reverb'),(1792,2,'Pédalier pédale de guitare Multi-effet Fender Lost Highway Phaser'),(1793,1,'Pédalier pédale de guitare Multi-effet Fender Marine Layer Reverb'),(1793,2,'Pédalier pédale de guitare Multi-effet Fender Lost Highway Phaser'),(1794,1,'Pack Guitare Bass Squier Affinity '),(1794,2,'Pack Guitare Bass Squier Affinity '),(1795,1,'Pack Guitare Bass Squier Affinity '),(1795,2,'Pack Guitare Bass Squier Affinity '),(1796,1,'Pack Guitare Bass Squier Affinity '),(1796,2,'Pack Guitare Bass Squier Affinity '),(1797,1,'Pack Guitare Bass Squier Affinity '),(1797,2,'Pack Guitare Bass Squier Affinity '),(1798,1,'Pack Guitare Bass Squier Affinity '),(1798,2,'Pack Guitare Bass Squier Affinity '),(1799,1,'Pack Guitare Bass Squier Affinity '),(1799,2,'Pack Guitare Bass Squier Affinity '),(1800,1,'Pack Guitare Bass Squier Affinity '),(1800,2,'Pack Guitare Bass Squier Affinity '),(1801,1,'Micro AKG WMS40 Mini Wireless'),(1801,2,'Micro AKG WMS40 Mini Wireless'),(1802,1,'Micro AKG WMS40 Mini Wireless'),(1802,2,'Micro AKG WMS40 Mini Wireless'),(1803,1,'Micro AKG WMS40 Mini Wireless'),(1803,2,'Micro AKG WMS40 Mini Wireless'),(1804,1,'Micro AKG WMS40 Mini Wireless'),(1804,2,'Micro AKG WMS40 Mini Wireless'),(1805,1,'Micro AKG WMS40 Mini Wireless'),(1805,2,'Micro AKG WMS40 Mini Wireless'),(1806,1,'Micro AKG WMS40 Mini Wireless'),(1806,2,'Micro AKG WMS40 Mini Wireless'),(1808,1,'Piano Arius YDP 144 Yamaha'),(1808,2,'Piano Arius YDP 144 Yamaha'),(1809,1,'Mendole'),(1809,2,'Mendole'),(1810,1,'Guitare acoustique Folk EKO bleue'),(1810,2,'Guitare acoustique Folk EKO bleue'),(1811,1,'Guitare acoustique Folk EKO bleue'),(1811,2,'Guitare acoustique Folk EKO bleue'),(1812,1,'Guitare acoustique Folk EKO bleue'),(1812,2,'Guitare acoustique Folk EKO bleue'),(1813,1,'Guitare acoustique Folk EKO bleue'),(1813,2,'Guitare acoustique Folk EKO bleue'),(1814,1,'Guitare électro acoustique Florencia '),(1814,2,'Guitare électro acoustique Florencia '),(1815,1,'Guitare électro acoustique Florencia '),(1815,2,'Guitare électro acoustique Florencia '),(1816,1,'Guitare électro acoustique Florencia '),(1816,2,'Guitare électro acoustique Florencia '),(1817,1,'Guitare électro acoustique Florencia '),(1817,2,'Guitare électro acoustique Florencia '),(1818,1,'Guitare électro acoustique Florencia '),(1818,2,'Guitare électro acoustique Florencia '),(1819,1,'violon Sandner avec étui '),(1819,2,'violon Sandner avec étui '),(1820,1,'Djembe Meinl'),(1820,2,'Djembe Meinl'),(1821,1,'Pédale à effet Flanger BF-2 Boss'),(1821,2,'Pédale à effet Flanger BF-2 Boss'),(1822,1,'Carte son M-audio Midisport 2x2'),(1822,2,'Carte son M-audio Midisport 2x2'),(1823,1,'Carte son M-audio Midisport 2x2'),(1823,2,'Carte son M-audio Midisport 2x2'),(1824,1,'Chevalet électrique Violin Pickup'),(1824,2,'Chevalet électrique Violin Pickup'),(1825,1,''),(1825,2,''),(1826,1,'Guitare classique Manuel Rodriguez C1 Cadette'),(1826,2,'Guitare classique Manuel Rodriguez C1 Cadette'),(1827,1,'Guitare classique Manuel Rodriguez C1 Cadette'),(1827,2,'Guitare classique Manuel Rodriguez C1 Cadette'),(1828,1,'Boite direct actif Alctron DI100'),(1828,2,'Boite direct actif Alctron DI100'),(1829,1,'Boite direct actif Alctron DI100'),(1829,2,'Boite direct actif Alctron DI100'),(1830,1,'Carte son Avid Mbox mini ultra-compact 2x2 audio interface'),(1830,2,'Carte son Avid Mbox mini ultra-compact 2x2 audio interface'),(1831,1,'Carte son Avid Mbox mini ultra-compact 2x2 audio interface'),(1831,2,'Carte son Avid Mbox mini ultra-compact 2x2 audio interface'),(1836,1,'Guitare Classique Fitness'),(1836,2,'Guitare Classique Fitness'),(1837,1,'Guitare Classique Fitness'),(1837,2,'Guitare Classique Fitness'),(1848,1,''),(1848,2,''),(1851,1,''),(1851,2,''),(1852,1,''),(1852,2,''),(1853,1,''),(1853,2,''),(1854,1,''),(1854,2,''),(1855,1,''),(1855,2,''),(1856,1,''),(1856,2,''),(1865,1,''),(1865,2,''),(1866,1,''),(1866,2,''),(1867,1,''),(1867,2,''),(1869,1,''),(1869,2,''),(1888,1,'Table de mixage Pioneer DDJ800 CONTROLEUR DJ 2V RECORD BOX'),(1888,2,'Table de mixage Pioneer DDJ800 CONTROLEUR DJ 2V RECORD BOX'),(1889,1,'Enceinte ADAM HALL LDMAU I11 G2 SYSTEME COLONNE ACTIVE DSP/MIX/BLUET '),(1889,2,'Enceinte ADAM HALL LDMAU I11 G2 SYSTEME COLONNE ACTIVE DSP/MIX/BLUET '),(1890,1,'Enceinte ADAM HALL LDMAU I11 G2 SYSTEME COLONNE ACTIVE DSP/MIX/BLUET '),(1890,2,'Enceinte ADAM HALL LDMAU I11 G2 SYSTEME COLONNE ACTIVE DSP/MIX/BLUET '),(1891,1,'Enceinte ADAM HALL LDMAU I11 G2 SYSTEME COLONNE ACTIVE DSP/MIX/BLUET '),(1891,2,'Enceinte ADAM HALL LDMAU I11 G2 SYSTEME COLONNE ACTIVE DSP/MIX/BLUET '),(1892,1,'Enceinte ADAM HALL LD MAUI 28 G2 SYSTEME A COLONNE ACTIF+MIXEUR+BLUETOOTH'),(1892,2,'Enceinte ADAM HALL LD MAUI 28 G2 SYSTEME A COLONNE ACTIF+MIXEUR+BLUETOOTH'),(1893,1,'Enceinte ADAM HALL LD MAUI 28 G2 SYSTEME A COLONNE ACTIF+MIXEUR+BLUETOOTH'),(1893,2,'Enceinte ADAM HALL LD MAUI 28 G2 SYSTEME A COLONNE ACTIF+MIXEUR+BLUETOOTH'),(1894,1,'Enceinte ADAM HALL LD MAUI 28 G2 SYSTEME A COLONNE ACTIF+MIXEUR+BLUETOOTH'),(1894,2,'Enceinte ADAM HALL LD MAUI 28 G2 SYSTEME A COLONNE ACTIF+MIXEUR+BLUETOOTH'),(1895,1,'Enceinte Behringer C200 SYSTEME A COLONNE'),(1895,2,'Enceinte Behringer C200 SYSTEME A COLONNE'),(1896,1,'Enceinte Behringer C200 SYSTEME A COLONNE'),(1896,2,'Enceinte Behringer C200 SYSTEME A COLONNE'),(1897,1,'Enceinte Behringer C200 SYSTEME A COLONNE'),(1897,2,'Enceinte Behringer C200 SYSTEME A COLONNE'),(1898,1,'Ceinture de guitare Fender'),(1898,2,'Ceinture de guitare Fender'),(1899,1,'Sangle & Ceinture pour guitare Fender Eric Johnson Signature'),(1899,2,'Sangle & Ceinture pour guitare Fender Eric Johnson Signature'),(1900,1,'Ampli Fender Mustang I'),(1900,2,'Ampli Fender Mustang I'),(1901,1,'Ampli Fender Mustang I'),(1901,2,'Ampli Fender Mustang I'),(1902,1,'Ampli Fender Mustang I'),(1902,2,'Ampli Fender Mustang I'),(1903,1,'Ampli Fender Mustang I'),(1903,2,'Ampli Fender Mustang I'),(1904,1,'Ampli basse Fender Rumble 15'),(1904,2,'Ampli basse Fender Rumble 15'),(1905,1,'Ampli basse Fender Rumble 15'),(1905,2,'Ampli basse Fender Rumble 15'),(1910,1,'Guitare Redondo Folk Fender'),(1910,2,'Guitare Redondo Folk Fender'),(1911,1,'Guitare Redondo Folk Fender'),(1911,2,'Guitare Redondo Folk Fender'),(1912,1,'Guitare Redondo Folk Fender'),(1912,2,'Guitare Redondo Folk Fender'),(1913,1,'Guitare Redondo Folk Fender'),(1913,2,'Guitare Redondo Folk Fender'),(1914,1,'Guitare Redondo Folk Fender'),(1914,2,'Guitare Redondo Folk Fender'),(1915,1,'Guitare Redondo Folk Fender'),(1915,2,'Guitare Redondo Folk Fender'),(1916,1,'Guitare Redondo Folk Fender'),(1916,2,'Guitare Redondo Folk Fender'),(1917,1,'Accordeur & Tuner Fender'),(1917,2,'Accordeur & Tuner Fender'),(1918,1,'Electric line 6 blue variax 700'),(1918,2,'Electric line 6 blue variax 700'),(1919,1,'Electric line 6 blue variax 700'),(1919,2,'Electric line 6 blue variax 700'),(1920,1,'Electric line 6 blue variax 700'),(1920,2,'Electric line 6 blue variax 700'),(1921,1,'Electric line 6 blue variax 700'),(1921,2,'Electric line 6 blue variax 700'),(1922,1,'Electric line 6 blue variax 700'),(1922,2,'Electric line 6 blue variax 700'),(1923,1,'Electric line 6 blue variax 700'),(1923,2,'Electric line 6 blue variax 700'),(1924,1,'Electric line 6 blue variax 700'),(1924,2,'Electric line 6 blue variax 700'),(1925,1,'Ampli basse 50W E-Way'),(1925,2,'Ampli basse 50W E-Way'),(1926,1,'Ampli basse 50W E-Way'),(1926,2,'Ampli basse 50W E-Way'),(1927,1,'Jeux de cloches avec support'),(1927,2,'Jeux de cloches avec support'),(1928,1,'Jeux de cloches avec support'),(1928,2,'Jeux de cloches avec support'),(1929,1,'Jeux de cloches avec support'),(1929,2,'Jeux de cloches avec support'),(1930,1,'Piano Yamaha YDP 164 WH'),(1930,2,'Piano Yamaha NP31'),(1931,1,'Guitare électro-Classique Yamaha CGX122MC'),(1931,2,'Guitare électro-Classique Yamaha CGX122MC'),(1932,1,'Guitare électro-Classique Yamaha CGX122MC'),(1932,2,'Guitare électro-Classique Yamaha CGX122MC'),(1933,1,'Guitare électro-classique Yamaha CX40'),(1933,2,'Guitare électro-classique Yamaha CX40'),(1934,1,'Guitare électro-classique Yamaha CX40'),(1934,2,'Guitare électro-classique Yamaha CX40'),(1935,1,'Guitare électro-classique Yamaha CX40'),(1935,2,'Guitare électro-classique Yamaha CX40'),(1936,1,'Guitare électro-classique Yamaha CX40'),(1936,2,'Guitare électro-classique Yamaha CX40'),(1937,1,'Guitalélé Yamaha GL1'),(1937,2,'Guitalélé Yamaha GL1'),(1938,1,'Guitalélé Yamaha GL1'),(1938,2,'Guitalélé Yamaha GL1'),(1939,1,'Guitare Folk Yamaha F370'),(1939,2,'Guitare Folk Yamaha F370'),(1940,1,'Guitare électro-acoustique Fender Sonoran SCE Blue'),(1940,2,'Guitare électro-acoustique Fender Sonoran SCE Blue'),(1941,1,'Guitare électro-acoustique Fender Sonoran SCE Blue'),(1941,2,'Guitare électro-acoustique Fender Sonoran SCE Blue'),(1945,1,'Guitare folk Yamaha F310'),(1945,2,'Guitare folk Yamaha F310'),(1946,1,'Guitare électrique PACIFICA PAC012'),(1946,2,'Guitare électrique PACIFICA PAC012'),(1947,1,'Guitare électrique PACIFICA PAC012'),(1947,2,'Guitare électrique PACIFICA PAC012'),(1948,1,'Guitare électrique PACIFICA PAC012'),(1948,2,'Guitare électrique PACIFICA PAC012'),(1949,1,'Guitare Squier Affinity Telecaster'),(1949,2,'Guitare Squier Affinity Telecaster'),(1950,1,'Guitare Squier Affinity Telecaster'),(1950,2,'Guitare Squier Affinity Telecaster'),(1951,1,'Guitare Squier Affinity Telecaster'),(1951,2,'Guitare Squier Affinity Telecaster'),(1952,1,'Guitare Squier Affinity Telecaster'),(1952,2,'Guitare Squier Affinity Telecaster'),(1953,1,'PACIFICA PAC112J'),(1953,2,'PACIFICA PAC112J'),(1954,1,'Guitare Yamaha RGXA2'),(1954,2,'Guitare Yamaha RGXA2'),(1955,1,'Guitare Yamaha RGXA2'),(1955,2,'Guitare Yamaha RGXA2'),(1956,1,'Guitare Yamaha PACIFICA PAC311H'),(1956,2,'Guitare Yamaha PACIFICA PAC311H'),(1957,1,'Guitare Yamaha PACIFICA PAC311H'),(1957,2,'Guitare Yamaha PACIFICA PAC311H'),(1958,1,'Guitare Yamaha PACIFICA PAC311H'),(1958,2,'Guitare Yamaha PACIFICA PAC311H'),(1959,1,'Guitare basse Yamaha RBX170 '),(1959,2,'Guitare basse Yamaha RBX170 '),(1960,1,'Guitare basse Yamaha RBX170 '),(1960,2,'Guitare basse Yamaha RBX170 '),(1961,1,'Guitare basse Yamaha RBX170 '),(1961,2,'Guitare basse Yamaha RBX170 '),(1962,1,'Yamaha PSR-S775'),(1962,2,'Yamaha PSR-S775'),(1963,1,'Yamaha PSR-S775'),(1963,2,'Yamaha PSR-S775'),(1964,1,'Yamaha PSR-S775'),(1964,2,'Yamaha PSR-S775'),(1965,1,'Yamaha PSR-S775'),(1965,2,'Yamaha PSR-S775'),(1966,1,'Yamaha PSR-S775'),(1966,2,'Yamaha PSR-S775'),(1967,1,'Batterie acoustique Yamaha Rydeen RDP0F5'),(1967,2,'Batterie acoustique Yamaha Rydeen RDP0F5'),(1968,1,'Batterie acoustique Yamaha Rydeen RDP0F5'),(1968,2,'Batterie acoustique Yamaha Rydeen RDP0F5'),(1969,1,'Batterie acoustique Yamaha Rydeen RDP0F5'),(1969,2,'Batterie acoustique Yamaha Rydeen RDP0F5'),(1970,1,'Batterie acoustique Yamaha Rydeen RDP0F5'),(1970,2,'Batterie acoustique Yamaha Rydeen RDP0F5'),(1971,1,'Batterie acoustique Yamaha Rydeen RDP0F5'),(1971,2,'Batterie acoustique Yamaha Rydeen RDP0F5'),(1972,1,'Batterie acoustique Yamaha Rydeen RDP0F5'),(1972,2,'Batterie acoustique Yamaha Rydeen RDP0F5'),(1973,1,'Batterie acoustique Yamaha Stage Custom Birch SBP2F5'),(1973,2,'Batterie acoustique Yamaha Stage Custom Birch SBP2F5'),(1974,1,'Batterie acoustique Yamaha Stage Custom Birch SBP2F5'),(1974,2,'Batterie acoustique Yamaha Stage Custom Birch SBP2F5'),(1975,1,'Batterie acoustique Yamaha Stage Custom Birch SBP2F5'),(1975,2,'Batterie acoustique Yamaha Stage Custom Birch SBP2F5'),(1976,1,'Batterie acoustique Yamaha Stage Custom Birch SBP2F5'),(1976,2,'Batterie acoustique Yamaha Stage Custom Birch SBP2F5'),(1977,1,'Batterie électronique Yamaha DTX402'),(1977,2,'Batterie électronique Yamaha DTX402'),(1978,1,'Batterie Yamaha DTX430K'),(1978,2,'Batterie Yamaha DTX430K'),(1979,1,'Batterie Yamaha DTX430K'),(1979,2,'Batterie Yamaha DTX430K'),(1980,1,'Batterie Yamaha DTX430K'),(1980,2,'Batterie Yamaha DTX430K'),(1981,1,'Batterie Yamaha DTX432K'),(1981,2,'Batterie Yamaha DTX432K'),(1982,1,'Batterie Yamaha DTX432K'),(1982,2,'Batterie Yamaha DTX432K'),(1983,1,'Batterie Yamaha DTX432K'),(1983,2,'Batterie Yamaha DTX432K'),(1984,1,'Pad Yamaha DTX -Multi 12'),(1984,2,'Pad Yamaha DTX -Multi 12'),(1985,1,'Batterie Yamaha DTX522K'),(1985,2,'Batterie Yamaha DTX522K'),(1986,1,'Batterie Yamaha DTX522K'),(1986,2,'Batterie Yamaha DTX522K'),(1987,1,'Batterie Yamaha DTX522K'),(1987,2,'Batterie Yamaha DTX522K'),(1988,1,'Batterie Yamaha DTX522K'),(1988,2,'Batterie Yamaha DTX522K'),(1989,1,'Batterie Yamaha DTX522K'),(1989,2,'Batterie Yamaha DTX522K'),(1990,1,'Batterie Yamaha DTX522K'),(1990,2,'Batterie Yamaha DTX522K'),(1991,1,'Batterie DTX542K'),(1991,2,'Batterie DTX542K'),(1992,1,'Clarinette YCL250'),(1992,2,'Clarinette YCL250'),(1993,1,'Clarinette Yamaha YCL255'),(1993,2,'Clarinette Yamaha YCL255'),(1994,1,'Clarinette Yamaha YCL255'),(1994,2,'Clarinette Yamaha YCL255'),(1995,1,'CLarinette Yamaha YCL450'),(1995,2,'CLarinette Yamaha YCL450'),(1996,1,'Clarinette Yamaha YCL650'),(1996,2,'Clarinette Yamaha YCL650'),(1997,1,'Cajon'),(1997,2,'Cajon'),(1998,1,'Bongo LP 828  Sans Support'),(1998,2,'Bongo LP 828  Sans Support'),(1999,1,'Cajon Meinl AETLLE - ARTISAN EDITION CAJONS TANGO LINE '),(1999,2,'Cajon Meinl AETLLE - ARTISAN EDITION CAJONS TANGO LINE '),(2000,1,'Cajon Meinl AETLLE - ARTISAN EDITION CAJONS TANGO LINE '),(2000,2,'Cajon Meinl AETLLE - ARTISAN EDITION CAJONS TANGO LINE '),(2001,1,'Timbales Meinl DG1415'),(2001,2,'Timbales Meinl DG1415'),(2002,1,'Caisse Claire LP 848SN'),(2002,2,'Caisse Claire LP 848SN'),(2003,1,'Cloche Meinl HCO2BK'),(2003,2,'Cloche Meinl HCO2BK'),(2004,1,'Cloche Jam Block LP1205'),(2004,2,'Cloche Jam Block LP1205'),(2005,1,'Barres Chimes Meinl LC60HF'),(2005,2,'Barres Chimes Meinl LC60HF'),(2006,1,'barres chimes Meinl CH33VWB'),(2006,2,'barres chimes Meinl CH33VWB'),(2009,1,'barres chimes Meinl CH27ST'),(2009,2,'barres chimes Meinl CH33VWB'),(2010,1,'Cajon Meinl Snarecraft SC100AB'),(2010,2,'Cajon Meinl Snarecraft SC100AB'),(2011,1,'Cajon Meinl WCP100MH'),(2011,2,'Cajon Meinl WCP100MH'),(2012,1,'Cajon Meinl WCP100MH'),(2012,2,'Cajon Meinl WCP100MH'),(2013,1,'Conga Meinl HC555 Set 10 & 11” '),(2013,2,'Conga Meinl HC555 Set 10 & 11” '),(2014,1,'Quinto Meinl 11” MP11NT'),(2014,2,'Quinto Meinl 11” MP11NT'),(2015,1,'Djembe Meinl Tongo AEDJTC2L'),(2015,2,'Djembe Meinl Tongo AEDJTC2L'),(2016,1,'Djembe Africain Meinl HDJ1L Large'),(2016,2,'Djembe Africain Meinl HDJ1L Large'),(2017,1,'Djembe Meinl 12 1/2 HDJ500VSB'),(2017,2,'Djembe Meinl 12 1/2 HDJ500VSB'),(2018,1,'Bongo Meinl WB400'),(2018,2,'Bongo Meinl WB400'),(2019,1,'Bongo Bois Meinl 6 3/4 & 8 ” FWB200'),(2019,2,'Bongo Bois Meinl 6 3/4 & 8 ” FWB200'),(2020,1,'Bongo Meinl FWB400'),(2020,2,'Bongo Meinl FWB400'),(2021,1,'Cajon Meinl AEBLLB'),(2021,2,'Cajon Meinl AEBLLB'),(2022,1,'Conga Meinl HC10PBK-M'),(2022,2,'Conga Meinl HC10PBK-M'),(2023,1,'Quinto HC11PBK-M'),(2023,2,'Quinto HC11PBK-M'),(2024,1,'Bongo Bois Meinl HB100MA'),(2024,2,'Bongo Bois Meinl HB100MA'),(2025,1,'Bongo Bois Meinl WB200NTG'),(2025,2,'Bongo Bois Meinl WB200NTG'),(2026,1,'YAMAHA EAD-10 Module Hybrid'),(2026,2,'YAMAHA EAD-10 Module Hybrid'),(2027,1,'YAMAHA EAD-10 Module Hybrid'),(2027,2,'YAMAHA EAD-10 Module Hybrid'),(2028,1,'YAMAHA EAD-10 Module Hybrid'),(2028,2,'YAMAHA EAD-10 Module Hybrid'),(2029,1,'YAMAHA EAD-10 Module Hybrid'),(2029,2,'YAMAHA EAD-10 Module Hybrid'),(2030,1,'Pack Cymbales Meinl CCEM480'),(2030,2,'Pack Cymbales Meinl CCEM480'),(2031,1,'Pack Cymbales Meinl HCS141620'),(2031,2,'Pack Cymbales Meinl HCS141620'),(2032,1,'Pack Cymbales SBR5001'),(2032,2,'Pack Cymbales SBR5001'),(2033,1,'Siège Batterie DS950'),(2033,2,'Siège Batterie DS950'),(2034,1,'Pack Cymbales Meinl HCS1418'),(2034,2,'Pack Cymbales Meinl HCS1418'),(2035,1,'Siège Batterie  Yamaha '),(2035,2,'Siège Batterie  Yamaha '),(2036,1,'Pédale Yamaha Chain Drive FP7210A'),(2036,2,'Pédale Yamaha Chain Drive FP7210A'),(2037,1,'Pédale Yamaha Belt Drive FP8500B'),(2037,2,'Pédale Yamaha Belt Drive FP8500B'),(2038,1,'Attache Porte Baguette MCDSHJB'),(2038,2,'Attache Porte Baguette MCDSHJB'),(2040,1,'Housse Pochette Baguettes Meinl LP537BK'),(2040,2,'Housse Pochette Baguettes Meinl LP537BK'),(2041,1,'Housse Pochette Baguettes Meinl LP537BK'),(2041,2,'Housse Pochette Baguettes Meinl LP537BK'),(2042,1,'Attache Porte Baguette MCDSHJB'),(2042,2,'Attache Porte Baguette MCDSHJB'),(2045,1,'Pad d’entrainement 6″ MPP6JB'),(2045,2,'Housse Pochette Baguettes Meinl LP537BK'),(2046,1,'Stand Bongo Compact LP830'),(2046,2,'Attache Porte Baguette MCDSHJB'),(2047,1,'Ceinture sangle Meinl pour djembe'),(2047,2,'Attache Porte Baguette MCDSHJB'),(2048,1,'Pochette Meinl Baguettes MSB1JB'),(2048,2,'Pochette Meinl Baguettes MSB1JB'),(2050,1,'Pochette Meinl Baguettes MSB1JB'),(2050,2,'Pochette Meinl Baguettes MSB1JB'),(2054,1,'Double Pédale Yamaha DFP9500C'),(2054,2,'Pochette Meinl Baguettes MSB1JB'),(2055,1,'Double Pédale Yamaha DFP8500C'),(2055,2,'Attache Porte Baguette MCDSHJB'),(2058,1,'Double Pédale Yamaha DFP9500C'),(2058,2,'Pochette Meinl Baguettes MSB1JB'),(2059,1,'Double Pédale Yamaha DFP8500C'),(2059,2,'Attache Porte Baguette MCDSHJB'),(2060,1,'Double Pédale Yamaha DFP8500C'),(2060,2,'Attache Porte Baguette MCDSHJB'),(2063,1,'Flûte traversière  Yamaha YFL221'),(2063,2,'Attache Porte Baguette MCDSHJB'),(2064,1,'Flûte traversière  Yamaha YFL221'),(2064,2,'Attache Porte Baguette MCDSHJB'),(2065,1,'Flûte traversière  Yamaha YFL221'),(2065,2,'Attache Porte Baguette MCDSHJB'),(2066,1,'Flûte traversière  Yamaha YFL221'),(2066,2,'Attache Porte Baguette MCDSHJB'),(2067,1,'Flûte traversière Yamaha YFL262'),(2067,2,'Flûte traversière Yamaha YFL262'),(2068,1,'Flûte traversière Yamaha YFL262'),(2068,2,'Flûte traversière Yamaha YFL262'),(2069,1,'Pédale Yamaha Direct Drive FP8500C'),(2069,2,'Pédale Yamaha Direct Drive FP8500C'),(2070,1,'Hautbois  Yamaha YOB241'),(2070,2,'Hautbois  Yamaha YOB241'),(2072,1,'Piccolo YAMAHA YPC-32'),(2072,2,'Hautbois  Yamaha YOB241'),(2073,1,'Piccolo YAMAHA YPC-32'),(2073,2,'Hautbois  Yamaha YOB241'),(2074,1,'Trombone Yamaha YSL-154'),(2074,2,'Trombonne Ã  piston'),(2075,1,'Trompette en Sib Yamaha YTR2330'),(2075,2,'Trombonne Ã  piston'),(2076,1,'Microphone Audio Technica AT2020'),(2076,2,'Microphone Audio Technica AT2020'),(2077,1,'AUDIO TECHNICA MB-DK5'),(2077,2,'Microphone Audio Technica AT2020'),(2078,1,'AUDIO TECHNICA MB-DK5'),(2078,2,'Microphone Audio Technica AT2020'),(2079,1,'Micro AUDIO TECHNICA MB2K'),(2079,2,'Microphone Audio Technica AT2020'),(2080,1,'Micro AUDIO TECHNICA MB2K'),(2080,2,'Microphone Audio Technica AT2020'),(2081,1,'Micro AUDIO TECHNICA AE4100'),(2081,2,'Microphone Audio Technica AT2020'),(2082,1,'Micro AUDIO TECHNICA AE3300'),(2082,2,'Microphone Audio Technica AT2020'),(2083,1,'Micro AUDIO TECHNICA AT2020 usb'),(2083,2,'Microphone Audio Technica AT2020'),(2084,1,'Casque Audi Technica ATH-M50xBT'),(2084,2,'Casque Audi Technica ATH-M50xBT'),(2085,1,'Casque Audi Technica ATH-M50xBT'),(2085,2,'Casque Audi Technica ATH-M50xBT'),(2086,1,'Écouteurs Fender FXA7 PRO IN-EAR MONITORS GOLD'),(2086,2,'Casque Audi Technica ATH-M50xBT'),(2087,1,'Écouteurs Fender FXA7 PRO IN-EAR MONITORS GOLD'),(2087,2,'Casque Audi Technica ATH-M50xBT'),(2088,1,' Fender IN-EAR MONITOR NINE Black Metallic'),(2088,2,'Casque Audi Technica ATH-M50xBT'),(2089,1,' Fender IN-EAR MONITOR NINE Black Metallic'),(2089,2,'Casque Audi Technica ATH-M50xBT'),(2091,1,'Casque Audi Technica ATH-M50xBT'),(2091,2,'Casque Audi Technica ATH-M50xBT'),(2092,1,'Casque Audio Technica ATH-M50'),(2092,2,'Casque Audi Technica ATH-M50xBT'),(2093,1,'Casque Audio Technica ATH-M50'),(2093,2,'Casque Audi Technica ATH-M50xBT'),(2095,1,'Casque Audio Technica ATHM20X'),(2095,2,'Casque Audi Technica ATH-M50xBT'),(2096,1,'Casque Audio Technica ATHM20X'),(2096,2,'Casque Audi Technica ATH-M50xBT'),(2097,1,'Casque Audio Technica ATHM20X'),(2097,2,'Casque Audi Technica ATH-M50xBT'),(2098,1,'YAMAHA VENOVA YVS-100'),(2098,2,'YAMAHA VENOVA YVS-100'),(2099,1,'Violon Yamaha V3SKA'),(2099,2,'Violon Yamaha V3SKA'),(2100,1,'Violon Yamaha V3SKA'),(2100,2,'Violon Yamaha V3SKA'),(2101,1,'Violon électrique Yamaha YEV104'),(2101,2,'Violon Yamaha V3SKA'),(2102,1,'Violon électrique Yamaha YEV105'),(2102,2,'Violon électrique Yamaha YEV105'),(2103,1,'Violon Silent Yamaha YSV104'),(2103,2,'Violon Silent Yamaha YSV104'),(2104,1,'Enceinte portable YAMAHA MUSICCAST WX010'),(2104,2,'Violon Silent Yamaha YSV104'),(2105,1,' HAUT-PARLEUR Fender FIGHTER 2 VOIES 12 ″ 220V-240V'),(2105,2,'YAMAHA VENOVA YVS-100'),(2106,1,' HAUT-PARLEUR Fender FIGHTER 2 VOIES 12 ″ 220V-240V'),(2106,2,'YAMAHA VENOVA YVS-100'),(2107,1,' HAUT-PARLEUR Fender FIGHTER 2 VOIES 12 ″ 220V-240V'),(2107,2,'YAMAHA VENOVA YVS-100'),(2108,1,'Double Pédale Yamaha DFP8500C'),(2108,2,'Attache Porte Baguette MCDSHJB'),(2109,1,'Double Pédale Yamaha DFP8500C'),(2109,2,'Attache Porte Baguette MCDSHJB'),(2110,1,'Double Pédale Yamaha DFP8500C'),(2110,2,'Attache Porte Baguette MCDSHJB'),(2111,1,'Barre de son Yamaha YAS-103'),(2111,2,'Barre de son Yamaha YAS-103'),(2112,1,'Barre de son Yamaha YAS-103'),(2112,2,'Barre de son Yamaha YAS-103'),(2113,1,'Barre de son Yamaha YAS-103'),(2113,2,'Barre de son Yamaha YAS-103'),(2114,1,'Violon Eberhard Meinel'),(2114,2,'Violon GR Sandner'),(2115,1,''),(2115,2,''),(2116,1,'Guitare classique Sonata'),(2116,2,'Guitare classique Starsun 851\"'),(2117,1,'Pack Parrot electric'),(2117,2,'Pack Parrot electric'),(2118,1,''),(2118,2,''),(2119,1,'HS8'),(2119,2,'HS8'),(2120,1,'Guitare acoustique Fender FA-125 avec pochette'),(2120,2,'Guitare acoustique Fender FA-125'),(2121,1,'Guitare Classique Yamha CG182SF Flamenco'),(2121,2,'Guitare Classique Yamha CG182SF Flamenco'),(2122,1,'Guitare Folk acoustique FG820 '),(2122,2,'Guitare Folk acoustique FG820 '),(2123,1,'Guitare Folk acoustique FG820 '),(2123,2,'Guitare Folk acoustique FG820 '),(2124,1,'Guitare électro-acoustique Yamaha FC100S'),(2124,2,'Guitare électro-acoustique Yamaha FC100S'),(2125,1,'Guitare électro-acoustique Yamaha FC100S'),(2125,2,'Guitare électro-acoustique Yamaha FC100S'),(2126,1,'Guitare électro acoustique Yamaha F370C'),(2126,2,'Guitare électro acoustique Yamaha F370C'),(2127,1,'Guitare électro acoustique Yamaha F370C'),(2127,2,'Guitare électro acoustique Yamaha F370C'),(2128,1,'Guitare électro acoustique Yamaha F370C'),(2128,2,'Guitare électro acoustique Yamaha F370C'),(2129,1,'Guitare électro acoustique Yamaha F370C'),(2129,2,'Guitare électro acoustique Yamaha F370C'),(2130,1,'Piano Clavinova Yamaha clp 635 '),(2130,2,'Piano Clavinova Yamaha clp 635 WH'),(2131,1,'Piano Clavinova Yamaha clp 635 '),(2131,2,'Piano Clavinova Yamaha clp 635 WH'),(2132,1,'DJ DDJ-XP2 Pioneer'),(2132,2,'DJ DDJ-XP2 Pioneer'),(2133,1,'DJ DDJ-XP2 Pioneer'),(2133,2,'DJ DDJ-XP2 Pioneer'),(2134,1,'DJ DDJ-XP2 Pioneer'),(2134,2,'DJ DDJ-XP2 Pioneer'),(2135,1,'Enceinte JBL Control 1 pro'),(2135,2,'Enceinte JBL Control 1 pro'),(2136,1,'Enceinte JBL Control 1 pro'),(2136,2,'Enceinte JBL Control 1 pro'),(2137,1,'Enceinte JBL Control 1 pro'),(2137,2,'Enceinte JBL Control 1 pro'),(2141,1,'Enceinte JBL Control 2 pro Paire'),(2141,2,'Enceinte JBL Control 1 pro'),(2145,1,'Enceinte JBL Control 23 Paire'),(2145,2,'Enceinte JBL Control 1 pro'),(2146,1,'Enceinte JBL Control 23 Paire'),(2146,2,'Enceinte JBL Control 1 pro'),(2148,1,'Enceinte JBL Control 2 pro Paire'),(2148,2,'Enceinte JBL Control 1 pro'),(2149,1,'Enceinte JBL Control 2 pro Paire'),(2149,2,'Enceinte JBL Control 1 pro'),(2150,1,'Enceinte JBL Control 2 pro Paire'),(2150,2,'Enceinte JBL Control 1 pro'),(2153,1,'Enceinte JBL Control 25 Paire'),(2153,2,'Enceinte JBL Control 1 pro'),(2155,1,'Enceinte JBL Control 25 25 AV-LS Paire'),(2155,2,'Enceinte JBL Control 1 pro'),(2156,1,'Enceinte JBL Control 25 25 AV-LS Paire'),(2156,2,'Enceinte JBL Control 1 pro'),(2160,1,'JBL Control 24 ct Paire'),(2160,2,'Enceinte JBL Control 1 pro'),(2161,1,'JBL Control 24 ct Paire'),(2161,2,'Enceinte JBL Control 1 pro'),(2162,1,'JBL Control 24 ct Paire'),(2162,2,'Enceinte JBL Control 1 pro'),(2163,1,'Enceinte JBL Control 126WT Paire'),(2163,2,'Enceinte JBL Control 1 pro'),(2164,1,'Enceinte JBL Control 126WT Paire'),(2164,2,'Enceinte JBL Control 1 pro'),(2165,1,'Enceinte JBL Control 126WT Paire'),(2165,2,'Enceinte JBL Control 1 pro'),(2172,1,'Florencia électro-classique'),(2172,2,'Florencia électro-classique'),(2173,1,'Piano portable Korg B2N'),(2173,2,'Piano portable Korg B2N'),(2174,1,'Piano portable Korg B2N'),(2174,2,'Piano portable Korg B2N'),(2175,1,'Piano portable Korg B2N'),(2175,2,'Piano portable Korg B2N'),(2176,1,'Piano portable Korg B2N'),(2176,2,'Piano portable Korg B2N'),(2177,1,'Casque Kurzweil HDM1'),(2177,2,'Casque Kurzweil HDM1'),(2178,1,'Casque Kurzweil HDM1'),(2178,2,'Casque Kurzweil HDM1'),(2179,1,'Carte son Kurzweil'),(2179,2,'Carte son Kurzweil'),(2180,1,'Carte son Kurzweil'),(2180,2,'Carte son Kurzweil'),(2181,1,'Moniteur Kurzweil KS-50A'),(2181,2,'Moniteur Kurzweil KS-50A'),(2182,1,'Moniteur Kurzweil KS-50A'),(2182,2,'Moniteur Kurzweil KS-50A'),(2183,1,'Moniteur Kurzweil KS-50A'),(2183,2,'Moniteur Kurzweil KS-50A'),(2184,1,'Moniteur Kurzweil KS-50A'),(2184,2,'Moniteur Kurzweil KS-50A'),(2185,1,'Moniteur Kurzweil KS40A '),(2185,2,'Moniteur Kurzweil KS40A '),(2186,1,'Moniteur Kurzweil KS40A '),(2186,2,'Moniteur Kurzweil KS40A '),(2194,1,'Oud & Luth turc'),(2194,2,'Oud & Luth turc'),(2195,1,'Oud & Luth turc'),(2195,2,'Oud & Luth turc'),(2196,1,'Oud & Luth marocain'),(2196,2,'Oud & Luth marocain'),(2197,1,'Oud & Luth marocain'),(2197,2,'Oud & Luth marocain'),(2200,1,'Guembri Hajhouj électrique '),(2200,2,'Guembri Hajhouj électrique '),(2201,1,'Guembri Hajhouj électrique '),(2201,2,'Guembri Hajhouj électrique '),(2202,1,'Guembri Hajhouj électrique '),(2202,2,'Guembri Hajhouj électrique '),(2203,1,'Saz Baglama'),(2203,2,'Saz Baglama'),(2204,1,'Saz Baglama'),(2204,2,'Saz Baglama'),(2205,1,'Saz Baglama'),(2205,2,'Saz Baglama'),(2206,1,'Saz Baglama'),(2206,2,'Saz Baglama'),(2207,1,'Saz Baglama'),(2207,2,'Saz Baglama'),(2208,1,'Flight case Oud'),(2208,2,'Flight case Oud'),(2209,1,'Flight case Oud'),(2209,2,'Flight case Oud'),(2210,1,'Contrebasse 3/4 ANTONI ADB05 avec pochette'),(2210,2,'Contrebasse 3/4 ANTONI ADB05 avec pochette'),(2211,1,'Godin Oud élctro-Acoustique'),(2211,2,'Godin Oud élctro-Acoustique'),(2212,1,'GODIN Guitare Elctro-Acoustique'),(2212,2,'GODIN Guitare Elctro-Acoustique'),(2213,1,'GODIN Guitare Electro-Acoustique – MULTIAC'),(2213,2,'GODIN Guitare Electro-Acoustique – MULTIAC'),(2214,1,'Guitare Godin Electrique HT Matte Black RN'),(2214,2,'Guitare Godin Electrique HT Matte Black RN'),(2215,1,'Contrebasse 3/4 ANTONI ADB05 avec pochette'),(2215,2,'Contrebasse 3/4 ANTONI ADB05 avec pochette'),(2216,1,'Godin Oud élctro-Acoustique'),(2216,2,'Godin Oud élctro-Acoustique'),(2217,1,'Guitare Godin Bourbon Burst'),(2217,2,'Guitare Godin Bourbon Burst'),(2218,1,'Guitare Godin Bourbon Burst'),(2218,2,'Guitare Godin Bourbon Burst'),(2219,1,'GODIN Guitare Elctro-Acoustique'),(2219,2,'GODIN Guitare Elctro-Acoustique'),(2220,1,'Godin Summit Classic SG Matte Green'),(2220,2,'Godin Summit Classic SG Matte Green'),(2221,1,'Godin Summit Classic SG Matte Green'),(2221,2,'Godin Summit Classic SG Matte Green'),(2222,1,'Godin Progression Plus Trans Cream HG RN'),(2222,2,'Godin Summit Classic SG Matte Green'),(2223,1,'Godin Radiator Trans Cream RN'),(2223,2,'Godin Radiator Trans Cream RN'),(2224,1,'Godin Radiator Trans Cream RN'),(2224,2,'Godin Radiator Trans Cream RN'),(2225,1,'Godin Radiator Trans Cream RN'),(2225,2,'Godin Radiator Trans Cream RN'),(2226,1,'Godin Radiator Trans Cream RN'),(2226,2,'Godin Radiator Trans Cream RN'),(2227,1,'Stadium ’59 Vintage Burst Flame RN'),(2227,2,'Stadium ’59 Vintage Burst Flame RN'),(2228,1,'Stadium ’59 Vintage Burst Flame RN'),(2228,2,'Stadium ’59 Vintage Burst Flame RN'),(2229,1,'GUILD Guitare Acoustique D-240E '),(2229,2,'GUILD Guitare Acoustique D-240E '),(2230,1,'GUILD Guitare Acoustique D-240E '),(2230,2,'GUILD Guitare Acoustique D-240E '),(2231,1,'GUILD Guitare Acoustique D-240E '),(2231,2,'GUILD Guitare Acoustique D-240E '),(2232,1,'Guitare Acoustique Guild OM-240E'),(2232,2,'Guitare Acoustique Guild OM-240E'),(2233,1,'Guitare Acoustique Guild OM-240E'),(2233,2,'Guitare Acoustique Guild OM-240E'),(2234,1,'Guitare Acoustique Guild OM-240E'),(2234,2,'Guitare Acoustique Guild OM-240E'),(2235,1,'Guitare GUILD  Acoustique – GU263'),(2235,2,'Guitare GUILD  Acoustique – GU263'),(2236,1,'Guitare GUILD  Acoustique – GU263'),(2236,2,'Guitare GUILD  Acoustique – GU263'),(2237,1,'Guitare GUILD  Acoustique – GU263'),(2237,2,'Guitare GUILD  Acoustique – GU263'),(2238,1,'GUILD Guitare Acoustique F-250CE Deluxe'),(2238,2,'GUILD Guitare Acoustique F-250CE Deluxe'),(2239,1,'GUILD Guitare Acoustique F-250CE Deluxe'),(2239,2,'GUILD Guitare Acoustique F-250CE Deluxe'),(2240,1,'GUILD Guitare Acoustique F-250CE Deluxe'),(2240,2,'GUILD Guitare Acoustique F-250CE Deluxe'),(2242,1,'GUILD Guitare Acoustique 12 Cordes D-2612CE Deluxe '),(2242,2,'GUILD Guitare Acoustique 12 Cordes D-2612CE Deluxe '),(2243,1,'GUILD Guitare Acoustique 12 Cordes D-2612CE Deluxe '),(2243,2,'GUILD Guitare Acoustique 12 Cordes D-2612CE Deluxe '),(2244,1,'GUILD Guitare Acoustique 12 Cordes D-2612CE Deluxe '),(2244,2,'GUILD Guitare Acoustique 12 Cordes D-2612CE Deluxe '),(2245,1,'GUILD Guitare Acoustique 12 Cordes D-1212'),(2245,2,'GUILD Guitare Acoustique 12 Cordes D-1212'),(2246,1,'GUILD Guitare Acoustique 12 Cordes D-1212'),(2246,2,'GUILD Guitare Acoustique 12 Cordes D-1212'),(2247,1,'GUILD Guitare Acoustique 12 Cordes D-1212'),(2247,2,'GUILD Guitare Acoustique 12 Cordes D-1212'),(2248,1,'MARCUS MILLER Basse Electrique – M2 4 cordes'),(2248,2,'MARCUS MILLER Basse Electrique – M2 4 cordes'),(2249,1,'MARCUS MILLER Basse Electrique – M2 4 cordes'),(2249,2,'MARCUS MILLER Basse Electrique – M2 4 cordes'),(2250,1,'Guitare basse Marcus Miller M2 4strings Black '),(2250,2,'Guitare basse Marcus Miller M2 4strings Black '),(2251,1,'Guitare basse Marcus Miller M2 4strings Black '),(2251,2,'Guitare basse Marcus Miller M2 4strings Black '),(2252,1,'Guitare Basse Marcus Miller P7 4 cordes '),(2252,2,'Guitare Basse Marcus Miller P7 4 cordes '),(2253,1,'Guitare Basse Marcus Miller P7 4 cordes '),(2253,2,'Guitare Basse Marcus Miller P7 4 cordes '),(2254,1,'MARCUS MILLER Basse Electrique V7 4 cordes'),(2254,2,'MARCUS MILLER Basse Electrique V7 4 cordes'),(2255,1,'MARCUS MILLER Basse Electrique V7 4 cordes'),(2255,2,'MARCUS MILLER Basse Electrique V7 4 cordes'),(2256,1,'MARCUS MILLER Basse Electrique V7 4 cordes'),(2256,2,'MARCUS MILLER Basse Electrique V7 4 cordes'),(2257,1,'GUILD Guitare Electrique S-50'),(2257,2,'GUILD Guitare Electrique S-50'),(2258,1,'GUILD Guitare Electrique S-50'),(2258,2,'GUILD Guitare Electrique S-50'),(2259,1,'RODE NT1A Microphone de studio'),(2259,2,'RODE NT1A Microphone de studio'),(2260,1,'Rode PSA-1 Bras articulé pour micro'),(2260,2,'Rode PSA-1 Bras articulé pour micro'),(2261,1,'Micro Rode M3 avec switch'),(2261,2,'Micro Rode M3 avec switch'),(2262,1,'RODE M2 Microphone de scène avec switch'),(2262,2,'RODE M2 Microphone de scène avec switch'),(2263,1,'Rode Rodecaster Pro'),(2263,2,'Rode Rodecaster Pro'),(2264,1,'Rode Rodecaster Pro'),(2264,2,'Rode Rodecaster Pro'),(2265,1,'Rode Rodecaster Pro'),(2265,2,'Rode Rodecaster Pro'),(2266,1,'RODE NT-USB Mini'),(2266,2,'RODE NT-USB Mini'),(2267,1,'RODE WirelessGO'),(2267,2,'RODE WirelessGO'),(2268,1,'RODE PodMic'),(2268,2,'RODE PodMic'),(2269,1,'RODE PodMic'),(2269,2,'RODE PodMic'),(2270,1,'Piano Artesia DP3 Plus'),(2270,2,'Piano Artesia DP3 Plus'),(2271,1,'Piano Artesia DP3 Plus'),(2271,2,'Piano Artesia DP3 Plus'),(2272,1,'Piano Artesia DP3 Plus'),(2272,2,'Piano Artesia DP3 Plus'),(2277,1,'Piano Artesia DP150'),(2277,2,'Piano Artesia DP150'),(2278,1,'Piano Artesia DP150'),(2278,2,'Piano Artesia DP150'),(2280,1,'Piano Artesia DP150'),(2280,2,'Piano Artesia DP150'),(2281,1,'Piano Artesia DP10'),(2281,2,'Piano Artesia DP10'),(2282,1,'Piano Artesia DP10'),(2282,2,'Piano Artesia DP10'),(2283,1,'Piano Artesia DP10'),(2283,2,'Piano Artesia DP10'),(2284,1,'YAMAHA  PX5 AMPLI DE PUISSANCE'),(2284,2,'YAMAHA  PX5 AMPLI DE PUISSANCE'),(2285,1,'Yamaha PSR-S670 avec adaptateur'),(2285,2,'Yamaha PSR-S670'),(2286,1,'Yamaha PSR-S670 avec adaptateur'),(2286,2,'Yamaha PSR-S670'),(2287,1,'Yamaha PSR-S670 avec adaptateur'),(2287,2,'Yamaha PSR-S670'),(2288,1,'Yamaha PSR-S670 avec adaptateur'),(2288,2,'Yamaha PSR-S670'),(2289,1,'Yamaha PSR-S670 avec adaptateur'),(2289,2,'Yamaha PSR-S670'),(2290,1,'Ampli Fender Mustang LT50'),(2290,2,'Ampli Fender Mustang LT50'),(2291,1,'Ampli Fender Mustang LT50'),(2291,2,'Ampli Fender Mustang LT50'),(2292,1,'Ampli Fender Mustang LT50'),(2292,2,'Ampli Fender Mustang LT50'),(2293,1,'Ampli Fender Mustang LT50'),(2293,2,'Ampli Fender Mustang LT50'),(2294,1,'Fender Rumble 200 (V3) – Ampli Basse'),(2294,2,'Fender Rumble 200 (V3) – Ampli Basse'),(2295,1,'Fender Rumble 200 (V3) – Ampli Basse'),(2295,2,'Fender Rumble 200 (V3) – Ampli Basse'),(2296,1,'Fender Mustang GTX 50 '),(2296,2,'Fender Mustang GTX 50 '),(2297,1,'Fender Mustang GTX 50 '),(2297,2,'Fender Mustang GTX 50 '),(2298,1,'Guitare Yamaha CPX700II BL'),(2298,2,'Guitare Yamaha CPX700II BL'),(2299,1,'Guitare Yamaha CPX700II BL'),(2299,2,'Guitare Yamaha CPX700II BL'),(2300,1,'Guitare Yamaha CPX700II BL'),(2300,2,'Guitare Yamaha CPX700II BL'),(2301,1,'Guitare Yamaha CPX700II BL'),(2301,2,'Guitare Yamaha CPX700II BL'),(2302,1,'Guitare Yamaha CPX700II BL'),(2302,2,'Guitare Yamaha CPX700II BL'),(2303,1,'guitare Yamaha FX370C'),(2303,2,'guitare Yamaha FX370C'),(2307,1,'Guitare FA125 CE Dreadnought Electro-Acoustique'),(2307,2,'Guitare FA125 CE Dreadnought Electro-Acoustique'),(2308,1,'Guitare FA125 CE Dreadnought Electro-Acoustique'),(2308,2,'Guitare FA125 CE Dreadnought Electro-Acoustique'),(2309,1,'Guitare FA125 CE Dreadnought Electro-Acoustique'),(2309,2,'Guitare FA125 CE Dreadnought Electro-Acoustique'),(2310,1,'Guitare FA125 CE Dreadnought Electro-Acoustique'),(2310,2,'Guitare FA125 CE Dreadnought Electro-Acoustique'),(2311,1,'Guitare FA125 CE Dreadnought Electro-Acoustique'),(2311,2,'Guitare FA125 CE Dreadnought Electro-Acoustique'),(2313,1,'guitare Yamaha FX370C'),(2313,2,'guitare Yamaha FX370C'),(2314,1,'FENDER Guitare Electro-Acoustique - NEWPORTER PLAYER RUSTIC COPPER'),(2314,2,'FENDER Guitare Electro-Acoustique - NEWPORTER PLAYER RUSTIC COPPER'),(2315,1,'FENDER Guitare Electro-Acoustique - NEWPORTER PLAYER RUSTIC COPPER'),(2315,2,'FENDER Guitare Electro-Acoustique - NEWPORTER PLAYER RUSTIC COPPER'),(2316,1,'FENDER Guitare Electro-Acoustique - NEWPORTER PLAYER RUSTIC COPPER'),(2316,2,'FENDER Guitare Electro-Acoustique - NEWPORTER PLAYER RUSTIC COPPER'),(2317,1,'FENDER Guitare Electro-Acoustique - NEWPORTER PLAYER RUSTIC COPPER'),(2317,2,'FENDER Guitare Electro-Acoustique - NEWPORTER PLAYER RUSTIC COPPER'),(2318,1,'Enceinte sans fil FENDER NEWPORT'),(2318,2,'Enceinte sans fil FENDER NEWPORT'),(2319,1,'Enceinte sans fil FENDER NEWPORT'),(2319,2,'Enceinte sans fil FENDER NEWPORT'),(2320,1,'Enceinte sans fil FENDER NEWPORT'),(2320,2,'Enceinte sans fil FENDER NEWPORT'),(2321,1,'Enceinte sans fil FENDER NEWPORT'),(2321,2,'Enceinte sans fil FENDER NEWPORT'),(2322,1,'Enceinte sans fil FENDER NEWPORT'),(2322,2,'Enceinte sans fil FENDER NEWPORT'),(2323,1,'Enceintes sans fil MusicCast NX-N500 Yamaha'),(2323,2,'Enceintes sans fil MusicCast NX-N500 Yamaha'),(2324,1,'Enceintes sans fil MusicCast NX-N500 Yamaha'),(2324,2,'Enceintes sans fil MusicCast NX-N500 Yamaha'),(2325,1,'Enceintes sans fil MusicCast NX-N500 Yamaha'),(2325,2,'Enceintes sans fil MusicCast NX-N500 Yamaha'),(2326,1,'Enceintes sans fil MusicCast NX-N500 Yamaha'),(2326,2,'Enceintes sans fil MusicCast NX-N500 Yamaha'),(2327,1,'Enceinte Murale plafonnier YAMAHA VXC3F'),(2327,2,'Enceinte Murale plafonnier YAMAHA VXC3F'),(2328,1,'Enceinte Murale ENCASTRABLE  Yamaha NS-IC600'),(2328,2,'Enceinte Murale ENCASTRABLE  Yamaha NS-IC600'),(2329,1,'Enceinte Murale ENCASTRABLE  Yamaha NS-IC600'),(2329,2,'Enceinte Murale ENCASTRABLE  Yamaha NS-IC600'),(2330,1,'ENCEINTE PLAFONNIER  YAMAHA – VXC6'),(2330,2,'ENCEINTE PLAFONNIER  YAMAHA – VXC6'),(2331,1,'YAMAHA CAISSON DE BASSE AMPLIFIE DXS15MKII'),(2331,2,'YAMAHA CAISSON DE BASSE AMPLIFIE DXS15MKII'),(2332,1,'YAMAHA ENCEINTE D’EXTERIEUR (LA PAIRE) – VS4'),(2332,2,'YAMAHA ENCEINTE D’EXTERIEUR (LA PAIRE) – VS4'),(2333,1,'YAMAHA ENCEINTE D’EXTERIEUR (LA PAIRE) – VS4'),(2333,2,'YAMAHA ENCEINTE D’EXTERIEUR (LA PAIRE) – VS4'),(2334,1,'Oud & Luth turc'),(2334,2,'Oud & Luth turc'),(2335,1,'Oud & Luth turc'),(2335,2,'Oud & Luth turc'),(2336,1,'Oud & Luth turc'),(2336,2,'Oud & Luth turc'),(2337,1,'Oud & Luth turc'),(2337,2,'Oud & Luth turc'),(2338,1,'Oud & Luth  العود'),(2338,2,'Oud & Luth turc'),(2339,1,'Oud & Luth  العود'),(2339,2,'Oud & Luth turc'),(2340,1,'Oud & Luth  العود'),(2340,2,'Oud & Luth turc'),(2341,1,'ODYSSEY CLARINETTE D’ETUDE avec étui – OCL400'),(2341,2,'ODYSSEY CLARINETTE D’ETUDE avec étui – OCL400'),(2342,1,'ODYSSEY CLARINETTE D’ETUDE avec étui – OCL400'),(2342,2,'ODYSSEY CLARINETTE D’ETUDE avec étui – OCL400'),(2343,1,'DDJ-1000 Pioneer'),(2343,2,'DDJ-1000 Pioneer'),(2344,1,'DDJ-1000 Pioneer'),(2344,2,'DDJ-1000 Pioneer'),(2345,1,'DDJ-1000 Pioneer'),(2345,2,'DDJ-1000 Pioneer'),(2346,1,'DDJ-1000 Pioneer'),(2346,2,'DDJ-1000 Pioneer'),(2347,1,'DDJ-1000 Pioneer'),(2347,2,'DDJ-1000 Pioneer'),(2348,1,'Pioneer DJM750MK2 '),(2348,2,'Pioneer DJM750MK2 '),(2349,1,'Pioneer DJM750MK2 '),(2349,2,'Pioneer DJM750MK2 '),(2350,1,'Pioneer DDJ RZX'),(2350,2,'Pioneer DDJ RZX'),(2351,1,'Pioneer DDJ RZX'),(2351,2,'Pioneer DDJ RZX'),(2352,1,'Lecteur CD MP3 USB/SD CMP30 AUDAC'),(2352,2,'Lecteur CD MP3 USB/SD CMP30 AUDAC'),(2353,1,'Lecteur CD MP3 USB/SD CMP30 AUDAC'),(2353,2,'Lecteur CD MP3 USB/SD CMP30 AUDAC'),(2354,1,'Ampli Mélangeur COM12 AUDAC'),(2354,2,'Lecteur CD MP3 USB/SD CMP30 AUDAC'),(2355,1,'Ampli Mélangeur COM12 AUDAC'),(2355,2,'Lecteur CD MP3 USB/SD CMP30 AUDAC'),(2356,1,'Moniteur D-M40 Pioneer (paire)'),(2356,2,'Moniteur D-M40 Pioneer (paire)'),(2357,1,'Moniteur D-M40 Pioneer (paire)'),(2357,2,'Moniteur D-M40 Pioneer (paire)'),(2358,1,'XDJ-XZ Pioneer '),(2358,2,'Pioneer DDJ RZX'),(2359,1,'XDJ-XZ Pioneer '),(2359,2,'Pioneer DDJ RZX'),(2360,1,'XDJ-XZ Pioneer '),(2360,2,'Pioneer DDJ RZX'),(2361,1,'Micro Behringer C-3'),(2361,2,'Pioneer DDJ RZX'),(2362,1,'Micro Behringer C-3'),(2362,2,'Pioneer DDJ RZX'),(2363,1,'Casque HD 280 SENNHEISER '),(2363,2,'Moniteur D-M40 Pioneer (paire)'),(2364,1,'Casque HD 280 SENNHEISER '),(2364,2,'Moniteur D-M40 Pioneer (paire)'),(2365,1,'Enceinte dB Technologies LVX P 12'),(2365,2,'Enceinte dB Technologies LVX P 12'),(2366,1,'Enceinte dB Technologies LVX P 12'),(2366,2,'Enceinte dB Technologies LVX P 12'),(2367,1,'Enceinte dB Technologies LVX P 12'),(2367,2,'Enceinte dB Technologies LVX P 12'),(2368,1,'Enceinte dB Technologies LVX P 12'),(2368,2,'Enceinte dB Technologies LVX P 12'),(2369,1,'Enceinte dB Technologies LVX P 12'),(2369,2,'Enceinte dB Technologies LVX P 12'),(2370,1,'Enceinte dB Technologies LVX P15'),(2370,2,'Enceinte dB Technologies LVX P15'),(2371,1,'Enceinte dB Technologies LVX P15'),(2371,2,'Enceinte dB Technologies LVX P15'),(2372,1,'Enceinte dB Technologies LVX P15'),(2372,2,'Enceinte dB Technologies LVX P15'),(2373,1,'Enceinte dB Technologies LVX P15'),(2373,2,'Enceinte dB Technologies LVX P15'),(2374,1,'Enceinte dB Technologies LVX P15'),(2374,2,'Enceinte dB Technologies LVX P15'),(2375,1,'Table de mixage amplifiée LD SYST Lax12da'),(2375,2,'Table de mixage amplifiée LD SYST Lax12da'),(2376,1,'Table de mixage amplifiée LD SYST Lax12da'),(2376,2,'Table de mixage amplifiée LD SYST Lax12da'),(2377,1,'CDJ 3000 Pioneer'),(2377,2,'CDJ 3000 Pioneer'),(2378,1,'CDJ 3000 Pioneer'),(2378,2,'CDJ 3000 Pioneer'),(2379,1,'CDJ 3000 Pioneer'),(2379,2,'CDJ 3000 Pioneer'),(2380,1,'Écran Pour Micro studio RF1'),(2380,2,'Écran Pour Micro studio RF1'),(2381,1,'Écran Pour Micro studio RF1'),(2381,2,'Écran Pour Micro studio RF1'),(2382,1,'Enceinte murale AUDAC WX802'),(2382,2,'Enceinte murale AUDAC WX802'),(2383,1,'Enceinte murale AUDAC WX802'),(2383,2,'Enceinte murale AUDAC WX802'),(2384,1,'Audac EPA 152 amplificateur double-channel '),(2384,2,'Audac EPA 152 amplificateur double-channel '),(2385,1,'Audac EPA 152 amplificateur double-channel '),(2385,2,'Audac EPA 152 amplificateur double-channel '),(2386,1,'Audac EPA 252 amplificateur double-channel  2x250'),(2386,2,'Audac EPA 152 amplificateur double-channel '),(2387,1,'Audac EPA 252 amplificateur double-channel  2x250'),(2387,2,'Audac EPA 152 amplificateur double-channel '),(2388,1,'Amplificateur Audac EPA 104'),(2388,2,'Amplificateur Audac EPA 104'),(2389,1,'Amplificateur Audac EPA 104'),(2389,2,'Amplificateur Audac EPA 104'),(2390,1,'Nektar AURA MIDI-Pad-Controller'),(2390,2,'Nektar AURA MIDI-Pad-Controller'),(2391,1,'Nektar AURA MIDI-Pad-Controller'),(2391,2,'Nektar AURA MIDI-Pad-Controller'),(2392,1,'Nektar AURA MIDI-Pad-Controller'),(2392,2,'Nektar AURA MIDI-Pad-Controller'),(2393,1,'Contrôleur USB MIDI Nektar SE25'),(2393,2,'Contrôleur USB MIDI Nektar SE25'),(2394,1,'Contrôleur USB MIDI Nektar SE25'),(2394,2,'Contrôleur USB MIDI Nektar SE25'),(2395,1,'clavier USB/MIDI SE 49 touches'),(2395,2,'clavier USB/MIDI SE 49 touches'),(2396,1,'clavier USB/MIDI SE 49 touches'),(2396,2,'clavier USB/MIDI SE 49 touches'),(2397,1,'clavier USB/MIDI SE 49 touches'),(2397,2,'clavier USB/MIDI SE 49 touches'),(2398,1,'clavier USB/MIDI SE 49 touches'),(2398,2,'clavier USB/MIDI SE 49 touches'),(2399,1,'clavier USB/MIDI SE 49 touches'),(2399,2,'clavier USB/MIDI SE 49 touches'),(2400,1,'Clavier maître GX61 Nektar'),(2400,2,'Clavier maître GX61 Nektar'),(2401,1,'Clavier maître GX61 Nektar'),(2401,2,'Clavier maître GX61 Nektar'),(2402,1,'Clavier maître GX61 Nektar'),(2402,2,'Clavier maître GX61 Nektar'),(2403,1,'Clavier maître GX61 Nektar'),(2403,2,'Clavier maître GX61 Nektar'),(2404,1,'Clavier maître GX61 Nektar'),(2404,2,'Clavier maître GX61 Nektar'),(2405,1,'Clavier maître Nektar Impact GXP49'),(2405,2,'Clavier maître Nektar Impact GXP49'),(2406,1,'Clavier maître Nektar Impact GXP88'),(2406,2,'Clavier maître Nektar Impact GXP88'),(2407,1,'Clavier maître Nektar Impact GXP88'),(2407,2,'Clavier maître Nektar Impact GXP88'),(2408,1,'Clavier maître Nektar Impakt LX88+'),(2408,2,'Clavier maître Nektar Impakt LX88+'),(2409,1,'Clavier maître Nektar Impakt LX88+'),(2409,2,'Clavier maître Nektar Impakt LX88+'),(2410,1,'Clavier maître Nektar Impakt LX88+'),(2410,2,'Clavier maître Nektar Impakt LX88+'),(2411,1,'Clavier maître Nektar Impact LX61+'),(2411,2,'Clavier maître Nektar Impact LX61+'),(2412,1,'Clavier maître Nektar Impact LX61+'),(2412,2,'Clavier maître Nektar Impact LX61+'),(2413,1,'Clavier maître Nektar Impact LX61+'),(2413,2,'Clavier maître Nektar Impact LX61+'),(2414,1,'Clavier maître Nektar Impact LX61+'),(2414,2,'Clavier maître Nektar Impact LX61+'),(2415,1,'Clavier maître Nektar Impact LX49+'),(2415,2,'Clavier maître Nektar Impact LX49+'),(2416,1,'Clavier maître Nektar Impact LX49+'),(2416,2,'Clavier maître Nektar Impact LX49+'),(2417,1,'Clavier maître Nektar Impact LX49+'),(2417,2,'Clavier maître Nektar Impact LX49+'),(2418,1,'Clavier maître Nektar Impact LX49+'),(2418,2,'Clavier maître Nektar Impact LX49+'),(2419,1,'Clavier maître Nektar Impact LX25'),(2419,2,'Clavier maître Nektar Impact LX25'),(2420,1,'Clavier maître Nektar Impact LX25'),(2420,2,'Clavier maître Nektar Impact LX25'),(2421,1,'Nektar Panorama T4 61 touches'),(2421,2,'Nektar AURA MIDI-Pad-Controller'),(2422,1,'Nektar Panorama T4 61 touches'),(2422,2,'Nektar AURA MIDI-Pad-Controller'),(2423,1,'Nektar Panorama T4 61 touches'),(2423,2,'Nektar AURA MIDI-Pad-Controller'),(2424,1,'NEKTAR PANORAMA T6 61 touches'),(2424,2,'Nektar AURA MIDI-Pad-Controller'),(2425,1,'NEKTAR PANORAMA T6 61 touches'),(2425,2,'Nektar AURA MIDI-Pad-Controller'),(2426,1,'NEKTAR PANORAMA T6 61 touches'),(2426,2,'Nektar AURA MIDI-Pad-Controller'),(2427,1,'NEKTAR PANORAMA T6 61 touches'),(2427,2,'Nektar AURA MIDI-Pad-Controller'),(2428,1,'NEKTAR PANORAMA T6 61 touches'),(2428,2,'Nektar AURA MIDI-Pad-Controller'),(2429,1,'Nektar Panorama P1 Contrôleur'),(2429,2,'Nektar Panorama P1 Contrôleur'),(2430,1,'Banjo 6 cordes avec housse '),(2430,2,'Banjo 6 avec housse 30'),(2431,1,'Guitare électro-classique Clevan'),(2431,2,'Guitare électro-classique Clevan'),(2432,1,'Loutar berbère 4 cordes'),(2432,2,'Loutar berbère 4 cordes'),(2433,1,'Loutar berbère 4 cordes'),(2433,2,'Loutar berbère 4 cordes'),(2434,1,'Loutar berbère 4 cordes'),(2434,2,'Loutar berbère 4 cordes'),(2435,1,'Loutar berbère 4 cordes'),(2435,2,'Loutar berbère 4 cordes'),(2436,1,'Loutar berbère 4 cordes'),(2436,2,'Loutar berbère 4 cordes'),(2437,1,'Oud & Luth marocain pour enfant 3/4'),(2437,2,'Oud & Luth marocain pour enfant 3/4'),(2438,1,'Oud & Luth marocain pour enfant 3/4'),(2438,2,'Oud & Luth marocain pour enfant 3/4'),(2439,1,'Oud & Luth marocain'),(2439,2,'Oud & Luth marocain'),(2440,1,'Oud & Luth marocain'),(2440,2,'Oud & Luth marocain'),(2441,1,'Oud & Luth marocain'),(2441,2,'Oud & Luth marocain'),(2442,1,'Oud & Luth marocain'),(2442,2,'Oud & Luth marocain'),(2443,1,'Oud & Luth marocain'),(2443,2,'Oud & Luth marocain'),(2444,1,'Oud & Luth marocain'),(2444,2,'Oud & Luth marocain'),(2445,1,'Micro USB BOYA BY-PM700'),(2445,2,'Micro USB BOYA BY-PM700'),(2446,1,'Micro USB BOYA BY-PM700'),(2446,2,'Micro USB BOYA BY-PM700'),(2447,1,'Micro USB BOYA BY-PM700'),(2447,2,'Micro USB BOYA BY-PM700'),(2448,1,'Micro USB BOYA BY-PM700'),(2448,2,'Micro USB BOYA BY-PM700'),(2449,1,'Micro studio BOYA BY-M1000'),(2449,2,'Micro USB BOYA BY-PM700'),(2450,1,'Micro studio BOYA BY-M1000'),(2450,2,'Micro USB BOYA BY-PM700'),(2451,1,'Micro studio BOYA BY-M1000'),(2451,2,'Micro USB BOYA BY-PM700'),(2452,1,'Micro Sans fil BOYA BY WM8 Pro-K3'),(2452,2,'Micro Sans fil BOYA BY WM8 Pro-K3'),(2453,1,'Micro Sans fil BOYA BY WM8 Pro-K3'),(2453,2,'Micro Sans fil BOYA BY WM8 Pro-K3'),(2454,1,'Micro Sans fil BOYA BY WM8 Pro-K3'),(2454,2,'Micro Sans fil BOYA BY WM8 Pro-K3'),(2455,1,'Casque Superlux 671'),(2455,2,'Micro Sans fil BOYA BY WM8 Pro-K3'),(2456,1,'Casque Superlux 671'),(2456,2,'Micro Sans fil BOYA BY WM8 Pro-K3'),(2457,1,'Casque Superlux 671'),(2457,2,'Micro Sans fil BOYA BY WM8 Pro-K3'),(2458,1,'Casque DJ Superlux HD631'),(2458,2,'Casque DJ Superlux HD631'),(2459,1,'Casque DJ Superlux HD631'),(2459,2,'Casque DJ Superlux HD631'),(2460,1,'Guitare FA125 CE Dreadnought Electro-Acoustique'),(2460,2,'Guitare FA125 CE Dreadnought Electro-Acoustique'),(2461,1,'Guitare FA125 CE Dreadnought Electro-Acoustique'),(2461,2,'Guitare FA125 CE Dreadnought Electro-Acoustique'),(2462,1,'Guitare FA125 CE Dreadnought Electro-Acoustique'),(2462,2,'Guitare FA125 CE Dreadnought Electro-Acoustique'),(2463,1,'Guitare FA125 CE Dreadnought Electro-Acoustique'),(2463,2,'Guitare FA125 CE Dreadnought Electro-Acoustique'),(2464,1,'Guitare FA125 CE Dreadnought Electro-Acoustique'),(2464,2,'Guitare FA125 CE Dreadnought Electro-Acoustique'),(2465,1,'Orgue Casio CTK-245'),(2465,2,'Orgue Casio CTK-245'),(2466,1,'Orgue Casio CTK-245'),(2466,2,'Orgue Casio CTK-245'),(2467,1,'Orgue Casio CTK-245'),(2467,2,'Orgue Casio CTK-245'),(2468,1,'Orgue Casio CTK-245'),(2468,2,'Orgue Casio CTK-245'),(2469,1,'Clavier CASIO CT-S100'),(2469,2,'Clavier CASIO CT-S100'),(2470,1,'Clavier CASIO CT-S100'),(2470,2,'Clavier CASIO CT-S100'),(2471,1,'Clavier Casiotone CT-200'),(2471,2,'Clavier Casiotone CT-200'),(2472,1,'Clavier Casiotone CT-200'),(2472,2,'Clavier Casiotone CT-200'),(2473,1,'Clavier Casiotone CT-200'),(2473,2,'Clavier Casiotone CT-200'),(2474,1,'Clavier Casiotone CT-200'),(2474,2,'Clavier Casiotone CT-200'),(2475,1,'Piano Casio CDP-S100'),(2475,2,'Piano Casio CDP-S100'),(2476,1,'Piano Casio CDP-S100'),(2476,2,'Piano Casio CDP-S100'),(2477,1,'Piano Casio CDP-S100'),(2477,2,'Piano Casio CDP-S100'),(2478,1,'Piano Casio CDP-S100'),(2478,2,'Piano Casio CDP-S100'),(2479,1,'Piano Casio CDP-S100'),(2479,2,'Piano Casio CDP-S100'),(2480,1,'Piano Casio CDP-S100'),(2480,2,'Piano Casio CDP-S100'),(2481,1,'Clavier Casio LK-135'),(2481,2,'Clavier Casio LK-135'),(2482,1,'Clavier Casio LK-135'),(2482,2,'Clavier Casio LK-135'),(2483,1,'Casio PX-770 piano numérique'),(2483,2,'Casio PX-770 piano numérique'),(2484,1,'Casio PX-770 piano numérique'),(2484,2,'Casio PX-770 piano numérique'),(2485,1,'Piano portable CDP-S350'),(2485,2,'Piano portable CDP-S350'),(2486,1,'Piano portable CDP-S350'),(2486,2,'Piano portable CDP-S350'),(2487,1,'Piano portable CDP-S350'),(2487,2,'Piano portable CDP-S350'),(2488,1,'Piano portable Casio CDP-S150'),(2488,2,'Piano portable Casio CDP-S150'),(2489,1,'Piano portable Casio CDP-S150'),(2489,2,'Piano portable Casio CDP-S150'),(2490,1,'Ampli Fender Mustang LT25'),(2490,2,'Ampli Fender Mustang LT25'),(2491,1,'Ampli Fender Mustang LT25'),(2491,2,'Ampli Fender Mustang LT25'),(2492,1,'Piano PX-S1000 Casio'),(2492,2,'Piano PX-S1000 Casio'),(2493,1,'Piano PX-S1000 Casio'),(2493,2,'Piano PX-S1000 Casio'),(2494,1,'Piano PX-S1000 Casio'),(2494,2,'Piano PX-S1000 Casio'),(2498,1,'Table de mixage Montarbo 459s'),(2498,2,'Table de mixage Montarbo 459s'),(2499,1,'Table de mixage Montarbo 459s'),(2499,2,'Table de mixage Montarbo 459s'),(2500,1,'Table de mixage Montarbo 459s'),(2500,2,'Table de mixage Montarbo 459s'),(2501,1,'Micro sans fil SENNHEISER EW 100 G4-835-S'),(2501,2,'Micro sans fil SENNHEISER EW 100 G4-835-S'),(2502,1,'Micro sans fil SENNHEISER EW 100 G4-835-S'),(2502,2,'Micro sans fil SENNHEISER EW 100 G4-835-S'),(2503,1,'Micro sans fil SENNHEISER EW 100 G4-835-S'),(2503,2,'Micro sans fil SENNHEISER EW 100 G4-835-S'),(2504,1,'Micro serre tête SENNHEISER XSW1-ME3-B'),(2504,2,'Micro serre tête SENNHEISER XSW1-ME3-B'),(2505,1,'Micro serre tête SENNHEISER XSW1-ME3-B'),(2505,2,'Micro serre tête SENNHEISER XSW1-ME3-B'),(2506,1,'Micro serre tête SENNHEISER XSW1-ME3-B'),(2506,2,'Micro serre tête SENNHEISER XSW1-ME3-B'),(2507,1,'Micro serre tête SENNHEISER XSW1-ME3-B'),(2507,2,'Micro serre tête SENNHEISER XSW1-ME3-B'),(2508,1,'Micro serre tête SENNHEISER XSW1-ME3-B'),(2508,2,'Micro serre tête SENNHEISER XSW1-ME3-B'),(2509,1,'Micro serre tête SENNHEISER XSW1-ME3-B'),(2509,2,'Micro serre tête SENNHEISER XSW1-ME3-B'),(2510,1,'Double micro sans fil Sennheiser XSW 1-825'),(2510,2,'Double micro sans fil Sennheiser XSW 1-825'),(2511,1,'Double micro sans fil Sennheiser XSW 1-825'),(2511,2,'Double micro sans fil Sennheiser XSW 1-825'),(2512,1,'Double micro sans fil Sennheiser XSW 1-825'),(2512,2,'Double micro sans fil Sennheiser XSW 1-825'),(2513,1,'Double micro sans fil Sennheiser XSW 1-825'),(2513,2,'Double micro sans fil Sennheiser XSW 1-825'),(2514,1,'Orgue LK-S250'),(2514,2,'Orgue LK-S250'),(2515,1,'Orgue LK-S250'),(2515,2,'Orgue LK-S250'),(2516,1,'Orgue LK-S250'),(2516,2,'Orgue LK-S250'),(2517,1,'Orgue LK-S250'),(2517,2,'Orgue LK-S250'),(2518,1,'Orgue Oriental CASIO CTX-700'),(2518,2,'Orgue Oriental CASIO CTX-700'),(2519,1,'Orgue Oriental CASIO CTX-700'),(2519,2,'Orgue Oriental CASIO CTX-700'),(2520,1,'Orgue Oriental CASIO CTX-800'),(2520,2,'Orgue Oriental CASIO CTX-700'),(2521,1,'Orgue Oriental CASIO CTX-800'),(2521,2,'Orgue Oriental CASIO CTX-700'),(2522,1,'Orgue Oriental CASIO CTX-800'),(2522,2,'Orgue Oriental CASIO CTX-700'),(2523,1,'Clavier maître SE-49 Nektar '),(2523,2,'Clavier maître SE-49 Nektar '),(2524,1,'Clavier maître SE-49 Nektar '),(2524,2,'Clavier maître SE-49 Nektar '),(2525,1,'Clavier maître SE-49 Nektar '),(2525,2,'Clavier maître SE-49 Nektar '),(2526,1,'Clavier maître SE-49 Nektar '),(2526,2,'Clavier maître SE-49 Nektar '),(2527,1,'Pioneer DDJ-FLX6'),(2527,2,'Pioneer DDJ-FLX6'),(2528,1,'Pioneer DDJ-FLX6'),(2528,2,'Pioneer DDJ-FLX6'),(2529,1,'Pioneer DDJ-FLX6'),(2529,2,'Pioneer DDJ-FLX6'),(2530,1,'Batterie acoustique Premier 7 pièces '),(2530,2,'Batterie acoustique Premier 7 pièces '),(2531,1,'Batterie acoustique Premier 7 pièces '),(2531,2,'Batterie acoustique Premier 7 pièces '),(2532,1,'Caballero 9 Manuel Rodriguez'),(2532,2,'Caballero 9 Manuel Rodriguez'),(2533,1,'RODE NT1A Microphone de studio'),(2533,2,'RODE NT1A Microphone de studio'),(2537,1,'Orgue Oriental CASIO CTX-800'),(2537,2,'Orgue Oriental CASIO CTX-700'),(2538,1,'Orgue Oriental CASIO CTX-800'),(2538,2,'Orgue Oriental CASIO CTX-700'),(2539,1,'Orgue Oriental CASIO CTX-800'),(2539,2,'Orgue Oriental CASIO CTX-700'),(2540,1,'Carte son Steinberg UR22C'),(2540,2,'Carte son Steinberg UR22C'),(2541,1,'Piano CASIO AP-270 CELVIANO'),(2541,2,'Piano CASIO AP-270 CELVIANO'),(2542,1,'Piano CASIO AP-270 CELVIANO'),(2542,2,'Piano CASIO AP-270 CELVIANO'),(2543,1,'Piano CASIO AP-270 CELVIANO'),(2543,2,'Piano CASIO AP-270 CELVIANO'),(2544,1,'Piano CASIO AP-270 CELVIANO'),(2544,2,'Piano CASIO AP-270 CELVIANO'),(2545,1,'Piano CASIO AP-270 CELVIANO'),(2545,2,'Piano CASIO AP-270 CELVIANO'),(2549,1,'Guitare électrique Fender Squier Bullet Strat'),(2549,2,'Guitare électrique Fender Squier Bullet Strat'),(2550,1,'Guitare électrique Fender Squier Bullet Strat'),(2550,2,'Guitare électrique Fender Squier Bullet Strat'),(2551,1,'Guitare électrique Fender Squier Bullet Strat'),(2551,2,'Guitare électrique Fender Squier Bullet Strat'),(2552,1,'Guitare électrique Fender Squier Bullet Strat'),(2552,2,'Guitare électrique Fender Squier Bullet Strat'),(2553,1,'Guitare électrique Fender Squier Bullet Strat'),(2553,2,'Guitare électrique Fender Squier Bullet Strat'),(2554,1,'Guitare électrique Fender Squier Bullet Strat'),(2554,2,'Guitare électrique Fender Squier Bullet Strat'),(2555,1,'Piano Artesia DP150'),(2555,2,'Piano Artesia DP150'),(2556,1,'Piano Artesia DP150'),(2556,2,'Piano Artesia DP150'),(2557,1,'Piano Artesia DP150'),(2557,2,'Piano Artesia DP150'),(2558,1,'Yamaha S112V'),(2558,2,'Yamaha S112V'),(2559,1,'Yamaha CBR15'),(2559,2,'Yamaha CBR15'),(2560,1,'Yamaha CBR15'),(2560,2,'Yamaha CBR15'),(2561,1,'Guitare Classique Fender Squier SA-150 N'),(2561,2,'Guitare Classique Fender Squier SA-150 N'),(2562,1,'Guitare Classique Fender Squier SA-150 N'),(2562,2,'Guitare Classique Fender Squier SA-150 N'),(2563,1,'Guitare Classique Fender Squier SA-150 N'),(2563,2,'Guitare Classique Fender Squier SA-150 N'),(2564,1,'Guitare Classique Fender Squier SA-150 N'),(2564,2,'Guitare Classique Fender Squier SA-150 N'),(2565,1,'Ampli Line 6 Spider V 20'),(2565,2,'Ampli Line 6 Spider V 20'),(2566,1,'Ampli Line 6 Spider V 20'),(2566,2,'Ampli Line 6 Spider V 20'),(2567,1,'Ampli Line 6 Spider V 20'),(2567,2,'Ampli Line 6 Spider V 20'),(2568,1,'Ampli Line 6 Spider V 20'),(2568,2,'Ampli Line 6 Spider V 20'),(2569,1,'BLX Shure 14REH8E/PG30TQG '),(2569,2,'BLX Shure casque'),(2570,1,'EW100G4 MICRO SERRE TETE HP PRO- ME3'),(2570,2,'EW100G4 MICRO SERRE TETE HP PRO- ME3'),(2571,1,'Micro ADV AUDIO CM47'),(2571,2,'EW100G4 MICRO SERRE TETE HP PRO- ME3'),(2572,1,'Korg Ms 20 mini'),(2572,2,'Korg Ms 20 mini'),(2573,1,'Korg Ms 20 mini'),(2573,2,'Korg Ms 20 mini'),(2574,1,'Korg Ms 20 mini'),(2574,2,'Korg Ms 20 mini'),(2575,1,'Korg Ms 20 mini'),(2575,2,'Korg Ms 20 mini'),(2576,1,'Neumann TLM 103 Mono Set MT'),(2576,2,'EW100G4 MICRO SERRE TETE HP PRO- ME3'),(2577,1,'EW100G4 MICRO SERRE TETE SENNHEISER HP PRO- ME3'),(2577,2,'EW100G4 MICRO SERRE TETE HP PRO- ME3'),(2578,1,'EW100G4 MICRO SERRE TETE SENNHEISER HP PRO- ME3'),(2578,2,'EW100G4 MICRO SERRE TETE HP PRO- ME3'),(2579,1,'KURZWEIL CUP320 PIANO NUMÉRIQUE 88 TOUCHES'),(2579,2,'KURZWEIL CUP320 PIANO NUMÉRIQUE 88 TOUCHES'),(2580,1,'KURZWEIL CUP320 PIANO NUMÉRIQUE 88 TOUCHES'),(2580,2,'KURZWEIL CUP320 PIANO NUMÉRIQUE 88 TOUCHES'),(2581,1,'KURZWEIL CUP320 PIANO NUMÉRIQUE 88 TOUCHES'),(2581,2,'KURZWEIL CUP320 PIANO NUMÉRIQUE 88 TOUCHES'),(2582,1,'KURZWEIL CUP320 PIANO NUMÉRIQUE 88 TOUCHES'),(2582,2,'KURZWEIL CUP320 PIANO NUMÉRIQUE 88 TOUCHES'),(2583,1,'KURZWEIL CUP320 PIANO NUMÉRIQUE 88 TOUCHES'),(2583,2,'KURZWEIL CUP320 PIANO NUMÉRIQUE 88 TOUCHES'),(2584,1,'Piano à queue KURZWEIL KAG100 DIGITAL PIANO '),(2584,2,'Piano à queue KURZWEIL KAG100 DIGITAL PIANO '),(2585,1,'Piano à queue KURZWEIL KAG100 DIGITAL PIANO '),(2585,2,'Piano à queue KURZWEIL KAG100 DIGITAL PIANO '),(2586,1,'Piano à queue KURZWEIL KAG100 DIGITAL PIANO '),(2586,2,'Piano à queue KURZWEIL KAG100 DIGITAL PIANO '),(2587,1,'Piano à queue KURZWEIL KAG100 DIGITAL PIANO '),(2587,2,'Piano à queue KURZWEIL KAG100 DIGITAL PIANO '),(2588,1,'Clavier maître NATIVE INSTRUMENTS KOMPLETE KONTROLE A61'),(2588,2,'Clavier maître NATIVE INSTRUMENTS KOMPLETE KONTROLE A61'),(2589,1,'Clavier maître NATIVE INSTRUMENTS KOMPLETE KONTROLE A61'),(2589,2,'Clavier maître NATIVE INSTRUMENTS KOMPLETE KONTROLE A61'),(2590,1,'Clavier maître NATIVE INSTRUMENTS KOMPLETE KONTROLE A61'),(2590,2,'Clavier maître NATIVE INSTRUMENTS KOMPLETE KONTROLE A61'),(2591,1,'Clavier maître NATIVE INSTRUMENTS KOMPLETE KONTROLE A61'),(2591,2,'Clavier maître NATIVE INSTRUMENTS KOMPLETE KONTROLE A61'),(2592,1,'Clavier maître NATIVE INSTRUMENTS KOMPLETE KONTROLE A61'),(2592,2,'Clavier maître NATIVE INSTRUMENTS KOMPLETE KONTROLE A61'),(2593,1,'OQAN Piano numérique QP88C '),(2593,2,'OQAN Piano numérique QP88C '),(2594,1,'OQAN Piano numérique QP88C '),(2594,2,'OQAN Piano numérique QP88C '),(2595,1,'OQAN Piano numérique QP88C '),(2595,2,'OQAN Piano numérique QP88C '),(2596,1,'OQAN Piano numérique QP88C '),(2596,2,'OQAN Piano numérique QP88C '),(2597,1,'Pack studio U-Phoria Behringer'),(2597,2,'Pack studio U-Phoria Behringer'),(2598,1,'Oud & Luth turc'),(2598,2,'Oud & Luth turc'),(2599,1,'Oud & Luth turc'),(2599,2,'Oud & Luth turc'),(2600,1,'Oud & Luth turc'),(2600,2,'Oud & Luth turc'),(2601,1,'Oud & Luth turc'),(2601,2,'Oud & Luth turc'),(2602,1,'Oud & Luth turc'),(2602,2,'Oud & Luth turc'),(2603,1,'Oud & Luth turc'),(2603,2,'Oud & Luth turc'),(2604,1,'Def Iranien '),(2604,2,'Def Iranien '),(2605,1,'Def Iranien '),(2605,2,'Def Iranien '),(2606,1,'Def Iranien '),(2606,2,'Def Iranien '),(2607,1,'Oud & Luth Marocain avec pochette'),(2607,2,''),(2608,1,'Oud & Luth Marocain avec pochette'),(2608,2,''),(2609,1,'Oud & Luth Marocain avec pochette'),(2609,2,''),(2610,1,'Oud & Luth Marocain avec pochette'),(2610,2,''),(2611,1,'Oud & Luth Marocain avec pochette'),(2611,2,''),(2612,1,'JBL HST'),(2612,2,'Enceinte JBL Control 1 pro'),(2620,1,'Batterie électronique Carlsbro CSD130/131'),(2620,2,'Batterie électronique Carlsbro CSD130/131'),(2621,1,'Piano Yamaha YDP 164 avec adaptateur'),(2621,2,'Piano Yamaha NP31'),(2622,1,'Piano Arius YDP 144 Yamaha'),(2622,2,'Piano Arius YDP 144 Yamaha'),(2623,1,'Piano Arius YDP 144 Yamaha'),(2623,2,'Piano Arius YDP 144 Yamaha'),(2624,1,'Yamaha HS5I Enceinte de studio active (paire)'),(2624,2,'Yamaha HS5I Enceinte de studio active (paire)'),(2625,1,'Yamaha HS5I Enceinte de studio active (paire)'),(2625,2,'Yamaha HS5I Enceinte de studio active (paire)'),(2626,1,'Piano Artesia DP10'),(2626,2,'Piano Artesia DP10'),(2627,1,'Piano Artesia DP10'),(2627,2,'Piano Artesia DP10'),(2628,1,'Piano Artesia DP10'),(2628,2,'Piano Artesia DP10'),(2629,1,'Piano Artesia DP10'),(2629,2,'Piano Artesia DP10'),(2630,1,'Piano à queue ag-50'),(2630,2,'Piano Artesia ag-50'),(2631,1,'Piano à queue ag-50'),(2631,2,'Piano Artesia ag-50'),(2632,1,'Piano à queue ag-50'),(2632,2,'Piano Artesia ag-50'),(2633,1,'Piano à queue CLP-795  GP'),(2633,2,'Piano à queue CLP-795  GP'),(2634,1,'Piano à queue CLP-795  GP'),(2634,2,'Piano à queue CLP-795  GP'),(2635,1,'Piano Yamaha CLP-735'),(2635,2,'Piano Yamaha CLP-735'),(2636,1,'Micro pour batterie SHURE PGA DRUMKIT 6'),(2636,2,'Micro pour batterie SHURE PGA DRUMKIT 6'),(2637,1,'CDJ-2000NXS2 Pioneer'),(2637,2,'CDJ-2000NXS2 Pioneer'),(2638,1,'CDJ-2000NXS2 Pioneer'),(2638,2,'CDJ-2000NXS2 Pioneer'),(2639,1,'QX2222 usb Behringer Table de mixage '),(2639,2,'QX2222 usb Behringer Table de mixage '),(2640,1,'QX2222 usb Behringer Table de mixage '),(2640,2,'QX2222 usb Behringer Table de mixage '),(2641,1,'Enceinte Behringer B1520 pro'),(2641,2,'Enceinte Behringer B1520 pro'),(2642,1,'Enceinte Behringer B1520 pro'),(2642,2,'Enceinte Behringer B1520 pro'),(2643,1,'Orgue Casio CT-S300'),(2643,2,'Orgue Casio CT-S300'),(2644,1,'Orgue Casio CT-S300'),(2644,2,'Orgue Casio CT-S300'),(2645,1,'Orgue Yamaha PSRE373'),(2645,2,'Orgue Ringway 810A'),(2646,1,'Orgue Yamaha PSRE373'),(2646,2,'Orgue Ringway 810A'),(2647,1,'Batterie électronique AROMA TDX'),(2647,2,'Batterie électronique AROMA TDX'),(2648,1,'Ampli Line6 Spider V30'),(2648,2,'Ampli Line6 Spider V30'),(2649,1,'Oud & Luth turc avec pochette'),(2649,2,'Oud & Luth turc avec pochette'),(2650,1,'Oud & Luth turc avec pochette'),(2650,2,'Oud & Luth turc avec pochette'),(2651,1,'Oud & Luth turc avec pochette'),(2651,2,'Oud & Luth turc avec pochette'),(2653,1,'Oud & Luth turc avec pochette'),(2653,2,'Oud & Luth turc avec pochette'),(2654,1,'Oud & Luth turc avec pochette'),(2654,2,'Oud & Luth turc avec pochette'),(2655,1,'Oud & Luth turc avec pochette'),(2655,2,'Oud & Luth turc avec pochette'),(2656,1,'Oud & Luth turc avec pochette'),(2656,2,'Oud & Luth turc avec pochette'),(2657,1,'Oud & Luth turc avec pochette'),(2657,2,'Oud & Luth turc avec pochette'),(2658,1,'Orgue Yamaha PSR-F52 avec adaptateur'),(2658,2,'Orgue Yamaha PSR-F52 avec adaptateur'),(2659,1,'Orgue Yamaha PSR-F52 avec adaptateur'),(2659,2,'Orgue Yamaha PSR-F52 avec adaptateur'),(2660,1,'Orgue Yamaha PSR-F52 avec adaptateur'),(2660,2,'Orgue Yamaha PSR-F52 avec adaptateur'),(2661,1,'Table de mixage XMG16 CXUSB'),(2661,2,'Table de mixage XMG16 CXUSB'),(2662,1,'Table de mixage XMG16 CXUSB'),(2662,2,'Table de mixage XMG16 CXUSB'),(2663,1,'Table de mixage XMG24 CXUSB'),(2663,2,'Table de mixage XMG24 CXUSB'),(2664,1,'Table de mixage XMG24 CXUSB'),(2664,2,'Table de mixage XMG24 CXUSB'),(2665,1,'Enceinte amplifiée avec micro'),(2665,2,'Table de mixage XMG16 CXUSB'),(2666,1,'Enceinte amplifiée avec micro'),(2666,2,'Table de mixage XMG16 CXUSB'),(2667,1,'Enceinte amplifiée avec micro'),(2667,2,'Table de mixage XMG16 CXUSB'),(2668,1,'Violoncelle 4/4 avec pochette'),(2668,2,'Violoncelle 4/4 avec pochette'),(2670,1,'Violoncelle 4/4 avec pochette'),(2670,2,'Violoncelle 4/4 avec pochette'),(2671,1,'Violoncelle 4/4 bois massif avec pochette'),(2671,2,'Violoncelle 4/4 bois massif avec pochette'),(2672,1,'Piano Arius YDP 144 Yamaha avec adaptateur'),(2672,2,'Piano Arius YDP 144 Yamaha'),(2673,1,'Pack Fender FA 115 PK guitare folk'),(2673,2,'FA 115 PK Fender'),(2674,1,'Violon bois massif 4/4'),(2674,2,'Violon bois massif 4/4'),(2675,1,'Violon Sonata bois massif'),(2675,2,'Violon Sonata bois massif'),(2676,1,''),(2676,2,''),(2677,1,'Guitare électro-acoustique Singer LG7'),(2677,2,'Guitare électro-acoustique Singer LG7'),(2678,1,'Guitare électro-acoustique Singer LG7'),(2678,2,'Guitare électro-acoustique Singer LG7'),(2679,1,'Guitare acoustique & Folk Smiger R2'),(2679,2,'Guitare acoustique & Folk Smiger R2'),(2680,1,'Guitare acoustique & Folk Smiger R2'),(2680,2,'Guitare acoustique & Folk Smiger R2'),(2681,1,'Mini ampli 5W portable Smiger'),(2681,2,'Mini ampli 5W portable Smiger'),(2682,1,'Guitare électro-acoustique M-416'),(2682,2,'Guitare électro-acoustique M-416'),(2683,1,'Guitare électro-acoustique M-416'),(2683,2,'Guitare électro-acoustique M-416'),(2684,1,'ukulélé Bois massif'),(2684,2,'ukulélé Bois massif'),(2685,1,'ukulélé Bois massif'),(2685,2,'ukulélé Bois massif'),(2686,1,'Stand & Support Guitare'),(2686,2,'Stand & Support Guitare'),(2687,1,'Piano Yamaha DGX-670 avec adaptateur'),(2687,2,'Piano Yamaha DGX-670'),(2688,1,'Piano Yamaha DGX-670 avec adaptateur'),(2688,2,'Piano Yamaha DGX-670'),(2689,1,'Piano Yamaha DGX-670 avec adaptateur'),(2689,2,'Piano Yamaha DGX-670'),(2690,1,'Piano Yamaha DGX-670 avec adaptateur'),(2690,2,'Piano Yamaha DGX-670'),(2691,1,'Guitare Yamaha CG102'),(2691,2,'Guitare Yamaha CG102'),(2692,1,'Guitare Yamaha CG192C'),(2692,2,'Guitare Yamaha CG192C'),(2693,1,'Guitare Yamaha CG192C'),(2693,2,'Guitare Yamaha CG192C'),(2694,1,'Guitare Yamaha CG142C'),(2694,2,'Guitare Yamaha CG142C'),(2695,1,'Yamaha Guitare électro-acoustique FS100CBL  '),(2695,2,'Yamaha Guitare électro-acoustique FS100CBL  '),(2696,1,'Nektar Panorama P6 contrôleur USB MIDI 61 touches'),(2696,2,'Nektar Panorama P6 contrôleur USB MIDI 61 touches'),(2697,1,'DBR10 Yamaha Enceinte Amplifiée 350W'),(2697,2,'DBR10 Yamaha Enceinte Amplifiée 350W'),(2698,1,'DBR10 Yamaha Enceinte Amplifiée 350W'),(2698,2,'DBR10 Yamaha Enceinte Amplifiée 350W'),(2699,1,'DBR10 Yamaha Enceinte Amplifiée 350W'),(2699,2,'DBR10 Yamaha Enceinte Amplifiée 350W'),(2700,1,'DBR15 Yamaha Enceinte Amplifiée 450W'),(2700,2,'DBR15 Yamaha Enceinte Amplifiée 450W'),(2701,1,'DBR15 Yamaha Enceinte Amplifiée 450W'),(2701,2,'DBR15 Yamaha Enceinte Amplifiée 450W'),(2702,1,'StudioMaster TRX10A'),(2702,2,'StudioMaster TRX10A'),(2703,1,'StudioMaster TRX10A'),(2703,2,'StudioMaster TRX10A'),(2704,1,'StudioMaster TRX12A'),(2704,2,'StudioMaster TRX12A'),(2705,1,'Guitare Fender Squier SA-105CE'),(2705,2,'Guitare Fender Squier SA-105CE'),(2706,1,'Ampeg RB-108'),(2706,2,'Ampeg RB-108'),(2707,1,'Ampeg RB-108'),(2707,2,'Ampeg RB-108'),(2708,1,'Ampeg RB-108'),(2708,2,'Ampeg RB-108'),(2709,1,'Ampeg RB-110'),(2709,2,'Ampeg RB-110'),(2710,1,'Ampeg RB-110'),(2710,2,'Ampeg RB-110'),(2711,1,'Ampeg RB-110'),(2711,2,'Ampeg RB-110'),(2712,1,'Ampeg RB-115'),(2712,2,'Ampeg RB-115'),(2713,1,'Ampeg RB-115'),(2713,2,'Ampeg RB-115'),(2714,1,'Ampeg RB-115'),(2714,2,'Ampeg RB-115'),(2715,1,'Ampeg PF-210HE'),(2715,2,'Ampeg PF-210HE'),(2716,1,'Ampeg PF-210HE'),(2716,2,'Ampeg PF-210HE'),(2717,1,'Ampeg PF-210HE'),(2717,2,'Ampeg PF-210HE'),(2718,1,'Yamaha AG03 MK2'),(2718,2,'Yamaha AG03 MK2'),(2719,1,'Yamaha AG03 MK2'),(2719,2,'Yamaha AG03 MK2'),(2720,1,'Yamaha AG03 MK2'),(2720,2,'Yamaha AG03 MK2'),(2721,1,'YAMAHA AG03 MK2 LIVE STREAMING PACK'),(2721,2,'YAMAHA AG03 MK2 LIVE STREAMING PACK'),(2722,1,'YAMAHA AG03 MK2 LIVE STREAMING PACK'),(2722,2,'YAMAHA AG03 MK2 LIVE STREAMING PACK'),(2723,1,'YAMAHA AG03 MK2 LIVE STREAMING PACK'),(2723,2,'YAMAHA AG03 MK2 LIVE STREAMING PACK'),(2727,1,'StudioMaster TRX15A'),(2727,2,'StudioMaster TRX15A'),(2728,1,'Micro Yamaha AG01'),(2728,2,'Micro Yamaha AG01'),(2730,1,'Micro Yamaha AG01'),(2730,2,'Micro Yamaha AG01'),(2734,1,'Processeur multi-effets pour guitare LINE6 POD HD ProX'),(2734,2,'Processeur multi-effets pour guitare LINE6 POD HD ProX'),(2735,1,'Processeur multi-effets pour guitare LINE6 POD HD ProX'),(2735,2,'Processeur multi-effets pour guitare LINE6 POD HD ProX'),(2736,1,'Processeur multi-effets pour guitare LINE6 POD HD ProX'),(2736,2,'Processeur multi-effets pour guitare LINE6 POD HD ProX'),(2737,1,'Enceinte Yamaha MSP3 '),(2737,2,'Enceinte Yamaha MSP3 '),(2738,1,'Enceinte Yamaha MSP3 '),(2738,2,'Enceinte Yamaha MSP3 '),(2739,1,'Console de mixage Yamaha MG10X'),(2739,2,'Console de mixage Yamaha MG10X'),(2740,1,'Console de mixage Yamaha MG10X'),(2740,2,'Console de mixage Yamaha MG10X'),(2741,1,'Console de mixage Yamaha MG10X'),(2741,2,'Console de mixage Yamaha MG10X'),(2742,1,'Console de mixage Yamaha MG12XU'),(2742,2,'Console de mixage Yamaha MG12XU'),(2744,1,'Yamaha PSR-A5000'),(2744,2,'Yamaha PSR-A5000'),(2745,1,'Yamaha PSR-A5000'),(2745,2,'Yamaha PSR-A5000'),(2746,1,'Yamaha PSR-A5000'),(2746,2,'Yamaha PSR-A5000'),(2750,1,'Contrôleur DJ Pioneer XDJ-RX3'),(2750,2,'Contrôleur DJ Pioneer XDJ-RX3'),(2751,1,'Contrôleur DJ Pioneer XDJ-RX3'),(2751,2,'Contrôleur DJ Pioneer XDJ-RX3'),(2752,1,'Clavier maître NEKTAR USB/MIDI SE61'),(2752,2,'Clavier maître USB/MIDI SE61'),(2754,1,'Clavier maître NEKTAR USB/MIDI SE61'),(2754,2,'Clavier maître USB/MIDI SE61'),(2755,1,'Clavier maître NEKTAR USB/MIDI SE61'),(2755,2,'Clavier maître USB/MIDI SE61'),(2756,1,'Pédalier multi-effets Line6 Pod GO'),(2756,2,'Pédalier multi-effets Line6 Pod GO'),(2757,1,'Pédalier multi-effets Line6 Pod GO'),(2757,2,'Pédalier multi-effets Line6 Pod GO'),(2758,1,'YAMAHA AG06 MK2'),(2758,2,'YAMAHA AG06 MK2'),(2759,1,'YAMAHA AG06 MK2'),(2759,2,'YAMAHA AG06 MK2'),(2761,1,'Fender Ampli acoustique ACOUSTASONIC 15'),(2761,2,'Fender Ampli acoustique ACOUSTASONIC 15'),(2762,1,'Guitare Fender Squier bullet'),(2762,2,'Guitare  Harley Benton'),(2763,1,'Piano Yamaha Arius YDP 105'),(2763,2,'Piano Yamaha Arius YDP 105'),(2764,1,'Piano Yamaha Arius YDP 145'),(2764,2,'Piano Yamaha Arius YDP 145'),(2765,1,'Piano Yamaha Arius YDP 145'),(2765,2,'Piano Yamaha Arius YDP 145'),(2766,1,'Piano Yamaha Arius YDP 165'),(2766,2,'Piano Yamaha Arius YDP 165'),(2767,1,'Piano Yamaha Arius YDP 165'),(2767,2,'Piano Yamaha Arius YDP 165'),(2768,1,'Piano Yamaha Arius YDP 165'),(2768,2,'Piano Yamaha Arius YDP 165'),(2769,1,'Piano Sonata DP600'),(2769,2,'Piano Sonata DP600'),(2770,1,'Table de mixage TASCAM MODEL 12'),(2770,2,'Table de mixage TASCAM MODEL 12'),(2771,1,'Table de mixage TASCAM MODEL 12'),(2771,2,'Table de mixage TASCAM MODEL 12'),(2772,1,'TASCAM DR-07X Enregistreur audio portable et interface USB  '),(2772,2,'TASCAM DR-07X Enregistreur audio portable et interface USB  '),(2773,1,'TASCAM DR-07X Enregistreur audio portable et interface USB  '),(2773,2,'TASCAM DR-07X Enregistreur audio portable et interface USB  '),(2774,1,'TASCAM Mixcast 4 Station de création de contenu'),(2774,2,'TASCAM Mixcast 4 Station de création de contenu'),(2775,1,'TASCAM Mixcast 4 Station de création de contenu'),(2775,2,'TASCAM Mixcast 4 Station de création de contenu'),(2776,1,'TASCAM Mixcast 4 Station de création de contenu'),(2776,2,'TASCAM Mixcast 4 Station de création de contenu'),(2777,1,'Micro TASCAM TM 80'),(2777,2,'Micro TASCAM TM 80'),(2778,1,'Micro TASCAM TM 80'),(2778,2,'Micro TASCAM TM 80'),(2779,1,'Micro TASCAM TM 80'),(2779,2,'Micro TASCAM TM 80'),(2780,1,'Micro TASCAM TM 250U'),(2780,2,'Micro TASCAM TM 250U'),(2781,1,'Micro TASCAM TM 250U'),(2781,2,'Micro TASCAM TM 250U'),(2782,1,'Micro TASCAM TM 250U'),(2782,2,'Micro TASCAM TM 250U'),(2783,1,'controleur DJ Pioneer FLX4'),(2783,2,'controleur DJ Pioneer FLX4'),(2784,1,'controleur DJ Pioneer FLX4'),(2784,2,'controleur DJ Pioneer FLX4'),(2785,1,'controleur DJ Pioneer FLX4'),(2785,2,'controleur DJ Pioneer FLX4'),(2786,1,'controleur DJ Pioneer FLX4'),(2786,2,'controleur DJ Pioneer FLX4');

--
-- Table structure for table `ps_image_shop`
--

CREATE TABLE `ps_image_shop` (
  `id_image` int(11) unsigned NOT NULL,
  `id_shop` int(11) unsigned NOT NULL,
  `cover` tinyint(1) NOT NULL DEFAULT '0',
  KEY `id_image` (`id_image`,`id_shop`,`cover`),
  KEY `id_shop` (`id_shop`)
) ENGINE=InnoDB DEFAULT CHARSET=utf8;

--
-- Dumping data for table `ps_image_shop`
--

INSERT INTO `ps_image_shop` VALUES (541,1,1),(546,1,1),(547,1,1),(548,1,1),(549,1,1),(550,1,1),(552,1,1),(553,1,1),(554,1,1),(618,1,1),(619,1,1),(620,1,1),(621,1,1),(622,1,1),(623,1,1),(625,1,1),(641,1,1),(644,1,1),(645,1,1),(646,1,1),(647,1,1),(648,1,1),(650,1,1),(651,1,1),(653,1,1),(654,1,1),(655,1,1),(656,1,1),(657,1,1),(659,1,1),(660,1,1),(661,1,1),(662,1,1),(664,1,1),(665,1,1),(666,1,1),(667,1,1),(669,1,1),(670,1,1),(671,1,1),(676,1,1),(678,1,1),(679,1,1),(681,1,1),(727,1,1),(728,1,1),(730,1,1),(732,1,1),(733,1,1),(734,1,1),(735,1,1),(736,1,1),(737,1,1),(738,1,1),(739,1,1),(741,1,1),(742,1,1),(743,1,1),(744,1,1),(745,1,1),(746,1,1),(747,1,1),(748,1,1),(749,1,1),(750,1,1),(751,1,1),(752,1,1),(753,1,1),(754,1,1),(755,1,1),(756,1,1),(782,1,1),(784,1,1),(786,1,1),(787,1,1),(790,1,1),(791,1,1),(793,1,1),(796,1,1),(805,1,1),(807,1,1),(808,1,1),(809,1,1),(811,1,1),(812,1,1),(813,1,1),(814,1,1),(819,1,1),(820,1,1),(825,1,1),(827,1,1),(828,1,1),(829,1,1),(830,1,1),(831,1,1),(832,1,1),(838,1,1),(839,1,1),(840,1,1),(843,1,1),(844,1,1),(846,1,1),(847,1,1),(875,1,1),(877,1,1),(878,1,1),(879,1,1),(880,1,1),(881,1,1),(882,1,1),(883,1,1),(884,1,1),(885,1,1),(886,1,1),(887,1,1),(888,1,1),(889,1,1),(890,1,1),(892,1,1),(961,1,1),(962,1,1),(963,1,1),(964,1,1),(988,1,1),(989,1,1),(990,1,1),(991,1,1),(993,1,1),(995,1,1),(996,1,1),(997,1,1),(998,1,1),(999,1,1),(1001,1,1),(1002,1,1),(1003,1,1),(1004,1,1),(1005,1,1),(1006,1,1),(1007,1,1),(1008,1,1),(1165,1,1),(1169,1,1),(1171,1,1),(1337,1,1),(1338,1,1),(1339,1,1),(1340,1,1),(1341,1,1),(1342,1,1),(1343,1,1),(1346,1,1),(1350,1,1),(1351,1,1),(1352,1,1),(1353,1,1),(1354,1,1),(1358,1,1),(1359,1,1),(1360,1,1),(1361,1,1),(1362,1,1),(1363,1,1),(1364,1,1),(1365,1,1),(1366,1,1),(1367,1,1),(1368,1,1),(1370,1,1),(1371,1,1),(1372,1,1),(1373,1,1),(1374,1,1),(1375,1,1),(1376,1,1),(1377,1,1),(1378,1,1),(1383,1,1),(1384,1,1),(1385,1,1),(1386,1,1),(1387,1,1),(1388,1,1),(1391,1,1),(1392,1,1),(1395,1,1),(1396,1,0),(1397,1,1),(1419,1,1),(1420,1,1),(1422,1,1),(1423,1,0),(1424,1,1),(1425,1,1),(1426,1,1),(1427,1,1),(1429,1,1),(1430,1,1),(1431,1,1),(1433,1,1),(1434,1,1),(1435,1,1),(1436,1,1),(1437,1,1),(1438,1,1),(1439,1,1),(1440,1,1),(1441,1,1),(1442,1,1),(1443,1,1),(1444,1,1),(1445,1,1),(1446,1,1),(1447,1,1),(1448,1,1),(1449,1,1),(1450,1,1),(1451,1,1),(1452,1,1),(1453,1,1),(1454,1,1),(1455,1,1),(1456,1,1),(1457,1,1),(1458,1,1),(1459,1,1),(1460,1,1),(1461,1,1),(1462,1,1),(1463,1,1),(1464,1,1),(1465,1,1),(1466,1,1),(1467,1,1),(1468,1,1),(1470,1,1),(1471,1,1),(1472,1,1),(1473,1,1),(1474,1,1),(1475,1,1),(1477,1,1),(1478,1,1),(1479,1,1),(1480,1,1),(1481,1,1),(1482,1,1),(1483,1,1),(1484,1,1),(1485,1,1),(1486,1,1),(1487,1,1),(1488,1,1),(1489,1,1),(1491,1,1),(1492,1,1),(1493,1,1),(1494,1,1),(1495,1,1),(1496,1,1),(1498,1,1),(1499,1,1),(1500,1,1),(1501,1,1),(1502,1,1),(1503,1,1),(1504,1,1),(1505,1,1),(1506,1,1),(1507,1,1),(1508,1,1),(1509,1,1),(1510,1,0),(1513,1,1),(1514,1,1),(1515,1,1),(1516,1,1),(1517,1,1),(1518,1,1),(1519,1,1),(1520,1,1),(1521,1,0),(1522,1,0),(1523,1,1),(1524,1,0),(1525,1,1),(1528,1,1),(1529,1,1),(1530,1,1),(1531,1,1),(1532,1,1),(1538,1,0),(1539,1,0),(1542,1,1),(1543,1,0),(1544,1,0),(1547,1,1),(1548,1,1),(1549,1,1),(1551,1,1),(1552,1,0),(1563,1,1),(1564,1,0),(1565,1,1),(1566,1,0),(1567,1,1),(1568,1,0),(1569,1,0),(1570,1,1),(1571,1,1),(1575,1,1),(1576,1,0),(1577,1,1),(1578,1,0),(1579,1,0),(1581,1,1),(1584,1,1),(1585,1,0),(1589,1,1),(1590,1,1),(1592,1,1),(1595,1,1),(1596,1,0),(1601,1,0),(1602,1,1),(1603,1,1),(1604,1,0),(1605,1,1),(1606,1,1),(1607,1,0),(1608,1,1),(1609,1,0),(1610,1,0),(1611,1,1),(1612,1,1),(1613,1,1),(1615,1,0),(1616,1,1),(1631,1,0),(1632,1,1),(1639,1,0),(1640,1,1),(1641,1,0),(1642,1,0),(1643,1,1),(1644,1,0),(1645,1,0),(1646,1,0),(1647,1,0),(1648,1,1),(1649,1,0),(1650,1,0),(1653,1,1),(1654,1,1),(1655,1,1),(1656,1,1),(1657,1,0),(1658,1,1),(1671,1,1),(1674,1,1),(1675,1,0),(1676,1,0),(1677,1,0),(1678,1,1),(1681,1,1),(1682,1,0),(1683,1,0),(1684,1,0),(1689,1,1),(1690,1,0),(1691,1,0),(1696,1,1),(1697,1,0),(1698,1,0),(1702,1,0),(1703,1,0),(1704,1,1),(1708,1,1),(1709,1,0),(1710,1,0),(1714,1,1),(1715,1,0),(1716,1,0),(1720,1,1),(1721,1,0),(1722,1,0),(1724,1,1),(1725,1,1),(1726,1,1),(1727,1,1),(1728,1,0),(1729,1,0),(1730,1,0),(1731,1,0),(1732,1,0),(1733,1,1),(1734,1,0),(1735,1,0),(1736,1,0),(1737,1,0),(1738,1,0),(1739,1,0),(1740,1,1),(1741,1,0),(1742,1,0),(1743,1,0),(1744,1,0),(1745,1,0),(1746,1,0),(1747,1,0),(1748,1,1),(1749,1,0),(1750,1,0),(1757,1,0),(1758,1,0),(1760,1,0),(1761,1,0),(1762,1,0),(1765,1,0),(1766,1,0),(1767,1,1),(1768,1,0),(1769,1,0),(1770,1,0),(1771,1,1),(1772,1,1),(1773,1,1),(1774,1,0),(1775,1,0),(1776,1,0),(1781,1,1),(1782,1,0),(1785,1,1),(1786,1,0),(1787,1,0),(1791,1,1),(1792,1,0),(1793,1,0),(1794,1,0),(1795,1,0),(1796,1,1),(1797,1,0),(1798,1,0),(1799,1,0),(1800,1,0),(1801,1,1),(1802,1,0),(1803,1,0),(1804,1,0),(1805,1,1),(1806,1,0),(1808,1,0),(1809,1,1),(1810,1,1),(1811,1,0),(1812,1,0),(1813,1,0),(1814,1,0),(1815,1,1),(1816,1,0),(1817,1,0),(1818,1,0),(1819,1,1),(1820,1,1),(1821,1,1),(1822,1,1),(1823,1,0),(1824,1,1),(1825,1,1),(1826,1,1),(1827,1,0),(1828,1,0),(1829,1,1),(1830,1,1),(1831,1,0),(1836,1,1),(1837,1,0),(1848,1,1),(1851,1,1),(1852,1,1),(1853,1,1),(1854,1,1),(1855,1,1),(1856,1,1),(1865,1,1),(1866,1,1),(1867,1,1),(1869,1,1),(1888,1,1),(1889,1,0),(1890,1,1),(1891,1,0),(1892,1,1),(1893,1,0),(1894,1,0),(1895,1,1),(1896,1,0),(1897,1,0),(1898,1,1),(1899,1,1),(1900,1,1),(1901,1,0),(1902,1,0),(1903,1,0),(1904,1,1),(1905,1,0),(1910,1,1),(1911,1,0),(1912,1,0),(1913,1,0),(1914,1,0),(1915,1,0),(1916,1,0),(1917,1,1),(1918,1,1),(1919,1,0),(1920,1,0),(1921,1,0),(1922,1,0),(1923,1,0),(1924,1,0),(1925,1,1),(1926,1,0),(1927,1,1),(1928,1,0),(1929,1,0),(1930,1,1),(1931,1,0),(1932,1,1),(1933,1,1),(1934,1,0),(1935,1,0),(1936,1,0),(1937,1,1),(1938,1,0),(1939,1,1),(1940,1,1),(1941,1,0),(1945,1,1),(1946,1,1),(1947,1,0),(1948,1,0),(1949,1,1),(1950,1,0),(1951,1,0),(1952,1,0),(1953,1,1),(1954,1,0),(1955,1,1),(1956,1,0),(1957,1,1),(1958,1,0),(1959,1,1),(1960,1,0),(1961,1,0),(1962,1,1),(1963,1,0),(1964,1,0),(1965,1,0),(1966,1,0),(1967,1,1),(1968,1,0),(1969,1,0),(1970,1,0),(1971,1,0),(1972,1,0),(1973,1,1),(1974,1,0),(1975,1,0),(1976,1,0),(1977,1,1),(1978,1,1),(1979,1,0),(1980,1,0),(1981,1,1),(1982,1,0),(1983,1,0),(1984,1,1),(1985,1,1),(1986,1,0),(1987,1,0),(1988,1,0),(1989,1,0),(1990,1,0),(1991,1,1),(1992,1,1),(1993,1,1),(1994,1,0),(1995,1,1),(1996,1,1),(1997,1,1),(1998,1,1),(1999,1,1),(2000,1,0),(2001,1,1),(2002,1,1),(2003,1,1),(2004,1,1),(2005,1,1),(2006,1,1),(2009,1,1),(2010,1,1),(2011,1,1),(2012,1,0),(2013,1,1),(2014,1,1),(2015,1,1),(2016,1,1),(2017,1,1),(2018,1,1),(2019,1,1),(2020,1,1),(2021,1,1),(2022,1,1),(2023,1,1),(2024,1,1),(2025,1,1),(2026,1,1),(2027,1,0),(2028,1,0),(2029,1,0),(2030,1,1),(2031,1,1),(2032,1,1),(2033,1,1),(2034,1,1),(2035,1,1),(2036,1,1),(2037,1,1),(2038,1,1),(2040,1,1),(2041,1,1),(2042,1,1),(2045,1,1),(2046,1,1),(2047,1,1),(2048,1,1),(2050,1,1),(2054,1,1),(2055,1,1),(2058,1,1),(2059,1,1),(2060,1,0),(2063,1,1),(2064,1,0),(2065,1,1),(2066,1,0),(2067,1,1),(2068,1,0),(2069,1,1),(2070,1,1),(2072,1,1),(2073,1,0),(2074,1,1),(2075,1,1),(2076,1,1),(2077,1,1),(2078,1,1),(2079,1,1),(2080,1,0),(2081,1,1),(2082,1,1),(2083,1,1),(2084,1,1),(2085,1,0),(2086,1,1),(2087,1,0),(2088,1,1),(2089,1,0),(2091,1,0),(2092,1,1),(2093,1,1),(2095,1,1),(2096,1,0),(2097,1,0),(2098,1,1),(2099,1,0),(2100,1,1),(2101,1,1),(2102,1,1),(2103,1,1),(2104,1,1),(2105,1,1),(2106,1,0),(2107,1,0),(2108,1,0),(2109,1,0),(2110,1,1),(2111,1,1),(2112,1,1),(2113,1,1),(2114,1,1),(2115,1,1),(2116,1,1),(2117,1,1),(2118,1,1),(2119,1,1),(2120,1,1),(2121,1,1),(2122,1,1),(2123,1,0),(2124,1,1),(2125,1,0),(2126,1,0),(2127,1,1),(2128,1,0),(2129,1,0),(2130,1,0),(2131,1,1),(2132,1,1),(2133,1,0),(2134,1,0),(2135,1,1),(2136,1,0),(2137,1,0),(2141,1,1),(2145,1,0),(2146,1,1),(2148,1,1),(2149,1,0),(2150,1,0),(2153,1,1),(2155,1,1),(2156,1,0),(2160,1,1),(2161,1,0),(2162,1,0),(2163,1,1),(2164,1,0),(2165,1,0),(2172,1,1),(2173,1,1),(2174,1,0),(2175,1,0),(2176,1,0),(2177,1,1),(2178,1,0),(2179,1,1),(2180,1,0),(2181,1,1),(2182,1,0),(2183,1,0),(2184,1,0),(2185,1,1),(2186,1,0),(2194,1,1),(2195,1,0),(2196,1,1),(2197,1,0),(2200,1,1),(2201,1,0),(2202,1,0),(2203,1,1),(2204,1,0),(2205,1,0),(2206,1,0),(2207,1,0),(2208,1,0),(2209,1,1),(2210,1,1),(2211,1,1),(2212,1,1),(2213,1,1),(2214,1,1),(2215,1,1),(2216,1,1),(2217,1,1),(2218,1,0),(2219,1,0),(2220,1,1),(2221,1,0),(2222,1,1),(2223,1,1),(2224,1,0),(2225,1,1),(2226,1,0),(2227,1,1),(2228,1,0),(2229,1,0),(2230,1,1),(2231,1,0),(2232,1,0),(2233,1,0),(2234,1,1),(2235,1,0),(2236,1,0),(2237,1,1),(2238,1,1),(2239,1,0),(2240,1,0),(2242,1,0),(2243,1,1),(2244,1,0),(2245,1,0),(2246,1,0),(2247,1,1),(2248,1,1),(2249,1,0),(2250,1,1),(2251,1,0),(2252,1,1),(2253,1,0),(2254,1,1),(2255,1,0),(2256,1,0),(2257,1,1),(2258,1,1),(2259,1,0),(2260,1,1),(2261,1,1),(2262,1,1),(2263,1,1),(2264,1,0),(2265,1,0),(2266,1,1),(2267,1,1),(2268,1,0),(2269,1,1),(2270,1,0),(2271,1,0),(2272,1,1),(2277,1,0),(2278,1,0),(2280,1,0),(2281,1,0),(2282,1,0),(2283,1,0),(2284,1,1),(2285,1,0),(2286,1,0),(2287,1,0),(2288,1,0),(2289,1,1),(2290,1,1),(2291,1,0),(2292,1,0),(2293,1,0),(2294,1,1),(2295,1,0),(2296,1,1),(2297,1,0),(2298,1,0),(2299,1,1),(2300,1,0),(2301,1,0),(2302,1,0),(2303,1,1),(2307,1,1),(2308,1,0),(2309,1,0),(2310,1,0),(2311,1,0),(2313,1,1),(2314,1,0),(2315,1,0),(2316,1,1),(2317,1,0),(2318,1,0),(2319,1,1),(2320,1,0),(2321,1,0),(2322,1,0),(2323,1,0),(2324,1,0),(2325,1,0),(2326,1,1),(2327,1,1),(2328,1,1),(2329,1,1),(2330,1,1),(2331,1,1),(2332,1,1),(2333,1,1),(2334,1,1),(2335,1,0),(2336,1,0),(2337,1,0),(2338,1,1),(2339,1,0),(2340,1,0),(2341,1,0),(2342,1,1),(2343,1,1),(2344,1,1),(2345,1,1),(2346,1,1),(2347,1,0),(2348,1,1),(2349,1,0),(2350,1,1),(2351,1,0),(2352,1,1),(2353,1,0),(2354,1,1),(2355,1,0),(2356,1,0),(2357,1,1),(2358,1,1),(2359,1,0),(2360,1,0),(2361,1,0),(2362,1,1),(2363,1,1),(2364,1,0),(2365,1,1),(2366,1,0),(2367,1,0),(2368,1,0),(2369,1,0),(2370,1,1),(2371,1,0),(2372,1,0),(2373,1,0),(2374,1,0),(2375,1,1),(2376,1,0),(2377,1,1),(2378,1,0),(2379,1,0),(2380,1,1),(2381,1,0),(2382,1,1),(2383,1,0),(2384,1,1),(2385,1,0),(2386,1,1),(2387,1,0),(2388,1,1),(2389,1,0),(2390,1,1),(2391,1,0),(2392,1,0),(2393,1,0),(2394,1,1),(2395,1,0),(2396,1,0),(2397,1,0),(2398,1,0),(2399,1,1),(2400,1,0),(2401,1,0),(2402,1,0),(2403,1,0),(2404,1,1),(2405,1,1),(2406,1,0),(2407,1,1),(2408,1,1),(2409,1,0),(2410,1,0),(2411,1,1),(2412,1,0),(2413,1,0),(2414,1,0),(2415,1,1),(2416,1,0),(2417,1,0),(2418,1,0),(2419,1,0),(2420,1,1),(2421,1,0),(2422,1,1),(2423,1,0),(2424,1,0),(2425,1,0),(2426,1,0),(2427,1,0),(2428,1,1),(2429,1,1),(2430,1,1),(2431,1,1),(2432,1,1),(2433,1,0),(2434,1,0),(2435,1,0),(2436,1,0),(2437,1,1),(2438,1,0),(2439,1,1),(2440,1,0),(2441,1,0),(2442,1,0),(2443,1,0),(2444,1,0),(2445,1,0),(2446,1,1),(2447,1,0),(2448,1,0),(2449,1,0),(2450,1,1),(2451,1,0),(2452,1,1),(2453,1,0),(2454,1,0),(2455,1,1),(2456,1,0),(2457,1,0),(2458,1,1),(2459,1,0),(2460,1,1),(2461,1,0),(2462,1,0),(2463,1,0),(2464,1,0),(2465,1,1),(2466,1,0),(2467,1,0),(2468,1,0),(2469,1,1),(2470,1,0),(2471,1,1),(2472,1,0),(2473,1,0),(2474,1,0),(2475,1,1),(2476,1,0),(2477,1,0),(2478,1,0),(2479,1,0),(2480,1,0),(2481,1,1),(2482,1,0),(2483,1,1),(2484,1,0),(2485,1,1),(2486,1,0),(2487,1,0),(2488,1,1),(2489,1,0),(2490,1,1),(2491,1,0),(2492,1,1),(2493,1,0),(2494,1,0),(2498,1,0),(2499,1,0),(2500,1,1),(2501,1,0),(2502,1,1),(2503,1,0),(2504,1,0),(2505,1,0),(2506,1,1),(2507,1,0),(2508,1,0),(2509,1,0),(2510,1,0),(2511,1,0),(2512,1,0),(2513,1,1),(2514,1,1),(2515,1,0),(2516,1,0),(2517,1,0),(2518,1,1),(2519,1,0),(2520,1,1),(2521,1,0),(2522,1,0),(2523,1,1),(2524,1,0),(2525,1,0),(2526,1,0),(2527,1,1),(2528,1,0),(2529,1,0),(2530,1,1),(2531,1,0),(2532,1,1),(2533,1,1),(2537,1,1),(2538,1,0),(2539,1,0),(2540,1,1),(2541,1,1),(2542,1,0),(2543,1,0),(2544,1,0),(2545,1,0),(2549,1,0),(2550,1,0),(2551,1,1),(2552,1,0),(2553,1,0),(2554,1,0),(2555,1,1),(2556,1,0),(2557,1,0),(2558,1,1),(2559,1,0),(2560,1,1),(2561,1,1),(2562,1,0),(2563,1,0),(2564,1,0),(2565,1,0),(2566,1,0),(2567,1,0),(2568,1,1),(2569,1,1),(2570,1,1),(2571,1,1),(2572,1,1),(2573,1,0),(2574,1,0),(2575,1,0),(2576,1,1),(2577,1,1),(2578,1,0),(2579,1,1),(2580,1,0),(2581,1,0),(2582,1,0),(2583,1,0),(2584,1,0),(2585,1,0),(2586,1,0),(2587,1,1),(2588,1,0),(2589,1,0),(2590,1,1),(2591,1,0),(2592,1,0),(2593,1,0),(2594,1,0),(2595,1,1),(2596,1,0),(2597,1,1),(2598,1,1),(2599,1,0),(2600,1,0),(2601,1,0),(2602,1,1),(2603,1,0),(2604,1,1),(2605,1,0),(2606,1,0),(2607,1,0),(2608,1,0),(2609,1,1),(2610,1,0),(2611,1,0),(2612,1,1),(2620,1,1),(2621,1,0),(2622,1,0),(2623,1,0),(2624,1,0),(2625,1,1),(2626,1,1),(2627,1,0),(2628,1,0),(2629,1,0),(2630,1,1),(2631,1,0),(2632,1,0),(2633,1,1),(2634,1,0),(2635,1,1),(2636,1,1),(2637,1,1),(2638,1,0),(2639,1,1),(2640,1,0),(2641,1,0),(2642,1,1),(2643,1,1),(2644,1,0),(2645,1,1),(2646,1,0),(2647,1,1),(2648,1,1),(2649,1,1),(2650,1,0),(2651,1,0),(2653,1,0),(2654,1,1),(2655,1,0),(2656,1,0),(2657,1,0),(2658,1,1),(2659,1,0),(2660,1,0),(2661,1,1),(2662,1,0),(2663,1,1),(2664,1,0),(2665,1,1),(2666,1,0),(2667,1,0),(2668,1,0),(2670,1,1),(2671,1,1),(2672,1,1),(2673,1,1),(2674,1,1),(2675,1,0),(2676,1,1),(2677,1,1),(2678,1,0),(2679,1,1),(2680,1,0),(2681,1,1),(2682,1,1),(2683,1,0),(2684,1,1),(2685,1,0),(2686,1,1),(2687,1,1),(2688,1,0),(2689,1,0),(2690,1,0),(2691,1,1),(2692,1,1),(2693,1,0),(2694,1,1),(2695,1,1),(2696,1,1),(2697,1,1),(2698,1,0),(2699,1,0),(2700,1,1),(2701,1,0),(2702,1,1),(2703,1,0),(2704,1,1),(2705,1,1),(2706,1,0),(2707,1,1),(2708,1,0),(2709,1,1),(2710,1,0),(2711,1,0),(2712,1,1),(2713,1,0),(2714,1,0),(2715,1,1),(2716,1,0),(2717,1,0),(2718,1,1),(2719,1,0),(2720,1,0),(2721,1,0),(2722,1,1),(2723,1,0),(2727,1,1),(2728,1,0),(2730,1,1),(2734,1,1),(2735,1,0),(2736,1,0),(2737,1,0),(2738,1,1),(2739,1,1),(2740,1,0),(2741,1,0),(2742,1,1),(2744,1,0),(2745,1,0),(2746,1,1),(2750,1,1),(2751,1,0),(2752,1,1),(2754,1,0),(2755,1,0),(2756,1,1),(2757,1,0),(2758,1,1),(2759,1,0),(2761,1,1),(2762,1,1),(2763,1,1),(2764,1,1),(2765,1,0),(2766,1,1),(2767,1,0),(2768,1,0),(2769,1,1),(2770,1,1),(2771,1,0),(2772,1,1),(2773,1,0),(2774,1,1),(2775,1,0),(2776,1,0),(2777,1,1),(2778,1,0),(2779,1,0),(2780,1,1),(2781,1,0),(2782,1,0),(2783,1,1),(2784,1,0),(2785,1,0),(2786,1,0);

--
-- Table structure for table `ps_image_type`
--

CREATE TABLE `ps_image_type` (
  `id_image_type` int(10) unsigned NOT NULL AUTO_INCREMENT,
  `name` varchar(64) NOT NULL,
  `width` int(10) unsigned NOT NULL,
  `height` int(10) unsigned NOT NULL,
  `products` tinyint(1) NOT NULL DEFAULT '1',
  `categories` tinyint(1) NOT NULL DEFAULT '1',
  `manufacturers` tinyint(1) NOT NULL DEFAULT '1',
  `suppliers` tinyint(1) NOT NULL DEFAULT '1',
  `scenes` tinyint(1) NOT NULL DEFAULT '1',
  `stores` tinyint(1) NOT NULL DEFAULT '1',
  PRIMARY KEY (`id_image_type`),
  KEY `image_type_name` (`name`)
) ENGINE=InnoDB AUTO_INCREMENT=127 DEFAULT CHARSET=utf8;

--
-- Dumping data for table `ps_image_type`
--

INSERT INTO `ps_image_type` VALUES (108,'brands',277,182,1,1,1,1,1,1),(118,'cart_default',80,80,1,0,0,0,0,1),(119,'small_default',98,98,1,0,1,1,0,1),(120,'medium_default',125,125,1,1,1,1,0,1),(121,'home_default',250,250,1,0,0,0,0,1),(122,'large_default',458,458,1,0,1,1,0,1),(123,'thickbox_default',800,800,1,0,0,0,0,1),(124,'category_default',870,217,0,1,0,0,0,1),(125,'scene_default',870,270,0,0,0,0,1,1),(126,'m_scene_default',161,58,0,0,0,0,1,1);

--
-- Table structure for table `ps_import_match`
--

CREATE TABLE `ps_import_match` (
  `id_import_match` int(10) NOT NULL AUTO_INCREMENT,
  `name` varchar(32) NOT NULL,
  `match` text NOT NULL,
  `skip` int(2) NOT NULL,
  PRIMARY KEY (`id_import_match`)
) ENGINE=InnoDB AUTO_INCREMENT=15 DEFAULT CHARSET=utf8;

--
-- Dumping data for table `ps_import_match`
--

INSERT INTO `ps_import_match` VALUES (12,'a','active|name|category|price_tin|wholesale_price|on_sale|no|weight|description_short|quantity|no|image',1),(13,'k','active|name|category|price_tin|wholesale_price|on_sale|no|no|weight|quantity|no|image',1),(14,'avvv','active|name|category|price_tin|wholesale_price|on_sale|no|weight|quantity|description_short|no|image',1);

--
-- Table structure for table `ps_info`
--

CREATE TABLE `ps_info` (
  `id_info` int(10) unsigned NOT NULL AUTO_INCREMENT,
  `id_shop` int(10) unsigned NOT NULL,
  PRIMARY KEY (`id_info`)
) ENGINE=InnoDB AUTO_INCREMENT=3 DEFAULT CHARSET=utf8;

--
-- Dumping data for table `ps_info`
--

INSERT INTO `ps_info` VALUES (1,1),(2,1);

--
-- Table structure for table `ps_info_lang`
--

CREATE TABLE `ps_info_lang` (
  `id_info` int(10) unsigned NOT NULL AUTO_INCREMENT,
  `id_lang` int(10) unsigned NOT NULL,
  `text` text NOT NULL,
  PRIMARY KEY (`id_info`,`id_lang`)
) ENGINE=InnoDB AUTO_INCREMENT=3 DEFAULT CHARSET=utf8;

--
-- Dumping data for table `ps_info_lang`
--

INSERT INTO `ps_info_lang` VALUES (1,1,'<ul><li><em class=\"icon-truck\" id=\"icon-truck\"></em>\n<div class=\"type-text\">\n<h3>Livraison</h3>\n<p>Livraison à domicile partout au Maroc via Amana, Chronodiali, et d\'autres service de transport</p>\n</div>\n</li>\n<li><em class=\"icon-phone\" id=\"icon-phone\"></em>\n<div class=\"type-text\">\n<h3>Nous contacter</h3>\n<p>Pour plus d\'information, veuillez nous envoyer un mail sur l\'adresse e-mail: pyramusique@gmail.com ou nous appeler sur le numéro: +212 6 89 63 16 65 </p>\n</div>\n</li>\n<li><em class=\"icon-credit-card\" id=\"icon-credit-card\"></em>\n<div class=\"type-text\">\n<h3>Paiements autorisés</h3>\n<p>Vous pouvez choisir soit de payer à la livraison de votre commande, par virement bancaire ou par versement.</p>\n</div>\n</li>\n</ul>'),(1,2,'<ul><li><em class=\"icon-truck\" id=\"icon-truck\"></em>\n<div class=\"type-text\">\n<h3>Lorem Ipsum</h3>\n<p>Lorem ipsum dolor sit amet conse ctetur voluptate velit esse cillum dolore eu</p>\n</div>\n</li>\n<li><em class=\"icon-phone\" id=\"icon-phone\"></em>\n<div class=\"type-text\">\n<h3>Dolor Sit Amet</h3>\n<p>Lorem ipsum dolor sit amet conse ctetur voluptate velit esse cillum dolore eu</p>\n</div>\n</li>\n<li><em class=\"icon-credit-card\" id=\"icon-credit-card\"></em>\n<div class=\"type-text\">\n<h3>Ctetur Voluptate</h3>\n<p>Lorem ipsum dolor sit amet conse ctetur voluptate velit esse cillum dolore eu</p>\n</div>\n</li>\n</ul>'),(2,1,'<h3>Qui sommes nous?</h3>\n<p>La maison de vente en ligne de Pyramusique.ma donne aux musiciens amateurs ou professionnels un accès constant aux innovations musicales, qu\'elles soient technologiques ou culturelles à Rabat. Spécialisée dans la vente des instruments de musique importés de différentes zones géographique: De la guitare américaine, à la harpe asiatique en passant par le tambour africain, ainsi que d\'autres accessoires musicaux....</p>\n<p> </p>'),(2,2,'<h3>Custom Block</h3>\n<p><strong class=\"dark\">Lorem ipsum dolor sit amet conse ctetu</strong></p>\n<p>Sit amet conse ctetur adipisicing elit, sed do eiusmod tempor incididunt ut labore et dolore magna aliqua. Ut enim ad minim veniam, quis nostrud exercitation ullamco laboris nisi ut aliquip ex ea commodo consequat. Duis aute irure dolor in reprehenderit.</p>');

--
-- Table structure for table `ps_lang`
--

CREATE TABLE `ps_lang` (
  `id_lang` int(10) unsigned NOT NULL AUTO_INCREMENT,
  `name` varchar(32) NOT NULL,
  `active` tinyint(3) unsigned NOT NULL DEFAULT '0',
  `iso_code` char(2) NOT NULL,
  `language_code` char(5) NOT NULL,
  `date_format_lite` char(32) NOT NULL DEFAULT 'Y-m-d',
  `date_format_full` char(32) NOT NULL DEFAULT 'Y-m-d H:i:s',
  `is_rtl` tinyint(1) NOT NULL DEFAULT '0',
  PRIMARY KEY (`id_lang`),
  KEY `lang_iso_code` (`iso_code`)
) ENGINE=InnoDB AUTO_INCREMENT=3 DEFAULT CHARSET=utf8;

--
-- Dumping data for table `ps_lang`
--

INSERT INTO `ps_lang` VALUES (1,'Français (French)',1,'fr','fr-fr','d/m/Y','d/m/Y H:i:s',0),(2,'اللغة العربية (Arabic)',1,'ar','ar-sa','Y-m-d','Y-m-d H:i:s',1);

--
-- Table structure for table `ps_lang_shop`
--

CREATE TABLE `ps_lang_shop` (
  `id_lang` int(11) unsigned NOT NULL,
  `id_shop` int(11) unsigned NOT NULL,
  PRIMARY KEY (`id_lang`,`id_shop`),
  KEY `id_shop` (`id_shop`)
) ENGINE=InnoDB DEFAULT CHARSET=utf8;

--
-- Dumping data for table `ps_lang_shop`
--

INSERT INTO `ps_lang_shop` VALUES (1,1),(2,1);

--
-- Table structure for table `ps_layered_category`
--

CREATE TABLE `ps_layered_category` (
  `id_layered_category` int(10) unsigned NOT NULL AUTO_INCREMENT,
  `id_shop` int(11) unsigned NOT NULL,
  `id_category` int(10) unsigned NOT NULL,
  `id_value` int(10) unsigned DEFAULT '0',
  `type` enum('category','id_feature','id_attribute_group','quantity','condition','manufacturer','weight','price') NOT NULL,
  `position` int(10) unsigned NOT NULL,
  `filter_type` int(10) unsigned NOT NULL DEFAULT '0',
  `filter_show_limit` int(10) unsigned NOT NULL DEFAULT '0',
  PRIMARY KEY (`id_layered_category`),
  KEY `id_category` (`id_category`,`type`)
) ENGINE=InnoDB AUTO_INCREMENT=78 DEFAULT CHARSET=latin1;

--
-- Dumping data for table `ps_layered_category`
--

INSERT INTO `ps_layered_category` VALUES (1,1,2,NULL,'category',1,0,0),(2,1,2,1,'id_attribute_group',2,0,0),(3,1,2,3,'id_attribute_group',3,0,0),(4,1,2,5,'id_feature',4,0,0),(5,1,2,7,'id_feature',5,0,0),(6,1,2,6,'id_feature',6,0,0),(7,1,2,NULL,'quantity',7,0,0),(8,1,2,NULL,'manufacturer',8,0,0),(9,1,2,NULL,'condition',9,0,0),(10,1,2,NULL,'weight',10,0,0),(11,1,2,NULL,'price',11,0,0),(12,1,5,NULL,'category',1,0,0),(13,1,5,1,'id_attribute_group',2,0,0),(14,1,5,3,'id_attribute_group',3,0,0),(15,1,5,5,'id_feature',4,0,0),(16,1,5,7,'id_feature',5,0,0),(17,1,5,6,'id_feature',6,0,0),(18,1,5,NULL,'quantity',7,0,0),(19,1,5,NULL,'manufacturer',8,0,0),(20,1,5,NULL,'condition',9,0,0),(21,1,5,NULL,'weight',10,0,0),(22,1,5,NULL,'price',11,0,0),(23,1,7,NULL,'category',1,0,0),(24,1,7,1,'id_attribute_group',2,0,0),(25,1,7,3,'id_attribute_group',3,0,0),(26,1,7,5,'id_feature',4,0,0),(27,1,7,7,'id_feature',5,0,0),(28,1,7,6,'id_feature',6,0,0),(29,1,7,NULL,'quantity',7,0,0),(30,1,7,NULL,'manufacturer',8,0,0),(31,1,7,NULL,'condition',9,0,0),(32,1,7,NULL,'weight',10,0,0),(33,1,7,NULL,'price',11,0,0),(34,1,8,NULL,'category',1,0,0),(35,1,8,1,'id_attribute_group',2,0,0),(36,1,8,3,'id_attribute_group',3,0,0),(37,1,8,5,'id_feature',4,0,0),(38,1,8,7,'id_feature',5,0,0),(39,1,8,6,'id_feature',6,0,0),(40,1,8,NULL,'quantity',7,0,0),(41,1,8,NULL,'manufacturer',8,0,0),(42,1,8,NULL,'condition',9,0,0),(43,1,8,NULL,'weight',10,0,0),(44,1,8,NULL,'price',11,0,0),(45,1,9,NULL,'category',1,0,0),(46,1,9,1,'id_attribute_group',2,0,0),(47,1,9,3,'id_attribute_group',3,0,0),(48,1,9,5,'id_feature',4,0,0),(49,1,9,7,'id_feature',5,0,0),(50,1,9,6,'id_feature',6,0,0),(51,1,9,NULL,'quantity',7,0,0),(52,1,9,NULL,'manufacturer',8,0,0),(53,1,9,NULL,'condition',9,0,0),(54,1,9,NULL,'weight',10,0,0),(55,1,9,NULL,'price',11,0,0),(56,1,10,NULL,'category',1,0,0),(57,1,10,1,'id_attribute_group',2,0,0),(58,1,10,3,'id_attribute_group',3,0,0),(59,1,10,5,'id_feature',4,0,0),(60,1,10,7,'id_feature',5,0,0),(61,1,10,6,'id_feature',6,0,0),(62,1,10,NULL,'quantity',7,0,0),(63,1,10,NULL,'manufacturer',8,0,0),(64,1,10,NULL,'condition',9,0,0),(65,1,10,NULL,'weight',10,0,0),(66,1,10,NULL,'price',11,0,0),(67,1,11,NULL,'category',1,0,0),(68,1,11,1,'id_attribute_group',2,0,0),(69,1,11,3,'id_attribute_group',3,0,0),(70,1,11,5,'id_feature',4,0,0),(71,1,11,7,'id_feature',5,0,0),(72,1,11,6,'id_feature',6,0,0),(73,1,11,NULL,'quantity',7,0,0),(74,1,11,NULL,'manufacturer',8,0,0),(75,1,11,NULL,'condition',9,0,0),(76,1,11,NULL,'weight',10,0,0),(77,1,11,NULL,'price',11,0,0);

--
-- Table structure for table `ps_layered_filter`
--

CREATE TABLE `ps_layered_filter` (
  `id_layered_filter` int(10) unsigned NOT NULL AUTO_INCREMENT,
  `name` varchar(64) NOT NULL,
  `filters` text,
  `n_categories` int(10) unsigned NOT NULL,
  `date_add` datetime NOT NULL,
  PRIMARY KEY (`id_layered_filter`)
) ENGINE=InnoDB AUTO_INCREMENT=2 DEFAULT CHARSET=utf8;

--
-- Dumping data for table `ps_layered_filter`
--

INSERT INTO `ps_layered_filter` VALUES (1,'Mon modèle 2018-08-31','a:13:{s:10:\"categories\";a:7:{i:0;i:2;i:2;i:5;i:4;i:7;i:5;i:8;i:6;i:9;i:7;i:10;i:8;i:11;}s:9:\"shop_list\";a:1:{i:1;i:1;}s:31:\"layered_selection_subcategories\";a:2:{s:11:\"filter_type\";i:0;s:17:\"filter_show_limit\";i:0;}s:22:\"layered_selection_ag_1\";a:2:{s:11:\"filter_type\";i:0;s:17:\"filter_show_limit\";i:0;}s:22:\"layered_selection_ag_3\";a:2:{s:11:\"filter_type\";i:0;s:17:\"filter_show_limit\";i:0;}s:24:\"layered_selection_feat_5\";a:2:{s:11:\"filter_type\";i:0;s:17:\"filter_show_limit\";i:0;}s:24:\"layered_selection_feat_7\";a:2:{s:11:\"filter_type\";i:0;s:17:\"filter_show_limit\";i:0;}s:24:\"layered_selection_feat_6\";a:2:{s:11:\"filter_type\";i:0;s:17:\"filter_show_limit\";i:0;}s:23:\"layered_selection_stock\";a:2:{s:11:\"filter_type\";i:0;s:17:\"filter_show_limit\";i:0;}s:30:\"layered_selection_manufacturer\";a:2:{s:11:\"filter_type\";i:0;s:17:\"filter_show_limit\";i:0;}s:27:\"layered_selection_condition\";a:2:{s:11:\"filter_type\";i:0;s:17:\"filter_show_limit\";i:0;}s:31:\"layered_selection_weight_slider\";a:2:{s:11:\"filter_type\";i:0;s:17:\"filter_show_limit\";i:0;}s:30:\"layered_selection_price_slider\";a:2:{s:11:\"filter_type\";i:0;s:17:\"filter_show_limit\";i:0;}}',9,'2018-08-31 09:33:58');

--
-- Table structure for table `ps_layered_filter_shop`
--

CREATE TABLE `ps_layered_filter_shop` (
  `id_layered_filter` int(10) unsigned NOT NULL,
  `id_shop` int(11) unsigned NOT NULL,
  PRIMARY KEY (`id_layered_filter`,`id_shop`),
  KEY `id_shop` (`id_shop`)
) ENGINE=InnoDB DEFAULT CHARSET=utf8;

--
-- Dumping data for table `ps_layered_filter_shop`
--

INSERT INTO `ps_layered_filter_shop` VALUES (1,1);

--
-- Table structure for table `ps_layered_friendly_url`
--

CREATE TABLE `ps_layered_friendly_url` (
  `id_layered_friendly_url` int(11) NOT NULL AUTO_INCREMENT,
  `url_key` varchar(32) NOT NULL,
  `data` varchar(200) NOT NULL,
  `id_lang` int(11) NOT NULL,
  PRIMARY KEY (`id_layered_friendly_url`),
  KEY `id_lang` (`id_lang`),
  KEY `url_key` (`url_key`(5))
) ENGINE=InnoDB AUTO_INCREMENT=109 DEFAULT CHARSET=utf8;

--
-- Dumping data for table `ps_layered_friendly_url`
--

INSERT INTO `ps_layered_friendly_url` VALUES (1,'3f1005f8be7881795fc5feddfdba756f','a:1:{s:8:\"category\";a:1:{i:1;s:1:\"1\";}}',1),(2,'36a16718f4cb2ce8d9f3b35d415e63d6','a:1:{s:8:\"category\";a:1:{i:2;s:1:\"2\";}}',1),(3,'51f1bffcf36c775ca483b1e21deff3ce','a:1:{s:8:\"category\";a:1:{i:3;s:1:\"3\";}}',1),(4,'7b2ec0265d164bc627ede9f64e25ebd9','a:1:{s:8:\"category\";a:1:{i:4;s:1:\"4\";}}',1),(5,'ae60a0eece843ba21f76674d40c774b6','a:1:{s:8:\"category\";a:1:{i:8;s:1:\"8\";}}',1),(6,'6fc253242f3fe98946ecdd26762e95eb','a:1:{s:8:\"category\";a:1:{i:5;s:1:\"5\";}}',1),(7,'03c8c4cf29ea8a405778f138021df5df','a:1:{s:8:\"category\";a:1:{i:7;s:1:\"7\";}}',1),(8,'c4d0e80d1158c83ef14344a5cbc04ebf','a:1:{s:8:\"category\";a:1:{i:9;s:1:\"9\";}}',1),(9,'65c1021a065e407623177257c509da90','a:1:{s:8:\"category\";a:1:{i:10;s:2:\"10\";}}',1),(10,'c5d0498c409ac4d725f0759736f8470a','a:1:{s:8:\"category\";a:1:{i:11;s:2:\"11\";}}',1),(11,'c4d7335317f2f1ba381e038fb625d918','a:1:{s:10:\"id_feature\";a:1:{i:1;s:3:\"5_1\";}}',1),(12,'518876640cfedb267b8df5683b243a83','a:1:{s:10:\"id_feature\";a:1:{i:2;s:3:\"5_2\";}}',1),(13,'823192a052e44927f06b39b32bcef002','a:1:{s:10:\"id_feature\";a:1:{i:3;s:3:\"5_3\";}}',1),(14,'b738d5f9723e1d914d9ba5c7a0265d44','a:1:{s:10:\"id_feature\";a:1:{i:4;s:3:\"5_4\";}}',1),(15,'c4379cd7a4a9ee1db8aed47692d81117','a:1:{s:10:\"id_feature\";a:1:{i:5;s:3:\"5_5\";}}',1),(16,'957ab4ceed0e6b5def103afd50c00541','a:1:{s:10:\"id_feature\";a:1:{i:6;s:3:\"5_6\";}}',1),(17,'2ff9eb8f36f62f9e4f17909faaa4770a','a:1:{s:10:\"id_feature\";a:1:{i:7;s:3:\"5_7\";}}',1),(18,'368959b3bd09a132e577e2bebc8f2686','a:1:{s:10:\"id_feature\";a:1:{i:8;s:3:\"5_8\";}}',1),(19,'c42fcf15b837dfe9d2ddd6264567944a','a:1:{s:10:\"id_feature\";a:1:{i:9;s:3:\"5_9\";}}',1),(20,'185d6e37f34a04af8207e7fe8f3c4d2e','a:1:{s:10:\"id_feature\";a:1:{i:10;s:4:\"6_10\";}}',1),(21,'2881496f4bae08b72ae1b01bd0d0e85e','a:1:{s:10:\"id_feature\";a:1:{i:11;s:4:\"6_11\";}}',1),(22,'0fddc3ff926b2198af48f892e1d2f21d','a:1:{s:10:\"id_feature\";a:1:{i:12;s:4:\"6_12\";}}',1),(23,'677717092975926de02151dd9227864e','a:1:{s:10:\"id_feature\";a:1:{i:13;s:4:\"6_13\";}}',1),(24,'00dff7b63b6f7ddb4b341a9308422730','a:1:{s:10:\"id_feature\";a:1:{i:14;s:4:\"6_14\";}}',1),(25,'2c30af3405dcf541af55d379e5f70ad2','a:1:{s:10:\"id_feature\";a:1:{i:15;s:4:\"6_15\";}}',1),(26,'d6147565988940adfe08e736ed044c03','a:1:{s:10:\"id_feature\";a:1:{i:16;s:4:\"6_16\";}}',1),(27,'d30455c24f409bb663466f2b480ba871','a:1:{s:10:\"id_feature\";a:1:{i:17;s:4:\"7_17\";}}',1),(28,'0c5c01c6a5703cbeabcaa24ff4a3f18e','a:1:{s:10:\"id_feature\";a:1:{i:18;s:4:\"7_18\";}}',1),(29,'c1cce7ff7605ea2677865d04038a693a','a:1:{s:10:\"id_feature\";a:1:{i:19;s:4:\"7_19\";}}',1),(30,'9df81cca56362abd01174cf7d755a446','a:1:{s:10:\"id_feature\";a:1:{i:20;s:4:\"7_20\";}}',1),(31,'82a77afd6b64eb2c5992122ae401e4d0','a:1:{s:10:\"id_feature\";a:1:{i:21;s:4:\"7_21\";}}',1),(32,'0b2aaba61c30885d941453599e20f408','a:1:{s:18:\"id_attribute_group\";a:1:{i:1;s:3:\"1_1\";}}',1),(33,'656d3b6e07efc838f64977a0a4ce7533','a:1:{s:18:\"id_attribute_group\";a:1:{i:2;s:3:\"1_2\";}}',1),(34,'2b4f155ba70596a04b22182d9d6fb462','a:1:{s:18:\"id_attribute_group\";a:1:{i:3;s:3:\"1_3\";}}',1),(35,'b329c7e7fea645456048d3482ededb40','a:1:{s:18:\"id_attribute_group\";a:1:{i:4;s:3:\"1_4\";}}',1),(36,'6016e3155ed97b7d0a951061c2b73535','a:1:{s:18:\"id_attribute_group\";a:1:{i:5;s:3:\"3_5\";}}',1),(37,'57b75870d64c76eae692c80b50fa58e2','a:1:{s:18:\"id_attribute_group\";a:1:{i:6;s:3:\"3_6\";}}',1),(38,'b2bf64fa7f72f53eb93e7805555e3cd2','a:1:{s:18:\"id_attribute_group\";a:1:{i:7;s:3:\"3_7\";}}',1),(39,'2819c36f4dbaaedc9b2b35b42097edaa','a:1:{s:18:\"id_attribute_group\";a:1:{i:8;s:3:\"3_8\";}}',1),(40,'36cbb04f09f486c4c527921d9b43bd95','a:1:{s:18:\"id_attribute_group\";a:1:{i:9;s:3:\"3_9\";}}',1),(41,'fa8f6104126208864be7953faa622383','a:1:{s:18:\"id_attribute_group\";a:1:{i:10;s:4:\"3_10\";}}',1),(42,'4f6be0e4cd0cfb9226e1b3edf90e17da','a:1:{s:18:\"id_attribute_group\";a:1:{i:11;s:4:\"3_11\";}}',1),(43,'2bc67eb65a6d19c55bb16c8b367da5aa','a:1:{s:18:\"id_attribute_group\";a:1:{i:12;s:4:\"3_12\";}}',1),(44,'74ed66030793dee307982ace222b4726','a:1:{s:18:\"id_attribute_group\";a:1:{i:13;s:4:\"3_13\";}}',1),(45,'e3e573cccebcd56436d674887f5ecdf7','a:1:{s:18:\"id_attribute_group\";a:1:{i:14;s:4:\"3_14\";}}',1),(46,'78ab5a36f2160733f009dfba8c2c4b02','a:1:{s:18:\"id_attribute_group\";a:1:{i:15;s:4:\"3_15\";}}',1),(47,'c9675dd50f5bce7a8aab98e299befe14','a:1:{s:18:\"id_attribute_group\";a:1:{i:16;s:4:\"3_16\";}}',1),(48,'03012ad1764f10e703d360ca9185b337','a:1:{s:18:\"id_attribute_group\";a:1:{i:17;s:4:\"3_17\";}}',1),(49,'2b92704d5b1a18938fbda7b201c2d94a','a:1:{s:18:\"id_attribute_group\";a:1:{i:24;s:4:\"3_24\";}}',1),(50,'c8bab8565a8dc38e4ba196d04b1ab75a','a:1:{s:8:\"quantity\";a:1:{i:0;i:0;}}',1),(51,'aecc91ef502878d2b704377d49f7e8fb','a:1:{s:8:\"quantity\";a:1:{i:0;i:1;}}',1),(52,'47a6f6a9db83de31a52dc9366236ac18','a:1:{s:9:\"condition\";a:1:{s:3:\"new\";s:3:\"new\";}}',1),(53,'e67a9c5323b69dd8689bd121632c9f0d','a:1:{s:9:\"condition\";a:1:{s:4:\"used\";s:4:\"used\";}}',1),(54,'843057e2c505cc5164e3cb9729cad768','a:1:{s:9:\"condition\";a:1:{s:11:\"refurbished\";s:11:\"refurbished\";}}',1),(55,'aa4848c11a9cd606b68ee0a7d3be1097','a:1:{s:12:\"manufacturer\";a:1:{i:1;s:1:\"1\";}}',1),(56,'4682451c9feabfe5ca6279bd6353197b','a:1:{s:8:\"category\";a:1:{i:1;s:1:\"1\";}}',2),(57,'7f33cc140c5c7ea4002e0efa47ca5964','a:1:{s:8:\"category\";a:1:{i:2;s:1:\"2\";}}',2),(58,'494aa7eca75f0cc0032915ea2d7aa5bc','a:1:{s:8:\"category\";a:1:{i:3;s:1:\"3\";}}',2),(59,'981e39a4198b6d88c791e91e9d220477','a:1:{s:8:\"category\";a:1:{i:4;s:1:\"4\";}}',2),(60,'c9f9e1f81693eb57e41d06227bb49e9e','a:1:{s:8:\"category\";a:1:{i:8;s:1:\"8\";}}',2),(61,'cbde05f83c35bb807e6c63280ccfa5d1','a:1:{s:8:\"category\";a:1:{i:5;s:1:\"5\";}}',2),(62,'4797cde729c596562e82438add8efab6','a:1:{s:8:\"category\";a:1:{i:7;s:1:\"7\";}}',2),(63,'adcd052dcc3e88911fe85f5a57a723ca','a:1:{s:8:\"category\";a:1:{i:9;s:1:\"9\";}}',2),(64,'70993edefc521b0fdabab9d10087ad96','a:1:{s:8:\"category\";a:1:{i:10;s:2:\"10\";}}',2),(65,'e3146ede9bf83f9c2911dd1aeb9fe01e','a:1:{s:8:\"category\";a:1:{i:11;s:2:\"11\";}}',2),(66,'c4d7335317f2f1ba381e038fb625d918','a:1:{s:10:\"id_feature\";a:1:{i:1;s:3:\"5_1\";}}',2),(67,'18f41c9cab1c150e429f1b670cae3bc1','a:1:{s:10:\"id_feature\";a:1:{i:2;s:3:\"5_2\";}}',2),(68,'823192a052e44927f06b39b32bcef002','a:1:{s:10:\"id_feature\";a:1:{i:3;s:3:\"5_3\";}}',2),(69,'905fe5b57eb2e1353911171da4ee7706','a:1:{s:10:\"id_feature\";a:1:{i:4;s:3:\"5_4\";}}',2),(70,'ebb42f1bbf0d25b40049c14f1860b952','a:1:{s:10:\"id_feature\";a:1:{i:5;s:3:\"5_5\";}}',2),(71,'f9a71edd8befbb99baceadc2b2fbe793','a:1:{s:10:\"id_feature\";a:1:{i:6;s:3:\"5_6\";}}',2),(72,'e195459fb3d97a32e94673db75dcf299','a:1:{s:10:\"id_feature\";a:1:{i:7;s:3:\"5_7\";}}',2),(73,'b7783cae5eeefc81ff4a69f4ea712ea7','a:1:{s:10:\"id_feature\";a:1:{i:8;s:3:\"5_8\";}}',2),(74,'45f1d9162a9fe2ffcf9f365eace9eeec','a:1:{s:10:\"id_feature\";a:1:{i:9;s:3:\"5_9\";}}',2),(75,'7a04872959f09781f3b883a91c5332c7','a:1:{s:10:\"id_feature\";a:1:{i:10;s:4:\"6_10\";}}',2),(76,'025d11eb379709c8e409a7d712d8e362','a:1:{s:10:\"id_feature\";a:1:{i:11;s:4:\"6_11\";}}',2),(77,'e224c427b75f7805c14e8b63ca9e4e0c','a:1:{s:10:\"id_feature\";a:1:{i:12;s:4:\"6_12\";}}',2),(78,'677717092975926de02151dd9227864e','a:1:{s:10:\"id_feature\";a:1:{i:13;s:4:\"6_13\";}}',2),(79,'00dff7b63b6f7ddb4b341a9308422730','a:1:{s:10:\"id_feature\";a:1:{i:14;s:4:\"6_14\";}}',2),(80,'ff721a9727728b15cd4654a462aaeea0','a:1:{s:10:\"id_feature\";a:1:{i:15;s:4:\"6_15\";}}',2),(81,'0327a5c6fbcd99ae1fa8ef01f1e7e100','a:1:{s:10:\"id_feature\";a:1:{i:16;s:4:\"6_16\";}}',2),(82,'58ddd7a988c042c25121ffeb149f3ac7','a:1:{s:10:\"id_feature\";a:1:{i:17;s:4:\"7_17\";}}',2),(83,'b7248af6c62c1e54b6f13739739e2d17','a:1:{s:10:\"id_feature\";a:1:{i:18;s:4:\"7_18\";}}',2),(84,'b97d201e9d169f46c2a9e6fa356e40d2','a:1:{s:10:\"id_feature\";a:1:{i:19;s:4:\"7_19\";}}',2),(85,'de50b73f078d5cde7cc9d8efc61c9e55','a:1:{s:10:\"id_feature\";a:1:{i:20;s:4:\"7_20\";}}',2),(86,'85a3c64761151fe72e5d027e729072a3','a:1:{s:10:\"id_feature\";a:1:{i:21;s:4:\"7_21\";}}',2),(87,'97d9dd08827238b39342d37e16ee7fc3','a:1:{s:18:\"id_attribute_group\";a:1:{i:1;s:3:\"1_1\";}}',2),(88,'2f3d5048a6335cac20241e0f8cb5294e','a:1:{s:18:\"id_attribute_group\";a:1:{i:2;s:3:\"1_2\";}}',2),(89,'19819345209f29bb2865355fa2cdb800','a:1:{s:18:\"id_attribute_group\";a:1:{i:3;s:3:\"1_3\";}}',2),(90,'27dd5799da96500f9e0ab61387a556b5','a:1:{s:18:\"id_attribute_group\";a:1:{i:4;s:3:\"1_4\";}}',2),(91,'6a73ce72468db97129f092fa3d9a0b2e','a:1:{s:18:\"id_attribute_group\";a:1:{i:5;s:3:\"3_5\";}}',2),(92,'f1fc935c7d64dfac606eb814dcc6c4a7','a:1:{s:18:\"id_attribute_group\";a:1:{i:6;s:3:\"3_6\";}}',2),(93,'f036e061c6e0e9cd6b3c463f72f524a5','a:1:{s:18:\"id_attribute_group\";a:1:{i:7;s:3:\"3_7\";}}',2),(94,'468a278b79ece55c0ed0d3bd1b2dd01f','a:1:{s:18:\"id_attribute_group\";a:1:{i:8;s:3:\"3_8\";}}',2),(95,'8996dbd99c9d2240f117ba0d26b39b10','a:1:{s:18:\"id_attribute_group\";a:1:{i:9;s:3:\"3_9\";}}',2),(96,'601a4dd13077730810f102b18680b537','a:1:{s:18:\"id_attribute_group\";a:1:{i:10;s:4:\"3_10\";}}',2),(97,'0a68b3ba0819d7126935f51335ef9503','a:1:{s:18:\"id_attribute_group\";a:1:{i:11;s:4:\"3_11\";}}',2),(98,'5f556205d67d7c26c2726dba638c2d95','a:1:{s:18:\"id_attribute_group\";a:1:{i:12;s:4:\"3_12\";}}',2),(99,'4b4bb79b20455e8047c972f9ca69cd72','a:1:{s:18:\"id_attribute_group\";a:1:{i:13;s:4:\"3_13\";}}',2),(100,'54dd539ce8bbf02b44485941f2d8d80b','a:1:{s:18:\"id_attribute_group\";a:1:{i:14;s:4:\"3_14\";}}',2),(101,'73b845a28e9ced9709fa414f9b97dae9','a:1:{s:18:\"id_attribute_group\";a:1:{i:15;s:4:\"3_15\";}}',2),(102,'be50cfae4c360fdb124af017a4e80905','a:1:{s:18:\"id_attribute_group\";a:1:{i:16;s:4:\"3_16\";}}',2),(103,'4c4550abfc4eec4c91e558fa9b5171c9','a:1:{s:18:\"id_attribute_group\";a:1:{i:17;s:4:\"3_17\";}}',2),(104,'ab223cc0ca7ebf34af71e067556ee2aa','a:1:{s:18:\"id_attribute_group\";a:1:{i:24;s:4:\"3_24\";}}',2),(105,'14ef3952eddf958ec1f628065f6c7689','a:1:{s:8:\"quantity\";a:1:{i:0;i:0;}}',2),(106,'d29cae663576533c354543d2749e3c9d','a:1:{s:8:\"quantity\";a:1:{i:0;i:1;}}',2),(107,'702e5a9801d2f7a5456e3e1cf4c5c93f','a:1:{s:9:\"condition\";a:1:{s:3:\"new\";s:3:\"new\";}}',2),(108,'b35226d3c9fbfdc7e029308831cf1f86','a:1:{s:12:\"manufacturer\";a:1:{i:1;s:1:\"1\";}}',2);

--
-- Table structure for table `ps_layered_indexable_attribute_group`
--

CREATE TABLE `ps_layered_indexable_attribute_group` (
  `id_attribute_group` int(11) NOT NULL,
  `indexable` tinyint(1) NOT NULL DEFAULT '0',
  PRIMARY KEY (`id_attribute_group`)
) ENGINE=InnoDB DEFAULT CHARSET=utf8;

--
-- Dumping data for table `ps_layered_indexable_attribute_group`
--

INSERT INTO `ps_layered_indexable_attribute_group` VALUES (1,1),(2,1),(3,1);

--
-- Table structure for table `ps_layered_indexable_attribute_group_lang_value`
--

CREATE TABLE `ps_layered_indexable_attribute_group_lang_value` (
  `id_attribute_group` int(11) NOT NULL,
  `id_lang` int(11) NOT NULL,
  `url_name` varchar(128) DEFAULT NULL,
  `meta_title` varchar(128) DEFAULT NULL,
  PRIMARY KEY (`id_attribute_group`,`id_lang`)
) ENGINE=InnoDB DEFAULT CHARSET=utf8;

--
-- Dumping data for table `ps_layered_indexable_attribute_group_lang_value`
--


--
-- Table structure for table `ps_layered_indexable_attribute_lang_value`
--

CREATE TABLE `ps_layered_indexable_attribute_lang_value` (
  `id_attribute` int(11) NOT NULL,
  `id_lang` int(11) NOT NULL,
  `url_name` varchar(128) DEFAULT NULL,
  `meta_title` varchar(128) DEFAULT NULL,
  PRIMARY KEY (`id_attribute`,`id_lang`)
) ENGINE=InnoDB DEFAULT CHARSET=utf8;

--
-- Dumping data for table `ps_layered_indexable_attribute_lang_value`
--


--
-- Table structure for table `ps_layered_indexable_feature`
--

CREATE TABLE `ps_layered_indexable_feature` (
  `id_feature` int(11) NOT NULL,
  `indexable` tinyint(1) NOT NULL DEFAULT '0',
  PRIMARY KEY (`id_feature`)
) ENGINE=InnoDB DEFAULT CHARSET=utf8;

--
-- Dumping data for table `ps_layered_indexable_feature`
--

INSERT INTO `ps_layered_indexable_feature` VALUES (1,1),(2,1),(3,1),(4,1),(5,1),(6,1),(7,1);

--
-- Table structure for table `ps_layered_indexable_feature_lang_value`
--

CREATE TABLE `ps_layered_indexable_feature_lang_value` (
  `id_feature` int(11) NOT NULL,
  `id_lang` int(11) NOT NULL,
  `url_name` varchar(128) DEFAULT NULL,
  `meta_title` varchar(128) DEFAULT NULL,
  PRIMARY KEY (`id_feature`,`id_lang`)
) ENGINE=InnoDB DEFAULT CHARSET=utf8;

--
-- Dumping data for table `ps_layered_indexable_feature_lang_value`
--


--
-- Table structure for table `ps_layered_indexable_feature_value_lang_value`
--

CREATE TABLE `ps_layered_indexable_feature_value_lang_value` (
  `id_feature_value` int(11) NOT NULL,
  `id_lang` int(11) NOT NULL,
  `url_name` varchar(128) DEFAULT NULL,
  `meta_title` varchar(128) DEFAULT NULL,
  PRIMARY KEY (`id_feature_value`,`id_lang`)
) ENGINE=InnoDB DEFAULT CHARSET=utf8;

--
-- Dumping data for table `ps_layered_indexable_feature_value_lang_value`
--


--
-- Table structure for table `ps_layered_price_index`
--

CREATE TABLE `ps_layered_price_index` (
  `id_product` int(11) NOT NULL,
  `id_currency` int(11) NOT NULL,
  `id_shop` int(11) NOT NULL,
  `price_min` int(11) NOT NULL,
  `price_max` int(11) NOT NULL,
  PRIMARY KEY (`id_product`,`id_currency`,`id_shop`),
  KEY `id_currency` (`id_currency`),
  KEY `price_min` (`price_min`),
  KEY `price_max` (`price_max`)
) ENGINE=InnoDB DEFAULT CHARSET=utf8;

--
-- Dumping data for table `ps_layered_price_index`
--

INSERT INTO `ps_layered_price_index` VALUES (1,1,1,3600,4320),(2,1,1,110,132),(3,1,1,150,180),(4,1,1,130,156),(5,1,1,110,132),(6,1,1,150,180),(7,1,1,130,156),(8,1,1,110,132),(9,1,1,150,180),(10,1,1,130,156),(11,1,1,110,132),(12,1,1,150,180),(13,1,1,130,156),(14,1,1,110,132),(15,1,1,150,180),(16,1,1,130,156),(17,1,1,110,132),(18,1,1,150,180),(19,1,1,130,156),(20,1,1,110,132),(21,1,1,150,180),(22,1,1,130,156),(23,1,1,110,132),(24,1,1,150,180),(25,1,1,130,156),(26,1,1,110,132),(27,1,1,150,180),(28,1,1,130,156),(29,1,1,110,132),(30,1,1,150,180),(31,1,1,130,156),(32,1,1,110,132),(33,1,1,150,180),(34,1,1,130,156),(35,1,1,110,132),(36,1,1,150,180),(37,1,1,130,156),(38,1,1,110,132),(39,1,1,150,180),(40,1,1,110,132),(41,1,1,150,180),(42,1,1,150,180),(43,1,1,150,180),(44,1,1,150,180),(45,1,1,150,180),(46,1,1,150,180),(47,1,1,150,180),(48,1,1,150,180),(49,1,1,150,180),(50,1,1,150,180),(51,1,1,150,180),(52,1,1,150,180),(53,1,1,150,180),(54,1,1,150,180),(55,1,1,150,180),(56,1,1,150,180),(57,1,1,130,156),(58,1,1,110,132),(59,1,1,150,180),(60,1,1,150,180),(61,1,1,160,192),(62,1,1,170,204),(63,1,1,180,216),(64,1,1,190,228),(65,1,1,200,240),(66,1,1,210,252),(67,1,1,220,264),(68,1,1,230,276),(69,1,1,240,288),(70,1,1,250,300),(71,1,1,260,312),(72,1,1,270,324),(73,1,1,280,336),(74,1,1,290,348),(75,1,1,300,360),(76,1,1,65,65),(77,1,1,55,55),(78,1,1,75,75),(79,1,1,75,75),(80,1,1,80,80),(81,1,1,85,85),(82,1,1,90,90),(83,1,1,95,95),(84,1,1,100,100),(85,1,1,105,105),(86,1,1,110,110),(87,1,1,115,115),(88,1,1,120,120),(89,1,1,125,125),(90,1,1,130,130),(91,1,1,135,135),(92,1,1,140,140),(93,1,1,145,145),(94,1,1,150,150),(95,1,1,130,156),(96,1,1,110,132),(97,1,1,150,180),(98,1,1,150,180),(99,1,1,160,192),(100,1,1,170,204),(101,1,1,180,216),(102,1,1,190,228),(103,1,1,200,240),(104,1,1,210,252),(105,1,1,220,264),(106,1,1,230,276),(107,1,1,240,288),(108,1,1,250,300),(109,1,1,260,312),(110,1,1,270,324),(111,1,1,280,336),(112,1,1,290,348),(113,1,1,300,360),(114,1,1,130,156),(115,1,1,110,132),(116,1,1,150,180),(117,1,1,150,180),(118,1,1,160,192),(119,1,1,170,204),(120,1,1,180,216),(121,1,1,190,228),(122,1,1,200,240),(123,1,1,130,156),(124,1,1,110,132),(125,1,1,150,180),(126,1,1,150,180),(127,1,1,160,192),(128,1,1,170,204),(129,1,1,180,216),(130,1,1,190,228),(131,1,1,200,240),(132,1,1,210,252),(133,1,1,220,264),(134,1,1,230,276),(135,1,1,240,288),(136,1,1,250,300),(137,1,1,260,312),(138,1,1,270,324),(139,1,1,280,336),(140,1,1,290,348),(141,1,1,300,360),(142,1,1,310,372),(143,1,1,320,384),(144,1,1,330,396),(145,1,1,340,408),(146,1,1,350,420),(147,1,1,360,432),(148,1,1,370,444),(149,1,1,380,456),(150,1,1,130,156),(151,1,1,110,132),(152,1,1,150,180),(153,1,1,150,180),(154,1,1,160,192),(155,1,1,170,204),(156,1,1,180,216),(157,1,1,190,228),(158,1,1,200,240),(159,1,1,210,252),(160,1,1,220,264),(161,1,1,230,276),(162,1,1,240,288),(163,1,1,250,300),(164,1,1,260,312),(165,1,1,270,324),(166,1,1,280,336),(167,1,1,290,348),(168,1,1,300,360),(169,1,1,310,372),(170,1,1,320,384),(171,1,1,330,396),(172,1,1,340,408),(173,1,1,350,420),(174,1,1,360,432),(175,1,1,370,444),(176,1,1,380,456),(177,1,1,500,600),(178,1,1,110,132),(179,1,1,150,180),(180,1,1,150,180),(181,1,1,160,192),(182,1,1,170,204),(183,1,1,180,216),(184,1,1,190,228),(185,1,1,200,240),(186,1,1,220,264),(187,1,1,230,276),(188,1,1,240,288),(189,1,1,250,300),(190,1,1,270,324),(191,1,1,280,336),(192,1,1,290,348),(193,1,1,300,360),(194,1,1,310,372),(195,1,1,320,384),(196,1,1,330,396),(197,1,1,340,408),(198,1,1,350,420),(199,1,1,360,432),(200,1,1,370,444),(201,1,1,380,456),(202,1,1,380,456),(203,1,1,380,456),(204,1,1,380,456),(205,1,1,380,456),(206,1,1,380,456),(207,1,1,380,456),(208,1,1,380,456),(209,1,1,380,456),(210,1,1,130,156),(211,1,1,110,132),(212,1,1,150,180),(213,1,1,150,180),(214,1,1,160,192),(215,1,1,170,204),(216,1,1,180,216),(217,1,1,190,228),(218,1,1,200,240),(219,1,1,220,264),(220,1,1,230,276),(221,1,1,240,288),(222,1,1,250,300),(223,1,1,270,324),(224,1,1,280,336),(225,1,1,290,348),(226,1,1,300,360),(227,1,1,310,372),(228,1,1,320,384),(229,1,1,330,396),(230,1,1,340,408),(231,1,1,350,420),(232,1,1,360,432),(233,1,1,370,444),(234,1,1,380,456),(235,1,1,380,456),(236,1,1,380,456),(237,1,1,380,456),(238,1,1,380,456),(239,1,1,380,456),(240,1,1,380,456),(241,1,1,380,456),(242,1,1,380,456),(243,1,1,380,456),(244,1,1,380,456),(245,1,1,380,456),(246,1,1,380,456),(247,1,1,380,456),(248,1,1,380,456),(249,1,1,380,456),(250,1,1,380,456),(251,1,1,380,456),(252,1,1,380,456),(253,1,1,380,456),(254,1,1,380,456),(255,1,1,380,456),(256,1,1,380,456),(257,1,1,380,456),(258,1,1,380,456),(259,1,1,380,456),(260,1,1,380,456),(261,1,1,380,456),(262,1,1,380,456),(263,1,1,380,456),(264,1,1,380,456),(265,1,1,380,456),(266,1,1,380,456),(267,1,1,380,456),(268,1,1,380,456),(269,1,1,50,50),(270,1,1,55,55),(271,1,1,65,65),(272,1,1,55,55),(273,1,1,75,75),(274,1,1,75,75),(275,1,1,80,80),(276,1,1,85,85),(277,1,1,90,90),(278,1,1,95,95),(279,1,1,100,100),(280,1,1,105,105),(281,1,1,110,110),(282,1,1,115,115),(283,1,1,120,120),(284,1,1,125,125),(285,1,1,130,130),(286,1,1,135,135),(287,1,1,140,140),(288,1,1,145,145),(289,1,1,150,150),(290,1,1,155,155),(291,1,1,160,160),(292,1,1,165,165),(293,1,1,170,170),(294,1,1,175,175),(295,1,1,180,180),(296,1,1,185,185),(297,1,1,190,190),(298,1,1,195,195),(299,1,1,200,200),(300,1,1,205,205),(301,1,1,210,210),(302,1,1,215,215),(303,1,1,220,220),(304,1,1,225,225),(305,1,1,230,230),(306,1,1,230,230),(307,1,1,235,235),(308,1,1,240,240),(309,1,1,245,245),(310,1,1,250,250),(311,1,1,255,255),(312,1,1,100,120),(313,1,1,110,132),(314,1,1,130,156),(315,1,1,110,132),(316,1,1,150,180),(317,1,1,150,180),(318,1,1,160,192),(319,1,1,170,204),(320,1,1,180,216),(321,1,1,190,228),(322,1,1,200,240),(323,1,1,210,252),(324,1,1,220,264),(325,1,1,230,276),(326,1,1,240,288),(327,1,1,250,300),(328,1,1,260,312),(329,1,1,270,324),(330,1,1,280,336),(331,1,1,290,348),(332,1,1,300,360),(333,1,1,310,372),(334,1,1,320,384),(335,1,1,330,396),(336,1,1,340,408),(337,1,1,350,420),(338,1,1,360,432),(339,1,1,370,444),(340,1,1,380,456),(341,1,1,390,468),(342,1,1,400,480),(343,1,1,410,492),(344,1,1,420,504),(345,1,1,430,516),(346,1,1,440,528),(347,1,1,450,540),(348,1,1,460,552),(349,1,1,460,552),(350,1,1,470,564),(351,1,1,480,576),(352,1,1,490,588),(353,1,1,500,600),(354,1,1,510,612),(355,1,1,130,156),(356,1,1,110,132),(357,1,1,150,180),(358,1,1,150,180),(359,1,1,160,192),(360,1,1,170,204),(361,1,1,180,216),(362,1,1,190,228),(363,1,1,1160,1392),(364,1,1,210,252),(365,1,1,2116,2539),(366,1,1,230,276),(367,1,1,240,288),(368,1,1,250,300),(369,1,1,260,312),(370,1,1,270,324),(371,1,1,280,336),(372,1,1,290,348),(373,1,1,300,360),(374,1,1,310,372),(375,1,1,360,432),(376,1,1,370,444),(377,1,1,380,456),(378,1,1,390,468),(379,1,1,400,480),(380,1,1,410,492),(381,1,1,4116,4939),(382,1,1,108,130),(383,1,1,91,110),(384,1,1,125,150),(385,1,1,150,180),(386,1,1,133,160),(387,1,1,133,160),(388,1,1,141,170),(389,1,1,150,180),(390,1,1,158,190),(391,1,1,166,200),(392,1,1,166,200),(393,1,1,175,210),(394,1,1,183,220),(395,1,1,191,230),(396,1,1,200,240),(397,1,1,208,250),(398,1,1,216,260),(399,1,1,225,270),(400,1,1,233,280),(401,1,1,241,290),(402,1,1,250,300),(403,1,1,258,310),(404,1,1,340,408),(405,1,1,350,420),(406,1,1,300,360),(407,1,1,308,370),(408,1,1,316,380),(409,1,1,325,390),(410,1,1,400,480),(411,1,1,410,492),(412,1,1,420,504),(413,1,1,130,156),(414,1,1,110,132),(415,1,1,150,180),(416,1,1,150,180),(417,1,1,160,192),(418,1,1,160,192),(419,1,1,170,204),(420,1,1,180,216),(421,1,1,190,228),(422,1,1,200,240),(423,1,1,200,240),(424,1,1,210,252),(425,1,1,220,264),(426,1,1,230,276),(427,1,1,240,288),(428,1,1,250,300),(429,1,1,260,312),(430,1,1,270,324),(431,1,1,280,336),(432,1,1,290,348),(433,1,1,300,360),(434,1,1,130,156),(435,1,1,110,132),(436,1,1,150,180),(437,1,1,160,192),(438,1,1,160,192),(439,1,1,170,204),(440,1,1,180,216),(441,1,1,200,240),(442,1,1,200,240),(443,1,1,210,252),(444,1,1,220,264),(445,1,1,230,276),(446,1,1,240,288),(447,1,1,250,300),(448,1,1,260,312),(449,1,1,270,324),(450,1,1,280,336),(451,1,1,290,348),(452,1,1,300,360),(453,1,1,130,156),(454,1,1,110,132),(455,1,1,150,180),(456,1,1,160,192),(457,1,1,160,192),(458,1,1,170,204),(459,1,1,180,216),(460,1,1,200,240),(461,1,1,210,252),(462,1,1,220,264),(463,1,1,230,276),(464,1,1,240,288),(465,1,1,250,300),(466,1,1,260,312),(467,1,1,270,324),(468,1,1,270,324),(469,1,1,270,324),(470,1,1,270,324),(471,1,1,270,324),(472,1,1,270,324),(473,1,1,270,324),(474,1,1,270,324),(475,1,1,270,324),(476,1,1,270,324),(477,1,1,270,324),(478,1,1,270,324),(479,1,1,270,324),(480,1,1,270,324),(481,1,1,270,324),(482,1,1,270,324),(483,1,1,270,324),(484,1,1,270,324),(485,1,1,270,324),(486,1,1,270,324),(487,1,1,270,324),(488,1,1,270,324),(489,1,1,270,324),(490,1,1,270,324),(491,1,1,270,324),(492,1,1,130,156),(493,1,1,110,132),(494,1,1,150,180),(495,1,1,160,192),(496,1,1,160,192),(497,1,1,170,204),(498,1,1,180,216),(499,1,1,200,240),(500,1,1,210,252),(501,1,1,220,264),(502,1,1,230,276),(503,1,1,240,288),(504,1,1,250,300),(505,1,1,260,312),(506,1,1,270,324),(507,1,1,270,324),(508,1,1,270,324),(509,1,1,270,324),(510,1,1,270,324),(511,1,1,270,324),(512,1,1,270,324),(513,1,1,270,324),(514,1,1,270,324),(515,1,1,270,324),(516,1,1,270,324),(517,1,1,270,324),(518,1,1,270,324),(519,1,1,270,324),(520,1,1,270,324),(521,1,1,270,324),(522,1,1,270,324),(523,1,1,270,324),(524,1,1,130,156),(525,1,1,110,132),(526,1,1,150,180),(527,1,1,160,192),(528,1,1,160,192),(529,1,1,170,204),(530,1,1,180,216),(531,1,1,200,240),(532,1,1,210,252),(533,1,1,220,264),(534,1,1,230,276),(535,1,1,240,288),(536,1,1,250,300),(537,1,1,260,312),(538,1,1,270,324),(539,1,1,270,324),(540,1,1,270,324),(541,1,1,270,324),(542,1,1,270,324),(543,1,1,270,324),(544,1,1,270,324),(545,1,1,270,324),(546,1,1,270,324),(547,1,1,270,324),(548,1,1,270,324),(549,1,1,270,324),(550,1,1,270,324),(551,1,1,270,324),(552,1,1,270,324),(553,1,1,270,324),(554,1,1,270,324),(555,1,1,270,324),(556,1,1,270,324),(557,1,1,270,324),(558,1,1,270,324),(559,1,1,270,324),(560,1,1,270,324),(561,1,1,270,324),(562,1,1,270,324),(563,1,1,270,324),(564,1,1,270,324),(565,1,1,270,324),(566,1,1,270,324),(567,1,1,270,324),(568,1,1,130,156),(569,1,1,110,132),(570,1,1,150,180),(571,1,1,160,192),(572,1,1,160,192),(573,1,1,170,204),(574,1,1,180,216),(575,1,1,200,240),(576,1,1,210,252),(577,1,1,220,264),(578,1,1,130,156),(579,1,1,110,132),(580,1,1,150,180),(581,1,1,160,192),(582,1,1,160,192),(583,1,1,170,204),(584,1,1,180,216),(585,1,1,200,240),(586,1,1,200,240),(587,1,1,210,252),(588,1,1,220,264),(589,1,1,230,276),(590,1,1,240,288),(591,1,1,250,300),(592,1,1,260,312),(593,1,1,270,324),(594,1,1,280,336),(595,1,1,290,348),(596,1,1,300,360),(597,1,1,2900,3480),(598,1,1,3600,4320),(599,1,1,2300,2760),(600,1,1,16500,19800),(601,1,1,1900,2280),(602,1,1,750,900),(603,1,1,4500,5400),(604,1,1,18500,22200),(605,1,1,5300,6360),(606,1,1,10000,12000),(607,1,1,11500,13800),(608,1,1,11500,13800),(609,1,1,4800,5760),(610,1,1,2200,2640),(611,1,1,3800,4560),(612,1,1,2300,2760),(613,1,1,1600,1920),(614,1,1,2900,3480),(615,1,1,3600,4320),(616,1,1,2300,2760),(617,1,1,16500,19800),(618,1,1,1900,2280),(619,1,1,750,900),(620,1,1,4500,5400),(621,1,1,5300,6360),(622,1,1,10000,12000),(623,1,1,11500,13800),(624,1,1,11500,13800),(625,1,1,4800,5760),(626,1,1,2200,2640),(627,1,1,3800,4560),(628,1,1,2300,2760),(629,1,1,1600,1920),(630,1,1,100000,120000),(631,1,1,2616,3140),(632,1,1,3600,4320),(633,1,1,2300,2760),(634,1,1,13083,15700),(635,1,1,1900,2280),(636,1,1,750,900),(637,1,1,16750,20100),(638,1,1,15250,18300),(639,1,1,4533,5440),(640,1,1,8750,10500),(641,1,1,10416,12500),(642,1,1,10575,12690),(643,1,1,5041,6050),(644,1,1,1333,1600),(645,1,1,3833,4600),(646,1,1,1833,2200),(647,1,1,1433,1720),(648,1,1,1200,1440),(649,1,1,13900,16680),(650,1,1,19900,23880),(651,1,1,9800,11760),(652,1,1,1200,1440),(653,1,1,13900,16680),(654,1,1,19900,23880),(655,1,1,9800,11760),(656,1,1,1200,1440),(657,1,1,13900,16680),(658,1,1,19900,23880),(659,1,1,9800,11760),(660,1,1,0,0),(661,1,1,9900,11880),(662,1,1,5900,7080),(663,1,1,4800,5760),(664,1,1,6000,7200),(665,1,1,4300,5160),(666,1,1,300,360),(667,1,1,650,780),(668,1,1,145,145),(669,1,1,0,0),(670,1,1,1200,1440),(671,1,1,13900,16680),(672,1,1,19900,23880),(673,1,1,9800,11760),(674,1,1,690,828),(675,1,1,4700,5640),(676,1,1,9900,11880),(677,1,1,5900,7080),(678,1,1,4800,5760),(679,1,1,0,0),(680,1,1,6000,7200),(681,1,1,4300,5160),(682,1,1,300,360),(683,1,1,650,780),(684,1,1,1200,1440),(685,1,1,13900,16680),(686,1,1,19900,23880),(687,1,1,9800,11760),(688,1,1,0,0),(689,1,1,9900,11880),(690,1,1,5900,7080),(691,1,1,4800,5760),(692,1,1,6000,7200),(693,1,1,4300,5160),(694,1,1,300,360),(695,1,1,650,780),(696,1,1,2500,3000),(697,1,1,2800,3360),(698,1,1,2600,3120),(699,1,1,1200,1440),(700,1,1,1200,1440),(701,1,1,110,132),(702,1,1,13900,16680),(703,1,1,19900,23880),(704,1,1,9800,11760),(705,1,1,690,828),(706,1,1,4700,5640),(707,1,1,350,420),(708,1,1,9900,11880),(709,1,1,5900,7080),(710,1,1,4800,5760),(711,1,1,6000,7200),(712,1,1,4300,5160),(713,1,1,300,360),(714,1,1,650,780),(715,1,1,1200,1440),(716,1,1,110,132),(717,1,1,13900,16680),(718,1,1,19900,23880),(719,1,1,9800,11760),(720,1,1,9900,11880),(721,1,1,5900,7080),(722,1,1,4800,5760),(723,1,1,6000,7200),(724,1,1,4300,5160),(725,1,1,300,360),(726,1,1,650,780),(727,1,1,1000,1200),(728,1,1,9166,11000),(729,1,1,11583,13900),(730,1,1,19900,23880),(731,1,1,8166,9800),(732,1,1,8583,10300),(733,1,1,5708,6850),(734,1,1,4166,5000),(735,1,1,5000,6000),(736,1,1,1200,1440),(737,1,1,4000,4800),(738,1,1,583,700),(739,1,1,541,650),(740,1,1,110,132),(741,1,1,13900,16680),(742,1,1,19900,23880),(743,1,1,9800,11760),(744,1,1,9900,11880),(745,1,1,5900,7080),(746,1,1,4800,5760),(747,1,1,6000,7200),(748,1,1,4300,5160),(749,1,1,300,360),(750,1,1,650,780),(751,1,1,208,250),(752,1,1,5750,6900),(753,1,1,3750,4500),(754,1,1,291,350),(755,1,1,250,300),(756,1,1,125,150),(757,1,1,125,150),(758,1,1,208,250),(759,1,1,250,300),(760,1,1,625,750),(761,1,1,1833,2200),(762,1,1,1500,1800),(764,1,1,1125,1350),(765,1,1,1333,1600),(766,1,1,575,690),(767,1,1,208,250),(768,1,1,70,85),(769,1,1,150,180),(770,1,1,375,450),(771,1,1,375,450),(772,1,1,375,450),(773,1,1,600,720),(774,1,1,8750,10500),(775,1,1,10833,13000),(776,1,1,8750,10500),(777,1,1,2166,2600),(778,1,1,8500,10200),(779,1,1,20000,24000),(780,1,1,30791,36950),(781,1,1,38833,46600),(782,1,1,416,500),(783,1,1,541,650),(784,1,1,500,600),(785,1,1,750,900),(786,1,1,1125,1350),(787,1,1,1250,1500),(788,1,1,4166,5000),(789,1,1,4583,5500),(790,1,1,1375,1650),(791,1,1,1666,2000),(792,1,1,150,180),(793,1,1,80,96),(794,1,1,100,120),(795,1,1,80,96),(796,1,1,50,60),(797,1,1,80,96),(798,1,1,120,144),(799,1,1,40,48),(800,1,1,100,120),(801,1,1,100,120),(802,1,1,80,96),(803,1,1,150,180),(804,1,1,40,48),(805,1,1,40,48),(806,1,1,150,180),(807,1,1,130,156),(808,1,1,80,96),(809,1,1,250,300),(810,1,1,80,96),(811,1,1,150,180),(812,1,1,80,96),(813,1,1,150,180),(814,1,1,120,144),(815,1,1,150,180),(816,1,1,80,96),(817,1,1,120,144),(818,1,1,4500,5400),(819,1,1,1400,1680),(820,1,1,150,180),(821,1,1,25000,30000),(822,1,1,6700,8040),(823,1,1,5600,6720),(824,1,1,5900,7080),(825,1,1,2650,3180),(826,1,1,200,240),(827,1,1,30,36),(828,1,1,30,36),(829,1,1,200,240),(830,1,1,18400,22080),(831,1,1,2500,3000),(832,1,1,70,84),(833,1,1,50,60),(834,1,1,100,120),(835,1,1,500,600),(836,1,1,500,600),(837,1,1,4000,4800),(838,1,1,87,105),(839,1,1,33,40),(840,1,1,550,660),(841,1,1,500,600),(842,1,1,500,600),(843,1,1,250,300),(844,1,1,333,400),(845,1,1,16,20),(846,1,1,160,192),(847,1,1,100,120),(848,1,1,250,300),(849,1,1,208,250),(850,1,1,650,780),(851,1,1,66,80),(852,1,1,291,350),(853,1,1,291,350),(854,1,1,250,300),(855,1,1,133,160),(856,1,1,158,190),(857,1,1,116,140),(858,1,1,291,350),(859,1,1,291,350),(860,1,1,291,350),(861,1,1,291,350),(862,1,1,291,350),(863,1,1,125,150),(864,1,1,166,200),(865,1,1,70,85),(866,1,1,250,300),(867,1,1,1800,2160),(868,1,1,2300,2760),(869,1,1,2100,2520),(870,1,1,1950,2340),(871,1,1,1600,1920),(872,1,1,500,600),(873,1,1,1900,2280),(874,1,1,800,960),(875,1,1,1200,1440),(876,1,1,1200,1440),(877,1,1,4500,5400),(878,1,1,2800,3360),(879,1,1,500,600),(880,1,1,500,600),(881,1,1,1950,2340),(882,1,1,4500,5400),(883,1,1,7000,8400),(884,1,1,4000,4800),(885,1,1,8000,9600),(886,1,1,2200,2640),(887,1,1,2000,2400),(888,1,1,1750,2100),(889,1,1,13500,16200),(890,1,1,3500,4200),(891,1,1,3500,4200),(892,1,1,1500,1800),(893,1,1,1916,2300),(894,1,1,2166,2600),(895,1,1,541,650),(896,1,1,1208,1450),(897,1,1,541,650),(898,1,1,1583,1900),(899,1,1,800,960),(900,1,1,1125,1350),(901,1,1,1125,1350),(902,1,1,3750,4500),(903,1,1,2233,2680),(904,1,1,708,850),(905,1,1,458,550),(906,1,1,1950,2340),(907,1,1,3750,4500),(908,1,1,5833,7000),(909,1,1,4000,4800),(910,1,1,8000,9600),(911,1,1,1833,2200),(912,1,1,1666,2000),(913,1,1,1541,1850),(914,1,1,11250,13500),(915,1,1,2916,3500),(916,1,1,2916,3500),(917,1,1,1458,1750),(918,1,1,3166,3800),(919,1,1,2166,2600),(920,1,1,1000,1200),(921,1,1,3541,4250),(922,1,1,2166,2600),(923,1,1,2166,2600),(924,1,1,791,950),(925,1,1,1541,1850),(926,1,1,1200,1440),(927,1,1,3633,4360),(928,1,1,4241,5090),(929,1,1,1416,1700),(930,1,1,916,1100),(931,1,1,416,500),(932,1,1,4166,5000),(933,1,1,1416,1700),(934,1,1,958,1150),(935,1,1,1916,2300),(936,1,1,1200,1440),(937,1,1,1916,2300),(938,1,1,1625,1950),(939,1,1,1000,1200),(940,1,1,1000,1200),(941,1,1,1083,1300),(942,1,1,916,1100),(943,1,1,1333,1600),(944,1,1,1916,2300),(945,1,1,1500,1800),(946,1,1,625,750),(947,1,1,1416,1700),(948,1,1,2200,2640),(949,1,1,1625,1950),(950,1,1,708,850),(951,1,1,1250,1500),(952,1,1,950,1140),(953,1,1,20,24),(954,1,1,340,408),(955,1,1,240,288),(956,1,1,1750,2100),(957,1,1,235,282),(958,1,1,3300,3960),(959,1,1,750,900),(960,1,1,140,168),(961,1,1,3000,3600),(962,1,1,2400,2880),(963,1,1,140,168),(964,1,1,4200,5040),(965,1,1,1400,1680),(966,1,1,1400,1680),(967,1,1,1800,2160),(968,1,1,3800,4560),(969,1,1,250,300),(970,1,1,220,264),(971,1,1,600,720),(972,1,1,550,660),(973,1,1,650,780),(974,1,1,220,264),(975,1,1,1500,1800),(976,1,1,140,168),(977,1,1,3750,4500),(978,1,1,1166,1400),(979,1,1,150,180),(980,1,1,20833,25000),(981,1,1,5583,6700),(982,1,1,4666,5600),(983,1,1,4916,5900),(984,1,1,2000,2400),(985,1,1,11583,13900),(986,1,1,33,40),(987,1,1,33,40),(988,1,1,200,240),(989,1,1,7083,8500),(990,1,1,1800,2160),(991,1,1,58,70),(992,1,1,41,50),(993,1,1,83,100),(994,1,1,500,600),(995,1,1,416,500),(996,1,1,4000,4800),(997,1,1,340,408),(998,1,1,340,408),(999,1,1,160,192),(1000,1,1,235,282),(1001,1,1,233,280),(1002,1,1,75,90),(1003,1,1,185,222),(1004,1,1,185,222),(1005,1,1,185,222),(1006,1,1,332,398),(1007,1,1,225,270),(1008,1,1,80,96),(1009,1,1,375,450),(1010,1,1,235,282),(1011,1,1,220,264),(1012,1,1,350,420),(1013,1,1,125,150),(1014,1,1,335,402),(1015,1,1,80,96),(1016,1,1,250,300),(1017,1,1,250,300),(1018,1,1,375,450),(1019,1,1,85,102),(1020,1,1,190,228),(1021,1,1,120,144),(1022,1,1,50,60),(1023,1,1,50,60),(1024,1,1,215,258),(1025,1,1,130,156),(1026,1,1,100,120),(1027,1,1,65,78),(1028,1,1,410,492),(1029,1,1,410,492),(1030,1,1,215,258),(1031,1,1,230,276),(1032,1,1,419,503),(1033,1,1,245,294),(1034,1,1,230,276),(1035,1,1,115,138),(1036,1,1,250,300),(1037,1,1,155,186),(1038,1,1,50,60),(1039,1,1,50,60),(1040,1,1,165,198),(1041,1,1,125,150),(1042,1,1,185,222),(1043,1,1,195,234),(1044,1,1,100,120),(1045,1,1,150,180),(1046,1,1,190,228),(1047,1,1,230,276),(1048,1,1,330,396),(1049,1,1,178,214),(1050,1,1,295,354),(1051,1,1,150,180),(1052,1,1,60,72),(1053,1,1,265,318),(1054,1,1,245,294),(1055,1,1,250,300),(1056,1,1,100,120),(1057,1,1,245,294),(1058,1,1,45,54),(1059,1,1,0,0),(1060,1,1,16,20),(1061,1,1,283,340),(1062,1,1,200,240),(1063,1,1,1458,1750),(1064,1,1,195,235),(1065,1,1,2750,3300),(1066,1,1,625,750),(1067,1,1,116,140),(1068,1,1,2500,3000),(1069,1,1,1166,1400),(1070,1,1,1500,1800),(1071,1,1,3166,3800),(1072,1,1,208,250),(1073,1,1,183,220),(1074,1,1,500,600),(1075,1,1,458,550),(1076,1,1,541,650),(1077,1,1,183,220),(1078,1,1,1250,1500),(1079,1,1,116,140),(1080,1,1,458,550),(1081,1,1,16,20),(1082,1,1,283,340),(1083,1,1,200,240),(1084,1,1,1458,1750),(1085,1,1,195,235),(1086,1,1,2916,3500),(1087,1,1,625,750),(1088,1,1,116,140),(1089,1,1,2500,3000),(1090,1,1,1166,1400),(1091,1,1,1500,1800),(1092,1,1,3166,3800),(1093,1,1,208,250),(1094,1,1,150,180),(1095,1,1,500,600),(1096,1,1,458,550),(1097,1,1,708,850),(1098,1,1,183,220),(1099,1,1,1250,1500),(1100,1,1,116,140),(1101,1,1,125,150),(1102,1,1,108,130),(1103,1,1,66,80),(1104,1,1,208,250),(1105,1,1,66,80),(1106,1,1,125,150),(1107,1,1,66,80),(1108,1,1,100,120),(1109,1,1,125,150),(1110,1,1,66,80),(1111,1,1,100,120),(1112,1,1,125,150),(1113,1,1,108,130),(1114,1,1,66,80),(1115,1,1,208,250),(1116,1,1,66,80),(1117,1,1,125,150),(1118,1,1,66,80),(1119,1,1,100,120),(1120,1,1,125,150),(1121,1,1,66,80),(1122,1,1,100,120),(1123,1,1,283,340),(1124,1,1,283,340),(1125,1,1,133,160),(1126,1,1,195,235),(1127,1,1,194,233),(1128,1,1,62,75),(1129,1,1,154,185),(1130,1,1,154,185),(1131,1,1,154,185),(1132,1,1,276,332),(1133,1,1,187,225),(1134,1,1,66,80),(1135,1,1,312,375),(1136,1,1,195,235),(1137,1,1,183,220),(1138,1,1,291,350),(1139,1,1,104,125),(1140,1,1,279,335),(1141,1,1,66,80),(1142,1,1,208,250),(1143,1,1,208,250),(1144,1,1,312,375),(1145,1,1,70,85),(1146,1,1,158,190),(1147,1,1,100,120),(1148,1,1,41,50),(1149,1,1,41,50),(1150,1,1,179,215),(1151,1,1,108,130),(1152,1,1,83,100),(1153,1,1,54,65),(1154,1,1,341,410),(1155,1,1,341,410),(1156,1,1,179,215),(1157,1,1,191,230),(1158,1,1,349,419),(1159,1,1,204,245),(1160,1,1,191,230),(1161,1,1,95,115),(1162,1,1,208,250),(1163,1,1,129,155),(1164,1,1,41,50),(1165,1,1,41,50),(1166,1,1,137,165),(1167,1,1,104,125),(1168,1,1,154,185),(1169,1,1,162,195),(1170,1,1,83,100),(1171,1,1,125,150),(1172,1,1,158,190),(1173,1,1,191,230),(1174,1,1,275,330),(1175,1,1,148,178),(1176,1,1,245,295),(1177,1,1,125,150),(1178,1,1,50,60),(1179,1,1,220,265),(1180,1,1,204,245),(1181,1,1,208,250),(1182,1,1,83,100),(1183,1,1,204,245),(1184,1,1,37,45),(1185,1,1,0,0),(1186,1,1,283,340),(1187,1,1,283,340),(1188,1,1,133,160),(1189,1,1,195,235),(1190,1,1,194,233),(1191,1,1,62,75),(1192,1,1,154,185),(1193,1,1,154,185),(1194,1,1,154,185),(1195,1,1,276,332),(1196,1,1,187,225),(1197,1,1,66,80),(1198,1,1,312,375),(1199,1,1,195,235),(1200,1,1,183,220),(1201,1,1,291,350),(1202,1,1,104,125),(1203,1,1,279,335),(1204,1,1,66,80),(1205,1,1,208,250),(1206,1,1,208,250),(1207,1,1,312,375),(1208,1,1,70,85),(1209,1,1,158,190),(1210,1,1,100,120),(1211,1,1,41,50),(1212,1,1,41,50),(1213,1,1,179,215),(1214,1,1,108,130),(1215,1,1,83,100),(1216,1,1,54,65),(1217,1,1,341,410),(1218,1,1,341,410),(1219,1,1,179,215),(1220,1,1,191,230),(1221,1,1,349,419),(1222,1,1,204,245),(1223,1,1,191,230),(1224,1,1,95,115),(1225,1,1,208,250),(1226,1,1,129,155),(1227,1,1,41,50),(1228,1,1,41,50),(1229,1,1,137,165),(1230,1,1,104,125),(1231,1,1,154,185),(1232,1,1,162,195),(1233,1,1,83,100),(1234,1,1,125,150),(1235,1,1,158,190),(1236,1,1,191,230),(1237,1,1,275,330),(1238,1,1,148,178),(1239,1,1,245,295),(1240,1,1,125,150),(1241,1,1,50,60),(1242,1,1,220,265),(1243,1,1,204,245),(1244,1,1,208,250),(1245,1,1,83,100),(1246,1,1,204,245),(1247,1,1,37,45),(1248,1,1,0,0),(1249,1,1,0,0),(1250,1,1,0,0),(1251,1,1,900,1080),(1252,1,1,4500,5400),(1253,1,1,4000,4800),(1254,1,1,400,480),(1255,1,1,287,345),(1256,1,1,450,540),(1257,1,1,1200,1440),(1258,1,1,1450,1740),(1259,1,1,0,0),(1260,1,1,0,0),(1261,1,1,1249,1500),(1262,1,1,1162,1395),(1263,1,1,0,0),(1264,1,1,1125,1350),(1265,1,1,0,0),(1266,1,1,2062,2475),(1267,1,1,150,180),(1268,1,1,35,42),(1269,1,1,36,43),(1270,1,1,1875,2250),(1271,1,1,165,198),(1272,1,1,31,37),(1273,1,1,50,60),(1274,1,1,62,75),(1275,1,1,50,60),(1276,1,1,0,0),(1277,1,1,80,96),(1278,1,1,75,90),(1279,1,1,67,81),(1280,1,1,78,95),(1281,1,1,137,165),(1282,1,1,70,85),(1283,1,1,0,0),(1284,1,1,393,473),(1285,1,1,36,43),(1286,1,1,162,195),(1287,1,1,0,0),(1288,1,1,0,0),(1289,1,1,0,0),(1290,1,1,1237,1485),(1291,1,1,0,0),(1292,1,1,397,477),(1293,1,1,435,522),(1294,1,1,1293,1553),(1295,1,1,1147,1377),(1296,1,1,1687,2025),(1297,1,1,0,0),(1298,1,1,3333,4000),(1299,1,1,2333,2800),(1300,1,1,1458,1750),(1301,1,1,2916,3500),(1302,1,1,0,0),(1303,1,1,0,0),(1304,1,1,500,600),(1305,1,1,1111,1333),(1306,1,1,138,167),(1307,1,1,159,192),(1308,1,1,458,550),(1309,1,1,729,875),(1310,1,1,693,833),(1311,1,1,0,0),(1312,1,1,0,0),(1313,1,1,694,833),(1314,1,1,645,775),(1315,1,1,1145,1375),(1316,1,1,14,17),(1317,1,1,15,18),(1318,1,1,1041,1250),(1319,1,1,91,110),(1320,1,1,17,21),(1321,1,1,20,25),(1322,1,1,34,42),(1323,1,1,20,25),(1324,1,1,0,0),(1325,1,1,33,40),(1326,1,1,31,38),(1327,1,1,37,45),(1328,1,1,43,53),(1329,1,1,76,92),(1330,1,1,39,47),(1331,1,1,218,263),(1332,1,1,15,18),(1333,1,1,96,116),(1334,1,1,0,0),(1335,1,1,0,0),(1336,1,1,0,0),(1337,1,1,687,825),(1338,1,1,220,265),(1339,1,1,241,290),(1340,1,1,718,863),(1341,1,1,637,765),(1342,1,1,937,1125),(1343,1,1,0,0),(1344,1,1,0,0),(1345,1,1,0,0),(1346,1,1,0,0),(1347,1,1,0,0),(1348,1,1,0,0),(1349,1,1,0,0),(1350,1,1,0,0),(1351,1,1,500,600),(1352,1,1,1111,1333),(1353,1,1,138,167),(1354,1,1,159,192),(1355,1,1,458,550),(1356,1,1,729,875),(1357,1,1,693,833),(1358,1,1,0,0),(1359,1,1,0,0),(1360,1,1,694,833),(1361,1,1,645,775),(1362,1,1,1145,1375),(1363,1,1,14,17),(1364,1,1,15,18),(1365,1,1,1041,1250),(1366,1,1,91,110),(1367,1,1,17,21),(1368,1,1,20,25),(1369,1,1,34,42),(1370,1,1,20,25),(1371,1,1,0,0),(1372,1,1,33,40),(1373,1,1,31,38),(1374,1,1,37,45),(1375,1,1,43,53),(1376,1,1,76,92),(1377,1,1,39,47),(1378,1,1,218,263),(1379,1,1,15,18),(1380,1,1,96,116),(1381,1,1,0,0),(1382,1,1,0,0),(1383,1,1,0,0),(1384,1,1,687,825),(1385,1,1,220,265),(1386,1,1,241,290),(1387,1,1,718,863),(1388,1,1,637,765),(1389,1,1,937,1125),(1390,1,1,0,0),(1391,1,1,0,0),(1392,1,1,0,0),(1393,1,1,0,0),(1394,1,1,0,0),(1395,1,1,0,0),(1396,1,1,83,100),(1397,1,1,83,100),(1398,1,1,1000,1200),(1399,1,1,2916,3500),(1400,1,1,400,480),(1401,1,1,291,350),(1402,1,1,375,450),(1403,1,1,666,800),(1404,1,1,1208,1450),(1405,1,1,541,650),(1406,1,1,1416,1700),(1407,1,1,1250,1500),(1408,1,1,1166,1400),(1409,1,1,1791,2150),(1410,1,1,33,40),(1411,1,1,33,40),(1412,1,1,1875,2250),(1413,1,1,125,150),(1414,1,1,41,50),(1415,1,1,45,55),(1416,1,1,50,60),(1417,1,1,41,50),(1418,1,1,166,200),(1419,1,1,41,50),(1420,1,1,45,55),(1421,1,1,62,75),(1422,1,1,54,65),(1423,1,1,83,100),(1424,1,1,233,280),(1425,1,1,458,550),(1426,1,1,708,850),(1427,1,1,125,150),(1428,1,1,291,350),(1429,1,1,250,300),(1430,1,1,183,220),(1431,1,1,1125,1350),(1432,1,1,375,450),(1433,1,1,375,450),(1434,1,1,1250,1500),(1435,1,1,1125,1350),(1436,1,1,833,1000),(1437,1,1,125,150),(1438,1,1,3333,4000),(1439,1,1,2750,3300),(1440,1,1,1541,1850),(1441,1,1,4583,5500),(1442,1,1,150,180),(1443,1,1,183,220),(1444,1,1,191,230),(1445,1,1,416,500),(1446,1,1,225,270),(1447,1,1,375,450),(1448,1,1,125,150),(1449,1,1,108,130),(1450,1,1,66,80),(1451,1,1,208,250),(1452,1,1,66,80),(1453,1,1,125,150),(1454,1,1,66,80),(1455,1,1,100,120),(1456,1,1,125,150),(1457,1,1,66,80),(1458,1,1,100,120),(1459,1,1,8750,10500),(1460,1,1,10833,13000),(1461,1,1,8750,10500),(1462,1,1,2166,2600),(1463,1,1,8500,10200),(1464,1,1,13750,16500),(1465,1,1,27500,33000),(1466,1,1,31666,38000),(1467,1,1,2333,2800),(1468,1,1,75,90),(1469,1,1,83,100),(1470,1,1,625,750),(1471,1,1,125,150),(1472,1,1,250,300),(1473,1,1,41,50),(1474,1,1,208,250),(1475,1,1,100,120),(1476,1,1,150,180),(1477,1,1,150,180),(1478,1,1,150,180),(1479,1,1,83,100),(1480,1,1,20,25),(1481,1,1,83,100),(1482,1,1,16,20),(1483,1,1,100,120),(1484,1,1,66,80),(1485,1,1,100,120),(1486,1,1,66,80),(1487,1,1,83,100),(1488,1,1,12,15),(1489,1,1,8,10),(1490,1,1,8,10),(1491,1,1,150,180),(1492,1,1,4,5),(1493,1,1,375,450),(1494,1,1,33,40),(1495,1,1,12,15),(1496,1,1,37,45),(1497,1,1,100,120),(1498,1,1,45,55),(1499,1,1,10,12),(1500,1,1,50,60),(1501,1,1,6,8),(1502,1,1,50,60),(1503,1,1,66,80),(1504,1,1,8,10),(1505,1,1,6,8),(1506,1,1,50,60),(1507,1,1,9,11),(1508,1,1,83,100),(1509,1,1,100,120),(1510,1,1,12,15),(1511,1,1,175,210),(1512,1,1,91,110),(1513,1,1,33,40),(1514,1,1,100,120),(1515,1,1,75,90),(1516,1,1,12,15),(1517,1,1,50,60),(1518,1,1,16,20),(1519,1,1,55,55),(1520,1,1,12,12),(1521,1,1,60,60),(1522,1,1,8,8),(1523,1,1,60,60),(1524,1,1,80,80),(1525,1,1,10,10),(1526,1,1,8,8),(1527,1,1,170,170),(1528,1,1,11,11),(1529,1,1,100,100),(1530,1,1,120,120),(1531,1,1,15,15),(1532,1,1,210,210),(1533,1,1,110,110),(1534,1,1,40,40),(1535,1,1,120,120),(1536,1,1,90,90),(1537,1,1,15,15),(1538,1,1,60,60),(1539,1,1,20,20),(1540,1,1,150,180),(1541,1,1,66,80),(1542,1,1,83,100),(1543,1,1,66,80),(1544,1,1,41,50),(1545,1,1,100,120),(1546,1,1,66,80),(1547,1,1,33,40),(1548,1,1,83,100),(1549,1,1,83,100),(1550,1,1,66,80),(1551,1,1,83,100),(1552,1,1,158,190),(1553,1,1,33,40),(1554,1,1,33,40),(1555,1,1,125,150),(1556,1,1,108,130),(1557,1,1,66,80),(1558,1,1,208,250),(1559,1,1,66,80),(1560,1,1,125,150),(1561,1,1,83,100),(1562,1,1,125,150),(1563,1,1,100,120),(1564,1,1,208,250),(1565,1,1,66,80),(1566,1,1,150,180),(1567,1,1,7258,8710),(1568,1,1,6090,7308),(1569,1,1,1208,1450),(1570,1,1,2083,2500),(1571,1,1,791,950),(1572,1,1,708,850),(1573,1,1,708,850),(1574,1,1,1125,1350),(1575,1,1,1416,1700),(1576,1,1,2333,2800),(1577,1,1,2466,2960),(1578,1,1,1625,1950),(1579,1,1,2583,3100),(1580,1,1,750,900),(1581,1,1,375,450),(1582,1,1,1333,1600),(1583,1,1,0,0),(1584,1,1,0,0),(1585,1,1,875,1050),(1586,1,1,0,0),(1587,1,1,583,700),(1588,1,1,24583,29500),(1589,1,1,4583,5500),(1590,1,1,3833,4600),(1591,1,1,416,500),(1592,1,1,11250,13500),(1593,1,1,416,500),(1594,1,1,416,500),(1595,1,1,1250,1500),(1596,1,1,283,340),(1597,1,1,1666,2000),(1598,1,1,3750,4500),(1599,1,1,1333,1600),(1600,1,1,32500,39000),(1601,1,1,41666,50000),(1602,1,1,1000,1200),(1603,1,1,458,550),(1604,1,1,291,350),(1605,1,1,312,375),(1606,1,1,15416,18500),(1607,1,1,283,340),(1608,1,1,11250,13500),(1609,1,1,583,700),(1610,1,1,1233,1480),(1611,1,1,4583,5500),(1612,1,1,3683,4420),(1613,1,1,148,178),(1614,1,1,208,250),(1615,1,1,2750,3300),(1616,1,1,583,700),(1617,1,1,4583,5500),(1618,1,1,100,120),(1619,1,1,54,65),(1620,1,1,825,990),(1621,1,1,583,700),(1622,1,1,6333,7600),(1623,1,1,5700,6840),(1624,1,1,1158,1390),(1625,1,1,208,250),(1626,1,1,3483,4180),(1627,1,1,1166,1400),(1628,1,1,1208,1450),(1629,1,1,3166,3800),(1630,1,1,1416,1700),(1631,1,1,1408,1690),(1632,1,1,6250,7500),(1633,1,1,5416,6500),(1634,1,1,1833,2200),(1635,1,1,1083,1300),(1636,1,1,2083,2500),(1637,1,1,783,940),(1638,1,1,1208,1450),(1639,1,1,1658,1990),(1640,1,1,1916,2300),(1641,1,1,1958,2350),(1642,1,1,1208,1450),(1643,1,1,1333,1600),(1644,1,1,1250,1500),(1645,1,1,1041,1250),(1646,1,1,2416,2900),(1647,1,1,1000,1200),(1648,1,1,1333,1600),(1649,1,1,15416,18500),(1650,1,1,2208,2650),(1651,1,1,1150,1380),(1652,1,1,1083,1300),(1653,1,1,2166,2167),(1654,1,1,5166,6200),(1655,1,1,1666,2000),(1656,1,1,1833,2200),(1657,1,1,6416,7700),(1658,1,1,916,1100),(1659,1,1,916,1100),(1660,1,1,1416,1700),(1661,1,1,1416,1700),(1662,1,1,1416,1700),(1663,1,1,1916,2300),(1664,1,1,1916,2300),(1665,1,1,1458,1750),(1666,1,1,7500,9000),(1667,1,1,875,1050),(1668,1,1,1458,1750),(1669,1,1,2083,2500),(1670,1,1,1333,1600),(1671,1,1,1250,1500),(1672,1,1,916,1100),(1673,1,1,1041,1250),(1674,1,1,1408,1690),(1675,1,1,1158,1390),(1676,1,1,1158,1390),(1677,1,1,1158,1390),(1678,1,1,3000,3600),(1679,1,1,2666,3200),(1680,1,1,1625,1950),(1681,1,1,11583,13900),(1682,1,1,1208,1450),(1683,1,1,1250,1500),(1684,1,1,2916,3500),(1685,1,1,2291,2750),(1686,1,1,1041,1250),(1687,1,1,841,1010),(1688,1,1,1041,1250),(1689,1,1,1541,1850),(1690,1,1,2233,2680),(1691,1,1,0,0),(1692,1,1,1441,1730),(1693,1,1,541,650),(1694,1,1,541,650),(1695,1,1,3166,3800),(1696,1,1,13916,16700),(1697,1,1,625,750),(1698,1,1,3166,3800),(1699,1,1,3166,3800),(1700,1,1,3166,3800),(1701,1,1,3166,3800),(1702,1,1,3166,3800),(1703,1,1,3166,3800),(1704,1,1,3166,3800),(1705,1,1,3166,3800),(1706,1,1,3166,3800),(1707,1,1,3166,3800),(1708,1,1,3166,3800),(1709,1,1,3166,3800),(1710,1,1,11354,13625),(1711,1,1,2000,2400),(1712,1,1,7608,9130),(1713,1,1,12169,14603),(1714,1,1,18150,21780),(1715,1,1,14083,16900),(1716,1,1,14416,17300),(1717,1,1,9833,11800),(1718,1,1,2000,2400),(1719,1,1,8208,9850),(1720,1,1,12810,15372),(1721,1,1,18750,22500),(1722,1,1,12250,14700),(1723,1,1,14416,17300),(1724,1,1,5375,6450),(1725,1,1,5083,6100),(1726,1,1,8166,9800),(1727,1,1,2916,3500),(1728,1,1,3666,4400),(1729,1,1,5375,6450),(1730,1,1,5083,6100),(1731,1,1,8166,9800),(1732,1,1,2916,3500),(1733,1,1,3666,4400),(1734,1,1,3166,3800),(1735,1,1,9833,11800),(1736,1,1,2000,2400),(1737,1,1,8208,9850),(1738,1,1,12810,15372),(1739,1,1,18750,22500),(1740,1,1,12250,14700),(1741,1,1,14416,17300),(1742,1,1,5375,6450),(1743,1,1,5083,6100),(1744,1,1,8166,9800),(1745,1,1,2916,3500),(1746,1,1,3666,4400),(1747,1,1,8250,9900),(1748,1,1,0,0),(1749,1,1,12075,14490),(1750,1,1,4150,4980),(1751,1,1,150,180),(1752,1,1,241,290),(1753,1,1,1416,1700),(1754,1,1,1183,1420),(1755,1,1,1883,2260),(1756,1,1,3400,4080),(1757,1,1,150,180),(1758,1,1,1533,1840),(1759,1,1,613,736),(1760,1,1,3750,4500),(1761,1,1,0,0),(1762,1,1,1825,2190),(1763,1,1,0,0),(1764,1,1,0,0),(1765,1,1,1083,1300),(1766,1,1,0,0),(1767,1,1,2491,2990),(1768,1,1,3516,4220),(1769,1,1,1166,1400),(1770,1,1,1300,1560),(1771,1,1,2491,2990),(1772,1,1,2125,2550),(1773,1,1,3158,3790),(1774,1,1,4291,5150),(1775,1,1,4541,5450),(1776,1,1,2000,2400),(1777,1,1,0,0),(1778,1,1,11500,13800),(1779,1,1,7916,9500),(1780,1,1,10541,12650),(1781,1,1,4916,5900),(1782,1,1,6075,7290),(1783,1,1,6075,7290),(1784,1,1,5991,7190),(1785,1,1,12333,14800),(1786,1,1,15666,18800),(1787,1,1,5416,6500),(1788,1,1,6250,7500),(1789,1,1,10666,12800),(1790,1,1,14083,16900),(1791,1,1,2416,2900),(1792,1,1,2083,2500),(1793,1,1,5750,6900),(1794,1,1,1000,1200),(1795,1,1,250,300),(1796,1,1,250,300),(1797,1,1,1833,2200),(1798,1,1,1416,1700),(1799,1,1,825,990),(1800,1,1,1166,1400),(1801,1,1,2000,2400),(1802,1,1,2000,2400),(1803,1,1,4333,5200),(1804,1,1,4333,5200),(1805,1,1,2666,3200),(1806,1,1,2666,3200),(1807,1,1,1833,2200),(1808,1,1,1833,2200),(1809,1,1,1833,2200),(1810,1,1,3750,4500),(1811,1,1,1833,2200),(1812,1,1,2916,3500),(1813,1,1,3250,3900),(1814,1,1,2491,2990),(1815,1,1,2666,3200),(1816,1,1,1416,1700),(1817,1,1,1583,1900),(1818,1,1,0,0),(1819,1,1,0,0),(1820,1,1,5541,6650),(1821,1,1,5666,6800),(1822,1,1,2083,2500),(1823,1,1,1491,1790),(1824,1,1,1166,1400),(1825,1,1,2000,2400),(1826,1,1,791,950),(1827,1,1,750,900),(1828,1,1,1658,1990),(1829,1,1,2158,2590),(1830,1,1,325,390),(1831,1,1,250,300),(1832,1,1,875,1050),(1833,1,1,250,300),(1834,1,1,1208,1450),(1835,1,1,250,300),(1836,1,1,250,300),(1837,1,1,416,500),(1838,1,1,13750,16500),(1839,1,1,2625,3150),(1840,1,1,5491,6590),(1841,1,1,2666,3200),(1842,1,1,5491,6590),(1843,1,1,5750,6900),(1844,1,1,5750,6900),(1845,1,1,7083,8500),(1846,1,1,5750,6900),(1847,1,1,15666,18800),(1848,1,1,9500,11400),(1849,1,1,7000,8400),(1850,1,1,5500,6600),(1851,1,1,1166,1400),(1852,1,1,2491,2990),(1853,1,1,491,590),(1854,1,1,1291,1550),(1855,1,1,2083,2500),(1856,1,1,2416,2900),(1857,1,1,1658,1990),(1858,1,1,3325,3990),(1859,1,1,1991,2390),(1860,1,1,916,1100),(1861,1,1,1583,1900),(1862,1,1,1033,1240),(1863,1,1,558,670),(1864,1,1,4916,5900),(1865,1,1,1075,1290),(1866,1,1,6500,7800),(1867,1,1,3208,3850),(1868,1,1,5750,6900),(1869,1,1,2166,2600),(1870,1,1,5416,6500),(1871,1,1,4208,5050),(1872,1,1,3750,4500),(1873,1,1,4208,5050),(1874,1,1,3666,4400),(1875,1,1,500,600),(1876,1,1,3133,3760),(1877,1,1,3908,4690),(1878,1,1,5575,6690),(1879,1,1,3666,4400),(1880,1,1,1583,1900),(1881,1,1,2291,2750),(1882,1,1,3500,4200),(1883,1,1,1625,1950),(1884,1,1,2375,2850),(1885,1,1,3166,3800),(1886,1,1,2375,2850),(1887,1,1,4000,4800),(1888,1,1,4416,5300),(1889,1,1,3500,4200),(1890,1,1,4958,5950),(1891,1,1,4583,5500),(1892,1,1,4083,4900),(1893,1,1,683,820),(1894,1,1,1250,1500),(1895,1,1,3125,3750),(1896,1,1,2416,2900),(1897,1,1,3083,3700),(1898,1,1,2916,3500),(1899,1,1,2083,2500),(1900,1,1,2916,3500),(1901,1,1,5416,6500),(1902,1,1,3083,3700),(1903,1,1,1583,1900),(1904,1,1,1541,1850),(1905,1,1,0,0),(1906,1,1,1500,1800),(1907,1,1,3125,3750),(1908,1,1,6000,7200),(1909,1,1,6000,7200),(1910,1,1,13750,16500),(1911,1,1,13750,16500),(1912,1,1,13166,15800),(1913,1,1,12333,14800),(1914,1,1,8166,9800),(1915,1,1,8083,9700),(1916,1,1,8083,9700),(1917,1,1,10666,12800),(1918,1,1,9000,10800),(1919,1,1,9000,10800),(1920,1,1,13750,16500),(1921,1,1,4583,5500),(1922,1,1,4583,5500),(1923,1,1,4916,5900),(1924,1,1,6625,7950),(1925,1,1,7083,8500),(1926,1,1,7458,8950),(1927,1,1,3250,3900),(1928,1,1,3250,3900),(1929,1,1,7083,8500),(1930,1,1,5666,6800),(1931,1,1,5666,6800),(1932,1,1,5666,6800),(1933,1,1,2333,2800),(1934,1,1,1158,1390),(1935,1,1,1125,1350),(1936,1,1,1125,1350),(1937,1,1,6583,7900),(1938,1,1,1375,1650),(1939,1,1,3250,3900),(1940,1,1,1325,1590),(1941,1,1,1325,1590),(1942,1,1,5333,6400),(1943,1,1,9833,11800),(1944,1,1,6583,7900),(1945,1,1,6825,8190),(1946,1,1,5825,6990),(1947,1,1,2908,3490),(1948,1,1,5750,6900),(1949,1,1,3958,4750),(1950,1,1,0,0),(1951,1,1,6916,8300),(1952,1,1,0,0),(1953,1,1,3325,3990),(1954,1,1,1883,2260),(1955,1,1,3325,3990),(1956,1,1,3750,4500),(1957,1,1,1491,1790),(1958,1,1,6541,7850),(1959,1,1,2916,3500),(1960,1,1,1416,1700),(1961,1,1,1750,2100),(1962,1,1,3666,4400),(1963,1,1,9333,11200),(1964,1,1,1083,1300),(1965,1,1,1916,2300),(1966,1,1,3000,3600),(1967,1,1,13433,16120),(1968,1,1,4916,5900),(1969,1,1,1458,1750),(1970,1,1,2666,3200),(1971,1,1,12083,14500),(1972,1,1,23500,28200),(1973,1,1,1083,1300),(1974,1,1,33108,39730),(1975,1,1,3916,4700),(1976,1,1,3083,3700),(1977,1,1,2333,2800),(1978,1,1,1458,1750),(1979,1,1,3291,3950),(1980,1,1,4083,4900),(1981,1,1,5583,6700),(1982,1,1,31666,38000),(1983,1,1,1250,1500),(1984,1,1,1250,1500),(1985,1,1,2250,2700),(1986,1,1,0,0),(1987,1,1,4000,4800),(1988,1,1,3833,4600),(1989,1,1,3333,4000),(1990,1,1,2825,3390),(1991,1,1,3333,4000),(1992,1,1,481,578),(1993,1,1,708,850),(1994,1,1,916,1100),(1995,1,1,1241,1490),(1996,1,1,1075,1290),(1997,1,1,2908,3490),(1998,1,1,2991,3590),(1999,1,1,1825,2190),(2000,1,1,1575,1890),(2001,1,1,1158,1390),(2002,1,1,3291,3950),(2003,1,1,1541,1850),(2004,1,1,1625,1950),(2005,1,1,1500,1800),(2006,1,1,1416,1700),(2007,1,1,2083,2500),(2008,1,1,1291,1550),(2009,1,1,1166,1400),(2010,1,1,441,530),(2011,1,1,2000,2400),(2012,1,1,0,0),(2013,1,1,1041,1250),(2014,1,1,1308,1570),(2015,1,1,1625,1950),(2016,1,1,5250,6300),(2017,1,1,1541,1850),(2018,1,1,9083,10900),(2019,1,1,7791,9350),(2020,1,1,6083,7300),(2021,1,1,1750,2100),(2022,1,1,7708,9250),(2023,1,1,11500,13800),(2024,1,1,7216,8660),(2025,1,1,4158,4990),(2026,1,1,7416,8900),(2027,1,1,6100,7320),(2028,1,1,2158,2590),(2029,1,1,3041,3650),(2030,1,1,3041,3650),(2031,1,1,908,1090),(2032,1,1,8750,10500),(2033,1,1,4833,5800),(2034,1,1,2625,3150),(2035,1,1,9583,11500),(2036,1,1,1541,1850),(2037,1,1,816,980),(2038,1,1,1866,2240),(2039,1,1,12158,14590),(2040,1,1,13333,16000),(2041,1,1,11250,13500),(2042,1,1,8458,10150),(2043,1,1,5825,6990),(2044,1,1,19083,22900),(2045,1,1,27916,33500),(2046,1,1,2958,3550),(2047,1,1,0,0),(2048,1,1,5750,6900),(2049,1,1,2083,2500),(2050,1,1,1000,1200),(2051,1,1,4583,5500),(2052,1,1,0,0),(2053,1,1,3575,4290),(2054,1,1,4908,5890),(2055,1,1,66583,79900),(2056,1,1,20583,24700),(2057,1,1,4875,5850),(2058,1,1,21250,25500),(2059,1,1,4500,5400),(2060,1,1,3916,4700),(2061,1,1,0,0),(2062,1,1,2158,2590),(2063,1,1,4500,5400),(2064,1,1,2825,3390),(2065,1,1,3583,4300),(2066,1,1,2916,3500),(2067,1,1,0,0),(2068,1,1,1658,1990),(2069,1,1,6583,7900),(2070,1,1,625,750),(2071,1,1,5750,6900),(2072,1,1,2083,2500),(2073,1,1,2916,3500),(2074,1,1,791,950),(2075,1,1,58,70),(2076,1,1,1625,1950),(2077,1,1,1541,1850),(2078,1,1,325,390),(2079,1,1,2166,2600),(2080,1,1,650,780),(2081,1,1,150,180),(2082,1,1,10041,12050),(2083,1,1,2208,2650),(2084,1,1,5750,6900),(2085,1,1,3491,4190),(2086,1,1,1666,2000),(2087,1,1,4958,5950),(2088,1,1,3833,4600),(2089,1,1,5750,6900),(2090,1,1,2875,3450),(2091,1,1,2875,3450),(2092,1,1,2658,3190),(2093,1,1,3491,4190),(2094,1,1,1325,1590),(2095,1,1,2041,2450),(2096,1,1,2041,2450),(2097,1,1,2041,2450),(2098,1,1,3208,3850),(2099,1,1,7375,8850),(2100,1,1,6375,7650),(2101,1,1,2125,2550),(2102,1,1,4541,5450),(2103,1,1,2583,3100),(2104,1,1,3541,4250),(2105,1,1,6333,7600),(2106,1,1,9166,11000),(2107,1,1,2166,2600),(2108,1,1,0,0),(2109,1,1,3083,3700),(2110,1,1,4708,5650),(2111,1,1,19916,23900),(2112,1,1,1833,2200),(2113,1,1,0,0),(2114,1,1,25416,30500),(2115,1,1,1166,1400),(2116,1,1,8916,10700),(2118,1,1,14166,17000),(2119,1,1,6250,7500),(2120,1,1,6791,8150),(2121,1,1,1750,2100),(2122,1,1,5375,6450),(2123,1,1,658,790),(2124,1,1,733,880),(2125,1,1,3666,4400);

--
-- Table structure for table `ps_layered_product_attribute`
--

CREATE TABLE `ps_layered_product_attribute` (
  `id_attribute` int(10) unsigned NOT NULL,
  `id_product` int(10) unsigned NOT NULL,
  `id_attribute_group` int(10) unsigned NOT NULL DEFAULT '0',
  `id_shop` int(10) unsigned NOT NULL DEFAULT '1',
  PRIMARY KEY (`id_attribute`,`id_product`,`id_shop`),
  UNIQUE KEY `id_attribute_group` (`id_attribute_group`,`id_attribute`,`id_product`,`id_shop`)
) ENGINE=InnoDB DEFAULT CHARSET=utf8;

--
-- Dumping data for table `ps_layered_product_attribute`
--


--
-- Table structure for table `ps_leohook`
--

CREATE TABLE `ps_leohook` (
  `id_hook` int(11) NOT NULL,
  `id_module` int(11) NOT NULL,
  `id_shop` int(11) NOT NULL,
  `theme` varchar(50) NOT NULL,
  `name_hook` varchar(100) NOT NULL,
  PRIMARY KEY (`id_hook`,`id_module`,`id_shop`)
) ENGINE=InnoDB DEFAULT CHARSET=utf8;

--
-- Dumping data for table `ps_leohook`
--

INSERT INTO `ps_leohook` VALUES (99,22,1,'leo_loveme','displayNav');

--
-- Table structure for table `ps_leomanagewidget_column`
--

CREATE TABLE `ps_leomanagewidget_column` (
  `id_column` int(10) unsigned NOT NULL AUTO_INCREMENT,
  `id_group` int(10) unsigned NOT NULL,
  `id_shop` int(10) unsigned NOT NULL,
  `position` int(10) unsigned NOT NULL DEFAULT '0',
  `active` tinyint(1) unsigned NOT NULL DEFAULT '0',
  `params` text,
  PRIMARY KEY (`id_column`)
) ENGINE=InnoDB AUTO_INCREMENT=136 DEFAULT CHARSET=utf8;

--
-- Dumping data for table `ps_leomanagewidget_column`
--

INSERT INTO `ps_leomanagewidget_column` VALUES (125,148,1,1,1,'eyJjbGFzcyI6InRlc3RpbW9uaWFsIiwibGciOiIxMiIsIm1kIjoiMTIiLCJzbSI6IjEyIiwieHMiOiIxMiIsInNwIjoiMTIiLCJiYWNrZ3JvdW5kIjoiIiwicGFnZXMiOiIiLCJzcGVjaWZpYyI6ImFsbCIsImNvbnRyb2xsZXJpZHMiOiIiLCJza2luYW5pbWF0ZSI6IiIsImFuaW1hdGVvZmZzZXQiOiIiLCJkZWxheWFuaW1hdGUiOiIifQ=='),(126,149,1,1,1,'eyJjbGFzcyI6Im5vLXBhZGRpbmciLCJsZyI6IjgiLCJtZCI6IjQiLCJzbSI6IjYiLCJ4cyI6IjEyIiwic3AiOiIxMiIsImJhY2tncm91bmQiOiIiLCJwYWdlcyI6IiIsInNwZWNpZmljIjoiYWxsIiwiY29udHJvbGxlcmlkcyI6IiIsInNraW5hbmltYXRlIjoiIiwiYW5pbWF0ZW9mZnNldCI6IiIsImRlbGF5YW5pbWF0ZSI6IiJ9'),(127,149,1,2,1,'eyJjbGFzcyI6Im5vLXBhZGRpbmciLCJsZyI6IjQiLCJtZCI6IjQiLCJzbSI6IjYiLCJ4cyI6IjEyIiwic3AiOiIxMiIsImJhY2tncm91bmQiOiIiLCJwYWdlcyI6IiIsInNwZWNpZmljIjoiYWxsIiwiY29udHJvbGxlcmlkcyI6IiIsInNraW5hbmltYXRlIjoiIiwiYW5pbWF0ZW9mZnNldCI6IiIsImRlbGF5YW5pbWF0ZSI6IiJ9'),(128,150,1,1,1,'eyJsZyI6MTIsIm1kIjoxMiwic20iOjEyLCJ4cyI6MTIsInNwIjoxMn0='),(129,151,1,1,1,'eyJjbGFzcyI6IiIsImxnIjoiMTIiLCJtZCI6IjEyIiwic20iOiIxMiIsInhzIjoiMTIiLCJzcCI6IjEyIiwiYmFja2dyb3VuZCI6IiIsInBhZ2VzIjoiIiwic3BlY2lmaWMiOiJhbGwiLCJjb250cm9sbGVyaWRzIjoiIiwic2tpbmFuaW1hdGUiOiIiLCJhbmltYXRlb2Zmc2V0IjoiIiwiZGVsYXlhbmltYXRlIjoiIn0='),(130,152,1,1,1,'eyJjbGFzcyI6IiIsImxnIjoiMTIiLCJtZCI6IjEyIiwic20iOiIxMiIsInhzIjoiMTIiLCJzcCI6IjEyIiwiYmFja2dyb3VuZCI6IiIsInBhZ2VzIjoiIiwic3BlY2lmaWMiOiJhbGwiLCJjb250cm9sbGVyaWRzIjoiIiwic2tpbmFuaW1hdGUiOiIiLCJhbmltYXRlb2Zmc2V0IjoiIiwiZGVsYXlhbmltYXRlIjoiIn0='),(131,153,1,1,1,'eyJjbGFzcyI6IiIsImxnIjoiMTIiLCJtZCI6IjEyIiwic20iOiIxMiIsInhzIjoiMTIiLCJzcCI6IjEyIiwiYmFja2dyb3VuZCI6IiIsInBhZ2VzIjoiIiwic3BlY2lmaWMiOiJhbGwiLCJjb250cm9sbGVyaWRzIjoiIiwic2tpbmFuaW1hdGUiOiIiLCJhbmltYXRlb2Zmc2V0IjoiIiwiZGVsYXlhbmltYXRlIjoiIn0='),(132,154,1,1,1,'eyJjbGFzcyI6IiIsImxnIjoiMTIiLCJtZCI6IjEyIiwic20iOiIxMiIsInhzIjoiMTIiLCJzcCI6IjEyIiwiYmFja2dyb3VuZCI6IiIsInBhZ2VzIjoiIiwic3BlY2lmaWMiOiJhbGwiLCJjb250cm9sbGVyaWRzIjoiIiwic2tpbmFuaW1hdGUiOiIiLCJhbmltYXRlb2Zmc2V0IjoiIiwiZGVsYXlhbmltYXRlIjoiIn0='),(133,155,1,1,1,'eyJjbGFzcyI6IiIsImxnIjoiMTIiLCJtZCI6IjEyIiwic20iOiIxMiIsInhzIjoiMTIiLCJzcCI6IjEyIiwiYmFja2dyb3VuZCI6IiIsInBhZ2VzIjoiIiwic3BlY2lmaWMiOiJhbGwiLCJjb250cm9sbGVyaWRzIjoiIiwic2tpbmFuaW1hdGUiOiIiLCJhbmltYXRlb2Zmc2V0IjoiIiwiZGVsYXlhbmltYXRlIjoiIn0='),(134,156,1,1,1,'eyJjbGFzcyI6InNoaXBtZW50IiwibGciOiIxMiIsIm1kIjoiMTIiLCJzbSI6IjEyIiwieHMiOiIxMiIsInNwIjoiMTIiLCJiYWNrZ3JvdW5kIjoiIiwicGFnZXMiOiIiLCJzcGVjaWZpYyI6ImFsbCIsImNvbnRyb2xsZXJpZHMiOiIiLCJza2luYW5pbWF0ZSI6IiIsImFuaW1hdGVvZmZzZXQiOiIiLCJkZWxheWFuaW1hdGUiOiIifQ=='),(135,157,1,1,1,'eyJjbGFzcyI6IiIsImxnIjoxMiwibWQiOiIxMiIsInNtIjoiMTIiLCJ4cyI6IjEyIiwic3AiOiIxMiIsImJhY2tncm91bmQiOiIiLCJwYWdlcyI6IiIsInNwZWNpZmljIjoiYWxsIiwiY29udHJvbGxlcmlkcyI6IiIsInNraW5hbmltYXRlIjoiIiwiYW5pbWF0ZW9mZnNldCI6IiIsImRlbGF5YW5pbWF0ZSI6IiJ9');

--
-- Table structure for table `ps_leomanagewidget_content`
--

CREATE TABLE `ps_leomanagewidget_content` (
  `id_content` int(10) unsigned NOT NULL AUTO_INCREMENT,
  `id_column` int(10) unsigned NOT NULL,
  `id_shop` int(10) unsigned NOT NULL,
  `position` int(10) unsigned NOT NULL DEFAULT '0',
  `active` tinyint(1) unsigned NOT NULL DEFAULT '0',
  `key_widget` int(10) unsigned NOT NULL,
  `module_name` varchar(64) NOT NULL,
  `hook_name` varchar(64) NOT NULL,
  `type` int(1) unsigned DEFAULT NULL,
  `params` text,
  PRIMARY KEY (`id_content`)
) ENGINE=InnoDB AUTO_INCREMENT=154 DEFAULT CHARSET=utf8;

--
-- Dumping data for table `ps_leomanagewidget_content`
--

INSERT INTO `ps_leomanagewidget_content` VALUES (143,125,1,1,1,1410090957,'','',0,'W10='),(144,126,1,1,1,0,'blocknewsletter','displayFooter',1,'W10='),(145,127,1,1,1,1413022239,'','',0,'W10='),(146,128,1,1,1,1428899551,'','',0,'W10='),(147,129,1,1,1,1414067043,'','',0,'W10='),(148,130,1,1,1,1430798933,'','',0,'W10='),(149,131,1,1,1,0,'leosliderlayer','displayTopColumn',1,'W10='),(150,132,1,1,1,1429950750,'','',0,'W10='),(151,133,1,1,1,1429956753,'','',0,'W10='),(152,134,1,1,1,1414395731,'','',0,'W10='),(153,135,1,1,1,1414398213,'','',0,'W10=');

--
-- Table structure for table `ps_leomanagewidget_group`
--

CREATE TABLE `ps_leomanagewidget_group` (
  `id_leomanagewidget_group` int(10) unsigned NOT NULL AUTO_INCREMENT,
  `id_shop` int(10) unsigned NOT NULL,
  `position` int(10) unsigned NOT NULL DEFAULT '0',
  `active` tinyint(1) unsigned NOT NULL DEFAULT '0',
  `hook_name` varchar(64) NOT NULL,
  `type` int(1) unsigned DEFAULT NULL,
  `params` text,
  PRIMARY KEY (`id_leomanagewidget_group`,`id_shop`)
) ENGINE=InnoDB AUTO_INCREMENT=158 DEFAULT CHARSET=utf8;

--
-- Dumping data for table `ps_leomanagewidget_group`
--

INSERT INTO `ps_leomanagewidget_group` VALUES (148,1,2,1,'displayhome',NULL,'eyJjbGFzcyI6ImNsZWFyIHJvdyIsImFjdGl2ZSI6IjEiLCJob29rX25hbWUiOiJkaXNwbGF5aG9tZSIsInRpdGxlX2VuIjoiIn0='),(149,1,1,1,'displayfooter',NULL,'eyJjbGFzcyI6ImNsZWFyIHJvdyBmb290ZXItY2VudGVyIiwiYWN0aXZlIjoiMSIsImhvb2tfbmFtZSI6ImRpc3BsYXlmb290ZXIiLCJhbmltYXRlX29mZnNldCI6IiIsImRlbGF5X2FuaW1hdGUiOiIiLCJ0aXRsZV9lbiI6IiJ9'),(150,1,3,1,'displayhome',NULL,'eyJjbGFzcyI6ImNsZWFyIHJvdyIsImFjdGl2ZSI6IjEiLCJob29rX25hbWUiOiJkaXNwbGF5aG9tZSIsImFuaW1hdGVfb2Zmc2V0IjoiIiwiZGVsYXlfYW5pbWF0ZSI6IiIsInRpdGxlX2VuIjoiIn0='),(151,1,1,1,'displayhome',NULL,'eyJjbGFzcyI6InJvdyIsImFjdGl2ZSI6MSwiaG9va19uYW1lIjoiZGlzcGxheWhvbWUiLCJhbmltYXRlX29mZnNldCI6IiIsImRlbGF5X2FuaW1hdGUiOiIiLCJza2luX2FuaW1hdGUiOiIiLCJ0aXRsZV9lbiI6IiJ9'),(152,1,2,1,'displayfooter',NULL,'eyJjbGFzcyI6InJvdyBmb290ZXItYm90dG9tIiwiYWN0aXZlIjoxLCJob29rX25hbWUiOiJkaXNwbGF5Zm9vdGVyIiwiYW5pbWF0ZV9vZmZzZXQiOiIiLCJkZWxheV9hbmltYXRlIjoiIiwic2tpbl9hbmltYXRlIjoiIiwiYmFja2dyb3VuZF9zdHlsZSI6IiIsImJhY2tncm91bmRfc3R5bGVfY29sb3IiOiIiLCJiYWNrZ3JvdW5kX3N0eWxlX2ltYWdlX3VybCI6IiIsImJhY2tncm91bmRfc3R5bGVfcG9zaXRpb24iOiIiLCJiYWNrZ3JvdW5kX3N0eWxlX3JlcGVhdCI6Im5vLXJlcGVhdCIsImJhY2tncm91bmRfc3R5bGVfcGFyYWxsYXhfc3BlZWQiOiIiLCJiYWNrZ3JvdW5kX3N0eWxlX3BhcmFsbGF4X29mZnNldHgiOiIiLCJiYWNrZ3JvdW5kX3N0eWxlX3BhcmFsbGF4X29mZnNldHkiOiIiLCJiYWNrZ3JvdW5kX3N0eWxlX21vdXNlcGFyYWxsYXhfc3RyZW5ndGgiOiIiLCJiYWNrZ3JvdW5kX3N0eWxlX21vdXNlcGFyYWxsYXhfYXhpcyI6ImJvdGgiLCJiYWNrZ3JvdW5kX3N0eWxlX21vdXNlcGFyYWxsYXhfb2Zmc2V0eCI6IiIsImJhY2tncm91bmRfc3R5bGVfbW91c2VwYXJhbGxheF9vZmZzZXR5IjoiIiwiYmFja2dyb3VuZF92aWRlb19zb3VyY2UiOiJ5b3V0dWJlIiwiYmFja2dyb3VuZF92aWRlb192aWQiOiIiLCJiYWNrZ3JvdW5kX3ZpZGVvX21wNCI6IiIsImJhY2tncm91bmRfdmlkZW9fd2VibSI6IiIsImJhY2tncm91bmRfdmlkZW9fb2dnIjoiIiwiYmFja2dyb3VuZF9zdHlsZV9mdWxsd2lkdGgiOiIwIiwidGl0bGVfZW4iOiIifQ=='),(153,1,1,1,'displaytopcolumn',NULL,'eyJjbGFzcyI6InJvdyIsImFjdGl2ZSI6MSwiaG9va19uYW1lIjoiZGlzcGxheXRvcGNvbHVtbiIsImFuaW1hdGVfb2Zmc2V0IjoiIiwiZGVsYXlfYW5pbWF0ZSI6IiIsInNraW5fYW5pbWF0ZSI6IiIsImJhY2tncm91bmRfc3R5bGUiOiIiLCJiYWNrZ3JvdW5kX3N0eWxlX2NvbG9yIjoiIiwiYmFja2dyb3VuZF9zdHlsZV9pbWFnZV91cmwiOiIiLCJiYWNrZ3JvdW5kX3N0eWxlX3Bvc2l0aW9uIjoiIiwiYmFja2dyb3VuZF9zdHlsZV9yZXBlYXQiOiIiLCJiYWNrZ3JvdW5kX3N0eWxlX3BhcmFsbGF4X3NwZWVkIjoiIiwiYmFja2dyb3VuZF9zdHlsZV9wYXJhbGxheF9vZmZzZXR4IjoiIiwiYmFja2dyb3VuZF9zdHlsZV9wYXJhbGxheF9vZmZzZXR5IjoiIiwiYmFja2dyb3VuZF9zdHlsZV9tb3VzZXBhcmFsbGF4X3N0cmVuZ3RoIjoiIiwiYmFja2dyb3VuZF9zdHlsZV9tb3VzZXBhcmFsbGF4X2F4aXMiOiIiLCJiYWNrZ3JvdW5kX3N0eWxlX21vdXNlcGFyYWxsYXhfb2Zmc2V0eCI6IiIsImJhY2tncm91bmRfc3R5bGVfbW91c2VwYXJhbGxheF9vZmZzZXR5IjoiIiwiYmFja2dyb3VuZF92aWRlb19zb3VyY2UiOiIiLCJiYWNrZ3JvdW5kX3ZpZGVvX3ZpZCI6IiIsImJhY2tncm91bmRfdmlkZW9fbXA0IjoiIiwiYmFja2dyb3VuZF92aWRlb193ZWJtIjoiIiwiYmFja2dyb3VuZF92aWRlb19vZ2ciOiIiLCJiYWNrZ3JvdW5kX3N0eWxlX2Z1bGx3aWR0aCI6IiIsInRpdGxlX2VuIjoiIn0='),(154,1,4,1,'displayhome',NULL,'eyJjbGFzcyI6InJvdyIsImFjdGl2ZSI6MSwiaG9va19uYW1lIjoiZGlzcGxheWhvbWUiLCJhbmltYXRlX29mZnNldCI6IiIsImRlbGF5X2FuaW1hdGUiOiIiLCJza2luX2FuaW1hdGUiOiIiLCJiYWNrZ3JvdW5kX3N0eWxlIjoiIiwiYmFja2dyb3VuZF9zdHlsZV9jb2xvciI6IiNmZGI3MDAiLCJiYWNrZ3JvdW5kX3N0eWxlX2ltYWdlX3VybCI6IiIsImJhY2tncm91bmRfc3R5bGVfcG9zaXRpb24iOiIiLCJiYWNrZ3JvdW5kX3N0eWxlX3JlcGVhdCI6Im5vLXJlcGVhdCIsImJhY2tncm91bmRfc3R5bGVfcGFyYWxsYXhfc3BlZWQiOiIiLCJiYWNrZ3JvdW5kX3N0eWxlX3BhcmFsbGF4X29mZnNldHgiOiIiLCJiYWNrZ3JvdW5kX3N0eWxlX3BhcmFsbGF4X29mZnNldHkiOiIiLCJiYWNrZ3JvdW5kX3N0eWxlX21vdXNlcGFyYWxsYXhfc3RyZW5ndGgiOiIiLCJiYWNrZ3JvdW5kX3N0eWxlX21vdXNlcGFyYWxsYXhfYXhpcyI6ImJvdGgiLCJiYWNrZ3JvdW5kX3N0eWxlX21vdXNlcGFyYWxsYXhfb2Zmc2V0eCI6IiIsImJhY2tncm91bmRfc3R5bGVfbW91c2VwYXJhbGxheF9vZmZzZXR5IjoiIiwiYmFja2dyb3VuZF92aWRlb19zb3VyY2UiOiJ5b3V0dWJlIiwiYmFja2dyb3VuZF92aWRlb192aWQiOiIiLCJiYWNrZ3JvdW5kX3ZpZGVvX21wNCI6IiIsImJhY2tncm91bmRfdmlkZW9fd2VibSI6IiIsImJhY2tncm91bmRfdmlkZW9fb2dnIjoiIiwiYmFja2dyb3VuZF9zdHlsZV9mdWxsd2lkdGgiOiIwIiwidGl0bGVfZW4iOiIifQ=='),(155,1,5,1,'displayhome',NULL,'eyJjbGFzcyI6InJvdyIsImFjdGl2ZSI6MSwiaG9va19uYW1lIjoiZGlzcGxheWhvbWUiLCJhbmltYXRlX29mZnNldCI6IiIsImRlbGF5X2FuaW1hdGUiOiIiLCJza2luX2FuaW1hdGUiOiIiLCJiYWNrZ3JvdW5kX3N0eWxlIjoiIiwiYmFja2dyb3VuZF9zdHlsZV9jb2xvciI6IiIsImJhY2tncm91bmRfc3R5bGVfaW1hZ2VfdXJsIjoiIiwiYmFja2dyb3VuZF9zdHlsZV9wb3NpdGlvbiI6IiIsImJhY2tncm91bmRfc3R5bGVfcmVwZWF0IjoiIiwiYmFja2dyb3VuZF9zdHlsZV9wYXJhbGxheF9zcGVlZCI6IiIsImJhY2tncm91bmRfc3R5bGVfcGFyYWxsYXhfb2Zmc2V0eCI6IiIsImJhY2tncm91bmRfc3R5bGVfcGFyYWxsYXhfb2Zmc2V0eSI6IiIsImJhY2tncm91bmRfc3R5bGVfbW91c2VwYXJhbGxheF9zdHJlbmd0aCI6IiIsImJhY2tncm91bmRfc3R5bGVfbW91c2VwYXJhbGxheF9heGlzIjoiIiwiYmFja2dyb3VuZF9zdHlsZV9tb3VzZXBhcmFsbGF4X29mZnNldHgiOiIiLCJiYWNrZ3JvdW5kX3N0eWxlX21vdXNlcGFyYWxsYXhfb2Zmc2V0eSI6IiIsImJhY2tncm91bmRfdmlkZW9fc291cmNlIjoiIiwiYmFja2dyb3VuZF92aWRlb192aWQiOiIiLCJiYWNrZ3JvdW5kX3ZpZGVvX21wNCI6IiIsImJhY2tncm91bmRfdmlkZW9fd2VibSI6IiIsImJhY2tncm91bmRfdmlkZW9fb2dnIjoiIiwiYmFja2dyb3VuZF9zdHlsZV9mdWxsd2lkdGgiOiIiLCJ0aXRsZV9lbiI6IiJ9'),(156,1,6,1,'displayhome',NULL,'eyJjbGFzcyI6InJvdyIsImFjdGl2ZSI6MSwiaG9va19uYW1lIjoiZGlzcGxheWhvbWUiLCJhbmltYXRlX29mZnNldCI6IiIsImRlbGF5X2FuaW1hdGUiOiIiLCJza2luX2FuaW1hdGUiOiIiLCJiYWNrZ3JvdW5kX3N0eWxlIjoiIiwiYmFja2dyb3VuZF9zdHlsZV9jb2xvciI6IiIsImJhY2tncm91bmRfc3R5bGVfaW1hZ2VfdXJsIjoiIiwiYmFja2dyb3VuZF9zdHlsZV9wb3NpdGlvbiI6IiIsImJhY2tncm91bmRfc3R5bGVfcmVwZWF0Ijoibm8tcmVwZWF0IiwiYmFja2dyb3VuZF9zdHlsZV9wYXJhbGxheF9zcGVlZCI6IiIsImJhY2tncm91bmRfc3R5bGVfcGFyYWxsYXhfb2Zmc2V0eCI6IiIsImJhY2tncm91bmRfc3R5bGVfcGFyYWxsYXhfb2Zmc2V0eSI6IiIsImJhY2tncm91bmRfc3R5bGVfbW91c2VwYXJhbGxheF9zdHJlbmd0aCI6IiIsImJhY2tncm91bmRfc3R5bGVfbW91c2VwYXJhbGxheF9heGlzIjoiYm90aCIsImJhY2tncm91bmRfc3R5bGVfbW91c2VwYXJhbGxheF9vZmZzZXR4IjoiIiwiYmFja2dyb3VuZF9zdHlsZV9tb3VzZXBhcmFsbGF4X29mZnNldHkiOiIiLCJiYWNrZ3JvdW5kX3ZpZGVvX3NvdXJjZSI6InlvdXR1YmUiLCJiYWNrZ3JvdW5kX3ZpZGVvX3ZpZCI6IiIsImJhY2tncm91bmRfdmlkZW9fbXA0IjoiIiwiYmFja2dyb3VuZF92aWRlb193ZWJtIjoiIiwiYmFja2dyb3VuZF92aWRlb19vZ2ciOiIiLCJiYWNrZ3JvdW5kX3N0eWxlX2Z1bGx3aWR0aCI6IjAiLCJ0aXRsZV9lbiI6IiJ9'),(157,1,3,1,'displayfooter',NULL,'eyJjbGFzcyI6InJvdyBmb290ZXItbmF2IiwiYWN0aXZlIjoxLCJob29rX25hbWUiOiJkaXNwbGF5Zm9vdGVyIiwiYW5pbWF0ZV9vZmZzZXQiOiIiLCJkZWxheV9hbmltYXRlIjoiIiwic2tpbl9hbmltYXRlIjoiIiwiYmFja2dyb3VuZF9zdHlsZSI6IiIsImJhY2tncm91bmRfc3R5bGVfY29sb3IiOiIiLCJiYWNrZ3JvdW5kX3N0eWxlX2ltYWdlX3VybCI6IiIsImJhY2tncm91bmRfc3R5bGVfcG9zaXRpb24iOiIiLCJiYWNrZ3JvdW5kX3N0eWxlX3JlcGVhdCI6Im5vLXJlcGVhdCIsImJhY2tncm91bmRfc3R5bGVfcGFyYWxsYXhfc3BlZWQiOiIiLCJiYWNrZ3JvdW5kX3N0eWxlX3BhcmFsbGF4X29mZnNldHgiOiIiLCJiYWNrZ3JvdW5kX3N0eWxlX3BhcmFsbGF4X29mZnNldHkiOiIiLCJiYWNrZ3JvdW5kX3N0eWxlX21vdXNlcGFyYWxsYXhfc3RyZW5ndGgiOiIiLCJiYWNrZ3JvdW5kX3N0eWxlX21vdXNlcGFyYWxsYXhfYXhpcyI6ImJvdGgiLCJiYWNrZ3JvdW5kX3N0eWxlX21vdXNlcGFyYWxsYXhfb2Zmc2V0eCI6IiIsImJhY2tncm91bmRfc3R5bGVfbW91c2VwYXJhbGxheF9vZmZzZXR5IjoiIiwiYmFja2dyb3VuZF92aWRlb19zb3VyY2UiOiJ5b3V0dWJlIiwiYmFja2dyb3VuZF92aWRlb192aWQiOiIiLCJiYWNrZ3JvdW5kX3ZpZGVvX21wNCI6IiIsImJhY2tncm91bmRfdmlkZW9fd2VibSI6IiIsImJhY2tncm91bmRfdmlkZW9fb2dnIjoiIiwiYmFja2dyb3VuZF9zdHlsZV9mdWxsd2lkdGgiOiIwIiwidGl0bGVfZW4iOiIiLCJ0aXRsZV8xIjoiIiwidGl0bGVfZGUiOiIiLCJ0aXRsZV9iciI6IiIsInRpdGxlX2l0IjoiIiwidGl0bGVfZXMiOiIiLCJ0aXRsZV9ydSI6IiIsInRpdGxlX3BsIjoiIiwidGl0bGVfMiI6IiJ9');

--
-- Table structure for table `ps_leosliderlayer_groups`
--

CREATE TABLE `ps_leosliderlayer_groups` (
  `id_leosliderlayer_groups` int(10) unsigned NOT NULL AUTO_INCREMENT,
  `title` varchar(255) NOT NULL,
  `id_shop` int(10) unsigned NOT NULL,
  `hook` varchar(64) NOT NULL,
  `active` tinyint(1) unsigned NOT NULL DEFAULT '1',
  `params` text NOT NULL,
  PRIMARY KEY (`id_leosliderlayer_groups`,`id_shop`)
) ENGINE=InnoDB AUTO_INCREMENT=16 DEFAULT CHARSET=utf8;

--
-- Dumping data for table `ps_leosliderlayer_groups`
--

INSERT INTO `ps_leosliderlayer_groups` VALUES (15,'slide top',1,'displayTopColumn',1,'eyJhdXRvX3BsYXkiOiIxIiwiZGVsYXkiOiI5MDAwIiwiZnVsbHdpZHRoIjoiZnVsbHdpZHRoIiwic3RhcnRfd2l0aF9zbGlkZSI6IjAiLCJtZF93aWR0aCI6IjEyIiwic21fd2lkdGgiOiIxMiIsInhzX3dpZHRoIjoiMTIiLCJ0b3VjaF9tb2JpbGUiOiIxIiwic3RvcF9vbl9ob3ZlciI6IjEiLCJzaHVmZmxlX21vZGUiOiIxIiwic2hhZG93X3R5cGUiOiIwIiwic2hvd190aW1lX2xpbmUiOiIwIiwidGltZV9saW5lX3Bvc2l0aW9uIjoidG9wIiwibWFyZ2luIjoiMCIsInBhZGRpbmciOiIxNXB4IDAiLCJiYWNrZ3JvdW5kX2NvbG9yIjoiI0ZGRkZGRiIsImJhY2tncm91bmRfaW1hZ2UiOiIwIiwiYmFja2dyb3VuZF91cmwiOiIiLCJncm91cF9jbGFzcyI6IiIsIm5hdmlnYXRvcl90eXBlIjoiYnVsbGV0IiwibmF2aWdhdG9yX2Fycm93cyI6InZlcnRpY2FsY2VudGVyZWQiLCJuYXZpZ2F0aW9uX3N0eWxlIjoicm91bmQiLCJzaG93X25hdmlnYXRvciI6IjEiLCJoaWRlX25hdmlnYXRvcl9hZnRlciI6IjIwMCIsImltYWdlX2Nyb3BwaW5nIjoiMCIsIndpZHRoIjoiMTE0MCIsImhlaWdodCI6IjUwMCIsInRodW1ibmFpbF93aWR0aCI6IjEwMCIsInRodW1ibmFpbF9oZWlnaHQiOiI1MCIsInRodW1ibmFpbF9hbW91bnQiOiI1In0=');

--
-- Table structure for table `ps_leosliderlayer_slides`
--

CREATE TABLE `ps_leosliderlayer_slides` (
  `id_leosliderlayer_slides` int(10) unsigned NOT NULL AUTO_INCREMENT,
  `id_group` int(11) NOT NULL,
  `position` int(10) unsigned NOT NULL DEFAULT '0',
  `active` tinyint(1) unsigned NOT NULL DEFAULT '1',
  `params` text NOT NULL,
  PRIMARY KEY (`id_leosliderlayer_slides`)
) ENGINE=InnoDB AUTO_INCREMENT=45 DEFAULT CHARSET=utf8;

--
-- Dumping data for table `ps_leosliderlayer_slides`
--

INSERT INTO `ps_leosliderlayer_slides` VALUES (43,15,0,1,'eyJ0cmFuc2l0aW9uIjoicmFuZG9tIiwic2xvdCI6IjciLCJyb3RhdGlvbiI6IjAiLCJkdXJhdGlvbiI6IjMwMCIsImRlbGF5IjoiMCIsImdyb3VwX2lkIjoiMTQiLCJlbmFibGVfbGluayI6IjEiLCJ0YXJnZXQiOiJzYW1lIiwic3RhcnRfZGF0ZV90aW1lIjoiIiwiZW5kX2RhdGVfdGltZSI6IiJ9'),(44,15,0,1,'eyJ0cmFuc2l0aW9uIjoicmFuZG9tIiwic2xvdCI6IjciLCJyb3RhdGlvbiI6IjAiLCJkdXJhdGlvbiI6IjMwMCIsImRlbGF5IjoiMCIsImdyb3VwX2lkIjoiMTQiLCJlbmFibGVfbGluayI6IjEiLCJ0YXJnZXQiOiJzYW1lIiwic3RhcnRfZGF0ZV90aW1lIjoiIiwiZW5kX2RhdGVfdGltZSI6IiJ9');

--
-- Table structure for table `ps_leosliderlayer_slides_lang`
--

CREATE TABLE `ps_leosliderlayer_slides_lang` (
  `id_leosliderlayer_slides` int(10) unsigned NOT NULL,
  `id_lang` int(10) unsigned NOT NULL,
  `title` varchar(255) NOT NULL,
  `link` varchar(255) NOT NULL,
  `image` varchar(255) NOT NULL,
  `thumbnail` varchar(255) NOT NULL,
  `video` text,
  `layersparams` text,
  PRIMARY KEY (`id_leosliderlayer_slides`,`id_lang`)
) ENGINE=InnoDB DEFAULT CHARSET=utf8;

--
-- Dumping data for table `ps_leosliderlayer_slides_lang`
--

INSERT INTO `ps_leosliderlayer_slides_lang` VALUES (43,1,'Sample1','','sampl1.jpg','','eyJ1c2V2aWRlbyI6IjAiLCJ2aWRlb2lkIjoiIiwidmlkZW9hdXRvIjoiMCIsImJhY2tncm91bmRfY29sb3IiOiIifQ==','W3sibGF5ZXJfdmlkZW9fdHlwZSI6InlvdXR1YmUiLCJsYXllcl92aWRlb19pZCI6IiIsImxheWVyX3ZpZGVvX2hlaWdodCI6IjIwMCIsImxheWVyX3ZpZGVvX3dpZHRoIjoiMzAwIiwibGF5ZXJfdmlkZW9fdGh1bWIiOiIiLCJsYXllcl9pZCI6IjE0XzEiLCJsYXllcl9jb250ZW50IjoiaW1nLWZvb2QxLnBuZyIsImxheWVyX3R5cGUiOiJ0ZXh0IiwibGF5ZXJfY2xhc3MiOiJtZWRpdW1fdGV4dCIsImxheWVyX2NhcHRpb24iOiJDZWxlYnJhdGluZyB0aGUgbWFnaWMgIiwibGF5ZXJfZm9udF9zaXplIjoiIiwibGF5ZXJfYmFja2dyb3VuZF9jb2xvciI6IiIsImxheWVyX2NvbG9yIjoiIiwibGF5ZXJfbGluayI6IiIsImxheWVyX2FuaW1hdGlvbiI6InNmciIsImxheWVyX2Vhc2luZyI6ImVhc2VJblF1YXJ0IiwibGF5ZXJfc3BlZWQiOiIzNTAiLCJsYXllcl90b3AiOiIxNDAiLCJsYXllcl9sZWZ0IjoiMzIwIiwibGF5ZXJfZW5kdGltZSI6IjAiLCJsYXllcl9lbmRzcGVlZCI6IjMwMCIsImxheWVyX2VuZGFuaW1hdGlvbiI6ImF1dG8iLCJsYXllcl9lbmRlYXNpbmciOiJub3RoaW5nIiwidGltZV9zdGFydCI6IjgwMCJ9LHsibGF5ZXJfdmlkZW9fdHlwZSI6InlvdXR1YmUiLCJsYXllcl92aWRlb19pZCI6IiIsImxheWVyX3ZpZGVvX2hlaWdodCI6IjIwMCIsImxheWVyX3ZpZGVvX3dpZHRoIjoiMzAwIiwibGF5ZXJfdmlkZW9fdGh1bWIiOiIiLCJsYXllcl9pZCI6IjE0XzIiLCJsYXllcl9jb250ZW50IjoiaW1nLWZvb2QxLnBuZyIsImxheWVyX3R5cGUiOiJ0ZXh0IiwibGF5ZXJfY2xhc3MiOiJzbWFsbF90ZXh0IiwibGF5ZXJfY2FwdGlvbiI6Im9mIHRyYW5zZm9ybWluZyBob3VzZXMgaW50byBob21lcy4iLCJsYXllcl9mb250X3NpemUiOiIiLCJsYXllcl9iYWNrZ3JvdW5kX2NvbG9yIjoiIiwibGF5ZXJfY29sb3IiOiIiLCJsYXllcl9saW5rIjoiIiwibGF5ZXJfYW5pbWF0aW9uIjoic2ZyIiwibGF5ZXJfZWFzaW5nIjoiZWFzZUluUXVhcnQiLCJsYXllcl9zcGVlZCI6IjM1MCIsImxheWVyX3RvcCI6IjIyMyIsImxheWVyX2xlZnQiOiI0NTMiLCJsYXllcl9lbmR0aW1lIjoiMCIsImxheWVyX2VuZHNwZWVkIjoiMzAwIiwibGF5ZXJfZW5kYW5pbWF0aW9uIjoiYXV0byIsImxheWVyX2VuZGVhc2luZyI6Im5vdGhpbmciLCJ0aW1lX3N0YXJ0IjoiMTIwMCJ9LHsibGF5ZXJfdmlkZW9fdHlwZSI6InlvdXR1YmUiLCJsYXllcl92aWRlb19pZCI6IiIsImxheWVyX3ZpZGVvX2hlaWdodCI6IjIwMCIsImxheWVyX3ZpZGVvX3dpZHRoIjoiMzAwIiwibGF5ZXJfdmlkZW9fdGh1bWIiOiIiLCJsYXllcl9pZCI6IjE0XzMiLCJsYXllcl9jb250ZW50IjoiaW1nLWZvb2QxLnBuZyIsImxheWVyX3R5cGUiOiJ0ZXh0IiwibGF5ZXJfY2xhc3MiOiIiLCJsYXllcl9jYXB0aW9uIjoiPGEgY2xhc3M9XCJidG4gYnV0dG9uIGJ0bi1saW5rdmlld1wiIGhyZWY9XCJodHRwOlwvXC9wcmVzdGFzaG9wLmNvbVwvXCIgdGl0bGU9XCJTaG9wIG5vd1wiPlNob3Agbm93PFwvYT4iLCJsYXllcl9mb250X3NpemUiOiIiLCJsYXllcl9iYWNrZ3JvdW5kX2NvbG9yIjoiIiwibGF5ZXJfY29sb3IiOiIiLCJsYXllcl9saW5rIjoiIiwibGF5ZXJfYW5pbWF0aW9uIjoic2ZyIiwibGF5ZXJfZWFzaW5nIjoiZWFzZUluUXVhcnQiLCJsYXllcl9zcGVlZCI6IjM1MCIsImxheWVyX3RvcCI6IjMyNSIsImxheWVyX2xlZnQiOiI1MjAiLCJsYXllcl9lbmR0aW1lIjoiMCIsImxheWVyX2VuZHNwZWVkIjoiMzAwIiwibGF5ZXJfZW5kYW5pbWF0aW9uIjoiYXV0byIsImxheWVyX2VuZGVhc2luZyI6Im5vdGhpbmciLCJ0aW1lX3N0YXJ0IjoiMTYwMCJ9LHsibGF5ZXJfdmlkZW9fdHlwZSI6InlvdXR1YmUiLCJsYXllcl92aWRlb19pZCI6IiIsImxheWVyX3ZpZGVvX2hlaWdodCI6IjIwMCIsImxheWVyX3ZpZGVvX3dpZHRoIjoiMzAwIiwibGF5ZXJfdmlkZW9fdGh1bWIiOiIiLCJsYXllcl9pZCI6IjE0XzQiLCJsYXllcl9jb250ZW50IjoiaW1nLWZvb2QxLnBuZyIsImxheWVyX3R5cGUiOiJ0ZXh0IiwibGF5ZXJfY2xhc3MiOiIiLCJsYXllcl9jYXB0aW9uIjoiPHNwYW4gY2xhc3M9XCJmYSBmYS1zb3J0LWRlc1wiPjxcL3NwYW4+IiwibGF5ZXJfZm9udF9zaXplIjoiIiwibGF5ZXJfYmFja2dyb3VuZF9jb2xvciI6IiIsImxheWVyX2NvbG9yIjoiIiwibGF5ZXJfbGluayI6IiIsImxheWVyX2FuaW1hdGlvbiI6InNmciIsImxheWVyX2Vhc2luZyI6ImVhc2VJblF1YXJ0IiwibGF5ZXJfc3BlZWQiOiIzNTAiLCJsYXllcl90b3AiOiIwIiwibGF5ZXJfbGVmdCI6IjAiLCJsYXllcl9lbmR0aW1lIjoiMCIsImxheWVyX2VuZHNwZWVkIjoiMzAwIiwibGF5ZXJfZW5kYW5pbWF0aW9uIjoiYXV0byIsImxheWVyX2VuZGVhc2luZyI6Im5vdGhpbmciLCJ0aW1lX3N0YXJ0IjoiMTYwMCJ9LHsibGF5ZXJfdmlkZW9fdHlwZSI6InlvdXR1YmUiLCJsYXllcl92aWRlb19pZCI6IiIsImxheWVyX3ZpZGVvX2hlaWdodCI6IjIwMCIsImxheWVyX3ZpZGVvX3dpZHRoIjoiMzAwIiwibGF5ZXJfdmlkZW9fdGh1bWIiOiIiLCJsYXllcl9pZCI6IjE0XzUiLCJsYXllcl9jb250ZW50IjoiaWNvbi1hcnJvdy5wbmciLCJsYXllcl90eXBlIjoiaW1hZ2UiLCJsYXllcl9jbGFzcyI6IiIsImxheWVyX2NhcHRpb24iOiJZb3VyIEltYWdlIEhlcmUgNSIsImxheWVyX2ZvbnRfc2l6ZSI6IiIsImxheWVyX2JhY2tncm91bmRfY29sb3IiOiIiLCJsYXllcl9jb2xvciI6IiIsImxheWVyX2xpbmsiOiIiLCJsYXllcl9hbmltYXRpb24iOiJzZnIiLCJsYXllcl9lYXNpbmciOiJlYXNlSW5RdWFydCIsImxheWVyX3NwZWVkIjoiMzUwIiwibGF5ZXJfdG9wIjoiMjc2IiwibGF5ZXJfbGVmdCI6IjU3NCIsImxheWVyX2VuZHRpbWUiOiIwIiwibGF5ZXJfZW5kc3BlZWQiOiIzMDAiLCJsYXllcl9lbmRhbmltYXRpb24iOiJhdXRvIiwibGF5ZXJfZW5kZWFzaW5nIjoibm90aGluZyIsInRpbWVfc3RhcnQiOiIyMDAwIn1d'),(43,2,'Sample1','','sampl1.jpg','','eyJ1c2V2aWRlbyI6IjAiLCJ2aWRlb2lkIjoiIiwidmlkZW9hdXRvIjoiMCIsImJhY2tncm91bmRfY29sb3IiOiIifQ==','W3sibGF5ZXJfdmlkZW9fdHlwZSI6InlvdXR1YmUiLCJsYXllcl92aWRlb19pZCI6IiIsImxheWVyX3ZpZGVvX2hlaWdodCI6IjIwMCIsImxheWVyX3ZpZGVvX3dpZHRoIjoiMzAwIiwibGF5ZXJfdmlkZW9fdGh1bWIiOiIiLCJsYXllcl9pZCI6IjIxXzEiLCJsYXllcl9jb250ZW50IjoiaW1nLWZvb2QxLnBuZyIsImxheWVyX3R5cGUiOiJ0ZXh0IiwibGF5ZXJfY2xhc3MiOiJtZWRpdW1fdGV4dCIsImxheWVyX2NhcHRpb24iOiJDZWxlYnJhdGluZyB0aGUgbWFnaWMgIiwibGF5ZXJfZm9udF9zaXplIjoiIiwibGF5ZXJfYmFja2dyb3VuZF9jb2xvciI6IiIsImxheWVyX2NvbG9yIjoiIiwibGF5ZXJfbGluayI6IiIsImxheWVyX2FuaW1hdGlvbiI6InNmciIsImxheWVyX2Vhc2luZyI6ImVhc2VJblF1YXJ0IiwibGF5ZXJfc3BlZWQiOiIzNTAiLCJsYXllcl90b3AiOiIxNDAiLCJsYXllcl9sZWZ0IjoiMzIwIiwibGF5ZXJfZW5kdGltZSI6IjAiLCJsYXllcl9lbmRzcGVlZCI6IjMwMCIsImxheWVyX2VuZGFuaW1hdGlvbiI6ImF1dG8iLCJsYXllcl9lbmRlYXNpbmciOiJub3RoaW5nIiwidGltZV9zdGFydCI6IjgwMCJ9LHsibGF5ZXJfdmlkZW9fdHlwZSI6InlvdXR1YmUiLCJsYXllcl92aWRlb19pZCI6IiIsImxheWVyX3ZpZGVvX2hlaWdodCI6IjIwMCIsImxheWVyX3ZpZGVvX3dpZHRoIjoiMzAwIiwibGF5ZXJfdmlkZW9fdGh1bWIiOiIiLCJsYXllcl9pZCI6IjIxXzIiLCJsYXllcl9jb250ZW50IjoiaW1nLWZvb2QxLnBuZyIsImxheWVyX3R5cGUiOiJ0ZXh0IiwibGF5ZXJfY2xhc3MiOiJzbWFsbF90ZXh0IiwibGF5ZXJfY2FwdGlvbiI6Im9mIHRyYW5zZm9ybWluZyBob3VzZXMgaW50byBob21lcy4iLCJsYXllcl9mb250X3NpemUiOiIiLCJsYXllcl9iYWNrZ3JvdW5kX2NvbG9yIjoiIiwibGF5ZXJfY29sb3IiOiIiLCJsYXllcl9saW5rIjoiIiwibGF5ZXJfYW5pbWF0aW9uIjoic2ZyIiwibGF5ZXJfZWFzaW5nIjoiZWFzZUluUXVhcnQiLCJsYXllcl9zcGVlZCI6IjM1MCIsImxheWVyX3RvcCI6IjIyMyIsImxheWVyX2xlZnQiOiI0NTMiLCJsYXllcl9lbmR0aW1lIjoiMCIsImxheWVyX2VuZHNwZWVkIjoiMzAwIiwibGF5ZXJfZW5kYW5pbWF0aW9uIjoiYXV0byIsImxheWVyX2VuZGVhc2luZyI6Im5vdGhpbmciLCJ0aW1lX3N0YXJ0IjoiMTIwMCJ9LHsibGF5ZXJfdmlkZW9fdHlwZSI6InlvdXR1YmUiLCJsYXllcl92aWRlb19pZCI6IiIsImxheWVyX3ZpZGVvX2hlaWdodCI6IjIwMCIsImxheWVyX3ZpZGVvX3dpZHRoIjoiMzAwIiwibGF5ZXJfdmlkZW9fdGh1bWIiOiIiLCJsYXllcl9pZCI6IjIxXzMiLCJsYXllcl9jb250ZW50IjoiaW1nLWZvb2QxLnBuZyIsImxheWVyX3R5cGUiOiJ0ZXh0IiwibGF5ZXJfY2xhc3MiOiIiLCJsYXllcl9jYXB0aW9uIjoiPGEgY2xhc3M9XCJidG4gYnV0dG9uIGJ0bi1saW5rdmlld1wiIGhyZWY9XCJodHRwOlwvXC9wcmVzdGFzaG9wLmNvbVwvXCIgdGl0bGU9XCJTaG9wIG5vd1wiPlNob3Agbm93PFwvYT4iLCJsYXllcl9mb250X3NpemUiOiIiLCJsYXllcl9iYWNrZ3JvdW5kX2NvbG9yIjoiIiwibGF5ZXJfY29sb3IiOiIiLCJsYXllcl9saW5rIjoiIiwibGF5ZXJfYW5pbWF0aW9uIjoic2ZyIiwibGF5ZXJfZWFzaW5nIjoiZWFzZUluUXVhcnQiLCJsYXllcl9zcGVlZCI6IjM1MCIsImxheWVyX3RvcCI6IjMyNSIsImxheWVyX2xlZnQiOiI1MjAiLCJsYXllcl9lbmR0aW1lIjoiMCIsImxheWVyX2VuZHNwZWVkIjoiMzAwIiwibGF5ZXJfZW5kYW5pbWF0aW9uIjoiYXV0byIsImxheWVyX2VuZGVhc2luZyI6Im5vdGhpbmciLCJ0aW1lX3N0YXJ0IjoiMTYwMCJ9LHsibGF5ZXJfdmlkZW9fdHlwZSI6InlvdXR1YmUiLCJsYXllcl92aWRlb19pZCI6IiIsImxheWVyX3ZpZGVvX2hlaWdodCI6IjIwMCIsImxheWVyX3ZpZGVvX3dpZHRoIjoiMzAwIiwibGF5ZXJfdmlkZW9fdGh1bWIiOiIiLCJsYXllcl9pZCI6IjIxXzQiLCJsYXllcl9jb250ZW50IjoiaW1nLWZvb2QxLnBuZyIsImxheWVyX3R5cGUiOiJ0ZXh0IiwibGF5ZXJfY2xhc3MiOiIiLCJsYXllcl9jYXB0aW9uIjoiPHNwYW4gY2xhc3M9XCJmYSBmYS1zb3J0LWRlc1wiPjxcL3NwYW4+IiwibGF5ZXJfZm9udF9zaXplIjoiIiwibGF5ZXJfYmFja2dyb3VuZF9jb2xvciI6IiIsImxheWVyX2NvbG9yIjoiIiwibGF5ZXJfbGluayI6IiIsImxheWVyX2FuaW1hdGlvbiI6InNmciIsImxheWVyX2Vhc2luZyI6ImVhc2VJblF1YXJ0IiwibGF5ZXJfc3BlZWQiOiIzNTAiLCJsYXllcl90b3AiOiIwIiwibGF5ZXJfbGVmdCI6IjAiLCJsYXllcl9lbmR0aW1lIjoiMCIsImxheWVyX2VuZHNwZWVkIjoiMzAwIiwibGF5ZXJfZW5kYW5pbWF0aW9uIjoiYXV0byIsImxheWVyX2VuZGVhc2luZyI6Im5vdGhpbmciLCJ0aW1lX3N0YXJ0IjoiMTYwMCJ9LHsibGF5ZXJfdmlkZW9fdHlwZSI6InlvdXR1YmUiLCJsYXllcl92aWRlb19pZCI6IiIsImxheWVyX3ZpZGVvX2hlaWdodCI6IjIwMCIsImxheWVyX3ZpZGVvX3dpZHRoIjoiMzAwIiwibGF5ZXJfdmlkZW9fdGh1bWIiOiIiLCJsYXllcl9pZCI6IjIxXzUiLCJsYXllcl9jb250ZW50IjoiaWNvbi1hcnJvdy5wbmciLCJsYXllcl90eXBlIjoiaW1hZ2UiLCJsYXllcl9jbGFzcyI6IiIsImxheWVyX2NhcHRpb24iOiJZb3VyIEltYWdlIEhlcmUgNSIsImxheWVyX2ZvbnRfc2l6ZSI6IiIsImxheWVyX2JhY2tncm91bmRfY29sb3IiOiIiLCJsYXllcl9jb2xvciI6IiIsImxheWVyX2xpbmsiOiIiLCJsYXllcl9hbmltYXRpb24iOiJzZnIiLCJsYXllcl9lYXNpbmciOiJlYXNlSW5RdWFydCIsImxheWVyX3NwZWVkIjoiMzUwIiwibGF5ZXJfdG9wIjoiMjc2IiwibGF5ZXJfbGVmdCI6IjU3NCIsImxheWVyX2VuZHRpbWUiOiIwIiwibGF5ZXJfZW5kc3BlZWQiOiIzMDAiLCJsYXllcl9lbmRhbmltYXRpb24iOiJhdXRvIiwibGF5ZXJfZW5kZWFzaW5nIjoibm90aGluZyIsInRpbWVfc3RhcnQiOiIyMDAwIn1d'),(44,1,'Sample2','','sampl2.jpg','','eyJ1c2V2aWRlbyI6IjAiLCJ2aWRlb2lkIjoiIiwidmlkZW9hdXRvIjoiMCIsImJhY2tncm91bmRfY29sb3IiOiIifQ==','W3sibGF5ZXJfdmlkZW9fdHlwZSI6InlvdXR1YmUiLCJsYXllcl92aWRlb19pZCI6IiIsImxheWVyX3ZpZGVvX2hlaWdodCI6IjIwMCIsImxheWVyX3ZpZGVvX3dpZHRoIjoiMzAwIiwibGF5ZXJfdmlkZW9fdGh1bWIiOiIiLCJsYXllcl9pZCI6IjE0XzEiLCJsYXllcl9jb250ZW50IjoiaW1nLWZvb2QyLnBuZyIsImxheWVyX3R5cGUiOiJ0ZXh0IiwibGF5ZXJfY2xhc3MiOiJtZWRpdW1fdGV4dCIsImxheWVyX2NhcHRpb24iOiJ0cmFuc2Zvcm1pbmcgaG91c2VzIiwibGF5ZXJfZm9udF9zaXplIjoiIiwibGF5ZXJfYmFja2dyb3VuZF9jb2xvciI6IiIsImxheWVyX2NvbG9yIjoiIiwibGF5ZXJfbGluayI6IiIsImxheWVyX2FuaW1hdGlvbiI6InNmciIsImxheWVyX2Vhc2luZyI6ImVhc2VJblF1YXJ0IiwibGF5ZXJfc3BlZWQiOiIzNTAiLCJsYXllcl90b3AiOiI5MCIsImxheWVyX2xlZnQiOiIzMDAiLCJsYXllcl9lbmR0aW1lIjoiMCIsImxheWVyX2VuZHNwZWVkIjoiMzAwIiwibGF5ZXJfZW5kYW5pbWF0aW9uIjoic3RsIiwibGF5ZXJfZW5kZWFzaW5nIjoiZWFzZUluUXVhcnQiLCJ0aW1lX3N0YXJ0IjoiODAwIn0seyJsYXllcl92aWRlb190eXBlIjoieW91dHViZSIsImxheWVyX3ZpZGVvX2lkIjoiIiwibGF5ZXJfdmlkZW9faGVpZ2h0IjoiMjAwIiwibGF5ZXJfdmlkZW9fd2lkdGgiOiIzMDAiLCJsYXllcl92aWRlb190aHVtYiI6IiIsImxheWVyX2lkIjoiMTRfMiIsImxheWVyX2NvbnRlbnQiOiJpbWctZm9vZDIucG5nIiwibGF5ZXJfdHlwZSI6InRleHQiLCJsYXllcl9jbGFzcyI6IiIsImxheWVyX2NhcHRpb24iOiI8YSBjbGFzcz1cImJ0biBidXR0b24gYnRuLWxpbmt2aWV3XCIgaHJlZj1cImh0dHA6XC9cL3ByZXN0YXNob3AuY29tXC9cIiB0aXRsZT1cIlNob3Agbm93XCI+U2hvcCBub3c8XC9hPiIsImxheWVyX2ZvbnRfc2l6ZSI6IiIsImxheWVyX2JhY2tncm91bmRfY29sb3IiOiIiLCJsYXllcl9jb2xvciI6IiIsImxheWVyX2xpbmsiOiIiLCJsYXllcl9hbmltYXRpb24iOiJzZnIiLCJsYXllcl9lYXNpbmciOiJlYXNlSW5RdWFydCIsImxheWVyX3NwZWVkIjoiMzUwIiwibGF5ZXJfdG9wIjoiMjgxIiwibGF5ZXJfbGVmdCI6IjQ5NyIsImxheWVyX2VuZHRpbWUiOiIwIiwibGF5ZXJfZW5kc3BlZWQiOiIzMDAiLCJsYXllcl9lbmRhbmltYXRpb24iOiJzdGwiLCJsYXllcl9lbmRlYXNpbmciOiJlYXNlSW5RdWFydCIsInRpbWVfc3RhcnQiOiIxNjAwIn0seyJsYXllcl92aWRlb190eXBlIjoieW91dHViZSIsImxheWVyX3ZpZGVvX2lkIjoiIiwibGF5ZXJfdmlkZW9faGVpZ2h0IjoiMjAwIiwibGF5ZXJfdmlkZW9fd2lkdGgiOiIzMDAiLCJsYXllcl92aWRlb190aHVtYiI6IiIsImxheWVyX2lkIjoiMTRfMyIsImxheWVyX2NvbnRlbnQiOiJpY29uLWFycm93LnBuZyIsImxheWVyX3R5cGUiOiJpbWFnZSIsImxheWVyX2NsYXNzIjoiIiwibGF5ZXJfY2FwdGlvbiI6IllvdXIgSW1hZ2UgSGVyZSA0IiwibGF5ZXJfZm9udF9zaXplIjoiIiwibGF5ZXJfYmFja2dyb3VuZF9jb2xvciI6IiIsImxheWVyX2NvbG9yIjoiIiwibGF5ZXJfbGluayI6IiIsImxheWVyX2FuaW1hdGlvbiI6InNmciIsImxheWVyX2Vhc2luZyI6ImVhc2VJblF1YXJ0IiwibGF5ZXJfc3BlZWQiOiIzNTAiLCJsYXllcl90b3AiOiIyMjgiLCJsYXllcl9sZWZ0IjoiNTQ4IiwibGF5ZXJfZW5kdGltZSI6IjAiLCJsYXllcl9lbmRzcGVlZCI6IjMwMCIsImxheWVyX2VuZGFuaW1hdGlvbiI6ImF1dG8iLCJsYXllcl9lbmRlYXNpbmciOiJub3RoaW5nIiwidGltZV9zdGFydCI6IjE2MDAifSx7ImxheWVyX3ZpZGVvX3R5cGUiOiJ5b3V0dWJlIiwibGF5ZXJfdmlkZW9faWQiOiIiLCJsYXllcl92aWRlb19oZWlnaHQiOiIyMDAiLCJsYXllcl92aWRlb193aWR0aCI6IjMwMCIsImxheWVyX3ZpZGVvX3RodW1iIjoiIiwibGF5ZXJfaWQiOiIxNF80IiwibGF5ZXJfY29udGVudCI6Imljb24tYXJyb3cucG5nIiwibGF5ZXJfdHlwZSI6InRleHQiLCJsYXllcl9jbGFzcyI6InNtYWxsX3RleHRfYmxhY2siLCJsYXllcl9jYXB0aW9uIjoib2YgdHJhbnNmb3JtaW5nIGhvdXNlcyBpbnRvIGhvbWVzLiIsImxheWVyX2ZvbnRfc2l6ZSI6IiIsImxheWVyX2JhY2tncm91bmRfY29sb3IiOiIiLCJsYXllcl9jb2xvciI6IiIsImxheWVyX2xpbmsiOiIiLCJsYXllcl9hbmltYXRpb24iOiJzZnIiLCJsYXllcl9lYXNpbmciOiJlYXNlSW5RdWFydCIsImxheWVyX3NwZWVkIjoiMzUwIiwibGF5ZXJfdG9wIjoiMTc2IiwibGF5ZXJfbGVmdCI6IjQzMyIsImxheWVyX2VuZHRpbWUiOiIwIiwibGF5ZXJfZW5kc3BlZWQiOiIzMDAiLCJsYXllcl9lbmRhbmltYXRpb24iOiJhdXRvIiwibGF5ZXJfZW5kZWFzaW5nIjoibm90aGluZyIsInRpbWVfc3RhcnQiOiIxNjAwIn1d'),(44,2,'Sample2','','sampl2.jpg','','eyJ1c2V2aWRlbyI6IjAiLCJ2aWRlb2lkIjoiIiwidmlkZW9hdXRvIjoiMCIsImJhY2tncm91bmRfY29sb3IiOiIifQ==','W3sibGF5ZXJfdmlkZW9fdHlwZSI6InlvdXR1YmUiLCJsYXllcl92aWRlb19pZCI6IiIsImxheWVyX3ZpZGVvX2hlaWdodCI6IjIwMCIsImxheWVyX3ZpZGVvX3dpZHRoIjoiMzAwIiwibGF5ZXJfdmlkZW9fdGh1bWIiOiIiLCJsYXllcl9pZCI6IjIxXzEiLCJsYXllcl9jb250ZW50IjoiaW1nLWZvb2QyLnBuZyIsImxheWVyX3R5cGUiOiJ0ZXh0IiwibGF5ZXJfY2xhc3MiOiJtZWRpdW1fdGV4dCIsImxheWVyX2NhcHRpb24iOiJ0cmFuc2Zvcm1pbmcgaG91c2VzIiwibGF5ZXJfZm9udF9zaXplIjoiIiwibGF5ZXJfYmFja2dyb3VuZF9jb2xvciI6IiIsImxheWVyX2NvbG9yIjoiIiwibGF5ZXJfbGluayI6IiIsImxheWVyX2FuaW1hdGlvbiI6InNmciIsImxheWVyX2Vhc2luZyI6ImVhc2VJblF1YXJ0IiwibGF5ZXJfc3BlZWQiOiIzNTAiLCJsYXllcl90b3AiOiI5MCIsImxheWVyX2xlZnQiOiIzMDAiLCJsYXllcl9lbmR0aW1lIjoiMCIsImxheWVyX2VuZHNwZWVkIjoiMzAwIiwibGF5ZXJfZW5kYW5pbWF0aW9uIjoic3RsIiwibGF5ZXJfZW5kZWFzaW5nIjoiZWFzZUluUXVhcnQiLCJ0aW1lX3N0YXJ0IjoiODAwIn0seyJsYXllcl92aWRlb190eXBlIjoieW91dHViZSIsImxheWVyX3ZpZGVvX2lkIjoiIiwibGF5ZXJfdmlkZW9faGVpZ2h0IjoiMjAwIiwibGF5ZXJfdmlkZW9fd2lkdGgiOiIzMDAiLCJsYXllcl92aWRlb190aHVtYiI6IiIsImxheWVyX2lkIjoiMjFfMiIsImxheWVyX2NvbnRlbnQiOiJpbWctZm9vZDIucG5nIiwibGF5ZXJfdHlwZSI6InRleHQiLCJsYXllcl9jbGFzcyI6IiIsImxheWVyX2NhcHRpb24iOiI8YSBjbGFzcz1cImJ0biBidXR0b24gYnRuLWxpbmt2aWV3XCIgaHJlZj1cImh0dHA6XC9cL3ByZXN0YXNob3AuY29tXC9cIiB0aXRsZT1cIlNob3Agbm93XCI+U2hvcCBub3c8XC9hPiIsImxheWVyX2ZvbnRfc2l6ZSI6IiIsImxheWVyX2JhY2tncm91bmRfY29sb3IiOiIiLCJsYXllcl9jb2xvciI6IiIsImxheWVyX2xpbmsiOiIiLCJsYXllcl9hbmltYXRpb24iOiJzZnIiLCJsYXllcl9lYXNpbmciOiJlYXNlSW5RdWFydCIsImxheWVyX3NwZWVkIjoiMzUwIiwibGF5ZXJfdG9wIjoiMjgxIiwibGF5ZXJfbGVmdCI6IjQ5NyIsImxheWVyX2VuZHRpbWUiOiIwIiwibGF5ZXJfZW5kc3BlZWQiOiIzMDAiLCJsYXllcl9lbmRhbmltYXRpb24iOiJzdGwiLCJsYXllcl9lbmRlYXNpbmciOiJlYXNlSW5RdWFydCIsInRpbWVfc3RhcnQiOiIxNjAwIn0seyJsYXllcl92aWRlb190eXBlIjoieW91dHViZSIsImxheWVyX3ZpZGVvX2lkIjoiIiwibGF5ZXJfdmlkZW9faGVpZ2h0IjoiMjAwIiwibGF5ZXJfdmlkZW9fd2lkdGgiOiIzMDAiLCJsYXllcl92aWRlb190aHVtYiI6IiIsImxheWVyX2lkIjoiMjFfMyIsImxheWVyX2NvbnRlbnQiOiJpY29uLWFycm93LnBuZyIsImxheWVyX3R5cGUiOiJpbWFnZSIsImxheWVyX2NsYXNzIjoiIiwibGF5ZXJfY2FwdGlvbiI6IllvdXIgSW1hZ2UgSGVyZSA0IiwibGF5ZXJfZm9udF9zaXplIjoiIiwibGF5ZXJfYmFja2dyb3VuZF9jb2xvciI6IiIsImxheWVyX2NvbG9yIjoiIiwibGF5ZXJfbGluayI6IiIsImxheWVyX2FuaW1hdGlvbiI6InNmciIsImxheWVyX2Vhc2luZyI6ImVhc2VJblF1YXJ0IiwibGF5ZXJfc3BlZWQiOiIzNTAiLCJsYXllcl90b3AiOiIyMjgiLCJsYXllcl9sZWZ0IjoiNTQ4IiwibGF5ZXJfZW5kdGltZSI6IjAiLCJsYXllcl9lbmRzcGVlZCI6IjMwMCIsImxheWVyX2VuZGFuaW1hdGlvbiI6ImF1dG8iLCJsYXllcl9lbmRlYXNpbmciOiJub3RoaW5nIiwidGltZV9zdGFydCI6IjE2MDAifSx7ImxheWVyX3ZpZGVvX3R5cGUiOiJ5b3V0dWJlIiwibGF5ZXJfdmlkZW9faWQiOiIiLCJsYXllcl92aWRlb19oZWlnaHQiOiIyMDAiLCJsYXllcl92aWRlb193aWR0aCI6IjMwMCIsImxheWVyX3ZpZGVvX3RodW1iIjoiIiwibGF5ZXJfaWQiOiIyMV80IiwibGF5ZXJfY29udGVudCI6Imljb24tYXJyb3cucG5nIiwibGF5ZXJfdHlwZSI6InRleHQiLCJsYXllcl9jbGFzcyI6InNtYWxsX3RleHRfYmxhY2siLCJsYXllcl9jYXB0aW9uIjoib2YgdHJhbnNmb3JtaW5nIGhvdXNlcyBpbnRvIGhvbWVzLiIsImxheWVyX2ZvbnRfc2l6ZSI6IiIsImxheWVyX2JhY2tncm91bmRfY29sb3IiOiIiLCJsYXllcl9jb2xvciI6IiIsImxheWVyX2xpbmsiOiIiLCJsYXllcl9hbmltYXRpb24iOiJzZnIiLCJsYXllcl9lYXNpbmciOiJlYXNlSW5RdWFydCIsImxheWVyX3NwZWVkIjoiMzUwIiwibGF5ZXJfdG9wIjoiMTc2IiwibGF5ZXJfbGVmdCI6IjQzMyIsImxheWVyX2VuZHRpbWUiOiIwIiwibGF5ZXJfZW5kc3BlZWQiOiIzMDAiLCJsYXllcl9lbmRhbmltYXRpb24iOiJhdXRvIiwibGF5ZXJfZW5kZWFzaW5nIjoibm90aGluZyIsInRpbWVfc3RhcnQiOiIxNjAwIn1d');

--
