-- Table structure for table `ps_order_invoice_payment`
--

CREATE TABLE `ps_order_invoice_payment` (
  `id_order_invoice` int(11) unsigned NOT NULL,
  `id_order_payment` int(11) unsigned NOT NULL,
  `id_order` int(11) unsigned NOT NULL,
  PRIMARY KEY (`id_order_invoice`,`id_order_payment`),
  KEY `order_payment` (`id_order_payment`),
  KEY `id_order` (`id_order`)
) ENGINE=InnoDB DEFAULT CHARSET=utf8;

--
-- Dumping data for table `ps_order_invoice_payment`
--

INSERT INTO `ps_order_invoice_payment` VALUES (1,1,14),(2,2,15),(3,3,16),(4,4,17),(5,5,18),(6,6,19),(7,7,20),(8,8,21),(9,9,22),(10,10,23),(11,11,24),(12,12,25),(13,13,26),(14,14,27),(15,15,28),(16,16,29),(17,17,30),(18,18,31),(19,19,32),(20,20,33),(21,21,34),(22,22,35),(23,23,36),(24,24,37),(25,25,38),(26,26,39),(27,27,40),(28,28,41),(29,29,42),(30,30,43),(31,31,44),(32,32,45),(33,33,46),(34,34,47),(35,35,48),(36,36,49),(37,37,50),(38,38,51),(39,39,52),(40,40,53),(41,41,54),(42,42,56),(43,43,57),(44,44,58),(45,45,59),(46,46,60),(47,47,61),(48,48,62),(49,49,63),(50,50,64),(51,51,65),(52,52,66),(53,53,67),(54,54,68),(55,55,69),(56,56,70),(57,57,71),(58,58,72),(59,59,73),(60,60,74),(61,61,75),(62,62,76),(63,63,77),(64,64,78),(65,65,79),(66,66,80),(67,67,81),(68,68,82),(69,69,83),(70,70,84),(71,71,85),(72,72,86),(73,73,87),(74,74,88),(75,75,89),(76,76,90),(77,77,91),(78,78,92),(79,79,93),(80,80,94),(81,81,95),(82,82,96),(83,83,97),(84,84,98),(85,85,99),(86,86,100),(87,87,101),(88,88,102),(89,89,103),(90,90,104),(91,91,105),(92,92,106),(93,93,107),(94,94,108),(95,95,109),(96,96,110),(97,97,111),(98,98,112),(99,99,114),(100,100,115),(101,101,116),(102,102,117),(103,103,118),(104,104,119),(105,105,120),(106,106,121),(107,107,122),(108,108,123),(109,109,125),(110,110,126),(111,111,127),(112,112,128),(113,113,129),(114,114,130),(115,115,131),(116,116,132),(117,117,133),(118,118,136),(119,119,137),(120,120,138),(121,121,139),(122,122,140),(123,123,141),(124,124,143),(125,125,145),(126,126,147),(127,127,149),(128,128,150),(129,129,151),(130,130,152),(131,131,153),(132,132,154),(133,133,155),(134,134,156),(135,135,158),(136,136,159),(137,137,160),(138,138,162),(139,139,163),(140,140,165),(141,141,166),(142,142,167),(143,143,168),(144,144,169),(145,145,170),(146,146,171),(147,147,172),(148,148,173),(149,149,174),(150,150,175),(151,151,176),(152,152,177),(153,153,178),(154,154,179),(155,155,180),(156,156,181),(157,157,182),(158,158,184),(159,159,185),(160,160,186),(161,161,187),(162,162,188),(163,163,189),(164,164,190),(165,165,191),(166,166,192),(167,167,193),(168,168,194),(169,169,195),(170,170,196),(171,171,197),(172,172,198),(173,173,200),(174,174,201),(175,175,202),(176,176,203),(177,177,204),(178,178,205),(179,179,206),(180,180,207),(181,181,209),(182,182,210),(183,183,211),(184,184,212),(185,185,213),(186,186,214),(187,187,215),(188,188,216),(189,189,217),(190,190,218),(191,191,219),(192,192,220),(193,193,221),(194,194,222),(195,195,223),(196,196,224),(197,197,225),(198,198,226),(199,199,227),(200,200,228),(201,201,229),(202,202,230),(203,203,231),(204,204,232),(205,205,233),(206,206,234),(207,207,235),(208,208,236),(209,209,237),(210,210,238),(211,211,239),(212,212,240),(213,213,241),(214,214,242),(215,215,243),(216,216,244),(217,217,245),(218,218,246),(219,219,247),(220,220,248),(221,221,249),(222,222,250),(223,223,251),(224,224,252),(225,225,253),(226,226,254),(227,227,255),(228,228,256),(229,229,257),(230,230,258),(231,231,259),(232,232,260),(233,233,261),(234,234,263),(235,235,264),(236,236,265),(237,237,266),(238,238,267),(239,239,268),(240,240,269),(241,241,270),(242,242,271),(243,243,272),(244,244,273),(245,245,274),(246,246,275),(247,247,276),(248,248,277),(249,249,278),(250,250,279),(251,251,280),(252,252,281),(253,253,282),(254,254,283),(255,255,284),(256,256,285),(257,257,286),(258,258,287),(259,259,288),(260,260,289),(263,263,290),(261,261,291),(262,262,292),(264,264,293),(265,265,294),(266,266,295),(267,267,296),(268,268,297),(269,269,298),(270,270,299),(271,271,300),(272,272,301),(273,273,302),(274,274,303),(275,275,304),(276,276,305),(277,277,306),(278,278,308),(279,279,309),(280,280,310),(281,281,311),(282,282,312),(283,283,313),(284,284,314),(285,285,315),(286,286,316),(287,287,317),(288,288,318),(289,289,319),(290,290,324),(291,291,325),(292,292,326),(293,293,327),(294,294,328),(295,295,329),(296,296,330),(297,297,331),(298,298,332),(299,299,333),(300,300,334),(301,301,336),(302,302,337),(303,303,339),(304,304,340),(305,305,341),(306,306,342),(307,307,343),(308,308,344),(309,309,345),(310,310,346),(311,311,347),(312,312,348),(313,313,349),(314,314,350),(315,315,351),(316,316,352),(317,317,353),(318,318,356),(319,319,357),(320,320,358),(321,321,359),(322,322,360),(323,323,361),(324,324,362),(325,325,363),(326,326,364),(327,327,365),(328,328,366),(329,329,367),(330,330,368),(331,331,369),(332,332,370),(333,333,371),(334,334,372),(335,335,373),(336,336,374),(337,337,375),(338,338,376),(339,339,377),(340,340,378),(341,341,379),(342,342,380),(343,343,382),(344,344,383),(345,345,384),(346,346,385),(347,347,386),(348,348,387),(349,349,389),(350,350,390),(352,352,391),(351,351,393);

--
-- Table structure for table `ps_order_invoice_tax`
--

CREATE TABLE `ps_order_invoice_tax` (
  `id_order_invoice` int(11) NOT NULL,
  `type` varchar(15) NOT NULL,
  `id_tax` int(11) NOT NULL,
  `amount` decimal(10,6) NOT NULL DEFAULT '0.000000',
  KEY `id_tax` (`id_tax`)
) ENGINE=InnoDB DEFAULT CHARSET=utf8;

--
-- Dumping data for table `ps_order_invoice_tax`
--

INSERT INTO `ps_order_invoice_tax` VALUES (1,'shipping',1,11.900000),(2,'shipping',1,11.900000),(3,'shipping',1,11.900000),(4,'shipping',1,11.900000),(5,'shipping',1,11.900000),(6,'shipping',1,11.900000),(7,'shipping',1,11.900000),(8,'shipping',1,10.066000),(9,'shipping',1,11.900000),(10,'shipping',1,11.900000),(11,'shipping',1,11.900000),(12,'shipping',1,11.900000),(13,'shipping',1,11.900000),(14,'shipping',1,11.900000),(15,'shipping',1,11.900000),(16,'shipping',1,8.066000),(17,'shipping',1,11.900000),(18,'shipping',1,11.900000),(19,'shipping',1,11.900000),(20,'shipping',1,11.900000),(21,'shipping',1,11.900000),(22,'shipping',1,11.900000),(23,'shipping',1,11.900000),(24,'shipping',1,8.066000),(25,'shipping',1,11.900000),(26,'shipping',1,8.066000),(27,'shipping',1,11.900000),(28,'shipping',1,11.900000),(29,'shipping',1,8.066000),(30,'shipping',1,8.066000),(31,'shipping',1,11.900000),(32,'shipping',1,11.900000),(33,'shipping',1,11.900000),(34,'shipping',1,11.900000),(35,'shipping',1,11.900000),(36,'shipping',1,11.900000),(37,'shipping',1,11.900000),(38,'shipping',1,11.900000),(39,'shipping',1,11.900000),(40,'shipping',1,11.900000),(41,'shipping',1,8.066000),(42,'shipping',1,8.066000),(43,'shipping',1,11.900000),(44,'shipping',1,11.900000),(45,'shipping',1,11.900000),(46,'shipping',1,11.900000),(47,'shipping',1,11.900000),(48,'shipping',1,11.900000),(49,'shipping',1,11.900000),(50,'shipping',1,11.900000),(51,'shipping',1,11.900000),(52,'shipping',1,11.900000),(53,'shipping',1,11.900000),(54,'shipping',1,11.900000),(55,'shipping',1,10.066000),(56,'shipping',1,11.900000),(57,'shipping',1,11.900000),(58,'shipping',1,11.900000),(59,'shipping',1,11.900000),(60,'shipping',1,8.066000),(61,'shipping',1,11.900000),(62,'shipping',1,11.900000),(63,'shipping',1,11.900000),(64,'shipping',1,11.900000),(65,'shipping',1,11.900000),(66,'shipping',1,8.066000),(67,'shipping',1,11.900000),(68,'shipping',1,11.900000),(69,'shipping',1,8.066000),(70,'shipping',1,11.900000),(71,'shipping',1,8.066000),(72,'shipping',1,11.900000),(73,'shipping',1,11.900000),(74,'shipping',1,10.066000),(75,'shipping',1,11.900000),(76,'shipping',1,11.900000),(77,'shipping',1,10.066000),(78,'shipping',1,10.066000),(79,'shipping',1,10.066000),(80,'shipping',1,8.066000),(81,'shipping',1,11.900000),(82,'shipping',1,10.066000),(83,'shipping',1,10.066000),(84,'shipping',1,10.066000),(85,'shipping',1,11.900000),(86,'shipping',1,10.066000),(87,'shipping',1,11.900000),(88,'shipping',1,11.900000),(89,'shipping',1,10.066000),(90,'shipping',1,10.066000),(91,'shipping',1,11.900000),(92,'shipping',1,11.900000),(93,'shipping',1,11.900000),(94,'shipping',1,11.900000),(95,'shipping',1,10.066000),(96,'shipping',1,10.066000),(97,'shipping',1,11.900000),(98,'shipping',1,10.066000),(99,'shipping',1,10.066000),(100,'shipping',1,11.900000),(101,'shipping',1,11.900000),(102,'shipping',1,8.066000),(103,'shipping',1,11.900000),(104,'shipping',1,11.900000),(105,'shipping',1,8.066000),(106,'shipping',1,8.066000),(107,'shipping',1,11.900000),(108,'shipping',1,11.900000),(109,'shipping',1,11.900000),(110,'shipping',1,11.900000),(111,'shipping',1,11.900000),(112,'shipping',1,11.900000),(113,'shipping',1,11.900000),(114,'shipping',1,11.900000),(115,'shipping',1,11.900000),(116,'shipping',1,11.900000),(117,'shipping',1,11.900000),(118,'shipping',1,11.900000),(119,'shipping',1,11.900000),(120,'shipping',1,11.900000),(121,'shipping',1,11.900000),(122,'shipping',1,11.900000),(123,'shipping',1,11.900000),(124,'shipping',1,11.900000),(125,'shipping',1,11.900000),(126,'shipping',1,11.900000),(127,'shipping',1,11.900000),(128,'shipping',1,11.900000),(129,'shipping',1,8.066000),(130,'shipping',1,11.900000),(131,'shipping',1,11.900000),(132,'shipping',1,11.900000),(133,'shipping',1,11.900000),(134,'shipping',1,11.900000),(135,'shipping',1,8.234000),(136,'shipping',1,11.900000),(137,'shipping',1,10.400000),(138,'shipping',1,11.900000),(139,'shipping',1,11.900000),(140,'shipping',1,11.900000),(141,'shipping',1,11.900000),(142,'shipping',1,11.900000),(143,'shipping',1,11.900000),(144,'shipping',1,11.900000),(145,'shipping',1,11.900000),(146,'shipping',1,11.900000),(147,'shipping',1,11.900000),(148,'shipping',1,11.900000),(149,'shipping',1,10.066000),(150,'shipping',1,11.900000),(151,'shipping',1,10.066000),(152,'shipping',1,10.066000),(153,'shipping',1,11.900000),(154,'shipping',1,11.900000),(155,'shipping',1,11.900000),(156,'shipping',1,11.900000),(157,'shipping',1,11.900000),(158,'shipping',1,11.900000),(159,'shipping',1,11.900000),(160,'shipping',1,11.900000),(161,'shipping',1,11.900000),(162,'shipping',1,11.900000),(163,'shipping',1,11.900000),(164,'shipping',1,11.900000),(165,'shipping',1,11.900000),(166,'shipping',1,10.066000),(167,'shipping',1,11.900000),(168,'shipping',1,11.900000),(169,'shipping',1,11.900000),(170,'shipping',1,11.900000),(171,'shipping',1,11.900000),(172,'shipping',1,11.900000),(173,'shipping',1,11.900000),(174,'shipping',1,11.900000),(175,'shipping',1,11.900000),(176,'shipping',1,11.900000),(177,'shipping',1,11.900000),(178,'shipping',1,11.900000),(179,'shipping',1,10.066000),(180,'shipping',1,11.900000),(181,'shipping',1,11.900000),(182,'shipping',1,11.900000),(183,'shipping',1,8.066000),(184,'shipping',1,11.900000),(185,'shipping',1,11.900000),(186,'shipping',1,11.900000),(187,'shipping',1,11.900000),(188,'shipping',1,11.900000),(189,'shipping',1,11.900000),(190,'shipping',1,8.066000),(191,'shipping',1,11.900000),(192,'shipping',1,8.066000),(193,'shipping',1,8.066000),(194,'shipping',1,11.900000),(195,'shipping',1,11.900000),(196,'shipping',1,11.900000),(197,'shipping',1,11.900000),(198,'shipping',1,11.900000),(199,'shipping',1,11.900000),(200,'shipping',1,11.900000),(201,'shipping',1,11.900000),(202,'shipping',1,11.900000),(203,'shipping',1,11.900000),(204,'shipping',1,11.900000),(205,'shipping',1,11.900000),(206,'shipping',1,11.900000),(207,'shipping',1,11.900000),(208,'shipping',1,11.900000),(209,'shipping',1,11.900000),(210,'shipping',1,11.900000),(211,'shipping',1,11.900000),(212,'shipping',1,10.066000),(213,'shipping',1,11.900000),(214,'shipping',1,11.900000),(215,'shipping',1,11.900000),(216,'shipping',1,11.900000),(217,'shipping',1,11.900000),(218,'shipping',1,11.900000),(219,'shipping',1,11.900000),(220,'shipping',1,11.900000),(221,'shipping',1,11.900000),(222,'shipping',1,11.900000),(223,'shipping',1,11.900000),(224,'shipping',1,11.900000),(225,'shipping',1,11.900000),(226,'shipping',1,11.900000),(227,'shipping',1,11.900000),(228,'shipping',1,11.900000),(229,'shipping',1,11.900000),(230,'shipping',1,11.900000),(231,'shipping',1,11.900000),(232,'shipping',1,11.900000),(233,'shipping',1,11.900000),(234,'shipping',1,11.900000),(235,'shipping',1,8.066000),(236,'shipping',1,11.900000),(237,'shipping',1,11.900000),(238,'shipping',1,11.900000),(239,'shipping',1,10.066000),(240,'shipping',1,8.066000),(241,'shipping',1,11.900000),(242,'shipping',1,11.900000),(243,'shipping',1,11.900000),(244,'shipping',1,11.900000),(245,'shipping',1,11.900000),(246,'shipping',1,11.900000),(247,'shipping',1,10.066000),(248,'shipping',1,10.066000),(249,'shipping',1,8.066000),(250,'shipping',1,11.900000),(251,'shipping',1,10.066000),(252,'shipping',1,11.900000),(253,'shipping',1,11.900000),(254,'shipping',1,11.900000),(255,'shipping',1,11.900000),(256,'shipping',1,11.900000),(257,'shipping',1,11.900000),(258,'shipping',1,11.900000),(259,'shipping',1,11.900000),(260,'shipping',1,11.900000),(261,'shipping',1,11.900000),(262,'shipping',1,11.900000),(263,'shipping',1,11.900000),(264,'shipping',1,11.900000),(265,'shipping',1,11.900000),(266,'shipping',1,11.900000),(267,'shipping',1,11.900000),(268,'shipping',1,11.900000),(269,'shipping',1,11.900000),(270,'shipping',1,11.900000),(271,'shipping',1,8.400000),(272,'shipping',1,11.900000),(273,'shipping',1,11.900000),(274,'shipping',1,11.900000),(275,'shipping',1,11.900000),(276,'shipping',1,11.900000),(277,'shipping',1,11.900000),(278,'shipping',1,11.900000),(279,'shipping',1,11.900000),(280,'shipping',1,11.900000),(281,'shipping',1,10.066000),(282,'shipping',1,11.900000),(283,'shipping',1,11.900000),(284,'shipping',1,11.900000),(285,'shipping',1,11.900000),(286,'shipping',1,11.900000),(287,'shipping',1,11.900000),(288,'shipping',1,11.900000),(289,'shipping',1,11.900000),(290,'shipping',1,11.900000),(291,'shipping',1,11.900000),(292,'shipping',1,11.900000),(293,'shipping',1,11.900000),(294,'shipping',1,11.900000),(295,'shipping',1,11.900000),(296,'shipping',1,11.900000),(297,'shipping',1,10.066000),(298,'shipping',1,11.900000),(299,'shipping',1,11.900000),(300,'shipping',1,11.900000),(301,'shipping',1,11.900000),(302,'shipping',1,8.066000),(303,'shipping',1,11.900000),(304,'shipping',1,11.900000),(305,'shipping',1,10.066000),(306,'shipping',1,10.066000),(307,'shipping',1,11.900000),(308,'shipping',1,11.900000),(309,'shipping',1,10.066000),(310,'shipping',1,10.066000),(311,'shipping',1,11.900000),(312,'shipping',1,11.900000),(313,'shipping',1,11.900000),(314,'shipping',1,11.900000),(315,'shipping',1,11.900000),(316,'shipping',1,11.900000),(317,'shipping',1,11.900000),(318,'shipping',1,10.066000),(319,'shipping',1,10.066000),(320,'shipping',1,11.900000),(321,'shipping',1,11.900000),(322,'shipping',1,11.900000),(323,'shipping',1,11.900000),(324,'shipping',1,11.900000),(325,'shipping',1,8.066000),(326,'shipping',1,11.900000),(327,'shipping',1,11.900000),(328,'shipping',1,10.066000),(329,'shipping',1,8.066000),(330,'shipping',1,8.066000),(331,'shipping',1,8.066000),(332,'shipping',1,11.900000),(333,'shipping',1,8.066000),(334,'shipping',1,11.900000),(335,'shipping',1,11.900000),(336,'shipping',1,8.066000),(337,'shipping',1,11.900000),(338,'shipping',1,10.066000),(339,'shipping',1,10.066000),(340,'shipping',1,11.900000),(341,'shipping',1,11.900000),(342,'shipping',1,11.900000),(343,'shipping',1,11.900000),(344,'shipping',1,11.900000),(345,'shipping',1,11.900000),(346,'shipping',1,11.900000),(347,'shipping',1,11.900000),(348,'shipping',1,8.066000),(349,'shipping',1,11.900000),(350,'shipping',1,10.066000),(351,'shipping',1,11.900000),(352,'shipping',1,11.900000);

--
-- Table structure for table `ps_order_message`
--

CREATE TABLE `ps_order_message` (
  `id_order_message` int(10) unsigned NOT NULL AUTO_INCREMENT,
  `date_add` datetime NOT NULL,
  PRIMARY KEY (`id_order_message`)
) ENGINE=InnoDB AUTO_INCREMENT=2 DEFAULT CHARSET=utf8;

--
-- Dumping data for table `ps_order_message`
--

INSERT INTO `ps_order_message` VALUES (1,'2018-08-31 09:33:31');

--
-- Table structure for table `ps_order_message_lang`
--

CREATE TABLE `ps_order_message_lang` (
  `id_order_message` int(10) unsigned NOT NULL,
  `id_lang` int(10) unsigned NOT NULL,
  `name` varchar(128) NOT NULL,
  `message` text NOT NULL,
  PRIMARY KEY (`id_order_message`,`id_lang`)
) ENGINE=InnoDB DEFAULT CHARSET=utf8;

--
-- Dumping data for table `ps_order_message_lang`
--

INSERT INTO `ps_order_message_lang` VALUES (1,1,'Délai','Bonjour,\n\nMalheureusement, un élément de votre commande est actuellement en rupture de stock. Cela peut provoquer un léger retard dans la livraison.\nVeuillez accepter nos excuses et soyez assurés que nous tâcherons d\'y remédier.\n\nCordialement,'),(1,2,'Delay','Hi,\n\nUnfortunately, an item on your order is currently out of stock. This may cause a slight delay in delivery.\nPlease accept our apologies and rest assured that we are working hard to rectify this.\n\nBest regards,');

--
-- Table structure for table `ps_order_payment`
--

CREATE TABLE `ps_order_payment` (
  `id_order_payment` int(11) NOT NULL AUTO_INCREMENT,
  `order_reference` varchar(9) DEFAULT NULL,
  `id_currency` int(10) unsigned NOT NULL,
  `amount` decimal(10,2) NOT NULL,
  `payment_method` varchar(255) NOT NULL,
  `conversion_rate` decimal(13,6) NOT NULL DEFAULT '1.000000',
  `transaction_id` varchar(254) DEFAULT NULL,
  `card_number` varchar(254) DEFAULT NULL,
  `card_brand` varchar(254) DEFAULT NULL,
  `card_expiration` char(7) DEFAULT NULL,
  `card_holder` varchar(254) DEFAULT NULL,
  `date_add` datetime NOT NULL,
  PRIMARY KEY (`id_order_payment`),
  KEY `order_reference` (`order_reference`)
) ENGINE=InnoDB AUTO_INCREMENT=353 DEFAULT CHARSET=utf8;

--
-- Dumping data for table `ps_order_payment`
--

INSERT INTO `ps_order_payment` VALUES (1,'HMGQMHWIB',1,71.40,'Comptant à la livraison',1.000000,'','','','','','2020-01-12 09:53:42'),(2,'RSWFQQVZD',1,71.40,'Comptant à la livraison',1.000000,'','','','','','2020-01-17 16:44:29'),(3,'GDEAXYBTI',1,1271.40,'Comptant à la livraison',1.000000,'','','','','','2020-01-29 09:15:09'),(4,'WPQNHMQZL',1,1621.40,'Comptant à la livraison',1.000000,'','','','','','2020-02-02 20:05:09'),(5,'CWCUICPOH',1,241.40,'Comptant à la livraison',1.000000,'','','','','','2020-02-06 11:44:17'),(6,'MZBSDPFKQ',1,131.40,'Comptant à la livraison',1.000000,'','','','','','2020-02-12 03:37:18'),(7,'SNUWEVOIL',1,721.40,'Comptant à la livraison',1.000000,'','','','','','2020-04-01 18:37:41'),(8,'FTKYKAYWA',1,3860.40,'Comptant à la livraison',1.000000,'','','','','','2020-04-03 19:59:57'),(9,'WTVRITDUM',1,2471.40,'Comptant à la livraison',1.000000,'','','','','','2020-04-07 11:16:35'),(10,'UKOQVFRAE',1,1821.40,'Comptant à la livraison',1.000000,'','','','','','2020-04-10 18:20:15'),(11,'EERCXHZXO',1,1471.40,'Comptant à la livraison',1.000000,'','','','','','2020-04-10 23:29:47'),(12,'MSHLCZTRU',1,2271.40,'Comptant à la livraison',1.000000,'','','','','','2020-04-11 16:38:04'),(13,'SEXVGCXMA',1,1271.40,'Comptant à la livraison',1.000000,'','','','','','2020-04-12 06:34:16'),(14,'DFAFLCMPO',1,1726.40,'Comptant à la livraison',1.000000,'','','','','','2020-04-12 16:18:52'),(15,'SYOBKKQJK',1,5571.40,'Comptant à la livraison',1.000000,'','','','','','2020-04-13 16:04:44'),(16,'NVHEWFYWY',1,178.40,'Comptant à la livraison',1.000000,'','','','','','2020-04-13 18:56:06'),(17,'EDXVHKODO',1,621.40,'Comptant à la livraison',1.000000,'','','','','','2020-04-13 19:38:57'),(18,'SZIHVRIXP',1,5871.40,'Comptant à la livraison',1.000000,'','','','','','2020-04-13 19:48:40'),(19,'BJINEVBOO',1,1121.40,'Comptant à la livraison',1.000000,'','','','','','2020-04-16 18:22:15'),(20,'ZWNTUBIYY',1,1671.40,'Comptant à la livraison',1.000000,'','','','','','2020-04-17 18:28:24'),(21,'MTOQSVNLR',1,1271.40,'Comptant à la livraison',1.000000,'','','','','','2020-04-18 13:37:41'),(22,'FLKSSZQVG',1,491.40,'Comptant à la livraison',1.000000,'','','','','','2020-04-18 23:34:59'),(23,'KWNIRFXGO',1,1571.40,'Comptant à la livraison',1.000000,'','','','','','2020-04-19 07:46:16'),(24,'MNIRQTTVK',1,148.40,'Comptant à la livraison',1.000000,'','','','','','2020-04-19 18:37:02'),(25,'URBLJNRXE',1,1571.40,'Comptant à la livraison',1.000000,'','','','','','2020-04-20 21:50:52'),(26,'GYFBTNHJI',1,133.40,'Comptant à la livraison',1.000000,'','','','','','2020-04-21 12:08:29'),(27,'ASORAMVYH',1,2271.40,'Comptant à la livraison',1.000000,'','','','','','2020-04-21 18:15:36'),(28,'XFVYRXOHF',1,821.40,'Comptant à la livraison',1.000000,'','','','','','2020-04-22 15:43:03'),(29,'BMRIAPKDA',1,168.40,'Comptant à la livraison',1.000000,'','','','','','2020-04-25 14:04:29'),(30,'FPDGIQIRS',1,128.40,'Comptant à la livraison',1.000000,'','','','','','2020-04-25 23:27:39'),(31,'EHGMCRIKT',1,2971.40,'Comptant à la livraison',1.000000,'','','','','','2020-04-26 09:33:44'),(32,'MEBLQYCVB',1,1671.40,'Comptant à la livraison',1.000000,'','','','','','2020-04-26 11:33:07'),(33,'HXHWEHEUT',1,311.40,'Comptant à la livraison',1.000000,'','','','','','2020-04-28 16:52:43'),(34,'NATAMDLDU',1,4571.40,'Comptant à la livraison',1.000000,'','','','','','2020-04-28 18:40:33'),(35,'LMFJFEDJO',1,3671.40,'Comptant à la livraison',1.000000,'','','','','','2020-04-30 14:43:13'),(36,'GLECETQHQ',1,1511.40,'Comptant à la livraison',1.000000,'','','','','','2020-04-30 19:22:26'),(37,'LOBMQODVL',1,2871.40,'Comptant à la livraison',1.000000,'','','','','','2020-05-05 09:38:22'),(38,'FTFXWZXAQ',1,2871.40,'Comptant à la livraison',1.000000,'','','','','','2020-05-06 03:31:34'),(39,'UBLWRFDUX',1,2871.40,'Comptant à la livraison',1.000000,'','','','','','2020-05-06 03:31:53'),(40,'LZXPKEMOF',1,1016.40,'Comptant à la livraison',1.000000,'','','','','','2020-05-06 23:00:32'),(41,'RQMGWZQAU',1,283.40,'Comptant à la livraison',1.000000,'','','','','','2020-05-10 11:28:56'),(42,'KDSYBVABU',1,273.40,'Comptant à la livraison',1.000000,'','','','','','2020-05-14 12:59:38'),(43,'HWNPZNZLK',1,1571.40,'Comptant à la livraison',1.000000,'','','','','','2020-05-16 16:26:35'),(44,'IMIGOITCC',1,1821.40,'Comptant à la livraison',1.000000,'','','','','','2020-05-16 17:18:31'),(45,'EZMYPKNTN',1,1821.40,'Comptant à la livraison',1.000000,'','','','','','2020-05-16 19:47:16'),(46,'OSDKOSHOD',1,1271.40,'Comptant à la livraison',1.000000,'','','','','','2020-05-16 21:27:47'),(47,'QLTQWAXGO',1,5299.40,'Comptant à la livraison',1.000000,'','','','','','2020-05-18 02:51:16'),(48,'SFAXELMLE',1,86.40,'Comptant à la livraison',1.000000,'','','','','','2020-05-19 21:35:09'),(49,'BDPDFXQUR',1,1671.40,'Comptant à la livraison',1.000000,'','','','','','2020-05-20 02:21:44'),(50,'KQCGHXNEM',1,1921.40,'Comptant à la livraison',1.000000,'','','','','','2020-05-22 15:08:23'),(51,'QTFABOINI',1,1271.40,'Comptant à la livraison',1.000000,'','','','','','2020-05-23 04:37:24'),(52,'TRAJZMKJU',1,1271.40,'Comptant à la livraison',1.000000,'','','','','','2020-05-23 14:24:41'),(53,'YFWWBAQGG',1,151.40,'Comptant à la livraison',1.000000,'','','','','','2020-05-23 20:55:05'),(54,'EPTYUUZRT',1,1571.40,'Comptant à la livraison',1.000000,'','','','','','2020-05-25 21:52:27'),(55,'FKOWLDDXP',1,3860.40,'Comptant à la livraison',1.000000,'','','','','','2020-05-27 00:40:19'),(56,'YCAJVQAXS',1,1271.40,'Comptant à la livraison',1.000000,'','','','','','2020-05-27 12:16:28'),(57,'YEXQITYES',1,1271.40,'Comptant à la livraison',1.000000,'','','','','','2020-05-27 20:43:47'),(58,'ZCWSVHOJD',1,1271.40,'Comptant à la livraison',1.000000,'','','','','','2020-05-28 23:01:00'),(59,'WZTBPCMXZ',1,1121.40,'Comptant à la livraison',1.000000,'','','','','','2020-05-29 20:41:10'),(60,'JCKAUEKLL',1,148.40,'Comptant à la livraison',1.000000,'','','','','','2020-05-30 18:14:47'),(61,'QPQPAKEBD',1,1271.40,'Comptant à la livraison',1.000000,'','','','','','2020-05-31 19:10:18'),(62,'EHNOUJVXR',1,1961.40,'Comptant à la livraison',1.000000,'','','','','','2020-06-01 18:00:45'),(63,'HKXZWYPCZ',1,1271.40,'Comptant à la livraison',1.000000,'','','','','','2020-06-02 12:39:47'),(64,'GUQHUXLVG',1,1771.40,'Comptant à la livraison',1.000000,'','','','','','2020-06-03 21:40:48'),(65,'VPFUXIPPZ',1,13571.40,'Comptant à la livraison',1.000000,'','','','','','2020-06-06 23:28:02'),(66,'RHJRDXIRG',1,148.40,'Comptant à la livraison',1.000000,'','','','','','2020-06-07 12:31:56'),(67,'PWZDOJNIW',1,2271.40,'Comptant à la livraison',1.000000,'','','','','','2020-06-08 14:28:02'),(68,'RSOHBWDBP',1,1671.40,'Comptant à la livraison',1.000000,'','','','','','2020-06-15 00:21:28'),(69,'RBCRKHWVV',1,898.40,'Comptant à la livraison',1.000000,'','','','','','2020-06-15 12:02:43'),(70,'ZZQNLIJQA',1,1471.40,'Comptant à la livraison',1.000000,'','','','','','2020-06-17 16:42:37'),(71,'QOVXJZUDN',1,268.40,'Comptant à la livraison',1.000000,'','','','','','2020-06-19 18:02:50'),(72,'ZNCUYLPHZ',1,1271.40,'Comptant à la livraison',1.000000,'','','','','','2020-07-01 19:56:47'),(73,'RHSCHPMLA',1,1836.40,'Comptant à la livraison',1.000000,'','','','','','2020-07-02 00:38:39'),(74,'PPOKPWPVS',1,3860.40,'Cash on delivery (COD)',1.000000,'','','','','','2020-07-07 21:18:36'),(75,'GNFCZIEFO',1,1511.40,'Comptant à la livraison',1.000000,'','','','','','2020-07-08 22:33:25'),(76,'GSXVPQIRP',1,1511.40,'Comptant à la livraison',1.000000,'','','','','','2020-07-08 22:39:38'),(77,'JGEFKWAAK',1,3860.40,'Comptant à la livraison',1.000000,'','','','','','2020-07-12 00:03:28'),(78,'VTPWUPBDT',1,3860.40,'Comptant à la livraison',1.000000,'','','','','','2020-07-12 00:08:46'),(79,'RPCHQMHPE',1,3860.40,'Comptant à la livraison',1.000000,'','','','','','2020-07-12 10:23:46'),(80,'YAYZWCEXJ',1,168.40,'Comptant à la livraison',1.000000,'','','','','','2020-07-20 10:39:04'),(81,'XSRZQJSGQ',1,9071.40,'Comptant à la livraison',1.000000,'','','','','','2020-07-22 12:11:28'),(82,'CRCESZTHZ',1,3860.40,'Comptant à la livraison',1.000000,'','','','','','2020-07-24 12:52:35'),(83,'BIZRTAYJV',1,3860.40,'Comptant à la livraison',1.000000,'','','','','','2020-07-24 12:53:15'),(84,'OJMGAEZLL',1,3860.40,'Comptant à la livraison',1.000000,'','','','','','2020-07-24 13:04:58'),(85,'TAXFOHLNK',1,1271.40,'Comptant à la livraison',1.000000,'','','','','','2020-07-24 19:14:03'),(86,'JIGNLNFWB',1,3860.40,'Comptant à la livraison',1.000000,'','','','','','2020-07-31 17:22:50'),(87,'AFOKNZWPO',1,721.40,'Comptant à la livraison',1.000000,'','','','','','2020-08-01 18:51:38'),(88,'KRWZYRGSE',1,1161.40,'Comptant à la livraison',1.000000,'','','','','','2020-08-05 23:26:00'),(89,'HZPLOMXNP',1,3860.40,'Comptant à la livraison',1.000000,'','','','','','2020-08-09 12:22:58'),(90,'ZEFMANZOM',1,21960.40,'Comptant à la livraison',1.000000,'','','','','','2020-08-14 16:16:41'),(91,'BIDWIJQVS',1,621.40,'Comptant à la livraison',1.000000,'','','','','','2020-08-19 11:04:37'),(92,'MVWSZPIJE',1,3971.40,'Comptant à la livraison',1.000000,'','','','','','2020-08-20 16:58:36'),(93,'CZYUKZXZV',1,1921.40,'Comptant à la livraison',1.000000,'','','','','','2020-08-25 12:52:01'),(94,'GTBFWEJMH',1,1821.40,'Comptant à la livraison',1.000000,'','','','','','2020-08-30 14:35:47'),(95,'RTTHZBBHR',1,3860.40,'Comptant à la livraison',1.000000,'','','','','','2020-09-02 13:37:13'),(96,'JERYYRAEW',1,3860.40,'Comptant à la livraison',1.000000,'','','','','','2020-09-08 19:46:11'),(97,'DNRCVMHXS',1,3971.40,'Comptant à la livraison',1.000000,'','','','','','2020-09-10 16:11:37'),(98,'MBFHMNWLJ',1,11260.40,'Comptant à la livraison',1.000000,'','','','','','2020-09-17 01:15:52'),(99,'RBAUXBDXZ',1,3860.40,'Comptant à la livraison',1.000000,'','','','','','2020-09-25 12:03:33'),(100,'SLIASLTCO',1,5871.40,'Comptant à la livraison',1.000000,'','','','','','2020-10-05 09:41:00'),(101,'VKYOYHXGC',1,1561.40,'Comptant à la livraison',1.000000,'','','','','','2020-10-07 00:08:23'),(102,'WSXOZEWML',1,598.40,'Comptant à la livraison',1.000000,'','','','','','2020-10-16 15:34:21'),(103,'CBYSUPBHX',1,721.40,'Comptant à la livraison',1.000000,'','','','','','2020-10-21 12:59:22'),(104,'SRHTLUOQL',1,721.40,'Comptant à la livraison',1.000000,'','','','','','2020-10-21 13:02:25'),(105,'GJPXVUCUE',1,198.40,'Comptant à la livraison',1.000000,'','','','','','2020-10-21 14:30:43'),(106,'PVAZIUFUG',1,198.40,'Comptant à la livraison',1.000000,'','','','','','2020-10-21 14:40:16'),(107,'UUKLIJZKX',1,1771.40,'Comptant à la livraison',1.000000,'','','','','','2020-10-26 19:40:10'),(108,'KATFMZZVT',1,1921.40,'Comptant à la livraison',1.000000,'','','','','','2020-11-02 23:12:36'),(109,'FXEULASQR',1,1171.40,'Comptant à la livraison',1.000000,'','','','','','2020-11-04 15:30:36'),(110,'QPUCKIHAX',1,721.40,'Comptant à la livraison',1.000000,'','','','','','2020-11-06 00:09:33'),(111,'QHIMYCXBR',1,2471.40,'Comptant à la livraison',1.000000,'','','','','','2020-11-09 19:48:26'),(112,'IUPMRINKN',1,1511.40,'Comptant à la livraison',1.000000,'','','','','','2020-11-12 18:05:06'),(113,'BSZCYKSVU',1,1511.40,'Comptant à la livraison',1.000000,'','','','','','2020-11-12 18:05:26'),(114,'WCVYAUZNH',1,1771.40,'Comptant à la livraison',1.000000,'','','','','','2020-11-13 16:33:58'),(115,'MHYCBBFUH',1,1921.40,'Comptant à la livraison',1.000000,'','','','','','2020-11-14 23:36:54'),(116,'IILCZVFGF',1,3971.40,'Comptant à la livraison',1.000000,'','','','','','2020-11-25 02:25:08'),(117,'XMNPIQTIO',1,2371.40,'Comptant à la livraison',1.000000,'','','','','','2020-11-29 21:34:21'),(118,'QZZVJUOVR',1,1771.40,'Comptant à la livraison',1.000000,'','','','','','2020-12-06 19:18:53'),(119,'SOBLSGKSH',1,2971.40,'Comptant à la livraison',1.000000,'','','','','','2020-12-13 19:11:35'),(120,'BWSWLXBIQ',1,9291.40,'Comptant à la livraison',1.000000,'','','','','','2020-12-16 01:00:38'),(121,'DMQWQORDP',1,11071.40,'Comptant à la livraison',1.000000,'','','','','','2020-12-17 10:13:52'),(122,'QREWACYTU',1,1511.40,'Comptant à la livraison',1.000000,'','','','','','2020-12-20 09:55:49'),(123,'YHZZMTYHD',1,1511.40,'Comptant à la livraison',1.000000,'','','','','','2020-12-20 09:59:24'),(124,'BJXMGYVSU',1,1821.40,'Comptant à la livraison',1.000000,'','','','','','2020-12-23 16:42:52'),(125,'IPWZLCILK',1,13571.40,'Comptant à la livraison',1.000000,'','','','','','2020-12-28 09:41:53'),(126,'THJORPHBD',1,3071.40,'Comptant à la livraison',1.000000,'','','','','','2020-12-29 10:21:20'),(127,'VEEPWHKNI',1,5071.40,'Comptant à la livraison',1.000000,'','','','','','2021-01-19 22:16:03'),(128,'SWYEPJXDA',1,1971.40,'Comptant à la livraison',1.000000,'','','','','','2021-01-20 13:48:41'),(129,'KNODTYNQT',1,123.40,'Comptant à la livraison',1.000000,'','','','','','2021-01-25 03:27:18'),(130,'OVVARRGSP',1,1371.40,'Comptant à la livraison',1.000000,'','','','','','2021-01-26 11:52:25'),(131,'RPOMMADYV',1,1371.40,'Comptant à la livraison',1.000000,'','','','','','2021-01-26 11:52:42'),(132,'PSUWIWCGB',1,1271.40,'Comptant à la livraison',1.000000,'','','','','','2021-01-26 20:31:57'),(133,'PIFMJDZLO',1,1721.40,'Comptant à la livraison',1.000000,'','','','','','2021-01-27 13:21:00'),(134,'OJQDEDUNN',1,1671.40,'Comptant à la livraison',1.000000,'','','','','','2021-01-31 18:34:36'),(135,'GHDOOEAJY',1,592.40,'Cash on delivery (COD)',1.000000,'','','','','','2021-02-07 23:27:18'),(136,'QRJEMEWTU',1,9771.40,'Comptant à la livraison',1.000000,'','','','','','2021-02-08 23:50:02'),(137,'KIWSZWOHK',1,1297.40,'Cash on delivery (COD)',1.000000,'','','','','','2021-02-09 22:03:28'),(138,'QTVTIQLFS',1,1471.40,'Comptant à la livraison',1.000000,'','','','','','2021-02-11 22:42:23'),(139,'IZQCSYKBH',1,4521.40,'Comptant à la livraison',1.000000,'','','','','','2021-02-12 17:56:37'),(140,'AFAIGKALN',1,2661.40,'Comptant à la livraison',1.000000,'','','','','','2021-02-15 17:18:47'),(141,'EXILICQQQ',1,3061.40,'Comptant à la livraison',1.000000,'','','','','','2021-02-19 14:31:38'),(142,'XZUIJFCYH',1,3971.40,'Comptant à la livraison',1.000000,'','','','','','2021-02-26 17:59:08'),(143,'PIRVGGUSV',1,1361.40,'Comptant à la livraison',1.000000,'','','','','','2021-03-01 16:36:51'),(144,'FNAXEKPRF',1,7061.40,'Comptant à la livraison',1.000000,'','','','','','2021-03-20 11:01:03'),(145,'TVLJBHXZK',1,571.40,'Comptant à la livraison',1.000000,'','','','','','2021-03-20 12:23:21'),(146,'LMLGZZSDS',1,1621.40,'Comptant à la livraison',1.000000,'','','','','','2021-03-20 12:35:10'),(147,'LAXHIQLXV',1,2871.40,'Comptant à la livraison',1.000000,'','','','','','2021-03-26 09:40:42'),(148,'XEQWZBIRI',1,1671.40,'Comptant à la livraison',1.000000,'','','','','','2021-03-29 17:52:33'),(149,'CHJSPEHIK',1,2460.40,'Comptant à la livraison',1.000000,'','','','','','2021-03-31 13:13:21'),(150,'QBFUVVVVX',1,2021.90,'Comptant à la livraison',1.000000,'','','','','','2021-03-31 14:03:05'),(151,'IZMJYYNPR',1,2460.40,'Comptant à la livraison',1.000000,'','','','','','2021-04-04 21:05:29'),(152,'OSYHGRWID',1,2460.40,'Comptant à la livraison',1.000000,'','','','','','2021-04-04 21:09:17'),(153,'OQBZUZXYJ',1,421.40,'Comptant à la livraison',1.000000,'','','','','','2021-04-05 14:41:41'),(154,'WDFJFYCHR',1,5071.40,'Comptant à la livraison',1.000000,'','','','','','2021-04-08 20:52:46'),(155,'YFHFJPKTZ',1,1371.40,'Comptant à la livraison',1.000000,'','','','','','2021-04-13 19:26:33'),(156,'VJIKTKDUY',1,291.40,'Comptant à la livraison',1.000000,'','','','','','2021-04-13 23:11:47'),(157,'WOKLZJPWO',1,721.40,'Comptant à la livraison',1.000000,'','','','','','2021-04-14 01:16:35'),(158,'RGNDLPTIW',1,11571.40,'Chèque',1.000000,'','','','','','2021-04-14 15:34:49'),(159,'KJGDUQXYJ',1,1871.40,'Comptant à la livraison',1.000000,'','','','','','2021-04-19 12:40:58'),(160,'ANHDHHWFV',1,3371.40,'Comptant à la livraison',1.000000,'','','','','','2021-04-19 17:48:06'),(161,'LYLRUYVBB',1,1011.40,'Comptant à la livraison',1.000000,'','','','','','2021-04-22 23:29:37'),(162,'PMGXHHZIM',1,2971.40,'Comptant à la livraison',1.000000,'','','','','','2021-04-25 10:34:27'),(163,'SACGIQNNQ',1,4371.40,'Comptant à la livraison',1.000000,'','','','','','2021-04-27 13:14:11'),(164,'IMJMCDJGT',1,1361.40,'Comptant à la livraison',1.000000,'','','','','','2021-04-30 18:13:47'),(165,'JQCGFNNEF',1,251.40,'Comptant à la livraison',1.000000,'','','','','','2021-05-01 21:13:27'),(166,'YIQYHVHCX',1,3860.40,'Comptant à la livraison',1.000000,'','','','','','2021-05-02 09:32:30'),(167,'XDYJSWUXW',1,5071.40,'Comptant à la livraison',1.000000,'','','','','','2021-05-02 13:37:57'),(168,'UEEMPMRLF',1,3691.40,'Comptant à la livraison',1.000000,'','','','','','2021-05-02 19:07:51'),(169,'MUVPKEIOL',1,4971.40,'Comptant à la livraison',1.000000,'','','','','','2021-05-06 15:22:33'),(170,'CJSLJXTWS',1,6371.40,'Comptant à la livraison',1.000000,'','','','','','2021-05-06 18:56:53'),(171,'ZIVBRYZIN',1,1771.40,'Comptant à la livraison',1.000000,'','','','','','2021-05-06 23:05:18'),(172,'QOOOBBEJL',1,6871.40,'Comptant à la livraison',1.000000,'','','','','','2021-05-07 11:11:40'),(173,'ARTKMLWWL',1,1271.40,'Comptant à la livraison',1.000000,'','','','','','2021-05-10 16:10:08'),(174,'NGXLIXQVE',1,1321.40,'Comptant à la livraison',1.000000,'','','','','','2021-05-15 12:53:53'),(175,'LJIUUOZKW',1,1671.40,'Comptant à la livraison',1.000000,'','','','','','2021-06-05 16:30:34'),(176,'FIDLZWCQD',1,1461.40,'Cash on delivery (COD)',1.000000,'','','','','','2021-06-06 06:50:58'),(177,'ORKFHMYNJ',1,1521.40,'Comptant à la livraison',1.000000,'','','','','','2021-06-08 22:44:20'),(178,'XOXJTXPQB',1,261.40,'Cash on delivery (COD)',1.000000,'','','','','','2021-07-06 01:10:48'),(179,'ESAFUUHYP',1,2460.40,'Comptant à la livraison',1.000000,'','','','','','2021-07-08 14:15:50'),(180,'BXRCMOFZH',1,2521.40,'Comptant à la livraison',1.000000,'','','','','','2021-07-12 18:04:34'),(181,'BYMLIRXTQ',1,3641.40,'Comptant à la livraison',1.000000,'','','','','','2021-07-27 18:42:01'),(182,'WJLPTTHUH',1,3641.40,'Comptant à la livraison',1.000000,'','','','','','2021-07-27 18:44:43'),(183,'UDBOKMHDI',1,5060.40,'Comptant à la livraison',1.000000,'','','','','','2021-07-28 00:43:08'),(184,'HCOWEPAVB',1,6471.40,'Comptant à la livraison',1.000000,'','','','','','2021-08-01 12:30:40'),(185,'QLFBDEVND',1,5071.40,'Comptant à la livraison',1.000000,'','','','','','2021-08-05 11:26:11'),(186,'AFFLSGJIB',1,1971.40,'Comptant à la livraison',1.000000,'','','','','','2021-08-05 15:16:27'),(187,'AOXQCQYTU',1,1791.40,'Comptant à la livraison',1.000000,'','','','','','2021-08-07 16:50:28'),(188,'QUFWBFUEG',1,1361.40,'Comptant à la livraison',1.000000,'','','','','','2021-08-08 03:29:12'),(189,'SOSRDYFVZ',1,5071.40,'Comptant à la livraison',1.000000,'','','','','','2021-08-10 20:49:00'),(190,'BWMIEVMSS',1,148.40,'Comptant à la livraison',1.000000,'','','','','','2021-08-14 21:59:07'),(191,'HQPBUWWIX',1,1571.40,'Comptant à la livraison',1.000000,'','','','','','2021-08-16 21:39:25'),(192,'NBLOVDAJO',1,68.40,'Comptant à la livraison',1.000000,'','','','','','2021-08-20 09:53:08'),(193,'MQCYAQSAC',1,68.40,'Comptant à la livraison',1.000000,'','','','','','2021-08-20 09:59:24'),(194,'KJLJQGFOK',1,5871.40,'Comptant à la livraison',1.000000,'','','','','','2021-08-20 14:33:30'),(195,'YTGRXZTOZ',1,5871.40,'Comptant à la livraison',1.000000,'','','','','','2021-08-20 14:38:36'),(196,'LHVVDDJVQ',1,1971.40,'Comptant à la livraison',1.000000,'','','','','','2021-09-01 20:24:57'),(197,'RMNCUZTBX',1,2471.40,'Comptant à la livraison',1.000000,'','','','','','2021-09-06 15:58:04'),(198,'BHNPVEYGG',1,571.40,'Comptant à la livraison',1.000000,'','','','','','2021-09-22 22:47:46'),(199,'LIYCLZXPJ',1,10921.40,'Comptant à la livraison',1.000000,'','','','','','2021-09-30 06:45:40'),(200,'PNOGIOMOH',1,1821.40,'Comptant à la livraison',1.000000,'','','','','','2021-10-04 14:37:33'),(201,'QNKNPDNOH',1,1421.40,'Comptant à la livraison',1.000000,'','','','','','2021-10-05 15:09:44'),(202,'FYZTNFYXY',1,1771.40,'Comptant à la livraison',1.000000,'','','','','','2021-10-07 13:04:48'),(203,'BQNHMIPMT',1,1921.40,'Comptant à la livraison',1.000000,'','','','','','2021-10-10 19:51:00'),(204,'VKFXNDKKJ',1,921.40,'Comptant à la livraison',1.000000,'','','','','','2021-10-11 11:21:35'),(205,'RECZUCVIY',1,671.40,'Comptant à la livraison',1.000000,'','','','','','2021-10-20 18:18:21'),(206,'GVTCVBZMH',1,971.40,'Comptant à la livraison',1.000000,'','','','','','2021-10-22 00:32:35'),(207,'RDMBLZQCZ',1,1791.40,'Comptant à la livraison',1.000000,'','','','','','2021-10-23 17:28:50'),(208,'APFQZTWZU',1,1371.40,'Comptant à la livraison',1.000000,'','','','','','2021-10-24 20:57:34'),(209,'QKZYGLYJQ',1,5971.40,'Comptant à la livraison',1.000000,'','','','','','2021-10-25 16:49:06'),(210,'ESSGUYKKW',1,14571.40,'Comptant à la livraison',1.000000,'','','','','','2021-10-28 13:22:47'),(211,'JUJBEWICL',1,2021.40,'Comptant à la livraison',1.000000,'','','','','','2021-10-28 17:24:02'),(212,'PJVOCQAES',1,3860.40,'Comptant à la livraison',1.000000,'','','','','','2021-10-29 14:24:00'),(213,'ERZXPFNVD',1,7871.40,'Cash on delivery (COD)',1.000000,'','','','','','2021-10-31 08:21:55'),(214,'AIKWBAKMB',1,1361.40,'Comptant à la livraison',1.000000,'','','','','','2021-11-02 19:58:50'),(215,'ILACMCPCS',1,1361.40,'Comptant à la livraison',1.000000,'','','','','','2021-11-02 20:01:56'),(216,'YJMEXAMAR',1,2871.40,'Comptant à la livraison',1.000000,'','','','','','2021-11-04 17:58:22'),(217,'HSLDMFNDR',1,3321.40,'Comptant à la livraison',1.000000,'','','','','','2021-11-08 11:09:48'),(218,'NMWMMLNBI',1,5471.40,'Comptant à la livraison',1.000000,'','','','','','2021-11-08 16:32:32'),(219,'UJBQUTMGO',1,24571.40,'Comptant à la livraison',1.000000,'','','','','','2021-11-13 04:51:57'),(220,'OHBIJIXLW',1,311.40,'Comptant à la livraison',1.000000,'','','','','','2021-11-17 19:53:18'),(221,'FDLSNWXSC',1,2971.40,'Comptant à la livraison',1.000000,'','','','','','2021-11-22 20:37:10'),(222,'YHQFJAJMX',1,1171.40,'Comptant à la livraison',1.000000,'','','','','','2021-11-24 20:59:04'),(223,'FOOVWMUGU',1,1361.40,'Comptant à la livraison',1.000000,'','','','','','2021-11-26 09:55:36'),(224,'YLXIYROFN',1,1171.40,'Comptant à la livraison',1.000000,'','','','','','2021-11-28 13:48:55'),(225,'XCDCKHXSA',1,721.40,'Comptant à la livraison',1.000000,'','','','','','2021-11-29 16:10:47'),(226,'EQZIHXQIB',1,2021.40,'Comptant à la livraison',1.000000,'','','','','','2021-12-05 13:18:56'),(227,'WFULNNDLB',1,1261.40,'Comptant à la livraison',1.000000,'','','','','','2021-12-05 14:10:46'),(228,'VGCYARYIY',1,2971.40,'Comptant à la livraison',1.000000,'','','','','','2021-12-16 12:10:30'),(229,'QOYEEWRAK',1,4571.40,'Comptant à la livraison',1.000000,'','','','','','2021-12-17 14:10:55'),(230,'SWLWZGYPY',1,5961.40,'Comptant à la livraison',1.000000,'','','','','','2021-12-17 21:42:51'),(231,'FKNDFYIQW',1,811.40,'Comptant à la livraison',1.000000,'','','','','','2021-12-19 21:09:31'),(232,'BFDJBSEJT',1,1461.40,'Comptant à la livraison',1.000000,'','','','','','2021-12-22 17:59:28'),(233,'IPQECCRWK',1,1921.40,'Comptant à la livraison',1.000000,'','','','','','2021-12-25 18:04:38'),(234,'EBJBDNETD',1,2061.40,'Comptant à la livraison',1.000000,'','','','','','2021-12-27 21:06:50'),(235,'PULDVYIXT',1,98.40,'Comptant à la livraison',1.000000,'','','','','','2021-12-29 15:26:58'),(236,'WDVVIYVJB',1,1821.40,'Comptant à la livraison',1.000000,'','','','','','2021-12-30 14:41:06'),(237,'GNMMQLJOW',1,1521.40,'Comptant à la livraison',1.000000,'','','','','','2022-01-01 20:34:13'),(238,'FROBPVKUQ',1,9571.40,'Comptant à la livraison',1.000000,'','','','','','2022-01-06 08:42:57'),(239,'RMCEJFGHE',1,21960.40,'Comptant à la livraison',1.000000,'','','','','','2022-01-07 00:14:13'),(240,'GENOPSTYJ',1,218.40,'Comptant à la livraison',1.000000,'','','','','','2022-01-07 21:36:34'),(241,'BGMKYZNGU',1,2021.40,'Comptant à la livraison',1.000000,'','','','','','2022-01-09 22:42:41'),(242,'XTFRZUGDQ',1,5971.40,'Comptant à la livraison',1.000000,'','','','','','2022-01-10 09:37:41'),(243,'KJTIDVFCE',1,6471.40,'Comptant à la livraison',1.000000,'','','','','','2022-01-20 22:32:51'),(244,'YZGBEZXAA',1,6271.40,'Comptant à la livraison',1.000000,'','','','','','2022-01-20 22:39:35'),(245,'JMRAGRSHF',1,10571.40,'Comptant à la livraison',1.000000,'','','','','','2022-01-21 17:49:26'),(246,'TDOHRORHC',1,5371.40,'Comptant à la livraison',1.000000,'','','','','','2022-02-01 20:59:53'),(247,'SMYTXFVPX',1,4460.40,'Comptant à la livraison',1.000000,'','','','','','2022-02-02 19:24:55'),(248,'MOLJQOQZL',1,4460.40,'Comptant à la livraison',1.000000,'','','','','','2022-02-09 08:05:49'),(249,'UFPJJGAQI',1,378.40,'Comptant à la livraison',1.000000,'','','','','','2022-02-10 19:25:54'),(250,'GTZVBFCQM',1,1971.40,'Comptant à la livraison',1.000000,'','','','','','2022-02-11 13:28:37'),(251,'BSTFKNSQE',1,4460.40,'Comptant à la livraison',1.000000,'','','','','','2022-02-13 11:41:24'),(252,'ZHOITCQFC',1,7061.40,'Comptant à la livraison',1.000000,'','','','','','2022-02-14 20:31:46'),(253,'NPRUEGZON',1,1671.40,'Cash on delivery (COD)',1.000000,'','','','','','2022-02-20 00:11:31'),(254,'IKFVXMQYR',1,1791.40,'Comptant à la livraison',1.000000,'','','','','','2022-02-20 18:18:37'),(255,'OPBCWNKKI',1,4011.40,'Cash on delivery (COD)',1.000000,'','','','','','2022-02-21 23:21:14'),(256,'WTDQSEHOH',1,5371.40,'Comptant à la livraison',1.000000,'','','','','','2022-02-25 16:42:58'),(257,'SUAPMYQGC',1,1611.40,'Cash on delivery (COD)',1.000000,'','','','','','2022-02-26 15:37:08'),(258,'ZJLIRMLVH',1,1611.40,'Cash on delivery (COD)',1.000000,'','','','','','2022-02-28 12:10:59'),(259,'UHHUSYUKY',1,921.40,'Comptant à la livraison',1.000000,'','','','','','2022-03-01 16:37:32'),(260,'KGRARSVNF',1,7071.40,'Comptant à la livraison',1.000000,'','','','','','2022-03-11 19:41:28'),(261,'AFIWUIKTJ',1,1821.40,'Comptant à la livraison',1.000000,'','','','','','2022-03-13 21:19:02'),(262,'LYSBQOJTG',1,2671.40,'Comptant à la livraison',1.000000,'','','','','','2022-03-14 13:51:58'),(263,'VYHHBYTRI',1,721.40,'Virement bancaire',1.000000,'','','','','','2022-03-15 22:03:31'),(264,'GSCHWGEXU',1,1821.40,'Comptant à la livraison',1.000000,'','','','','','2022-03-21 18:58:01'),(265,'FMYVUKCOU',1,1671.40,'Comptant à la livraison',1.000000,'','','','','','2022-03-25 01:06:50'),(266,'THPFOSNWZ',1,6021.40,'Cash on delivery (COD)',1.000000,'','','','','','2022-03-27 12:49:18'),(267,'PNUAGJZCH',1,351.40,'Comptant à la livraison',1.000000,'','','','','','2022-03-27 23:57:53'),(268,'NGLJOPICG',1,2021.40,'Comptant à la livraison',1.000000,'','','','','','2022-03-31 20:07:46'),(269,'TDTUCJNCD',1,1771.40,'Comptant à la livraison',1.000000,'','','','','','2022-04-04 21:28:57'),(270,'OBJNOMTPU',1,661.40,'Comptant à la livraison',1.000000,'','','','','','2022-04-07 03:04:01'),(271,'GPWEZHQXS',1,550.40,'Comptant à la livraison',1.000000,'','','','','','2022-04-08 05:13:42'),(272,'NNELRKFZL',1,9071.40,'Comptant à la livraison',1.000000,'','','','','','2022-04-10 22:58:31'),(273,'ZJKRXOTRU',1,6021.40,'Comptant à la livraison',1.000000,'','','','','','2022-04-19 11:53:55'),(274,'JLYEDVBGY',1,171.40,'Comptant à la livraison',1.000000,'','','','','','2022-04-23 00:49:43'),(275,'MKMVLPEUL',1,1821.40,'Comptant à la livraison',1.000000,'','','','','','2022-05-03 16:57:55'),(276,'LWTYFOSBC',1,1671.40,'Comptant à la livraison',1.000000,'','','','','','2022-05-09 15:09:25'),(277,'RQGGAYVBD',1,4671.40,'Comptant à la livraison',1.000000,'','','','','','2022-05-12 09:59:14'),(278,'UTZTNJJBQ',1,10571.40,'Comptant à la livraison',1.000000,'','','','','','2022-05-13 19:14:25'),(279,'QIXYPNITF',1,3661.40,'Comptant à la livraison',1.000000,'','','','','','2022-05-20 04:11:47'),(280,'UVWZESZXS',1,111.40,'Comptant à la livraison',1.000000,'','','','','','2022-05-20 16:05:11'),(281,'UYLWHEUXN',1,21960.40,'Comptant à la livraison',1.000000,'','','','','','2022-05-23 14:18:56'),(282,'VXCADHMXU',1,1271.40,'Comptant à la livraison',1.000000,'','','','','','2022-05-31 17:47:53'),(283,'OXZKCYBTI',1,1271.40,'Comptant à la livraison',1.000000,'','','','','','2022-05-31 17:49:45'),(284,'USQPATGYD',1,3371.40,'Comptant à la livraison',1.000000,'','','','','','2022-05-31 21:21:42'),(285,'JZITNEQEU',1,11151.40,'Comptant à la livraison',1.000000,'','','','','','2022-06-12 15:55:19'),(286,'VOGYOOISW',1,2871.40,'Comptant à la livraison',1.000000,'','','','','','2022-06-13 21:54:30'),(287,'TMYXJZGZI',1,2571.40,'Comptant à la livraison',1.000000,'','','','','','2022-06-13 22:52:25'),(288,'YGUDRCGFH',1,461.40,'Comptant à la livraison',1.000000,'','','','','','2022-06-13 23:22:39'),(289,'AWCCRZCQA',1,1851.40,'Comptant à la livraison',1.000000,'','','','','','2022-06-17 22:01:46'),(290,'BHWZMHVLI',1,1871.40,'Comptant à la livraison',1.000000,'','','','','','2022-06-22 17:11:05'),(291,'YCMNTFDHN',1,191.40,'Comptant à la livraison',1.000000,'','','','','','2022-06-23 17:41:59'),(292,'AFXUWYZRI',1,6571.40,'Comptant à la livraison',1.000000,'','','','','','2022-06-26 23:27:49'),(293,'OLERZJRQD',1,7971.40,'Comptant à la livraison',1.000000,'','','','','','2022-07-04 00:09:23'),(294,'LKHEFMOZY',1,6021.40,'Comptant à la livraison',1.000000,'','','','','','2022-07-04 22:05:01'),(295,'IPWZLJOLE',1,2461.40,'Comptant à la livraison',1.000000,'','','','','','2022-07-07 15:54:59'),(296,'QWLUOKYBD',1,2021.40,'Comptant à la livraison',1.000000,'','','','','','2022-07-12 21:20:21'),(297,'FDFCKWSLQ',1,4460.40,'Comptant à la livraison',1.000000,'','','','','','2022-07-16 17:29:46'),(298,'JNCKPGQYC',1,371.40,'Cash on delivery (COD)',1.000000,'','','','','','2022-07-19 12:19:39'),(299,'DFWHZPPSF',1,1821.40,'Comptant à la livraison',1.000000,'','','','','','2022-07-21 12:48:10'),(300,'MHVNYULPE',1,1821.40,'Comptant à la livraison',1.000000,'','','','','','2022-07-21 12:53:43'),(301,'RDRRFSMVF',1,1321.40,'Comptant à la livraison',1.000000,'','','','','','2022-07-30 17:11:05'),(302,'IYGSWXXQW',1,3038.40,'Comptant à la livraison',1.000000,'','','','','','2022-07-31 21:21:51'),(303,'DWPUZSKXA',1,721.40,'Comptant à la livraison',1.000000,'','','','','','2022-08-05 17:27:27'),(304,'NBZCVONCY',1,2121.40,'Comptant à la livraison',1.000000,'','','','','','2022-08-08 18:21:06'),(305,'DTVMVWIZU',1,13685.40,'Comptant à la livraison',1.000000,'','','','','','2022-08-11 19:48:16'),(306,'XAZVYOPHL',1,13685.40,'Comptant à la livraison',1.000000,'','','','','','2022-08-11 19:49:30'),(307,'MAABNLRGT',1,1771.40,'Comptant à la livraison',1.000000,'','','','','','2022-08-18 20:40:50'),(308,'YSUZGEIHL',1,1271.40,'Comptant à la livraison',1.000000,'','','','','','2022-08-21 10:22:28'),(309,'CZFZUQYCR',1,4460.40,'Comptant à la livraison',1.000000,'','','','','','2022-08-21 23:57:54'),(310,'YCKSYKJKI',1,21960.40,'Comptant à la livraison',1.000000,'','','','','','2022-08-22 12:24:30'),(311,'YZPSYGWMQ',1,1821.40,'Comptant à la livraison',1.000000,'','','','','','2022-08-23 01:04:15'),(312,'GSZEFDVVC',1,3561.40,'Comptant à la livraison',1.000000,'','','','','','2022-08-29 12:59:18'),(313,'TNLBXYVXN',1,561.40,'Comptant à la livraison',1.000000,'','','','','','2022-09-03 13:39:54'),(314,'IYUQWBTTR',1,1821.40,'Comptant à la livraison',1.000000,'','','','','','2022-09-03 15:05:41'),(315,'AKFXNMMIK',1,771.40,'Comptant à la livraison',1.000000,'','','','','','2022-09-06 19:19:35'),(316,'CDUQIKFJC',1,851.40,'Comptant à la livraison',1.000000,'','','','','','2022-09-14 23:49:33'),(317,'DFLJRURNY',1,2571.40,'Comptant à la livraison',1.000000,'','','','','','2022-09-15 19:56:02'),(318,'QAKJSHCRD',1,4460.40,'Cash on delivery (COD)',1.000000,'','','','','','2022-09-23 00:29:58'),(319,'KQEJMBIKD',1,4460.40,'Cash on delivery (COD)',1.000000,'','','','','','2022-09-23 01:12:50'),(320,'PBPRYCTFE',1,1921.40,'Comptant à la livraison',1.000000,'','','','','','2022-09-27 16:08:52'),(321,'TUNVOZZMX',1,286.40,'Comptant à la livraison',1.000000,'','','','','','2022-09-29 14:39:51'),(322,'ANRHPPJFY',1,30571.40,'Comptant à la livraison',1.000000,'','','','','','2022-10-04 00:19:20'),(323,'QXPHWXHSB',1,1921.40,'Comptant à la livraison',1.000000,'','','','','','2022-10-05 16:45:17'),(324,'GJLOAUIZN',1,921.40,'Comptant à la livraison',1.000000,'','','','','','2022-10-06 11:08:50'),(325,'IBCCVKUWT',1,263.40,'Comptant à la livraison',1.000000,'','','','','','2022-10-08 23:06:08'),(326,'SCGZOVBRE',1,3221.40,'Comptant à la livraison',1.000000,'','','','','','2022-10-12 18:09:12'),(327,'GNGNNOBBO',1,16871.40,'Comptant à la livraison',1.000000,'','','','','','2022-10-13 21:39:27'),(328,'ENQSOCMUN',1,4460.40,'Cash on delivery (COD)',1.000000,'','','','','','2022-10-14 13:49:17'),(329,'OSKFLJPKD',1,278.40,'Comptant à la livraison',1.000000,'','','','','','2022-10-14 16:24:33'),(330,'CPXXLXAOS',1,278.40,'Comptant à la livraison',1.000000,'','','','','','2022-10-16 14:25:29'),(331,'CTTFAWACR',1,226.40,'Comptant à la livraison',1.000000,'','','','','','2022-10-18 11:22:46'),(332,'HYLOOURUO',1,2661.40,'Comptant à la livraison',1.000000,'','','','','','2022-10-20 16:25:46'),(333,'KCESSWHWR',1,226.40,'Comptant à la livraison',1.000000,'','','','','','2022-10-21 12:03:06'),(334,'AKIXJLPQW',1,921.40,'Comptant à la livraison',1.000000,'','','','','','2022-10-23 22:04:17'),(335,'GHPXVKCQD',1,291.40,'Cash on delivery (COD)',1.000000,'','','','','','2022-10-24 20:03:46'),(336,'MZWUCIMXK',1,226.40,'Comptant à la livraison',1.000000,'','','','','','2022-10-26 16:59:48'),(337,'DDBWOAYNM',1,1921.40,'Comptant à la livraison',1.000000,'','','','','','2022-10-28 00:07:55'),(338,'RZQKTAYRD',1,4460.40,'Comptant à la livraison',1.000000,'','','','','','2022-10-30 23:04:23'),(339,'AKRJCUOWQ',1,4460.40,'Comptant à la livraison',1.000000,'','','','','','2022-10-31 11:22:35'),(340,'CEQQKOFDZ',1,3971.40,'Comptant à la livraison',1.000000,'','','','','','2022-11-03 15:02:20'),(341,'GMWWLEJXV',1,321.40,'Comptant à la livraison',1.000000,'','','','','','2022-11-04 06:13:06'),(342,'WWUQOEMUJ',1,921.40,'Comptant à la livraison',1.000000,'','','','','','2022-11-10 19:55:19'),(343,'JHBGVPWPS',1,921.40,'Comptant à la livraison',1.000000,'','','','','','2022-11-12 15:38:37'),(344,'HJKSFZAAG',1,3221.40,'Comptant à la livraison',1.000000,'','','','','','2022-11-14 19:01:19'),(345,'XKCNPORNV',1,1171.40,'Comptant à la livraison',1.000000,'','','','','','2022-11-15 16:25:27'),(346,'IYSPXAWAP',1,414.40,'Comptant à la livraison',1.000000,'','','','','','2022-11-16 07:08:27'),(347,'CPDWSXVBQ',1,1421.40,'Comptant à la livraison',1.000000,'','','','','','2022-11-17 21:40:31'),(348,'OUUDHFIOH',1,378.40,'Comptant à la livraison',1.000000,'','','','','','2022-11-21 09:47:28'),(349,'ISVQAFRWM',1,7971.40,'Comptant à la livraison',1.000000,'','','','','','2022-12-03 16:59:40'),(350,'GJPXIMJOJ',1,13685.40,'Comptant à la livraison',1.000000,'','','','','','2022-12-06 23:32:35'),(351,'XFPKTBOGE',1,1791.40,'Comptant à la livraison',1.000000,'','','','','','2022-12-14 18:44:00'),(352,'EWTVERULT',1,1421.40,'Virement bancaire',1.000000,'','','','','','2022-12-15 10:02:34');

--
-- Table structure for table `ps_order_return`
--

CREATE TABLE `ps_order_return` (
  `id_order_return` int(10) unsigned NOT NULL AUTO_INCREMENT,
  `id_customer` int(10) unsigned NOT NULL,
  `id_order` int(10) unsigned NOT NULL,
  `state` tinyint(1) unsigned NOT NULL DEFAULT '1',
  `question` text NOT NULL,
  `date_add` datetime NOT NULL,
  `date_upd` datetime NOT NULL,
  PRIMARY KEY (`id_order_return`),
  KEY `order_return_customer` (`id_customer`),
  KEY `id_order` (`id_order`)
) ENGINE=InnoDB DEFAULT CHARSET=utf8;

--
-- Dumping data for table `ps_order_return`
--


--
-- Table structure for table `ps_order_return_detail`
--

CREATE TABLE `ps_order_return_detail` (
  `id_order_return` int(10) unsigned NOT NULL,
  `id_order_detail` int(10) unsigned NOT NULL,
  `id_customization` int(10) unsigned NOT NULL DEFAULT '0',
  `product_quantity` int(10) unsigned NOT NULL DEFAULT '0',
  PRIMARY KEY (`id_order_return`,`id_order_detail`,`id_customization`)
) ENGINE=InnoDB DEFAULT CHARSET=utf8;

--
-- Dumping data for table `ps_order_return_detail`
--


--
-- Table structure for table `ps_order_return_state`
--

CREATE TABLE `ps_order_return_state` (
  `id_order_return_state` int(10) unsigned NOT NULL AUTO_INCREMENT,
  `color` varchar(32) DEFAULT NULL,
  PRIMARY KEY (`id_order_return_state`)
) ENGINE=InnoDB AUTO_INCREMENT=6 DEFAULT CHARSET=utf8;

--
-- Dumping data for table `ps_order_return_state`
--

INSERT INTO `ps_order_return_state` VALUES (1,'#4169E1'),(2,'#8A2BE2'),(3,'#32CD32'),(4,'#DC143C'),(5,'#108510');

--
-- Table structure for table `ps_order_return_state_lang`
--

CREATE TABLE `ps_order_return_state_lang` (
  `id_order_return_state` int(10) unsigned NOT NULL,
  `id_lang` int(10) unsigned NOT NULL,
  `name` varchar(64) NOT NULL,
  PRIMARY KEY (`id_order_return_state`,`id_lang`)
) ENGINE=InnoDB DEFAULT CHARSET=utf8;

--
-- Dumping data for table `ps_order_return_state_lang`
--

INSERT INTO `ps_order_return_state_lang` VALUES (1,1,'En attente de confirmation'),(1,2,'En attente de confirmation'),(2,1,'En attente du colis'),(2,2,'En attente du colis'),(3,1,'Colis reçu'),(3,2,'Colis reçu'),(4,1,'Retour refusé'),(4,2,'Retour refusé'),(5,1,'Retour terminé'),(5,2,'Retour terminé');

--
-- Table structure for table `ps_order_slip`
--

CREATE TABLE `ps_order_slip` (
  `id_order_slip` int(10) unsigned NOT NULL AUTO_INCREMENT,
  `conversion_rate` decimal(13,6) NOT NULL DEFAULT '1.000000',
  `id_customer` int(10) unsigned NOT NULL,
  `id_order` int(10) unsigned NOT NULL,
  `shipping_cost` tinyint(3) unsigned NOT NULL DEFAULT '0',
  `amount` decimal(10,2) NOT NULL,
  `shipping_cost_amount` decimal(10,2) NOT NULL,
  `partial` tinyint(1) NOT NULL,
  `date_add` datetime NOT NULL,
  `date_upd` datetime NOT NULL,
  PRIMARY KEY (`id_order_slip`),
  KEY `order_slip_customer` (`id_customer`),
  KEY `id_order` (`id_order`)
) ENGINE=InnoDB DEFAULT CHARSET=utf8;

--
-- Dumping data for table `ps_order_slip`
--


--
-- Table structure for table `ps_order_slip_detail`
--

CREATE TABLE `ps_order_slip_detail` (
  `id_order_slip` int(10) unsigned NOT NULL,
  `id_order_detail` int(10) unsigned NOT NULL,
  `product_quantity` int(10) unsigned NOT NULL DEFAULT '0',
  `amount_tax_excl` decimal(10,2) DEFAULT NULL,
  `amount_tax_incl` decimal(10,2) DEFAULT NULL,
  PRIMARY KEY (`id_order_slip`,`id_order_detail`)
) ENGINE=InnoDB DEFAULT CHARSET=utf8;

--
-- Dumping data for table `ps_order_slip_detail`
--


--
-- Table structure for table `ps_order_state`
--

CREATE TABLE `ps_order_state` (
  `id_order_state` int(10) unsigned NOT NULL AUTO_INCREMENT,
  `invoice` tinyint(1) unsigned DEFAULT '0',
  `send_email` tinyint(1) unsigned NOT NULL DEFAULT '0',
  `module_name` varchar(255) DEFAULT NULL,
  `color` varchar(32) DEFAULT NULL,
  `unremovable` tinyint(1) unsigned NOT NULL,
  `hidden` tinyint(1) unsigned NOT NULL DEFAULT '0',
  `logable` tinyint(1) NOT NULL DEFAULT '0',
  `delivery` tinyint(1) unsigned NOT NULL DEFAULT '0',
  `shipped` tinyint(1) unsigned NOT NULL DEFAULT '0',
  `paid` tinyint(1) unsigned NOT NULL DEFAULT '0',
  `deleted` tinyint(1) unsigned NOT NULL DEFAULT '0',
  PRIMARY KEY (`id_order_state`),
  KEY `module_name` (`module_name`)
) ENGINE=InnoDB AUTO_INCREMENT=17 DEFAULT CHARSET=utf8;

--
-- Dumping data for table `ps_order_state`
--

INSERT INTO `ps_order_state` VALUES (1,0,1,'cheque','#4169E1',1,0,0,0,0,0,0),(2,1,1,'','#32CD32',1,0,1,0,0,1,0),(3,1,1,'','#FF8C00',1,0,1,1,0,1,0),(4,1,1,'','#8A2BE2',1,0,1,1,1,1,0),(5,1,0,'','#108510',1,0,1,1,1,1,0),(6,0,1,'','#DC143C',1,0,0,0,0,0,0),(7,1,1,'','#ec2e15',1,0,0,0,0,0,0),(8,0,1,'','#8f0621',1,0,0,0,0,0,0),(9,1,1,'','#FF69B4',1,0,0,0,0,1,0),(10,0,1,'bankwire','#4169E1',1,0,0,0,0,0,0),(11,0,0,'','#4169E1',1,0,0,0,0,0,0),(12,1,1,'','#32CD32',1,0,1,0,0,1,0),(13,1,0,'','#DDEEFF',0,0,1,0,0,0,0),(14,1,0,'','#4169E1',0,0,1,0,0,0,0),(15,0,0,'','#4169E1',0,0,1,0,0,0,0),(16,0,0,'','#DDEEFF',0,0,0,0,0,0,0);

--
-- Table structure for table `ps_order_state_lang`
--

CREATE TABLE `ps_order_state_lang` (
  `id_order_state` int(10) unsigned NOT NULL,
  `id_lang` int(10) unsigned NOT NULL,
  `name` varchar(64) NOT NULL,
  `template` varchar(64) NOT NULL,
  PRIMARY KEY (`id_order_state`,`id_lang`)
) ENGINE=InnoDB DEFAULT CHARSET=utf8;

--
-- Dumping data for table `ps_order_state_lang`
--

INSERT INTO `ps_order_state_lang` VALUES (1,1,'En attente du paiement par chèque','cheque'),(1,2,'En attente du paiement par chèque','cheque'),(2,1,'Paiement accepté','payment'),(2,2,'Paiement accepté','payment'),(3,1,'Préparation en cours','preparation'),(3,2,'Préparation en cours','preparation'),(4,1,'En cours de livraison','shipped'),(4,2,'En cours de livraison','shipped'),(5,1,'Livré',''),(5,2,'Livré',''),(6,1,'Annulé','order_canceled'),(6,2,'Annulé','order_canceled'),(7,1,'Remboursé','refund'),(7,2,'Remboursé','refund'),(8,1,'Erreur de paiement','payment_error'),(8,2,'Erreur de paiement','payment_error'),(9,1,'En attente de réapprovisionnement','outofstock'),(9,2,'En attente de réapprovisionnement','outofstock'),(10,1,'En attente du paiement par virement bancaire','bankwire'),(10,2,'En attente du paiement par virement bancaire','bankwire'),(11,1,'En attente du paiement par PayPal',''),(11,2,'En attente du paiement par PayPal',''),(12,1,'Paiement à distance accepté','payment'),(12,2,'Paiement à distance accepté','payment'),(13,1,'Autorisation acceptée par PayPal',''),(13,2,'Authorization accepted from PayPal',''),(14,1,'Autorisation acceptée par Braintree',''),(14,2,'Authorization accepted from Braintree',''),(15,1,'En attente de paiement Braintree',''),(15,2,'Awaiting for Braintree payment',''),(16,1,'En attente de confirmation par PayPal',''),(16,2,'Waiting for validation by PayPal','');

--
-- Table structure for table `ps_orders`
--

CREATE TABLE `ps_orders` (
  `id_order` int(10) unsigned NOT NULL AUTO_INCREMENT,
  `reference` varchar(9) DEFAULT NULL,
  `id_shop_group` int(11) unsigned NOT NULL DEFAULT '1',
  `id_shop` int(11) unsigned NOT NULL DEFAULT '1',
  `id_carrier` int(10) unsigned NOT NULL,
  `id_lang` int(10) unsigned NOT NULL,
  `id_customer` int(10) unsigned NOT NULL,
  `id_cart` int(10) unsigned NOT NULL,
  `id_currency` int(10) unsigned NOT NULL,
  `id_address_delivery` int(10) unsigned NOT NULL,
  `id_address_invoice` int(10) unsigned NOT NULL,
  `current_state` int(10) unsigned NOT NULL,
  `secure_key` varchar(32) NOT NULL DEFAULT '-1',
  `payment` varchar(255) NOT NULL,
  `conversion_rate` decimal(13,6) NOT NULL DEFAULT '1.000000',
  `module` varchar(255) DEFAULT NULL,
  `recyclable` tinyint(1) unsigned NOT NULL DEFAULT '0',
  `gift` tinyint(1) unsigned NOT NULL DEFAULT '0',
  `gift_message` text,
  `mobile_theme` tinyint(1) NOT NULL DEFAULT '0',
  `shipping_number` varchar(32) DEFAULT NULL,
  `total_discounts` decimal(17,2) NOT NULL DEFAULT '0.00',
  `total_discounts_tax_incl` decimal(17,2) NOT NULL DEFAULT '0.00',
  `total_discounts_tax_excl` decimal(17,2) NOT NULL DEFAULT '0.00',
  `total_paid` decimal(17,2) NOT NULL DEFAULT '0.00',
  `total_paid_tax_incl` decimal(17,2) NOT NULL DEFAULT '0.00',
  `total_paid_tax_excl` decimal(17,2) NOT NULL DEFAULT '0.00',
  `total_paid_real` decimal(17,2) NOT NULL DEFAULT '0.00',
  `total_products` decimal(17,2) NOT NULL DEFAULT '0.00',
  `total_products_wt` decimal(17,2) NOT NULL DEFAULT '0.00',
  `total_shipping` decimal(17,2) NOT NULL DEFAULT '0.00',
  `total_shipping_tax_incl` decimal(17,2) NOT NULL DEFAULT '0.00',
  `total_shipping_tax_excl` decimal(17,2) NOT NULL DEFAULT '0.00',
  `carrier_tax_rate` decimal(10,3) NOT NULL DEFAULT '0.000',
  `total_wrapping` decimal(17,2) NOT NULL DEFAULT '0.00',
  `total_wrapping_tax_incl` decimal(17,2) NOT NULL DEFAULT '0.00',
  `total_wrapping_tax_excl` decimal(17,2) NOT NULL DEFAULT '0.00',
  `invoice_number` int(10) unsigned NOT NULL DEFAULT '0',
  `delivery_number` int(10) unsigned NOT NULL DEFAULT '0',
  `invoice_date` datetime NOT NULL,
  `delivery_date` datetime NOT NULL,
  `valid` int(1) unsigned NOT NULL DEFAULT '0',
  `date_add` datetime NOT NULL,
  `date_upd` datetime NOT NULL,
  PRIMARY KEY (`id_order`),
  KEY `id_customer` (`id_customer`),
  KEY `id_cart` (`id_cart`),
  KEY `invoice_number` (`invoice_number`),
  KEY `id_carrier` (`id_carrier`),
  KEY `id_lang` (`id_lang`),
  KEY `id_currency` (`id_currency`),
  KEY `id_address_delivery` (`id_address_delivery`),
  KEY `id_address_invoice` (`id_address_invoice`),
  KEY `id_shop_group` (`id_shop_group`),
  KEY `current_state` (`current_state`),
  KEY `id_shop` (`id_shop`),
  KEY `date_add` (`date_add`)
) ENGINE=InnoDB AUTO_INCREMENT=394 DEFAULT CHARSET=utf8;

--
-- Dumping data for table `ps_orders`
--

INSERT INTO `ps_orders` VALUES (1,'XKBKNABJK',1,1,2,1,1,1,1,4,4,6,'b44a6d9efd7a0076a0fbce6b15eaf3b1','Payment by check',1.000000,'cheque',0,0,'',0,'',0.00,0.00,0.00,55.00,55.00,55.00,0.00,53.00,53.00,2.00,2.00,2.00,0.000,0.00,0.00,0.00,0,0,'0000-00-00 00:00:00','0000-00-00 00:00:00',0,'2018-08-31 09:33:30','2018-08-31 09:33:31'),(2,'OHSATSERP',1,1,2,1,1,2,1,4,4,1,'b44a6d9efd7a0076a0fbce6b15eaf3b1','Payment by check',1.000000,'cheque',0,0,'',0,'',0.00,0.00,0.00,75.90,75.90,75.90,0.00,73.90,73.90,2.00,2.00,2.00,0.000,0.00,0.00,0.00,0,0,'0000-00-00 00:00:00','0000-00-00 00:00:00',0,'2018-08-31 09:33:30','2018-08-31 09:33:31'),(3,'UOYEVOLI',1,1,2,1,1,3,1,4,4,8,'b44a6d9efd7a0076a0fbce6b15eaf3b1','Payment by check',1.000000,'cheque',0,0,'',0,'',0.00,0.00,0.00,76.01,76.01,76.01,0.00,74.01,74.01,2.00,2.00,2.00,0.000,0.00,0.00,0.00,0,0,'0000-00-00 00:00:00','0000-00-00 00:00:00',0,'2018-08-31 09:33:30','2018-08-31 09:33:31'),(4,'FFATNOMMJ',1,1,2,1,1,4,1,4,4,1,'b44a6d9efd7a0076a0fbce6b15eaf3b1','Payment by check',1.000000,'cheque',0,0,'',0,'',0.00,0.00,0.00,89.89,89.89,89.89,0.00,87.89,87.89,2.00,2.00,2.00,0.000,0.00,0.00,0.00,0,0,'0000-00-00 00:00:00','0000-00-00 00:00:00',0,'2018-08-31 09:33:30','2018-08-31 09:33:31'),(5,'KHWLILZLL',1,1,2,1,1,5,1,4,4,10,'b44a6d9efd7a0076a0fbce6b15eaf3b1','Bank wire',1.000000,'bankwire',0,0,'',0,'',0.00,0.00,0.00,71.51,71.51,71.51,0.00,69.51,69.51,2.00,2.00,2.00,0.000,0.00,0.00,0.00,0,0,'0000-00-00 00:00:00','0000-00-00 00:00:00',0,'2018-08-31 09:33:30','2018-08-31 09:33:31'),(6,'DWBUCZZKL',1,1,3,1,3,8,1,7,7,10,'de9947fb2572a70972bc266ab006f8d4','Virement bancaire',1.000000,'bankwire',0,0,'',0,'',0.00,0.00,0.00,287.40,287.40,239.50,0.00,180.00,216.00,71.40,71.40,59.50,20.000,0.00,0.00,0.00,0,0,'0000-00-00 00:00:00','0000-00-00 00:00:00',0,'2018-10-03 12:04:23','2018-10-03 12:04:23'),(7,'VBISTTKFF',1,1,3,1,8,45,1,14,14,10,'6ad5c3183be9575b0205bc8deb49de44','Virement bancaire',1.000000,'bankwire',0,0,'',1,'',0.00,0.00,0.00,571.40,571.40,476.17,0.00,416.67,500.00,71.40,71.40,59.50,20.000,0.00,0.00,0.00,0,0,'0000-00-00 00:00:00','0000-00-00 00:00:00',0,'2018-12-31 10:52:29','2018-12-31 10:52:30'),(8,'OKHQTJHEI',1,1,3,1,11,53,1,17,17,1,'863755ec88e4c0e6c213f931556f6b23','Chèque',1.000000,'cheque',0,0,'',1,'',0.00,0.00,0.00,5571.40,5571.40,4642.83,0.00,4583.33,5500.00,71.40,71.40,59.50,20.000,0.00,0.00,0.00,0,0,'0000-00-00 00:00:00','0000-00-00 00:00:00',0,'2019-01-09 12:18:17','2019-01-09 12:18:17'),(9,'NGDSMAJUV',1,1,3,1,12,63,1,18,18,10,'3c71e59a0e572adcbe42778da496c587','Virement bancaire',1.000000,'bankwire',0,0,'',1,'',0.00,0.00,0.00,2071.40,2071.40,1726.17,0.00,1666.67,2000.00,71.40,71.40,59.50,20.000,0.00,0.00,0.00,0,0,'0000-00-00 00:00:00','0000-00-00 00:00:00',0,'2019-01-20 01:54:19','2019-01-20 01:54:20'),(10,'FFHFUZRNE',1,1,3,1,16,114,1,20,20,10,'83e2d43869f57543dcd0273df7cfe02f','Virement bancaire',1.000000,'bankwire',0,0,'',0,'',0.00,0.00,0.00,71.40,71.40,59.50,0.00,0.00,0.00,71.40,71.40,59.50,20.000,0.00,0.00,0.00,0,0,'0000-00-00 00:00:00','0000-00-00 00:00:00',0,'2019-04-24 10:04:01','2019-04-24 10:04:02'),(11,'SLUKUQPKW',1,1,3,1,18,123,1,22,22,10,'ed4d4a3d9b53b3c62f3685d153ef7923','Virement bancaire',1.000000,'bankwire',0,0,'',1,'',0.00,0.00,0.00,2371.40,2371.40,1976.17,0.00,1916.67,2300.00,71.40,71.40,59.50,20.000,0.00,0.00,0.00,0,0,'0000-00-00 00:00:00','0000-00-00 00:00:00',0,'2019-05-18 09:22:09','2019-05-18 09:22:10'),(12,'VXQODRSEJ',1,1,3,1,23,187,1,29,29,10,'8acef9b704b0e81d336143fa80189e18','Virement bancaire',1.000000,'bankwire',0,0,'',1,'',0.00,0.00,0.00,1821.40,1821.40,1517.83,0.00,1458.33,1750.00,71.40,71.40,59.50,20.000,0.00,0.00,0.00,0,0,'0000-00-00 00:00:00','0000-00-00 00:00:00',0,'2019-09-17 23:21:55','2019-09-17 23:21:56'),(13,'YJXCLJTBH',1,1,3,1,28,816,1,40,40,10,'ae576bb68a464c261b5f0e5decb80fe6','Virement bancaire',1.000000,'bankwire',0,0,'',0,'',0.00,0.00,0.00,196.40,196.40,163.68,0.00,104.18,125.00,71.40,71.40,59.50,20.000,0.00,0.00,0.00,0,0,'0000-00-00 00:00:00','0000-00-00 00:00:00',0,'2019-12-27 23:21:37','2019-12-27 23:23:20'),(14,'HMGQMHWIB',1,1,3,1,31,936,1,50,50,3,'52c236784d773ee7298d891bd0241cf5','Comptant à la livraison',1.000000,'cashondelivery',0,0,'',1,'',0.00,0.00,0.00,71.40,71.40,59.50,71.40,0.00,0.00,71.40,71.40,59.50,20.000,0.00,0.00,0.00,1,1,'2020-01-12 09:53:42','2020-01-12 09:53:43',1,'2020-01-12 09:52:14','2020-01-12 09:53:43'),(15,'RSWFQQVZD',1,1,3,1,31,1023,1,50,50,3,'52c236784d773ee7298d891bd0241cf5','Comptant à la livraison',1.000000,'cashondelivery',0,0,'',1,'',0.00,0.00,0.00,71.40,71.40,59.50,71.40,0.00,0.00,71.40,71.40,59.50,20.000,0.00,0.00,0.00,2,2,'2020-01-17 16:44:31','2020-01-17 16:44:31',1,'2020-01-17 16:44:15','2020-01-17 16:44:32'),(16,'GDEAXYBTI',1,1,3,1,35,1281,1,52,52,3,'846820d5e6bc6bb88d8ae1b1b726469f','Comptant à la livraison',1.000000,'cashondelivery',0,0,'',1,'',0.00,0.00,0.00,1271.40,1271.40,1059.50,1271.40,1000.00,1200.00,71.40,71.40,59.50,20.000,0.00,0.00,0.00,3,3,'2020-01-29 09:15:11','2020-01-29 09:15:12',1,'2020-01-29 09:14:05','2020-01-29 09:15:13'),(17,'WPQNHMQZL',1,1,3,1,38,1296,1,55,55,3,'60467a294e11447c1caad62b41a2e8e4','Comptant à la livraison',1.000000,'cashondelivery',0,0,'',0,'',0.00,0.00,0.00,1621.40,1621.40,1351.17,1621.40,1291.67,1550.00,71.40,71.40,59.50,20.000,0.00,0.00,0.00,4,4,'2020-02-02 20:05:10','2020-02-02 20:05:10',1,'2020-02-02 20:04:45','2020-02-02 20:05:11'),(18,'CWCUICPOH',1,1,3,1,39,1407,1,58,58,3,'9ebb0793d0229740863400ee25a1eac7','Comptant à la livraison',1.000000,'cashondelivery',0,0,'',0,'',0.00,0.00,0.00,241.40,241.40,201.16,241.40,141.66,170.00,71.40,71.40,59.50,20.000,0.00,0.00,0.00,5,5,'2020-02-06 11:44:18','2020-02-06 11:44:18',1,'2020-02-06 11:44:00','2020-02-06 11:44:19'),(19,'MZBSDPFKQ',1,1,3,1,41,1577,1,60,60,3,'c9e6d0c460b6fa5c6e4b24d040db3d67','Comptant à la livraison',1.000000,'cashondelivery',0,0,'',0,'',0.00,0.00,0.00,131.40,131.40,119.50,131.40,60.00,60.00,71.40,71.40,59.50,20.000,0.00,0.00,0.00,6,6,'2020-02-12 03:37:19','2020-02-12 03:37:20',1,'2020-02-12 03:36:51','2020-02-12 03:37:20'),(20,'SNUWEVOIL',1,1,3,1,51,2691,1,77,77,3,'d71a3dc86146a620948d53fcce43c267','Comptant à la livraison',1.000000,'cashondelivery',0,0,'',1,'',0.00,0.00,0.00,721.40,721.40,601.17,721.40,541.67,650.00,71.40,71.40,59.50,20.000,0.00,0.00,0.00,7,7,'2020-04-01 18:37:42','2020-04-01 18:37:43',1,'2020-04-01 18:36:41','2020-04-01 18:37:43'),(21,'FTKYKAYWA',1,1,3,1,54,2697,1,81,81,3,'df05022f98852caaf8f3727c9793100c','Comptant à la livraison',1.000000,'cashondelivery',0,0,'',1,'',0.00,0.00,0.00,3860.40,3860.40,3217.00,3860.40,3166.67,3800.00,60.40,60.40,50.33,20.000,0.00,0.00,0.00,8,8,'2020-04-03 19:59:58','2020-04-03 19:59:58',1,'2020-04-03 19:59:28','2020-04-03 19:59:58'),(22,'WTVRITDUM',1,1,3,1,55,2713,1,83,83,3,'d7b6805f3913022cf875abae5759fb60','Comptant à la livraison',1.000000,'cashondelivery',0,0,'',0,'',0.00,0.00,0.00,2471.40,2471.40,2059.50,2471.40,2000.00,2400.00,71.40,71.40,59.50,20.000,0.00,0.00,0.00,9,9,'2020-04-07 11:16:36','2020-04-07 11:16:36',1,'2020-04-07 11:15:57','2020-04-07 11:16:37'),(23,'UKOQVFRAE',1,1,3,1,57,2734,1,86,86,3,'83f88944420bc8b898efd007d55be9e4','Comptant à la livraison',1.000000,'cashondelivery',0,0,'',0,'',0.00,0.00,0.00,1821.40,1821.40,1517.83,1821.40,1458.33,1750.00,71.40,71.40,59.50,20.000,0.00,0.00,0.00,10,10,'2020-04-10 18:20:16','2020-04-10 18:20:16',1,'2020-04-10 18:19:41','2020-04-10 18:20:17'),(24,'EERCXHZXO',1,1,3,1,58,2736,1,88,88,3,'fc4356e18a1cd03e94ab0c31560693d6','Comptant à la livraison',1.000000,'cashondelivery',0,0,'',0,'',0.00,0.00,0.00,1471.40,1471.40,1226.17,1471.40,1166.67,1400.00,71.40,71.40,59.50,20.000,0.00,0.00,0.00,11,11,'2020-04-10 23:29:47','2020-04-10 23:29:48',1,'2020-04-10 23:29:16','2020-04-10 23:29:48'),(25,'MSHLCZTRU',1,1,3,1,58,2744,1,88,88,5,'fc4356e18a1cd03e94ab0c31560693d6','Comptant à la livraison',1.000000,'cashondelivery',0,0,'',0,'',0.00,0.00,0.00,2271.40,2271.40,1892.83,2271.40,1833.33,2200.00,71.40,71.40,59.50,20.000,0.00,0.00,0.00,12,12,'2020-04-11 16:38:05','2020-04-13 21:54:47',1,'2020-04-11 16:37:01','2020-04-13 21:54:47'),(26,'SEXVGCXMA',1,1,3,1,60,2748,1,90,90,3,'87622fa36890dc9b2056462ae438733d','Comptant à la livraison',1.000000,'cashondelivery',0,0,'',1,'',0.00,0.00,0.00,1271.40,1271.40,1059.50,1271.40,1000.00,1200.00,71.40,71.40,59.50,20.000,0.00,0.00,0.00,13,13,'2020-04-12 06:34:18','2020-04-12 06:34:19',1,'2020-04-12 06:33:22','2020-04-12 06:34:20'),(27,'DFAFLCMPO',1,1,3,1,61,2752,1,92,92,3,'5e780e346dde077018a8264d0cae95ed','Comptant à la livraison',1.000000,'cashondelivery',0,0,'',0,'',0.00,0.00,0.00,1726.40,1726.40,1438.68,1726.40,1379.18,1655.00,71.40,71.40,59.50,20.000,0.00,0.00,0.00,14,14,'2020-04-12 16:18:53','2020-04-12 16:18:54',1,'2020-04-12 16:18:20','2020-04-12 16:18:54'),(28,'SYOBKKQJK',1,1,3,1,50,2757,1,76,76,3,'063885df10214c498367de9c6753b429','Comptant à la livraison',1.000000,'cashondelivery',0,0,'',1,'',0.00,0.00,0.00,5571.40,5571.40,4642.83,5571.40,4583.33,5500.00,71.40,71.40,59.50,20.000,0.00,0.00,0.00,15,15,'2020-04-13 16:04:46','2020-04-13 16:04:47',1,'2020-04-13 16:04:40','2020-04-13 16:04:47'),(29,'NVHEWFYWY',1,1,3,1,62,2762,1,95,95,3,'a20c58029ce3160d8ce1126d97229f31','Comptant à la livraison',1.000000,'cashondelivery',0,0,'',0,'',0.00,0.00,0.00,178.40,178.40,148.67,178.40,108.34,130.00,48.40,48.40,40.33,20.000,0.00,0.00,0.00,16,16,'2020-04-13 18:56:07','2020-04-13 18:56:08',1,'2020-04-13 18:54:34','2020-04-13 18:56:09'),(30,'EDXVHKODO',1,1,3,1,63,2740,1,97,97,3,'ce05832adbd309734cfc515d2442beba','Comptant à la livraison',1.000000,'cashondelivery',0,0,'',1,'',0.00,0.00,0.00,621.40,621.40,517.83,621.40,458.33,550.00,71.40,71.40,59.50,20.000,0.00,0.00,0.00,17,17,'2020-04-13 19:38:59','2020-04-13 19:38:59',1,'2020-04-13 19:38:35','2020-04-13 19:39:00'),(31,'SZIHVRIXP',1,1,3,1,50,2765,1,76,76,3,'063885df10214c498367de9c6753b429','Comptant à la livraison',1.000000,'cashondelivery',0,0,'',1,'',0.00,0.00,0.00,5871.40,5871.40,4892.83,5871.40,4833.33,5800.00,71.40,71.40,59.50,20.000,0.00,0.00,0.00,18,18,'2020-04-13 19:48:41','2020-04-13 19:48:41',1,'2020-04-13 19:48:33','2020-04-13 19:48:42'),(32,'BJINEVBOO',1,1,3,1,65,2788,1,102,102,3,'ce5195930c11e113dff7a2158d345f31','Comptant à la livraison',1.000000,'cashondelivery',0,0,'',1,'',0.00,0.00,0.00,1121.40,1121.40,934.50,1121.40,875.00,1050.00,71.40,71.40,59.50,20.000,0.00,0.00,0.00,19,19,'2020-04-16 18:22:16','2020-04-16 18:22:18',1,'2020-04-16 18:20:28','2020-04-16 18:22:18'),(33,'ZWNTUBIYY',1,1,3,1,68,2795,1,104,104,3,'5d0fc2881bd9b3f4c8f6949f380a12c8','Comptant à la livraison',1.000000,'cashondelivery',0,0,'',0,'',0.00,0.00,0.00,1671.40,1671.40,1392.83,1671.40,1333.33,1600.00,71.40,71.40,59.50,20.000,0.00,0.00,0.00,20,20,'2020-04-17 18:28:25','2020-04-17 18:28:25',1,'2020-04-17 18:27:43','2020-04-17 18:28:26'),(34,'MTOQSVNLR',1,1,3,1,70,2806,1,110,110,3,'94aac2025e59f446a175e61bd2dbb9f2','Comptant à la livraison',1.000000,'cashondelivery',0,0,'',1,'',0.00,0.00,0.00,1271.40,1271.40,1059.50,1271.40,1000.00,1200.00,71.40,71.40,59.50,20.000,0.00,0.00,0.00,21,21,'2020-04-18 13:37:41','2020-04-18 13:37:42',1,'2020-04-18 13:37:37','2020-04-18 13:37:42'),(35,'FLKSSZQVG',1,1,3,1,71,2812,1,112,112,3,'3cb69c8333abfcae85964a73663ac8dc','Comptant à la livraison',1.000000,'cashondelivery',0,0,'',1,'',0.00,0.00,0.00,491.40,491.40,409.50,491.40,350.00,420.00,71.40,71.40,59.50,20.000,0.00,0.00,0.00,22,22,'2020-04-18 23:35:00','2020-04-18 23:35:01',1,'2020-04-18 23:34:45','2020-04-18 23:35:01'),(36,'KWNIRFXGO',1,1,3,1,72,2813,1,113,113,3,'aa3ff9ac8fb98720e3ece2a78b9d8fc8','Comptant à la livraison',1.000000,'cashondelivery',0,0,'',0,'',0.00,0.00,0.00,1571.40,1571.40,1309.50,1571.40,1250.00,1500.00,71.40,71.40,59.50,20.000,0.00,0.00,0.00,23,23,'2020-04-19 07:46:17','2020-04-19 07:46:17',1,'2020-04-19 07:45:33','2020-04-19 07:46:18'),(37,'MNIRQTTVK',1,1,3,1,74,2820,1,116,116,3,'07b740e88ff325c15923accb0241b6fe','Comptant à la livraison',1.000000,'cashondelivery',0,0,'',1,'',0.00,0.00,0.00,148.40,148.40,123.66,148.40,83.33,100.00,48.40,48.40,40.33,20.000,0.00,0.00,0.00,24,24,'2020-04-19 18:37:04','2020-04-19 18:37:05',1,'2020-04-19 18:34:14','2020-04-19 18:37:06'),(38,'URBLJNRXE',1,1,3,1,76,2833,1,119,119,3,'7a03454f3a2ec2057898ff26471a50a9','Comptant à la livraison',1.000000,'cashondelivery',0,0,'',0,'',0.00,0.00,0.00,1571.40,1571.40,1309.50,1571.40,1250.00,1500.00,71.40,71.40,59.50,20.000,0.00,0.00,0.00,25,25,'2020-04-20 21:50:53','2020-04-20 21:50:54',1,'2020-04-20 21:49:23','2020-04-20 21:50:55'),(39,'GYFBTNHJI',1,1,3,1,78,2839,1,122,122,3,'576f1f046b8b65539f4828c1a9c06a56','Comptant à la livraison',1.000000,'cashondelivery',0,0,'',0,'',0.00,0.00,0.00,133.40,133.40,111.17,133.40,70.84,85.00,48.40,48.40,40.33,20.000,0.00,0.00,0.00,26,26,'2020-04-21 12:08:30','2020-04-21 12:08:30',1,'2020-04-21 12:08:28','2020-04-21 12:08:31'),(40,'ASORAMVYH',1,1,3,1,76,2831,1,119,119,3,'7a03454f3a2ec2057898ff26471a50a9','Comptant à la livraison',1.000000,'cashondelivery',0,0,'',0,'',0.00,0.00,0.00,2271.40,2271.40,1892.83,2271.40,1833.33,2200.00,71.40,71.40,59.50,20.000,0.00,0.00,0.00,27,27,'2020-04-21 18:15:37','2020-04-21 18:15:38',1,'2020-04-21 18:14:29','2020-04-21 18:15:39'),(41,'XFVYRXOHF',1,1,3,1,80,2853,1,125,125,3,'8561310cb6e4e64fc6aee7c11fdeffc0','Comptant à la livraison',1.000000,'cashondelivery',0,0,'',1,'',0.00,0.00,0.00,821.40,821.40,684.50,821.40,625.00,750.00,71.40,71.40,59.50,20.000,0.00,0.00,0.00,28,28,'2020-04-22 15:43:03','2020-04-22 15:43:04',1,'2020-04-22 15:42:05','2020-04-22 15:43:05'),(42,'BMRIAPKDA',1,1,3,1,63,2878,1,97,97,3,'ce05832adbd309734cfc515d2442beba','Comptant à la livraison',1.000000,'cashondelivery',0,0,'',1,'',0.00,0.00,0.00,168.40,168.40,160.33,168.40,120.00,120.00,48.40,48.40,40.33,20.000,0.00,0.00,0.00,29,29,'2020-04-25 14:04:32','2020-04-25 14:04:32',1,'2020-04-25 14:04:27','2020-04-25 14:04:33'),(43,'FPDGIQIRS',1,1,3,1,88,2882,1,136,136,3,'268b82513071743088dedcdb23373d34','Comptant à la livraison',1.000000,'cashondelivery',0,0,'',1,'',0.00,0.00,0.00,128.40,128.40,107.00,128.40,66.67,80.00,48.40,48.40,40.33,20.000,0.00,0.00,0.00,30,30,'2020-04-25 23:27:40','2020-04-25 23:27:41',1,'2020-04-25 23:27:37','2020-04-25 23:27:41'),(44,'EHGMCRIKT',1,1,3,1,82,2886,1,138,138,3,'206e8dc81da640c1a10ad30100b8eb45','Comptant à la livraison',1.000000,'cashondelivery',0,0,'',1,'',0.00,0.00,0.00,2971.40,2971.40,2476.17,2971.40,2416.67,2900.00,71.40,71.40,59.50,20.000,0.00,0.00,0.00,31,31,'2020-04-26 09:33:46','2020-04-26 09:33:47',1,'2020-04-26 09:33:26','2020-04-26 09:33:49'),(45,'MEBLQYCVB',1,1,3,1,89,2887,1,139,139,3,'678f038e88577bbf8b08afc32096ffff','Comptant à la livraison',1.000000,'cashondelivery',0,0,'',0,'',0.00,0.00,0.00,1671.40,1671.40,1392.83,1671.40,1333.33,1600.00,71.40,71.40,59.50,20.000,0.00,0.00,0.00,32,32,'2020-04-26 11:33:09','2020-04-26 11:33:09',1,'2020-04-26 11:32:16','2020-04-26 11:33:10'),(46,'HXHWEHEUT',1,1,3,1,91,2896,1,142,142,3,'43707ce25e930214c58c36aa51bf02f7','Comptant à la livraison',1.000000,'cashondelivery',0,0,'',0,'',0.00,0.00,0.00,311.40,311.40,259.50,311.40,200.00,240.00,71.40,71.40,59.50,20.000,0.00,0.00,0.00,33,33,'2020-04-28 16:52:44','2020-04-28 16:52:45',1,'2020-04-28 16:52:26','2020-04-28 16:52:45'),(47,'NATAMDLDU',1,1,3,1,92,2898,1,144,144,3,'fa8b761802dd8c41a423d64520a17396','Comptant à la livraison',1.000000,'cashondelivery',0,0,'',0,'',0.00,0.00,0.00,4571.40,4571.40,3809.50,4571.40,3750.00,4500.00,71.40,71.40,59.50,20.000,0.00,0.00,0.00,34,34,'2020-04-28 18:40:33','2020-04-28 18:40:34',1,'2020-04-28 18:38:55','2020-04-28 18:40:35'),(48,'LMFJFEDJO',1,1,3,1,81,2854,1,150,151,3,'2f95b2b65697be8b038ace52c3391d90','Comptant à la livraison',1.000000,'cashondelivery',0,0,'',1,'',0.00,0.00,0.00,3671.40,3671.40,3059.50,3671.40,3000.00,3600.00,71.40,71.40,59.50,20.000,0.00,0.00,0.00,35,35,'2020-04-30 14:43:14','2020-04-30 14:43:14',1,'2020-04-30 14:42:10','2020-04-30 14:43:15'),(49,'GLECETQHQ',1,1,3,1,96,2915,1,153,153,3,'7a27afc68251ac03861773b9bc9666f5','Comptant à la livraison',1.000000,'cashondelivery',0,0,'',0,'',0.00,0.00,0.00,1511.40,1511.40,1259.50,1511.40,1200.00,1440.00,71.40,71.40,59.50,20.000,0.00,0.00,0.00,36,36,'2020-04-30 19:22:27','2020-04-30 19:22:27',1,'2020-04-30 19:22:00','2020-04-30 19:22:28'),(50,'LOBMQODVL',1,1,3,1,103,2945,1,159,159,3,'33678cd916a060c21d10bb5fe30c7f2f','Comptant à la livraison',1.000000,'cashondelivery',0,0,'',0,'',0.00,0.00,0.00,2871.40,2871.40,2392.83,2871.40,2333.33,2800.00,71.40,71.40,59.50,20.000,0.00,0.00,0.00,37,37,'2020-05-05 09:38:23','2020-05-05 09:38:24',1,'2020-05-05 09:36:10','2020-05-05 09:38:24'),(51,'FTFXWZXAQ',1,1,3,1,102,2944,1,160,160,3,'30a535f76c077f3387f5968f1b1a47db','Comptant à la livraison',1.000000,'cashondelivery',0,0,'',0,'',0.00,0.00,0.00,2871.40,2871.40,2392.83,2871.40,2333.33,2800.00,71.40,71.40,59.50,20.000,0.00,0.00,0.00,38,38,'2020-05-06 03:31:35','2020-05-06 03:31:36',1,'2020-05-06 03:28:17','2020-05-06 03:31:36'),(52,'UBLWRFDUX',1,1,3,1,102,2954,1,160,160,3,'30a535f76c077f3387f5968f1b1a47db','Comptant à la livraison',1.000000,'cashondelivery',0,0,'',0,'',0.00,0.00,0.00,2871.40,2871.40,2392.83,2871.40,2333.33,2800.00,71.40,71.40,59.50,20.000,0.00,0.00,0.00,39,39,'2020-05-06 03:31:54','2020-05-06 03:31:55',1,'2020-05-06 03:31:52','2020-05-06 03:31:55'),(53,'LZXPKEMOF',1,1,3,1,104,2959,1,162,162,3,'59c0dfc15b4debce4a8b4941e1434372','Comptant à la livraison',1.000000,'cashondelivery',0,0,'',0,'',0.00,0.00,0.00,1016.40,1016.40,847.00,1016.40,787.50,945.00,71.40,71.40,59.50,20.000,0.00,0.00,0.00,40,40,'2020-05-06 23:00:33','2020-05-06 23:00:34',1,'2020-05-06 22:59:49','2020-05-06 23:00:34'),(54,'RQMGWZQAU',1,1,3,1,106,2987,1,172,172,3,'eead915a0e20b8ad9cced7726fa2c517','Comptant à la livraison',1.000000,'cashondelivery',0,0,'',0,'',0.00,0.00,0.00,283.40,283.40,236.16,283.40,195.83,235.00,48.40,48.40,40.33,20.000,0.00,0.00,0.00,41,41,'2020-05-10 11:28:57','2020-05-10 11:28:57',1,'2020-05-10 11:28:33','2020-05-10 11:28:58'),(55,'LFFHWUTUD',1,1,3,2,108,3004,1,175,175,10,'6af488ea4aea9ddb74dd708a58dff507','التحويل البنكي',1.000000,'bankwire',0,0,'',0,'',0.00,0.00,0.00,3860.40,3860.40,3217.00,0.00,3166.67,3800.00,60.40,60.40,50.33,20.000,0.00,0.00,0.00,0,0,'0000-00-00 00:00:00','0000-00-00 00:00:00',0,'2020-05-12 15:04:00','2020-05-12 15:04:45'),(56,'KDSYBVABU',1,1,3,1,110,3017,1,182,182,3,'f3377f45221725baccaf1a92e2d3b5e8','Comptant à la livraison',1.000000,'cashondelivery',0,0,'',0,'',0.00,0.00,0.00,273.40,273.40,227.83,273.40,187.50,225.00,48.40,48.40,40.33,20.000,0.00,0.00,0.00,42,42,'2020-05-14 12:59:39','2020-05-14 12:59:39',1,'2020-05-14 12:59:33','2020-05-14 12:59:39'),(57,'HWNPZNZLK',1,1,3,1,116,3034,1,188,188,3,'06533e65aa78ee7b0998179a68992f0e','Comptant à la livraison',1.000000,'cashondelivery',0,0,'',1,'',0.00,0.00,0.00,1571.40,1571.40,1309.50,1571.40,1250.00,1500.00,71.40,71.40,59.50,20.000,0.00,0.00,0.00,43,43,'2020-05-16 16:26:36','2020-05-16 16:26:37',1,'2020-05-16 16:26:07','2020-05-16 16:26:37'),(58,'IMIGOITCC',1,1,3,1,97,2927,1,156,156,3,'5ceb97f1020ed0c8b52bdb186a692718','Comptant à la livraison',1.000000,'cashondelivery',0,0,'',0,'',0.00,0.00,0.00,1821.40,1821.40,1517.83,1821.40,1458.33,1750.00,71.40,71.40,59.50,20.000,0.00,0.00,0.00,44,44,'2020-05-16 17:18:31','2020-05-16 17:18:32',1,'2020-05-16 17:18:19','2020-05-16 17:18:33'),(59,'EZMYPKNTN',1,1,3,1,117,3035,1,189,189,3,'ccbf1c3be065064253834dbd8cfbaeec','Comptant à la livraison',1.000000,'cashondelivery',0,0,'',0,'',0.00,0.00,0.00,1821.40,1821.40,1517.83,1821.40,1458.33,1750.00,71.40,71.40,59.50,20.000,0.00,0.00,0.00,45,45,'2020-05-16 19:47:17','2020-05-16 19:47:18',1,'2020-05-16 19:46:51','2020-05-16 19:47:18'),(60,'OSDKOSHOD',1,1,3,1,118,3037,1,190,190,3,'15bd1c4f3d7cad552dd268d4c47ac3cf','Comptant à la livraison',1.000000,'cashondelivery',0,0,'',1,'',0.00,0.00,0.00,1271.40,1271.40,1059.50,1271.40,1000.00,1200.00,71.40,71.40,59.50,20.000,0.00,0.00,0.00,46,46,'2020-05-16 21:27:47','2020-05-16 21:27:47',1,'2020-05-16 21:27:40','2020-05-16 21:27:48'),(61,'QLTQWAXGO',1,1,3,1,119,3040,1,191,191,3,'63317f6c7e08563f44f8e0845fe035ef','Comptant à la livraison',1.000000,'cashondelivery',0,0,'',0,'',0.00,0.00,0.00,5299.40,5299.40,4437.50,5299.40,4378.00,5228.00,71.40,71.40,59.50,20.000,0.00,0.00,0.00,47,47,'2020-05-18 02:51:18','2020-05-18 02:51:18',1,'2020-05-18 02:50:56','2020-05-18 02:51:19'),(62,'SFAXELMLE',1,1,3,1,120,3055,1,198,198,3,'77e0532e27cc7aeede9fc89e8f87a46b','Comptant à la livraison',1.000000,'cashondelivery',0,0,'',0,'',0.00,0.00,0.00,86.40,86.40,72.00,86.40,12.50,15.00,71.40,71.40,59.50,20.000,0.00,0.00,0.00,48,48,'2020-05-19 21:35:10','2020-05-19 21:35:10',1,'2020-05-19 21:34:37','2020-05-19 21:35:11'),(63,'BDPDFXQUR',1,1,3,1,121,3058,1,199,199,3,'cf74da6f446b939b0194e48021cb0e93','Comptant à la livraison',1.000000,'cashondelivery',0,0,'',1,'',0.00,0.00,0.00,1671.40,1671.40,1392.83,1671.40,1333.33,1600.00,71.40,71.40,59.50,20.000,0.00,0.00,0.00,49,49,'2020-05-20 02:21:44','2020-05-20 02:21:44',1,'2020-05-20 02:21:43','2020-05-20 02:21:44'),(64,'KQCGHXNEM',1,1,3,1,124,3075,1,206,206,3,'b95d8682ac6bda8b64612ba84b0d9b37','Comptant à la livraison',1.000000,'cashondelivery',0,0,'',0,'',0.00,0.00,0.00,1921.40,1921.40,1601.17,1921.40,1541.67,1850.00,71.40,71.40,59.50,20.000,0.00,0.00,0.00,50,50,'2020-05-22 15:08:24','2020-05-22 15:08:24',1,'2020-05-22 15:06:45','2020-05-22 15:08:25'),(65,'QTFABOINI',1,1,3,1,122,3060,1,200,200,3,'200bd3faf48152ac6333e3acebc40254','Comptant à la livraison',1.000000,'cashondelivery',0,0,'',1,'',0.00,0.00,0.00,1271.40,1271.40,1059.50,1271.40,1000.00,1200.00,71.40,71.40,59.50,20.000,0.00,0.00,0.00,51,51,'2020-05-23 04:37:25','2020-05-23 04:37:26',1,'2020-05-23 04:36:40','2020-05-23 04:37:26'),(66,'TRAJZMKJU',1,1,3,1,122,3079,1,200,200,3,'200bd3faf48152ac6333e3acebc40254','Comptant à la livraison',1.000000,'cashondelivery',0,0,'',1,'',0.00,0.00,0.00,1271.40,1271.40,1059.50,1271.40,1000.00,1200.00,71.40,71.40,59.50,20.000,0.00,0.00,0.00,52,52,'2020-05-23 14:24:42','2020-05-23 14:24:43',1,'2020-05-23 14:23:31','2020-05-23 14:24:43'),(67,'YFWWBAQGG',1,1,3,1,125,3080,1,209,209,3,'5c3814205d5e40bd35d0bfad8f563ef7','Comptant à la livraison',1.000000,'cashondelivery',0,0,'',0,'',0.00,0.00,0.00,151.40,151.40,126.17,151.40,66.67,80.00,71.40,71.40,59.50,20.000,0.00,0.00,0.00,53,53,'2020-05-23 20:55:06','2020-05-23 20:55:07',1,'2020-05-23 20:52:14','2020-05-23 20:55:07'),(68,'EPTYUUZRT',1,1,3,1,128,3118,1,213,213,3,'a948fbdbf17f55f801a484699b53784e','Comptant à la livraison',1.000000,'cashondelivery',0,0,'',1,'',0.00,0.00,0.00,1571.40,1571.40,1309.50,1571.40,1250.00,1500.00,71.40,71.40,59.50,20.000,0.00,0.00,0.00,54,54,'2020-05-25 21:52:28','2020-05-25 21:52:29',1,'2020-05-25 21:50:05','2020-05-25 21:52:29'),(69,'FKOWLDDXP',1,1,3,1,131,3132,1,217,217,3,'eff766119ecb348d8d9344bda66db460','Comptant à la livraison',1.000000,'cashondelivery',0,0,'',0,'',0.00,0.00,0.00,3860.40,3860.40,3217.00,3860.40,3166.67,3800.00,60.40,60.40,50.33,20.000,0.00,0.00,0.00,55,55,'2020-05-27 00:40:20','2020-05-27 00:40:20',1,'2020-05-27 00:39:53','2020-05-27 00:40:21'),(70,'YCAJVQAXS',1,1,3,1,132,3135,1,219,219,3,'1f1dd741a42bd7b238304f89e4b5bef4','Comptant à la livraison',1.000000,'cashondelivery',0,0,'',0,'',0.00,0.00,0.00,1271.40,1271.40,1059.50,1271.40,1000.00,1200.00,71.40,71.40,59.50,20.000,0.00,0.00,0.00,56,56,'2020-05-27 12:16:29','2020-05-27 12:16:30',1,'2020-05-27 12:15:54','2020-05-27 12:16:30'),(71,'YEXQITYES',1,1,3,1,133,3140,1,221,221,3,'b5656dc13371c4e0771878c781d12879','Comptant à la livraison',1.000000,'cashondelivery',0,0,'',1,'',0.00,0.00,0.00,1271.40,1271.40,1059.50,1271.40,1000.00,1200.00,71.40,71.40,59.50,20.000,0.00,0.00,0.00,57,57,'2020-05-27 20:43:48','2020-05-27 20:43:48',1,'2020-05-27 20:43:21','2020-05-27 20:43:49'),(72,'ZCWSVHOJD',1,1,3,1,130,3146,1,218,218,3,'40ee112ee8c925805d6d0957cda6e22c','Comptant à la livraison',1.000000,'cashondelivery',0,0,'',1,'',0.00,0.00,0.00,1271.40,1271.40,1059.50,1271.40,1000.00,1200.00,71.40,71.40,59.50,20.000,0.00,0.00,0.00,58,58,'2020-05-28 23:01:01','2020-05-28 23:01:02',1,'2020-05-28 22:59:51','2020-05-28 23:01:02'),(73,'WZTBPCMXZ',1,1,3,1,136,3155,1,226,226,3,'82dfa3888603617f65a1001c2202b2f3','Comptant à la livraison',1.000000,'cashondelivery',0,0,'',1,'',0.00,0.00,0.00,1121.40,1121.40,934.50,1121.40,875.00,1050.00,71.40,71.40,59.50,20.000,0.00,0.00,0.00,59,59,'2020-05-29 20:41:11','2020-05-29 20:41:12',1,'2020-05-29 20:40:31','2020-05-29 20:41:12'),(74,'JCKAUEKLL',1,1,3,1,137,3162,1,231,231,3,'6f1946f6337cf379d24c4beb6173b1b4','Comptant à la livraison',1.000000,'cashondelivery',0,0,'',1,'',0.00,0.00,0.00,148.40,148.40,123.66,148.40,83.33,100.00,48.40,48.40,40.33,20.000,0.00,0.00,0.00,60,60,'2020-05-30 18:14:48','2020-05-30 18:14:48',1,'2020-05-30 18:14:38','2020-05-30 18:14:48'),(75,'QPQPAKEBD',1,1,3,1,141,3180,1,246,246,3,'fb81655aebb2e53b372f79b06f85b0ad','Comptant à la livraison',1.000000,'cashondelivery',0,0,'',1,'',0.00,0.00,0.00,1271.40,1271.40,1059.50,1271.40,1000.00,1200.00,71.40,71.40,59.50,20.000,0.00,0.00,0.00,61,61,'2020-05-31 19:10:18','2020-05-31 19:10:18',1,'2020-05-31 19:10:04','2020-05-31 19:10:19'),(76,'EHNOUJVXR',1,1,3,1,143,3188,1,253,253,3,'c9b2585b158be533be713070ab33d5ee','Comptant à la livraison',1.000000,'cashondelivery',0,0,'',0,'',0.00,0.00,0.00,1961.40,1961.40,1634.49,1961.40,1574.99,1890.00,71.40,71.40,59.50,20.000,0.00,0.00,0.00,62,62,'2020-06-01 18:00:46','2020-06-01 18:00:46',1,'2020-06-01 18:00:33','2020-06-01 18:00:46'),(77,'HKXZWYPCZ',1,1,3,1,144,3189,1,255,255,3,'de29ffe7d1d12fab8f052fc94ffffd17','Comptant à la livraison',1.000000,'cashondelivery',0,0,'',0,'',0.00,0.00,0.00,1271.40,1271.40,1059.50,1271.40,1000.00,1200.00,71.40,71.40,59.50,20.000,0.00,0.00,0.00,63,63,'2020-06-02 12:39:48','2020-06-02 12:39:49',1,'2020-06-02 12:38:21','2020-06-02 12:39:49'),(78,'GUQHUXLVG',1,1,3,1,146,3207,1,260,260,3,'a60b9f8bce400f97dcbcc51ee40cefb4','Comptant à la livraison',1.000000,'cashondelivery',0,0,'',1,'',0.00,0.00,0.00,1771.40,1771.40,1476.17,1771.40,1416.67,1700.00,71.40,71.40,59.50,20.000,0.00,0.00,0.00,64,64,'2020-06-03 21:40:49','2020-06-03 21:40:49',1,'2020-06-03 21:40:39','2020-06-03 21:40:49'),(79,'VPFUXIPPZ',1,1,3,1,147,3232,1,265,265,3,'6f53068443f0db6979c4ed1b0e7fadad','Comptant à la livraison',1.000000,'cashondelivery',0,0,'',0,'',0.00,0.00,0.00,13571.40,13571.40,11309.50,13571.40,11250.00,13500.00,71.40,71.40,59.50,20.000,0.00,0.00,0.00,65,65,'2020-06-06 23:28:03','2020-06-06 23:28:04',1,'2020-06-06 23:25:30','2020-06-06 23:28:04'),(80,'RHJRDXIRG',1,1,3,1,137,3236,1,231,231,3,'6f1946f6337cf379d24c4beb6173b1b4','Comptant à la livraison',1.000000,'cashondelivery',0,0,'',1,'',0.00,0.00,0.00,148.40,148.40,123.66,148.40,83.33,100.00,48.40,48.40,40.33,20.000,0.00,0.00,0.00,66,66,'2020-06-07 12:31:57','2020-06-07 12:31:58',1,'2020-06-07 12:31:04','2020-06-07 12:31:58'),(81,'PWZDOJNIW',1,1,3,1,146,3263,1,260,260,3,'a60b9f8bce400f97dcbcc51ee40cefb4','Comptant à la livraison',1.000000,'cashondelivery',0,0,'',1,'',0.00,0.00,0.00,2271.40,2271.40,1892.83,2271.40,1833.33,2200.00,71.40,71.40,59.50,20.000,0.00,0.00,0.00,67,67,'2020-06-08 14:28:03','2020-06-08 14:28:03',1,'2020-06-08 14:27:33','2020-06-08 14:28:04'),(82,'RSOHBWDBP',1,1,3,1,151,3269,1,269,269,3,'bbe7abe0b9632a503b0ca091c82fbf64','Comptant à la livraison',1.000000,'cashondelivery',0,0,'',1,'',0.00,0.00,0.00,1671.40,1671.40,1392.83,1671.40,1333.33,1600.00,71.40,71.40,59.50,20.000,0.00,0.00,0.00,68,68,'2020-06-15 00:21:29','2020-06-15 00:21:30',1,'2020-06-15 00:19:59','2020-06-15 00:21:30'),(83,'RBCRKHWVV',1,1,3,1,153,3286,1,272,272,3,'252c20c5d4e35e28cf5a59be22fe26f0','Comptant à la livraison',1.000000,'cashondelivery',0,0,'',0,'',0.00,0.00,0.00,898.40,898.40,748.66,898.40,708.33,850.00,48.40,48.40,40.33,20.000,0.00,0.00,0.00,69,69,'2020-06-15 12:02:44','2020-06-15 12:02:45',1,'2020-06-15 11:59:57','2020-06-15 12:02:46'),(84,'ZZQNLIJQA',1,1,3,1,156,3323,1,280,280,3,'586eadd3d9f737f542b42983fc0e87c5','Comptant à la livraison',1.000000,'cashondelivery',0,0,'',1,'',0.00,0.00,0.00,1471.40,1471.40,1226.17,1471.40,1166.67,1400.00,71.40,71.40,59.50,20.000,0.00,0.00,0.00,70,70,'2020-06-17 16:42:38','2020-06-17 16:42:39',1,'2020-06-17 16:40:22','2020-06-17 16:42:39'),(85,'QOVXJZUDN',1,1,3,1,58,3363,1,88,88,3,'fc4356e18a1cd03e94ab0c31560693d6','Comptant à la livraison',1.000000,'cashondelivery',0,0,'',0,'',0.00,0.00,0.00,268.40,268.40,223.66,268.40,183.33,220.00,48.40,48.40,40.33,20.000,0.00,0.00,0.00,71,71,'2020-06-19 18:02:51','2020-06-19 18:02:51',1,'2020-06-19 18:02:34','2020-06-19 18:02:51'),(86,'ZNCUYLPHZ',1,1,3,1,164,3686,1,290,290,3,'0c39e120081d9414326c71503710f340','Comptant à la livraison',1.000000,'cashondelivery',0,0,'',1,'',0.00,0.00,0.00,1271.40,1271.40,1059.50,1271.40,1000.00,1200.00,71.40,71.40,59.50,20.000,0.00,0.00,0.00,72,72,'2020-07-01 19:56:48','2020-07-01 19:56:49',1,'2020-07-01 19:56:15','2020-07-01 19:56:49'),(87,'RHSCHPMLA',1,1,3,1,167,3689,1,292,292,3,'389af7ae809b780f4b439481ea96f8e1','Comptant à la livraison',1.000000,'cashondelivery',0,0,'',1,'',0.00,0.00,0.00,1836.40,1836.40,1530.34,1836.40,1470.84,1765.00,71.40,71.40,59.50,20.000,0.00,0.00,0.00,73,73,'2020-07-02 00:38:39','2020-07-02 00:38:39',1,'2020-07-02 00:38:36','2020-07-02 00:38:39'),(88,'PPOKPWPVS',1,1,3,2,169,3702,1,294,294,3,'fc59844b57ab5b5e0ed2fb47dae66937','Cash on delivery (COD)',1.000000,'cashondelivery',0,0,'',0,'',0.00,0.00,0.00,3860.40,3860.40,3217.00,3860.40,3166.67,3800.00,60.40,60.40,50.33,20.000,0.00,0.00,0.00,74,74,'2020-07-07 21:18:37','2020-07-07 21:18:37',1,'2020-07-07 21:18:28','2020-07-07 21:18:39'),(89,'GNFCZIEFO',1,1,3,1,148,3703,1,266,266,3,'2dcda3c5450971458cb26a0cb2649773','Comptant à la livraison',1.000000,'cashondelivery',0,0,'',1,'',0.00,0.00,0.00,1511.40,1511.40,1259.50,1511.40,1200.00,1440.00,71.40,71.40,59.50,20.000,0.00,0.00,0.00,75,75,'2020-07-08 22:33:26','2020-07-08 22:33:27',1,'2020-07-08 22:30:19','2020-07-08 22:33:28'),(90,'GSXVPQIRP',1,1,3,1,148,3704,1,266,266,3,'2dcda3c5450971458cb26a0cb2649773','Comptant à la livraison',1.000000,'cashondelivery',0,0,'',1,'',0.00,0.00,0.00,1511.40,1511.40,1259.50,1511.40,1200.00,1440.00,71.40,71.40,59.50,20.000,0.00,0.00,0.00,76,76,'2020-07-08 22:39:39','2020-07-08 22:39:40',1,'2020-07-08 22:39:31','2020-07-08 22:39:40'),(91,'JGEFKWAAK',1,1,3,1,170,3710,1,296,296,3,'2ee1c3409ed8844fa258932942358452','Comptant à la livraison',1.000000,'cashondelivery',0,0,'',1,'',0.00,0.00,0.00,3860.40,3860.40,3217.00,3860.40,3166.67,3800.00,60.40,60.40,50.33,20.000,0.00,0.00,0.00,77,77,'2020-07-12 00:03:29','2020-07-12 00:03:30',1,'2020-07-12 00:02:08','2020-07-12 00:03:30'),(92,'VTPWUPBDT',1,1,3,1,170,3711,1,296,296,3,'2ee1c3409ed8844fa258932942358452','Comptant à la livraison',1.000000,'cashondelivery',0,0,'',1,'',0.00,0.00,0.00,3860.40,3860.40,3217.00,3860.40,3166.67,3800.00,60.40,60.40,50.33,20.000,0.00,0.00,0.00,78,78,'2020-07-12 00:08:46','2020-07-12 00:08:47',1,'2020-07-12 00:08:37','2020-07-12 00:08:47'),(93,'RPCHQMHPE',1,1,3,1,171,3712,1,298,298,3,'0b140cbd38866f640806c017be919f44','Comptant à la livraison',1.000000,'cashondelivery',0,0,'',1,'',0.00,0.00,0.00,3860.40,3860.40,3217.00,3860.40,3166.67,3800.00,60.40,60.40,50.33,20.000,0.00,0.00,0.00,79,79,'2020-07-12 10:23:47','2020-07-12 10:23:48',1,'2020-07-12 10:21:03','2020-07-12 10:23:48'),(94,'YAYZWCEXJ',1,1,3,1,172,3731,1,302,302,3,'dfed7d1e0deb1280266f0745c4328bd6','Comptant à la livraison',1.000000,'cashondelivery',0,0,'',1,'',0.00,0.00,0.00,168.40,168.40,140.33,168.40,100.00,120.00,48.40,48.40,40.33,20.000,0.00,0.00,0.00,80,80,'2020-07-20 10:39:05','2020-07-20 10:39:05',1,'2020-07-20 10:34:55','2020-07-20 10:39:06'),(95,'XSRZQJSGQ',1,1,3,1,173,3717,1,303,303,3,'0d5963820855a847890e9a373002e06e','Comptant à la livraison',1.000000,'cashondelivery',0,0,'',1,'',0.00,0.00,0.00,9071.40,9071.40,7559.50,9071.40,7500.00,9000.00,71.40,71.40,59.50,20.000,0.00,0.00,0.00,81,81,'2020-07-22 12:11:29','2020-07-22 12:11:30',1,'2020-07-22 12:06:45','2020-07-22 12:11:31'),(96,'CRCESZTHZ',1,1,3,1,174,3749,1,307,307,3,'96e7180eb35d89c5a5dfa8e728c6022a','Comptant à la livraison',1.000000,'cashondelivery',0,0,'',1,'',0.00,0.00,0.00,3860.40,3860.40,3217.00,3860.40,3166.67,3800.00,60.40,60.40,50.33,20.000,0.00,0.00,0.00,82,82,'2020-07-24 12:52:36','2020-07-24 12:52:37',1,'2020-07-24 12:50:31','2020-07-24 12:52:38'),(97,'BIZRTAYJV',1,1,3,1,174,3751,1,307,307,3,'96e7180eb35d89c5a5dfa8e728c6022a','Comptant à la livraison',1.000000,'cashondelivery',0,0,'',1,'',0.00,0.00,0.00,3860.40,3860.40,3217.00,3860.40,3166.67,3800.00,60.40,60.40,50.33,20.000,0.00,0.00,0.00,83,83,'2020-07-24 12:53:16','2020-07-24 12:53:16',1,'2020-07-24 12:53:12','2020-07-24 12:53:17'),(98,'OJMGAEZLL',1,1,3,1,174,3753,1,307,307,3,'96e7180eb35d89c5a5dfa8e728c6022a','Comptant à la livraison',1.000000,'cashondelivery',0,0,'',1,'',0.00,0.00,0.00,3860.40,3860.40,3217.00,3860.40,3166.67,3800.00,60.40,60.40,50.33,20.000,0.00,0.00,0.00,84,84,'2020-07-24 13:04:58','2020-07-24 13:04:59',1,'2020-07-24 13:04:48','2020-07-24 13:05:00'),(99,'TAXFOHLNK',1,1,3,1,175,3742,1,308,308,3,'9b0ac84af866760e38a13264638c0b71','Comptant à la livraison',1.000000,'cashondelivery',0,0,'',1,'',0.00,0.00,0.00,1271.40,1271.40,1059.50,1271.40,1000.00,1200.00,71.40,71.40,59.50,20.000,0.00,0.00,0.00,85,85,'2020-07-24 19:14:04','2020-07-24 19:14:04',1,'2020-07-24 19:13:42','2020-07-24 19:14:05'),(100,'JIGNLNFWB',1,1,3,1,178,3768,1,311,311,3,'e8babe3797c65cfc85fceeebceeac440','Comptant à la livraison',1.000000,'cashondelivery',0,0,'',0,'',0.00,0.00,0.00,3860.40,3860.40,3217.00,3860.40,3166.67,3800.00,60.40,60.40,50.33,20.000,0.00,0.00,0.00,86,86,'2020-07-31 17:22:51','2020-07-31 17:22:51',1,'2020-07-31 17:22:47','2020-07-31 17:22:52'),(101,'AFOKNZWPO',1,1,3,1,179,3771,1,313,313,3,'fc90bcef71d0d1f95455e9400cb2d8e1','Comptant à la livraison',1.000000,'cashondelivery',0,0,'',0,'',0.00,0.00,0.00,721.40,721.40,601.17,721.40,541.67,650.00,71.40,71.40,59.50,20.000,0.00,0.00,0.00,87,87,'2020-08-01 18:51:39','2020-08-01 18:51:40',1,'2020-08-01 18:49:42','2020-08-01 18:51:40'),(102,'KRWZYRGSE',1,1,3,1,182,3736,1,316,316,3,'c6e5d33889e4e6b8beaaa05e0d266634','Comptant à la livraison',1.000000,'cashondelivery',0,0,'',1,'',0.00,0.00,0.00,1161.40,1161.40,967.84,1161.40,908.34,1090.00,71.40,71.40,59.50,20.000,0.00,0.00,0.00,88,88,'2020-08-05 23:26:01','2020-08-05 23:26:02',1,'2020-08-05 23:21:09','2020-08-05 23:26:03'),(103,'HZPLOMXNP',1,1,3,1,178,3769,1,311,311,3,'e8babe3797c65cfc85fceeebceeac440','Comptant à la livraison',1.000000,'cashondelivery',0,0,'',0,'',0.00,0.00,0.00,3860.40,3860.40,3217.00,3860.40,3166.67,3800.00,60.40,60.40,50.33,20.000,0.00,0.00,0.00,89,89,'2020-08-09 12:23:00','2020-08-09 12:23:00',1,'2020-08-09 12:22:52','2020-08-09 12:23:00'),(104,'ZEFMANZOM',1,1,3,1,184,3802,1,317,317,3,'9e25e273d128061618440dbba6c0d877','Comptant à la livraison',1.000000,'cashondelivery',0,0,'',1,'',0.00,0.00,0.00,21960.40,21960.40,18300.33,21960.40,18250.00,21900.00,60.40,60.40,50.33,20.000,0.00,0.00,0.00,90,90,'2020-08-14 16:16:42','2020-08-14 16:16:42',1,'2020-08-14 16:15:58','2020-08-14 16:16:43'),(105,'BIDWIJQVS',1,1,3,1,186,3813,1,321,321,3,'a5d49a741e3b1973ae2475289149c089','Comptant à la livraison',1.000000,'cashondelivery',0,0,'',1,'',0.00,0.00,0.00,621.40,621.40,517.83,621.40,458.33,550.00,71.40,71.40,59.50,20.000,0.00,0.00,0.00,91,91,'2020-08-19 11:04:38','2020-08-19 11:04:39',1,'2020-08-19 11:02:25','2020-08-19 11:04:40'),(106,'MVWSZPIJE',1,1,3,1,187,3824,1,325,325,3,'3ae0d4425f4d26264fee187a8e84acde','Comptant à la livraison',1.000000,'cashondelivery',0,0,'',0,'',0.00,0.00,0.00,3971.40,3971.40,3309.50,3971.40,3250.00,3900.00,71.40,71.40,59.50,20.000,0.00,0.00,0.00,92,92,'2020-08-20 16:58:37','2020-08-20 16:58:39',1,'2020-08-20 16:56:33','2020-08-20 16:58:39'),(107,'CZYUKZXZV',1,1,3,1,188,4023,1,329,329,3,'bb7f03a2bb8704c3d00f32f6e05e8e28','Comptant à la livraison',1.000000,'cashondelivery',0,0,'',0,'',0.00,0.00,0.00,1921.40,1921.40,1601.17,1921.40,1541.67,1850.00,71.40,71.40,59.50,20.000,0.00,0.00,0.00,93,93,'2020-08-25 12:52:02','2020-08-25 12:52:02',1,'2020-08-25 12:51:51','2020-08-25 12:52:03'),(108,'GTBFWEJMH',1,1,3,1,191,4155,1,332,332,3,'c9243e509341f67cb6debc975b43d2cb','Comptant à la livraison',1.000000,'cashondelivery',0,0,'',0,'',0.00,0.00,0.00,1821.40,1821.40,1517.83,1821.40,1458.33,1750.00,71.40,71.40,59.50,20.000,0.00,0.00,0.00,94,94,'2020-08-30 14:35:47','2020-08-30 14:35:48',1,'2020-08-30 14:35:09','2020-08-30 14:35:48'),(109,'RTTHZBBHR',1,1,3,1,192,4273,1,334,334,3,'def0e7e0cc0464371822e5e2a5f94bb0','Comptant à la livraison',1.000000,'cashondelivery',0,0,'',1,'',0.00,0.00,0.00,3860.40,3860.40,3217.00,3860.40,3166.67,3800.00,60.40,60.40,50.33,20.000,0.00,0.00,0.00,95,95,'2020-09-02 13:37:13','2020-09-02 13:37:14',1,'2020-09-02 13:37:09','2020-09-02 13:37:14'),(110,'JERYYRAEW',1,1,3,1,195,4571,1,339,339,3,'9918798efa48c5a003701aaff99d24b5','Comptant à la livraison',1.000000,'cashondelivery',0,0,'',1,'',0.00,0.00,0.00,3860.40,3860.40,3217.00,3860.40,3166.67,3800.00,60.40,60.40,50.33,20.000,0.00,0.00,0.00,96,96,'2020-09-08 19:46:12','2020-09-08 19:46:12',1,'2020-09-08 19:44:56','2020-09-08 19:46:13'),(111,'DNRCVMHXS',1,1,3,1,196,4070,1,341,341,3,'127b99ec2ceb3053934946af7a7a099f','Comptant à la livraison',1.000000,'cashondelivery',0,0,'',0,'',0.00,0.00,0.00,3971.40,3971.40,3309.50,3971.40,3250.00,3900.00,71.40,71.40,59.50,20.000,0.00,0.00,0.00,97,97,'2020-09-10 16:11:38','2020-09-10 16:11:38',1,'2020-09-10 16:11:04','2020-09-10 16:11:39'),(112,'MBFHMNWLJ',1,1,3,1,200,4964,1,349,349,3,'4eae011acc4e3ec8264405798899d4f3','Comptant à la livraison',1.000000,'cashondelivery',0,0,'',1,'',0.00,0.00,0.00,11260.40,11260.40,9383.66,11260.40,9333.33,11200.00,60.40,60.40,50.33,20.000,0.00,0.00,0.00,98,98,'2020-09-17 01:15:53','2020-09-17 01:15:53',1,'2020-09-17 01:15:27','2020-09-17 01:15:54'),(113,'NSIPDTURO',1,1,3,1,170,5453,1,296,296,0,'2ee1c3409ed8844fa258932942358452','Comptant à la livraison',1.000000,'cashondelivery',0,0,NULL,1,NULL,0.00,0.00,0.00,3860.40,3860.40,3217.00,0.00,3166.67,3800.00,60.40,60.40,50.33,20.000,0.00,0.00,0.00,0,0,'0000-00-00 00:00:00','0000-00-00 00:00:00',0,'2020-09-25 12:01:05','2020-09-25 12:01:05'),(114,'RBAUXBDXZ',1,1,3,1,170,5454,1,296,296,3,'2ee1c3409ed8844fa258932942358452','Comptant à la livraison',1.000000,'cashondelivery',0,0,'',1,'',0.00,0.00,0.00,3860.40,3860.40,3217.00,3860.40,3166.67,3800.00,60.40,60.40,50.33,20.000,0.00,0.00,0.00,99,99,'2020-09-25 12:03:34','2020-09-25 12:03:35',1,'2020-09-25 12:03:31','2020-09-25 12:03:36'),(115,'SLIASLTCO',1,1,3,1,203,5639,1,354,354,3,'ca7747510c47082b239eddafc7fbc3df','Comptant à la livraison',1.000000,'cashondelivery',0,0,'',0,'',0.00,0.00,0.00,5871.40,5871.40,4892.83,5871.40,4833.33,5800.00,71.40,71.40,59.50,20.000,0.00,0.00,0.00,100,100,'2020-10-05 09:41:00','2020-10-05 09:41:01',1,'2020-10-05 09:40:55','2020-10-05 09:41:01'),(116,'VKYOYHXGC',1,1,3,1,205,5717,1,357,357,3,'504519f34f250e114b3fc07e574e042e','Comptant à la livraison',1.000000,'cashondelivery',0,0,'',1,'',0.00,0.00,0.00,1561.40,1561.40,1301.17,1561.40,1241.67,1490.00,71.40,71.40,59.50,20.000,0.00,0.00,0.00,101,101,'2020-10-07 00:08:24','2020-10-07 00:08:25',1,'2020-10-07 00:07:52','2020-10-07 00:08:26'),(117,'WSXOZEWML',1,1,3,1,210,6076,1,362,362,3,'771a2a6a7126fcb572578bdac0018a0e','Comptant à la livraison',1.000000,'cashondelivery',0,0,'',1,'',0.00,0.00,0.00,598.40,598.40,498.66,598.40,458.33,550.00,48.40,48.40,40.33,20.000,0.00,0.00,0.00,102,102,'2020-10-16 15:34:21','2020-10-16 15:34:22',1,'2020-10-16 15:32:53','2020-10-16 15:34:22'),(118,'CBYSUPBHX',1,1,3,1,212,6190,1,365,365,3,'1fe3cca2f3dbd7b17b8f255908e29bc9','Comptant à la livraison',1.000000,'cashondelivery',0,0,'',1,'',0.00,0.00,0.00,721.40,721.40,601.17,721.40,541.67,650.00,71.40,71.40,59.50,20.000,0.00,0.00,0.00,103,103,'2020-10-21 12:59:23','2020-10-21 12:59:23',1,'2020-10-21 12:58:55','2020-10-21 12:59:23'),(119,'SRHTLUOQL',1,1,3,1,212,6193,1,365,365,3,'1fe3cca2f3dbd7b17b8f255908e29bc9','Comptant à la livraison',1.000000,'cashondelivery',0,0,'',1,'',0.00,0.00,0.00,721.40,721.40,601.17,721.40,541.67,650.00,71.40,71.40,59.50,20.000,0.00,0.00,0.00,104,104,'2020-10-21 13:02:26','2020-10-21 13:02:26',1,'2020-10-21 13:02:23','2020-10-21 13:02:26'),(120,'GJPXVUCUE',1,1,3,1,211,6189,1,366,366,3,'80d89cb24529162a15c0cd908b7cb7ef','Comptant à la livraison',1.000000,'cashondelivery',0,0,'',0,'',0.00,0.00,0.00,198.40,198.40,165.33,198.40,125.00,150.00,48.40,48.40,40.33,20.000,0.00,0.00,0.00,105,105,'2020-10-21 14:30:44','2020-10-21 14:30:45',1,'2020-10-21 14:27:38','2020-10-21 14:30:46'),(121,'PVAZIUFUG',1,1,3,1,211,6196,1,366,366,3,'80d89cb24529162a15c0cd908b7cb7ef','Comptant à la livraison',1.000000,'cashondelivery',0,0,'',0,'',0.00,0.00,0.00,198.40,198.40,165.33,198.40,125.00,150.00,48.40,48.40,40.33,20.000,0.00,0.00,0.00,106,106,'2020-10-21 14:40:17','2020-10-21 14:40:17',1,'2020-10-21 14:40:13','2020-10-21 14:40:17'),(122,'UUKLIJZKX',1,1,3,1,214,6417,1,368,368,3,'7c29184279d5f341271f40ecaa4bcb9c','Comptant à la livraison',1.000000,'cashondelivery',0,0,'',1,'',0.00,0.00,0.00,1771.40,1771.40,1476.17,1771.40,1416.67,1700.00,71.40,71.40,59.50,20.000,0.00,0.00,0.00,107,107,'2020-10-26 19:40:11','2020-10-26 19:40:13',1,'2020-10-26 19:38:24','2020-10-26 19:40:15'),(123,'KATFMZZVT',1,1,3,1,216,6625,1,369,369,3,'0d0b7c5b38e6aaa42a3ea2b02c310c56','Comptant à la livraison',1.000000,'cashondelivery',0,0,'',1,'',0.00,0.00,0.00,1921.40,1921.40,1601.17,1921.40,1541.67,1850.00,71.40,71.40,59.50,20.000,0.00,0.00,0.00,108,108,'2020-11-02 23:12:37','2020-11-02 23:12:38',1,'2020-11-02 23:11:12','2020-11-02 23:12:40'),(124,'RRRPUVRMW',1,1,3,1,217,6650,1,370,370,0,'c712e6f3417c5728b8ee5680efdda782','Comptant à la livraison',1.000000,'cashondelivery',0,0,NULL,1,NULL,0.00,0.00,0.00,2971.40,2971.40,2476.17,0.00,2416.67,2900.00,71.40,71.40,59.50,20.000,0.00,0.00,0.00,0,0,'0000-00-00 00:00:00','0000-00-00 00:00:00',0,'2020-11-03 17:52:23','2020-11-03 17:52:23'),(125,'FXEULASQR',1,1,3,1,218,6678,1,372,372,3,'d5b4e99245d5649a6a71b7e5776386cb','Comptant à la livraison',1.000000,'cashondelivery',0,0,'',0,'',0.00,0.00,0.00,1171.40,1171.40,976.17,1171.40,916.67,1100.00,71.40,71.40,59.50,20.000,0.00,0.00,0.00,109,109,'2020-11-04 15:30:37','2020-11-04 15:30:38',1,'2020-11-04 15:30:15','2020-11-04 15:30:39'),(126,'QPUCKIHAX',1,1,3,1,219,6775,1,373,373,3,'27a15e8df74cf6356a1d8ffad8a1ec7f','Comptant à la livraison',1.000000,'cashondelivery',0,0,'',0,'',0.00,0.00,0.00,721.40,721.40,601.17,721.40,541.67,650.00,71.40,71.40,59.50,20.000,0.00,0.00,0.00,110,110,'2020-11-06 00:09:34','2020-11-06 00:09:35',1,'2020-11-06 00:07:33','2020-11-06 00:09:35'),(127,'QHIMYCXBR',1,1,3,1,220,6901,1,374,374,3,'0e026c09c2bf69f64d2b9081d4e6608e','Comptant à la livraison',1.000000,'cashondelivery',0,0,'',0,'',0.00,0.00,0.00,2471.40,2471.40,2059.50,2471.40,2000.00,2400.00,71.40,71.40,59.50,20.000,0.00,0.00,0.00,111,111,'2020-11-09 19:48:27','2020-11-09 19:48:27',1,'2020-11-09 19:48:01','2020-11-09 19:48:28'),(128,'IUPMRINKN',1,1,3,1,221,6991,1,377,377,3,'4160a05b1528423ea1344f5b232af701','Comptant à la livraison',1.000000,'cashondelivery',0,0,'',1,'',0.00,0.00,0.00,1511.40,1511.40,1259.50,1511.40,1200.00,1440.00,71.40,71.40,59.50,20.000,0.00,0.00,0.00,112,112,'2020-11-12 18:05:07','2020-11-12 18:05:07',1,'2020-11-12 18:03:04','2020-11-12 18:05:08'),(129,'BSZCYKSVU',1,1,3,1,221,6994,1,377,377,3,'4160a05b1528423ea1344f5b232af701','Comptant à la livraison',1.000000,'cashondelivery',0,0,'',1,'',0.00,0.00,0.00,1511.40,1511.40,1259.50,1511.40,1200.00,1440.00,71.40,71.40,59.50,20.000,0.00,0.00,0.00,113,113,'2020-11-12 18:05:27','2020-11-12 18:05:28',1,'2020-11-12 18:05:24','2020-11-12 18:05:28'),(130,'WCVYAUZNH',1,1,3,1,222,7028,1,378,378,3,'918d836783a2d3e56e116ee0b76c88c8','Comptant à la livraison',1.000000,'cashondelivery',0,0,'',0,'',0.00,0.00,0.00,1771.40,1771.40,1476.17,1771.40,1416.67,1700.00,71.40,71.40,59.50,20.000,0.00,0.00,0.00,114,114,'2020-11-13 16:33:59','2020-11-13 16:34:00',1,'2020-11-13 16:32:50','2020-11-13 16:34:00'),(131,'MHYCBBFUH',1,1,3,1,216,7086,1,369,369,3,'0d0b7c5b38e6aaa42a3ea2b02c310c56','Comptant à la livraison',1.000000,'cashondelivery',0,0,'',1,'',0.00,0.00,0.00,1921.40,1921.40,1601.17,1921.40,1541.67,1850.00,71.40,71.40,59.50,20.000,0.00,0.00,0.00,115,115,'2020-11-14 23:36:55','2020-11-14 23:36:55',1,'2020-11-14 23:36:54','2020-11-14 23:36:55'),(132,'IILCZVFGF',1,1,3,1,226,7500,1,386,386,3,'d3c70b2d5d4ae906b3bf06b4212ca8a5','Comptant à la livraison',1.000000,'cashondelivery',0,0,'',1,'',0.00,0.00,0.00,3971.40,3971.40,3309.50,3971.40,3250.00,3900.00,71.40,71.40,59.50,20.000,0.00,0.00,0.00,116,116,'2020-11-25 02:25:09','2020-11-25 02:25:11',1,'2020-11-25 02:24:56','2020-11-25 02:25:12'),(133,'XMNPIQTIO',1,1,3,1,228,7597,1,388,388,3,'b46e1cfa8ad1cf7bf0a280e185d62b7c','Comptant à la livraison',1.000000,'cashondelivery',0,0,'',1,'',0.00,0.00,0.00,2371.40,2371.40,1976.17,2371.40,1916.67,2300.00,71.40,71.40,59.50,20.000,0.00,0.00,0.00,117,117,'2020-11-29 21:34:22','2020-11-29 21:34:23',1,'2020-11-29 21:31:11','2020-11-29 21:34:24'),(134,'SKBNPGWOW',1,1,3,1,229,7617,1,392,392,0,'d14fbb913a31b59231dab9013a302407','Comptant à la livraison',1.000000,'cashondelivery',0,0,NULL,1,NULL,0.00,0.00,0.00,71.40,71.40,59.50,0.00,0.00,0.00,71.40,71.40,59.50,20.000,0.00,0.00,0.00,0,0,'0000-00-00 00:00:00','0000-00-00 00:00:00',0,'2020-12-02 16:05:55','2020-12-02 16:05:55'),(135,'IIYDFMJVJ',1,1,3,1,232,7665,1,395,395,10,'135080b574b7a4b048999756542eb243','Virement bancaire',1.000000,'bankwire',0,0,'',0,'',0.00,0.00,0.00,1271.40,1271.40,1059.50,0.00,1000.00,1200.00,71.40,71.40,59.50,20.000,0.00,0.00,0.00,0,0,'0000-00-00 00:00:00','0000-00-00 00:00:00',0,'2020-12-06 15:41:51','2020-12-06 15:43:28'),(136,'QZZVJUOVR',1,1,3,1,233,7675,1,396,396,3,'3db44aeda64bed0edfa5706bd9f768c6','Comptant à la livraison',1.000000,'cashondelivery',0,0,'',0,'',0.00,0.00,0.00,1771.40,1771.40,1476.17,1771.40,1416.67,1700.00,71.40,71.40,59.50,20.000,0.00,0.00,0.00,118,118,'2020-12-06 19:18:54','2020-12-06 19:18:55',1,'2020-12-06 19:16:37','2020-12-06 19:18:55'),(137,'SOBLSGKSH',1,1,3,1,236,7863,1,405,405,3,'39d1f9ff0abc31f23dd01ea98dd5cd20','Comptant à la livraison',1.000000,'cashondelivery',0,0,'',1,'',0.00,0.00,0.00,2971.40,2971.40,2476.17,2971.40,2416.67,2900.00,71.40,71.40,59.50,20.000,0.00,0.00,0.00,119,119,'2020-12-13 19:11:36','2020-12-13 19:11:36',1,'2020-12-13 19:11:33','2020-12-13 19:11:37'),(138,'BWSWLXBIQ',1,1,3,1,238,7941,1,412,412,3,'49229b6554dfe1f26c0f4ea519388e71','Comptant à la livraison',1.000000,'cashondelivery',0,0,'',1,'',0.00,0.00,0.00,9291.40,9291.40,7742.83,9291.40,7683.33,9220.00,71.40,71.40,59.50,20.000,0.00,0.00,0.00,120,120,'2020-12-16 01:00:39','2020-12-16 01:00:39',1,'2020-12-16 00:58:57','2020-12-16 01:00:40'),(139,'DMQWQORDP',1,1,3,1,239,8000,1,414,414,3,'08302d97c0554cd3ab5972ef3d9d318a','Comptant à la livraison',1.000000,'cashondelivery',0,0,'',0,'',0.00,0.00,0.00,11071.40,11071.40,9226.17,11071.40,9166.67,11000.00,71.40,71.40,59.50,20.000,0.00,0.00,0.00,121,121,'2020-12-17 10:13:53','2020-12-17 10:13:53',1,'2020-12-17 10:13:30','2020-12-17 10:13:54'),(140,'QREWACYTU',1,1,3,1,148,8124,1,266,266,3,'2dcda3c5450971458cb26a0cb2649773','Comptant à la livraison',1.000000,'cashondelivery',0,0,'',1,'',0.00,0.00,0.00,1511.40,1511.40,1259.50,1511.40,1200.00,1440.00,71.40,71.40,59.50,20.000,0.00,0.00,0.00,122,122,'2020-12-20 09:55:51','2020-12-20 09:55:51',1,'2020-12-20 09:54:38','2020-12-20 09:55:52'),(141,'YHZZMTYHD',1,1,3,1,148,8125,1,266,266,3,'2dcda3c5450971458cb26a0cb2649773','Comptant à la livraison',1.000000,'cashondelivery',0,0,'',1,'',0.00,0.00,0.00,1511.40,1511.40,1259.50,1511.40,1200.00,1440.00,71.40,71.40,59.50,20.000,0.00,0.00,0.00,123,123,'2020-12-20 09:59:24','2020-12-20 09:59:25',1,'2020-12-20 09:59:13','2020-12-20 09:59:25'),(142,'GBXNGIXFC',1,1,3,1,241,8154,1,424,424,0,'d84b9a33336e1cff6e3d936184d2e927','Comptant à la livraison',1.000000,'cashondelivery',0,0,NULL,1,NULL,0.00,0.00,0.00,2951.40,2951.40,2459.50,0.00,2400.00,2880.00,71.40,71.40,59.50,20.000,0.00,0.00,0.00,0,0,'0000-00-00 00:00:00','0000-00-00 00:00:00',0,'2020-12-22 10:31:55','2020-12-22 10:31:55'),(143,'BJXMGYVSU',1,1,3,1,242,8158,1,425,426,3,'7a41f330441276f91e5165e572acab8e','Comptant à la livraison',1.000000,'cashondelivery',0,0,'',1,'',0.00,0.00,0.00,1821.40,1821.40,1517.83,1821.40,1458.33,1750.00,71.40,71.40,59.50,20.000,0.00,0.00,0.00,124,124,'2020-12-23 16:42:53','2020-12-23 16:42:53',1,'2020-12-23 16:42:45','2020-12-23 16:42:54'),(144,'HUHQRJYFX',1,1,3,1,245,8167,1,432,432,0,'d42175ce689b19490b178970c470a2c2','Comptant à la livraison',1.000000,'cashondelivery',0,0,NULL,0,NULL,0.00,0.00,0.00,13571.40,13571.40,11309.50,0.00,11250.00,13500.00,71.40,71.40,59.50,20.000,0.00,0.00,0.00,0,0,'0000-00-00 00:00:00','0000-00-00 00:00:00',0,'2020-12-28 09:34:22','2020-12-28 09:34:22'),(145,'IPWZLCILK',1,1,3,1,245,8183,1,432,432,3,'d42175ce689b19490b178970c470a2c2','Comptant à la livraison',1.000000,'cashondelivery',0,0,'',0,'',0.00,0.00,0.00,13571.40,13571.40,11309.50,13571.40,11250.00,13500.00,71.40,71.40,59.50,20.000,0.00,0.00,0.00,125,125,'2020-12-28 09:41:54','2020-12-28 09:41:55',1,'2020-12-28 09:41:28','2020-12-28 09:41:56'),(146,'AFTKZJWRG',1,1,3,1,247,8196,1,436,436,10,'9be5732bebb3a7e3c35e5cdd88c01618','Virement bancaire',1.000000,'bankwire',0,0,'',1,'',0.00,0.00,0.00,2460.40,2460.40,2050.33,0.00,2000.00,2400.00,60.40,60.40,50.33,20.000,0.00,0.00,0.00,0,0,'0000-00-00 00:00:00','0000-00-00 00:00:00',0,'2020-12-28 23:10:35','2020-12-28 23:11:39'),(147,'THJORPHBD',1,1,3,1,248,8189,1,438,438,3,'256cc1a2b5470b3142b998d6822b17e3','Comptant à la livraison',1.000000,'cashondelivery',0,0,'',0,'',0.00,0.00,0.00,3071.40,3071.40,2559.50,3071.40,2500.00,3000.00,71.40,71.40,59.50,20.000,0.00,0.00,0.00,126,126,'2020-12-29 10:21:21','2020-12-29 10:21:21',1,'2020-12-29 10:20:29','2020-12-29 10:21:22'),(148,'ETZVWQCHX',1,1,3,1,341,8229,1,443,443,0,'d6bc2e57f8a8d9f8e16e42a007371f86','Virement bancaire',1.000000,'bankwire',0,0,NULL,0,NULL,0.00,0.00,0.00,16871.40,16871.40,14059.50,0.00,14000.00,16800.00,71.40,71.40,59.50,20.000,0.00,0.00,0.00,0,0,'0000-00-00 00:00:00','0000-00-00 00:00:00',0,'2021-01-05 20:39:46','2021-01-05 20:39:46'),(149,'VEEPWHKNI',1,1,3,1,425,8286,1,445,445,3,'e2b1a6e3144f4871e9c5073bff51273f','Comptant à la livraison',1.000000,'cashondelivery',0,0,'',0,'',0.00,0.00,0.00,5071.40,5071.40,4226.17,5071.40,4166.67,5000.00,71.40,71.40,59.50,20.000,0.00,0.00,0.00,127,127,'2021-01-19 22:16:04','2021-01-19 22:16:04',1,'2021-01-19 22:15:10','2021-01-19 22:16:05'),(150,'SWYEPJXDA',1,1,3,1,489,8287,1,451,451,3,'f74be316aab2a62f1412a45bdb470d42','Comptant à la livraison',1.000000,'cashondelivery',0,0,'',0,'',0.00,0.00,0.00,1971.40,1971.40,1642.83,1971.40,1583.33,1900.00,71.40,71.40,59.50,20.000,0.00,0.00,0.00,128,128,'2021-01-20 13:48:42','2021-01-20 13:48:43',1,'2021-01-20 13:48:30','2021-01-20 13:48:43'),(151,'KNODTYNQT',1,1,3,1,556,8315,1,454,454,3,'41e8a7e58548a222f9d168275b5f53d8','Comptant à la livraison',1.000000,'cashondelivery',0,0,'',1,'',0.00,0.00,0.00,123.40,123.40,102.83,123.40,62.50,75.00,48.40,48.40,40.33,20.000,0.00,0.00,0.00,129,129,'2021-01-25 03:27:19','2021-01-25 03:27:20',1,'2021-01-25 03:27:13','2021-01-25 03:27:21'),(152,'OVVARRGSP',1,1,3,1,573,8332,1,456,456,3,'11a75d1902b66c02ed6ad2508de2b5d3','Comptant à la livraison',1.000000,'cashondelivery',0,0,'',0,'',0.00,0.00,0.00,1371.40,1371.40,1142.83,1371.40,1083.33,1300.00,71.40,71.40,59.50,20.000,0.00,0.00,0.00,130,130,'2021-01-26 11:52:26','2021-01-26 11:52:27',1,'2021-01-26 11:50:14','2021-01-26 11:52:27'),(153,'RPOMMADYV',1,1,3,1,573,8335,1,456,456,3,'11a75d1902b66c02ed6ad2508de2b5d3','Comptant à la livraison',1.000000,'cashondelivery',0,0,'',0,'',0.00,0.00,0.00,1371.40,1371.40,1142.83,1371.40,1083.33,1300.00,71.40,71.40,59.50,20.000,0.00,0.00,0.00,131,131,'2021-01-26 11:52:43','2021-01-26 11:52:43',1,'2021-01-26 11:52:40','2021-01-26 11:52:44'),(154,'PSUWIWCGB',1,1,3,1,591,8337,1,463,463,3,'6255ba8efca0c2711b2cfeb3955a4ccc','Comptant à la livraison',1.000000,'cashondelivery',0,0,'',1,'',0.00,0.00,0.00,1271.40,1271.40,1059.50,1271.40,1000.00,1200.00,71.40,71.40,59.50,20.000,0.00,0.00,0.00,132,132,'2021-01-26 20:31:58','2021-01-26 20:31:58',1,'2021-01-26 20:31:16','2021-01-26 20:31:59'),(155,'PIFMJDZLO',1,1,3,1,609,8340,1,466,466,3,'1c66cf0e2c06204c87ca7c1ed194dad9','Comptant à la livraison',1.000000,'cashondelivery',0,0,'',0,'',0.00,0.00,0.00,1721.40,1721.40,1434.50,1721.40,1375.00,1650.00,71.40,71.40,59.50,20.000,0.00,0.00,0.00,133,133,'2021-01-27 13:21:00','2021-01-27 13:21:00',1,'2021-01-27 13:20:53','2021-01-27 13:21:01'),(156,'OJQDEDUNN',1,1,3,1,695,8359,1,467,467,3,'c56d9476865d44a0d1a5127dce519b8e','Comptant à la livraison',1.000000,'cashondelivery',0,0,'',1,'',0.00,0.00,0.00,1671.40,1671.40,1392.83,1671.40,1333.33,1600.00,71.40,71.40,59.50,20.000,0.00,0.00,0.00,134,134,'2021-01-31 18:34:37','2021-01-31 18:34:37',1,'2021-01-31 18:34:16','2021-01-31 18:34:38'),(157,'IWGDMBMPZ',1,1,3,1,745,8372,1,468,468,10,'098d679c3fcc28a44443c13a01aa77e0','Virement bancaire',1.000000,'bankwire',0,0,'',1,'',0.00,0.00,0.00,3860.40,3860.40,3217.00,0.00,3166.67,3800.00,60.40,60.40,50.33,20.000,0.00,0.00,0.00,0,0,'0000-00-00 00:00:00','0000-00-00 00:00:00',0,'2021-02-02 17:06:15','2021-02-02 17:07:03'),(158,'GHDOOEAJY',1,1,3,2,556,8422,1,454,454,3,'41e8a7e58548a222f9d168275b5f53d8','Cash on delivery (COD)',1.000000,'cashondelivery',0,0,'',1,'',0.00,0.00,0.00,592.40,592.40,493.67,592.40,452.50,543.00,49.40,49.40,41.17,20.000,0.00,0.00,0.00,135,135,'2021-02-07 23:27:19','2021-02-07 23:27:20',1,'2021-02-07 23:27:01','2021-02-07 23:27:20'),(159,'QRJEMEWTU',1,1,3,1,895,8255,1,472,472,3,'6159c5b33a01521016298bc2ceae9060','Comptant à la livraison',1.000000,'cashondelivery',0,0,'',1,'',0.00,0.00,0.00,9771.40,9771.40,8142.83,9771.40,8083.33,9700.00,71.40,71.40,59.50,20.000,0.00,0.00,0.00,136,136,'2021-02-08 23:50:03','2021-02-08 23:50:03',1,'2021-02-08 23:49:38','2021-02-08 23:50:04'),(160,'KIWSZWOHK',1,1,3,2,556,8423,1,454,454,3,'41e8a7e58548a222f9d168275b5f53d8','Cash on delivery (COD)',1.000000,'cashondelivery',0,0,'',0,'',0.00,0.00,0.00,1297.40,1297.40,1081.18,1297.40,1029.18,1235.00,62.40,62.40,52.00,20.000,0.00,0.00,0.00,137,137,'2021-02-09 22:03:29','2021-02-09 22:03:29',1,'2021-02-09 22:01:46','2021-02-09 22:03:30'),(161,'WWRYTUXSP',1,1,3,1,971,8429,1,476,476,0,'360fcd66fb508b92cf0bc71157175cf4','Comptant à la livraison',1.000000,'cashondelivery',0,0,NULL,1,NULL,0.00,0.00,0.00,2071.40,2071.40,1726.17,0.00,1666.67,2000.00,71.40,71.40,59.50,20.000,0.00,0.00,0.00,0,0,'0000-00-00 00:00:00','0000-00-00 00:00:00',0,'2021-02-11 13:18:54','2021-02-11 13:18:54'),(162,'QTVTIQLFS',1,1,3,1,978,8472,1,478,478,3,'ce4d0e92d253ad3beff63f4e5c39d2a0','Comptant à la livraison',1.000000,'cashondelivery',0,0,'',1,'',0.00,0.00,0.00,1471.40,1471.40,1226.17,1471.40,1166.67,1400.00,71.40,71.40,59.50,20.000,0.00,0.00,0.00,138,138,'2021-02-11 22:42:24','2021-02-11 22:42:24',1,'2021-02-11 22:42:23','2021-02-11 22:42:25'),(163,'IZQCSYKBH',1,1,3,1,980,8477,1,483,483,3,'fedd597a59259580a7f01b50fa91fd28','Comptant à la livraison',1.000000,'cashondelivery',0,0,'',0,'',0.00,0.00,0.00,4521.40,4521.40,3767.81,4521.40,3708.31,4450.00,71.40,71.40,59.50,20.000,0.00,0.00,0.00,139,139,'2021-02-12 17:56:38','2021-02-12 17:56:38',1,'2021-02-12 17:56:10','2021-02-12 17:56:39'),(164,'FTNLZIWTF',1,1,3,1,981,8492,1,486,486,10,'18e0e4b6793f92281ae21029e1c8100b','Virement bancaire',1.000000,'bankwire',0,0,'',0,'',0.00,0.00,0.00,2661.40,2661.40,2217.83,0.00,2158.33,2590.00,71.40,71.40,59.50,20.000,0.00,0.00,0.00,0,0,'0000-00-00 00:00:00','0000-00-00 00:00:00',0,'2021-02-15 17:16:49','2021-02-15 17:16:53'),(165,'AFAIGKALN',1,1,3,1,981,8494,1,486,486,3,'18e0e4b6793f92281ae21029e1c8100b','Comptant à la livraison',1.000000,'cashondelivery',0,0,'',0,'',0.00,0.00,0.00,2661.40,2661.40,2217.83,2661.40,2158.33,2590.00,71.40,71.40,59.50,20.000,0.00,0.00,0.00,140,140,'2021-02-15 17:18:48','2021-02-15 17:18:48',1,'2021-02-15 17:18:43','2021-02-15 17:18:48'),(166,'EXILICQQQ',1,1,3,1,981,8514,1,486,486,3,'18e0e4b6793f92281ae21029e1c8100b','Comptant à la livraison',1.000000,'cashondelivery',0,0,'',0,'',0.00,0.00,0.00,3061.40,3061.40,2551.16,3061.40,2491.66,2990.00,71.40,71.40,59.50,20.000,0.00,0.00,0.00,141,141,'2021-02-19 14:31:39','2021-02-19 14:31:39',1,'2021-02-19 14:30:51','2021-02-19 14:31:40'),(167,'XZUIJFCYH',1,1,3,1,1160,8552,1,494,494,3,'077cde4cd76e41f621d52c6bb81da5f6','Comptant à la livraison',1.000000,'cashondelivery',0,0,'',0,'',0.00,0.00,0.00,3971.40,3971.40,3309.50,3971.40,3250.00,3900.00,71.40,71.40,59.50,20.000,0.00,0.00,0.00,142,142,'2021-02-26 17:59:08','2021-02-26 17:59:09',1,'2021-02-26 17:58:27','2021-02-26 17:59:09'),(168,'PIRVGGUSV',1,1,3,1,591,8570,1,463,463,3,'6255ba8efca0c2711b2cfeb3955a4ccc','Comptant à la livraison',1.000000,'cashondelivery',0,0,'',1,'',0.00,0.00,0.00,1361.40,1361.40,1134.50,1361.40,1075.00,1290.00,71.40,71.40,59.50,20.000,0.00,0.00,0.00,143,143,'2021-03-01 16:36:52','2021-03-01 16:36:52',1,'2021-03-01 16:36:46','2021-03-01 16:36:53'),(169,'FNAXEKPRF',1,1,3,1,1538,8737,1,505,505,3,'66860cabf84989015f78864ab4dacc88','Comptant à la livraison',1.000000,'cashondelivery',0,0,'',1,'',0.00,0.00,0.00,7061.40,7061.40,5884.50,7061.40,5825.00,6990.00,71.40,71.40,59.50,20.000,0.00,0.00,0.00,144,144,'2021-03-20 11:01:05','2021-03-20 11:01:05',1,'2021-03-20 11:00:57','2021-03-20 11:01:05'),(170,'TVLJBHXZK',1,1,3,1,1542,8738,1,506,506,3,'48f2aca217d3c7376f3375656f9202c1','Comptant à la livraison',1.000000,'cashondelivery',0,0,'',0,'',0.00,0.00,0.00,571.40,571.40,476.20,571.40,416.70,500.00,71.40,71.40,59.50,20.000,0.00,0.00,0.00,145,145,'2021-03-20 12:23:21','2021-03-20 12:23:22',1,'2021-03-20 12:22:57','2021-03-20 12:23:22'),(171,'LMLGZZSDS',1,1,3,1,1542,8739,1,506,506,3,'48f2aca217d3c7376f3375656f9202c1','Comptant à la livraison',1.000000,'cashondelivery',0,0,'',0,'',0.00,0.00,0.00,1621.40,1621.40,1351.17,1621.40,1291.67,1550.00,71.40,71.40,59.50,20.000,0.00,0.00,0.00,146,146,'2021-03-20 12:35:11','2021-03-20 12:35:11',1,'2021-03-20 12:34:59','2021-03-20 12:35:11'),(172,'LAXHIQLXV',1,1,3,1,1675,8884,1,507,507,3,'b4697be03bc5970a4419501bf2282d26','Comptant à la livraison',1.000000,'cashondelivery',0,0,'',0,'',0.00,0.00,0.00,2871.40,2871.40,2392.83,2871.40,2333.33,2800.00,71.40,71.40,59.50,20.000,0.00,0.00,0.00,147,147,'2021-03-26 09:40:43','2021-03-26 09:40:43',1,'2021-03-26 09:39:58','2021-03-26 09:40:44'),(173,'XEQWZBIRI',1,1,3,1,1772,9052,1,510,510,3,'4114cee67b3f0d13bea698b8f4a89d05','Comptant à la livraison',1.000000,'cashondelivery',0,0,'',0,'',0.00,0.00,0.00,1671.40,1671.40,1392.83,1671.40,1333.33,1600.00,71.40,71.40,59.50,20.000,0.00,0.00,0.00,148,148,'2021-03-29 17:52:33','2021-03-29 17:52:34',1,'2021-03-29 17:52:18','2021-03-29 17:52:34'),(174,'CHJSPEHIK',1,1,3,1,1815,9120,1,511,511,3,'8267ea369d145292ec748b4313b3345e','Comptant à la livraison',1.000000,'cashondelivery',0,0,'',0,'',0.00,0.00,0.00,2460.40,2460.40,2050.33,2460.40,2000.00,2400.00,60.40,60.40,50.33,20.000,0.00,0.00,0.00,149,149,'2021-03-31 13:13:21','2021-03-31 13:13:22',1,'2021-03-31 13:13:12','2021-03-31 13:13:22'),(175,'QBFUVVVVX',1,1,3,1,188,9122,1,329,329,3,'bb7f03a2bb8704c3d00f32f6e05e8e28','Comptant à la livraison',1.000000,'cashondelivery',0,0,'',0,'',0.00,0.00,0.00,2021.90,2021.90,1684.92,2021.90,1625.42,1950.50,71.40,71.40,59.50,20.000,0.00,0.00,0.00,150,150,'2021-03-31 14:03:07','2021-03-31 14:03:08',1,'2021-03-31 14:02:30','2021-03-31 14:03:08'),(176,'IZMJYYNPR',1,1,3,1,1898,9300,1,513,513,3,'aab558da94f8cd74834b84b22951e2d2','Comptant à la livraison',1.000000,'cashondelivery',0,0,'',1,'',0.00,0.00,0.00,2460.40,2460.40,2050.33,2460.40,2000.00,2400.00,60.40,60.40,50.33,20.000,0.00,0.00,0.00,151,151,'2021-04-04 21:05:30','2021-04-04 21:05:30',1,'2021-04-04 21:05:05','2021-04-04 21:05:31'),(177,'OSYHGRWID',1,1,3,1,1898,9301,1,513,513,3,'aab558da94f8cd74834b84b22951e2d2','Comptant à la livraison',1.000000,'cashondelivery',0,0,'',1,'',0.00,0.00,0.00,2460.40,2460.40,2050.33,2460.40,2000.00,2400.00,60.40,60.40,50.33,20.000,0.00,0.00,0.00,152,152,'2021-04-04 21:09:17','2021-04-04 21:09:18',1,'2021-04-04 21:09:16','2021-04-04 21:09:18'),(178,'OQBZUZXYJ',1,1,3,1,1899,9336,1,514,514,3,'5e38cc33d2c8464976810c9626593d10','Comptant à la livraison',1.000000,'cashondelivery',0,0,'',0,'',0.00,0.00,0.00,421.40,421.40,351.17,421.40,291.67,350.00,71.40,71.40,59.50,20.000,0.00,0.00,0.00,153,153,'2021-04-05 14:41:42','2021-04-05 14:41:42',1,'2021-04-05 14:41:14','2021-04-05 14:41:43'),(179,'WDFJFYCHR',1,1,3,1,1901,9476,1,518,518,3,'ea22a1eb707773c43c0859813ec13b2b','Comptant à la livraison',1.000000,'cashondelivery',0,0,'',0,'',0.00,0.00,0.00,5071.40,5071.40,4226.17,5071.40,4166.67,5000.00,71.40,71.40,59.50,20.000,0.00,0.00,0.00,154,154,'2021-04-08 20:52:47','2021-04-08 20:52:48',1,'2021-04-08 20:51:08','2021-04-08 20:52:49'),(180,'YFHFJPKTZ',1,1,3,1,1914,9753,1,524,524,3,'d590e1b8b77b37fec1d5584760338db1','Comptant à la livraison',1.000000,'cashondelivery',0,0,'',1,'',0.00,0.00,0.00,1371.40,1371.40,1142.83,1371.40,1083.33,1300.00,71.40,71.40,59.50,20.000,0.00,0.00,0.00,155,155,'2021-04-13 19:26:34','2021-04-13 19:26:34',1,'2021-04-13 19:25:10','2021-04-13 19:26:35'),(181,'VJIKTKDUY',1,1,3,1,1919,9762,1,526,527,3,'b791e285304b05621331b508480fbe84','Comptant à la livraison',1.000000,'cashondelivery',0,0,'',0,'',0.00,0.00,0.00,291.40,291.40,279.50,291.40,220.00,220.00,71.40,71.40,59.50,20.000,0.00,0.00,0.00,156,156,'2021-04-13 23:11:48','2021-04-13 23:11:49',1,'2021-04-13 23:10:42','2021-04-13 23:11:49'),(182,'WOKLZJPWO',1,1,3,1,1923,9771,1,528,528,3,'24d61d1e382942d698cd5c68f8665257','Comptant à la livraison',1.000000,'cashondelivery',0,0,'',1,'',0.00,0.00,0.00,721.40,721.40,601.17,721.40,541.67,650.00,71.40,71.40,59.50,20.000,0.00,0.00,0.00,157,157,'2021-04-14 01:16:36','2021-04-14 01:16:38',1,'2021-04-14 01:14:03','2021-04-14 01:16:40'),(183,'WTZEKZLLW',1,1,3,1,1935,9797,1,532,532,1,'3b48c7a95086f313a75d8528e011eddb','Chèque',1.000000,'cheque',0,0,'',1,'',0.00,0.00,0.00,11571.40,11571.40,9642.83,0.00,9583.33,11500.00,71.40,71.40,59.50,20.000,0.00,0.00,0.00,0,0,'0000-00-00 00:00:00','0000-00-00 00:00:00',0,'2021-04-14 15:34:23','2021-04-14 15:34:29'),(184,'RGNDLPTIW',1,1,3,1,1935,9797,1,532,532,9,'3b48c7a95086f313a75d8528e011eddb','Chèque',1.000000,'cheque',0,0,'',1,'',0.00,0.00,0.00,11571.40,11571.40,9642.83,11571.40,9583.33,11500.00,71.40,71.40,59.50,20.000,0.00,0.00,0.00,158,0,'2021-04-14 15:34:49','0000-00-00 00:00:00',0,'2021-04-14 15:34:48','2021-04-14 15:34:49'),(185,'KJGDUQXYJ',1,1,3,1,2024,10092,1,539,539,3,'c2d27b4b858d9edd09a99b210d079cc8','Comptant à la livraison',1.000000,'cashondelivery',0,0,'',0,'',0.00,0.00,0.00,1871.40,1871.40,1559.50,1871.40,1500.00,1800.00,71.40,71.40,59.50,20.000,0.00,0.00,0.00,159,158,'2021-04-19 12:41:00','2021-04-19 12:41:00',1,'2021-04-19 12:39:15','2021-04-19 12:41:01'),(186,'ANHDHHWFV',1,1,3,1,2038,10137,1,540,540,3,'230a11bf22474a1f5e0526c65d4c40d1','Comptant à la livraison',1.000000,'cashondelivery',0,0,'',0,'',0.00,0.00,0.00,3371.40,3371.40,2809.50,3371.40,2750.00,3300.00,71.40,71.40,59.50,20.000,0.00,0.00,0.00,160,159,'2021-04-19 17:48:06','2021-04-19 17:48:07',1,'2021-04-19 17:48:05','2021-04-19 17:48:07'),(187,'LYLRUYVBB',1,1,3,1,2118,10319,1,541,541,3,'aa70e8c8c99a1d3a15a26bf39c7b8fea','Comptant à la livraison',1.000000,'cashondelivery',0,0,'',0,'',0.00,0.00,0.00,1011.40,1011.40,842.83,1011.40,783.33,940.00,71.40,71.40,59.50,20.000,0.00,0.00,0.00,161,160,'2021-04-22 23:29:38','2021-04-22 23:29:38',1,'2021-04-22 23:28:03','2021-04-22 23:29:39'),(188,'PMGXHHZIM',1,1,3,1,2191,10491,1,543,543,3,'19ff916cd5d17725488cf285a8464227','Comptant à la livraison',1.000000,'cashondelivery',0,0,'',1,'',0.00,0.00,0.00,2971.40,2971.40,2476.17,2971.40,2416.67,2900.00,71.40,71.40,59.50,20.000,0.00,0.00,0.00,162,161,'2021-04-25 10:34:28','2021-04-25 10:34:28',1,'2021-04-25 10:34:27','2021-04-25 10:34:28'),(189,'SACGIQNNQ',1,1,3,1,2241,10627,1,544,544,3,'b10c1038064708dbea1f85f94da06bdd','Comptant à la livraison',1.000000,'cashondelivery',0,0,'',1,'',0.00,0.00,0.00,4371.40,4371.40,3642.83,4371.40,3583.33,4300.00,71.40,71.40,59.50,20.000,0.00,0.00,0.00,163,162,'2021-04-27 13:14:12','2021-04-27 13:14:12',1,'2021-04-27 13:14:09','2021-04-27 13:14:13'),(190,'IMJMCDJGT',1,1,3,1,2305,10821,1,548,548,3,'3a44f142b9fe35e6f49ef261cc79e14f','Comptant à la livraison',1.000000,'cashondelivery',0,0,'',0,'',0.00,0.00,0.00,1361.40,1361.40,1134.50,1361.40,1075.00,1290.00,71.40,71.40,59.50,20.000,0.00,0.00,0.00,164,163,'2021-04-30 18:13:48','2021-04-30 18:13:48',1,'2021-04-30 18:13:44','2021-04-30 18:13:48'),(191,'JQCGFNNEF',1,1,3,1,2322,10880,1,549,549,3,'743a78d45d239c2fbaa597770258d15a','Comptant à la livraison',1.000000,'cashondelivery',0,0,'',0,'',0.00,0.00,0.00,251.40,251.40,209.50,251.40,150.00,180.00,71.40,71.40,59.50,20.000,0.00,0.00,0.00,165,164,'2021-05-01 21:13:27','2021-05-01 21:13:28',1,'2021-05-01 21:13:18','2021-05-01 21:13:28'),(192,'YIQYHVHCX',1,1,3,1,171,10909,1,551,551,3,'0b140cbd38866f640806c017be919f44','Comptant à la livraison',1.000000,'cashondelivery',0,0,'',1,'',0.00,0.00,0.00,3860.40,3860.40,3217.00,3860.40,3166.67,3800.00,60.40,60.40,50.33,20.000,0.00,0.00,0.00,166,165,'2021-05-02 09:32:31','2021-05-02 09:32:31',1,'2021-05-02 09:31:59','2021-05-02 09:32:32'),(193,'XDYJSWUXW',1,1,3,1,2333,10881,1,552,552,3,'fe709b5617ab9c6196b1dc1f294dff99','Comptant à la livraison',1.000000,'cashondelivery',0,0,'',1,'',0.00,0.00,0.00,5071.40,5071.40,4226.17,5071.40,4166.67,5000.00,71.40,71.40,59.50,20.000,0.00,0.00,0.00,167,166,'2021-05-02 13:37:58','2021-05-02 13:37:59',1,'2021-05-02 13:37:51','2021-05-02 13:37:59'),(194,'UEEMPMRLF',1,1,3,1,2340,10940,1,555,555,3,'edf6de077acc3bdebdd3049b456dd5c5','Comptant à la livraison',1.000000,'cashondelivery',0,0,'',0,'',0.00,0.00,0.00,3691.40,3691.40,3076.16,3691.40,3016.66,3620.00,71.40,71.40,59.50,20.000,0.00,0.00,0.00,168,167,'2021-05-02 19:07:52','2021-05-02 19:07:52',1,'2021-05-02 19:07:49','2021-05-02 19:07:52'),(195,'MUVPKEIOL',1,1,3,1,2425,11196,1,562,562,3,'f93661cf79d35c0550b6143cb9ffd834','Comptant à la livraison',1.000000,'cashondelivery',0,0,'',1,'',0.00,0.00,0.00,4971.40,4971.40,4142.83,4971.40,4083.33,4900.00,71.40,71.40,59.50,20.000,0.00,0.00,0.00,169,168,'2021-05-06 15:22:33','2021-05-06 15:22:34',1,'2021-05-06 15:20:11','2021-05-06 15:22:35'),(196,'CJSLJXTWS',1,1,3,1,2333,11204,1,559,559,3,'fe709b5617ab9c6196b1dc1f294dff99','Comptant à la livraison',1.000000,'cashondelivery',0,0,'',0,'',0.00,0.00,0.00,6371.40,6371.40,5309.50,6371.40,5250.00,6300.00,71.40,71.40,59.50,20.000,0.00,0.00,0.00,170,169,'2021-05-06 18:56:54','2021-05-06 18:56:54',1,'2021-05-06 18:56:34','2021-05-06 18:56:55'),(197,'ZIVBRYZIN',1,1,3,1,2429,11017,1,564,564,3,'f8797248d06bca2930b3d68839cade5c','Comptant à la livraison',1.000000,'cashondelivery',0,0,'',0,'',0.00,0.00,0.00,1771.40,1771.40,1476.17,1771.40,1416.67,1700.00,71.40,71.40,59.50,20.000,0.00,0.00,0.00,171,170,'2021-05-06 23:05:18','2021-05-06 23:05:19',1,'2021-05-06 23:04:45','2021-05-06 23:05:20'),(198,'QOOOBBEJL',1,1,3,1,2430,11052,1,567,567,3,'c9be6e7caa10ef5fbe23e379095dc16a','Comptant à la livraison',1.000000,'cashondelivery',0,0,'',0,'',0.00,0.00,0.00,6871.40,6871.40,5726.17,6871.40,5666.67,6800.00,71.40,71.40,59.50,20.000,0.00,0.00,0.00,172,171,'2021-05-07 11:11:41','2021-05-07 11:11:41',1,'2021-05-07 11:11:37','2021-05-07 11:11:41'),(199,'DVBIUMBJZ',1,1,3,1,2431,11602,1,569,569,0,'5eb9e395ef3706fdfb5d2cf1568925f7','Comptant à la livraison',1.000000,'cashondelivery',0,0,NULL,0,NULL,0.00,0.00,0.00,1271.40,1271.40,1059.50,0.00,1000.00,1200.00,71.40,71.40,59.50,20.000,0.00,0.00,0.00,0,0,'0000-00-00 00:00:00','0000-00-00 00:00:00',0,'2021-05-10 15:51:09','2021-05-10 15:51:09'),(200,'ARTKMLWWL',1,1,3,1,2431,11604,1,569,569,3,'5eb9e395ef3706fdfb5d2cf1568925f7','Comptant à la livraison',1.000000,'cashondelivery',0,0,'',0,'',0.00,0.00,0.00,1271.40,1271.40,1059.50,1271.40,1000.00,1200.00,71.40,71.40,59.50,20.000,0.00,0.00,0.00,173,172,'2021-05-10 16:10:09','2021-05-10 16:10:10',1,'2021-05-10 16:09:37','2021-05-10 16:10:10'),(201,'NGXLIXQVE',1,1,3,1,2556,11857,1,572,572,3,'5d8fa2820e143592433f5d88dc5e3b37','Comptant à la livraison',1.000000,'cashondelivery',0,0,'',1,'',0.00,0.00,0.00,1321.40,1321.40,1101.17,1321.40,1041.67,1250.00,71.40,71.40,59.50,20.000,0.00,0.00,0.00,174,173,'2021-05-15 12:53:53','2021-05-15 12:53:53',1,'2021-05-15 12:53:42','2021-05-15 12:53:54'),(202,'LJIUUOZKW',1,1,3,1,2851,12879,1,582,582,3,'1e27b31b6e9d799f88f1248494d26f19','Comptant à la livraison',1.000000,'cashondelivery',0,0,'',1,'',0.00,0.00,0.00,1671.40,1671.40,1392.83,1671.40,1333.33,1600.00,71.40,71.40,59.50,20.000,0.00,0.00,0.00,175,174,'2021-06-05 16:30:35','2021-06-05 16:30:36',1,'2021-06-05 16:28:38','2021-06-05 16:30:36'),(203,'FIDLZWCQD',1,1,3,2,2853,12936,1,584,584,3,'c1d67d08f7f9cbf9af3fca37a7cb3312','Cash on delivery (COD)',1.000000,'cashondelivery',0,0,'',1,'',0.00,0.00,0.00,1461.40,1461.40,1217.83,1461.40,1158.33,1390.00,71.40,71.40,59.50,20.000,0.00,0.00,0.00,176,175,'2021-06-06 06:50:59','2021-06-06 06:51:00',1,'2021-06-06 06:48:55','2021-06-06 06:51:00'),(204,'ORKFHMYNJ',1,1,3,1,2885,13109,1,585,585,3,'34126b99c852f6c1cca8a993cf1a24aa','Comptant à la livraison',1.000000,'cashondelivery',0,0,'',1,'',0.00,0.00,0.00,1521.40,1521.40,1267.83,1521.40,1208.33,1450.00,71.40,71.40,59.50,20.000,0.00,0.00,0.00,177,176,'2021-06-08 22:44:21','2021-06-08 22:44:22',1,'2021-06-08 22:42:37','2021-06-08 22:44:22'),(205,'XOXJTXPQB',1,1,3,2,2944,13217,1,590,590,3,'b560dc4213ee66b80abacf8cc6dce606','Cash on delivery (COD)',1.000000,'cashondelivery',0,0,'',1,'',0.00,0.00,0.00,261.40,261.40,217.83,261.40,158.33,190.00,71.40,71.40,59.50,20.000,0.00,0.00,0.00,178,177,'2021-07-06 01:10:49','2021-07-06 01:10:49',1,'2021-07-06 01:10:43','2021-07-06 01:10:49'),(206,'ESAFUUHYP',1,1,3,1,2422,13246,1,560,560,3,'0d8a50232f532ec6f6a305fb62804b3a','Comptant à la livraison',1.000000,'cashondelivery',0,0,'',1,'',0.00,0.00,0.00,2460.40,2460.40,2050.33,2460.40,2000.00,2400.00,60.40,60.40,50.33,20.000,0.00,0.00,0.00,179,178,'2021-07-08 14:15:51','2021-07-08 14:15:51',1,'2021-07-08 14:15:49','2021-07-08 14:15:51'),(207,'BXRCMOFZH',1,1,3,1,2990,13356,1,600,600,3,'cf98508a435521050f272044ef9bf0c3','Comptant à la livraison',1.000000,'cashondelivery',0,0,'',0,'',0.00,0.00,0.00,2521.40,2521.40,2101.17,2521.40,2041.67,2450.00,71.40,71.40,59.50,20.000,0.00,0.00,0.00,180,179,'2021-07-12 18:04:35','2021-07-12 18:04:36',1,'2021-07-12 18:04:30','2021-07-12 18:04:36'),(208,'VSRJGOFQW',1,1,3,1,3266,13423,1,607,607,10,'d3e8d499465aec5659f2ff128332d1da','Virement bancaire',1.000000,'bankwire',0,0,'',1,'',0.00,0.00,0.00,1571.40,1571.40,1309.50,0.00,1250.00,1500.00,71.40,71.40,59.50,20.000,0.00,0.00,0.00,0,0,'0000-00-00 00:00:00','0000-00-00 00:00:00',0,'2021-07-26 20:10:16','2021-07-26 20:11:59'),(209,'BYMLIRXTQ',1,1,3,1,3267,13430,1,610,610,3,'a5bffcf43eb87d8d6564c11eaba98540','Comptant à la livraison',1.000000,'cashondelivery',0,0,'',1,'',0.00,0.00,0.00,3641.40,3641.40,3034.50,3641.40,2975.00,3570.00,71.40,71.40,59.50,20.000,0.00,0.00,0.00,181,180,'2021-07-27 18:42:02','2021-07-27 18:42:03',1,'2021-07-27 18:41:06','2021-07-27 18:42:03'),(210,'WJLPTTHUH',1,1,3,1,3267,13433,1,610,610,3,'a5bffcf43eb87d8d6564c11eaba98540','Comptant à la livraison',1.000000,'cashondelivery',0,0,'',0,'',0.00,0.00,0.00,3641.40,3641.40,3034.50,3641.40,2975.00,3570.00,71.40,71.40,59.50,20.000,0.00,0.00,0.00,182,181,'2021-07-27 18:44:43','2021-07-27 18:44:44',1,'2021-07-27 18:44:33','2021-07-27 18:44:44'),(211,'UDBOKMHDI',1,1,3,1,3173,13436,1,602,602,3,'8f88a5e1a7bf3e4c85436567ecb8c09c','Comptant à la livraison',1.000000,'cashondelivery',0,0,'',0,'',0.00,0.00,0.00,5060.40,5060.40,4219.00,5060.40,4178.67,5012.00,48.40,48.40,40.33,20.000,0.00,0.00,0.00,183,182,'2021-07-28 00:43:09','2021-07-28 00:43:09',1,'2021-07-28 00:39:18','2021-07-28 00:43:10'),(212,'HCOWEPAVB',1,1,3,1,3415,13444,1,614,614,3,'934f96b3572b2139e3f818a933303773','Comptant à la livraison',1.000000,'cashondelivery',0,0,'',0,'',0.00,0.00,0.00,6471.40,6471.40,5392.83,6471.40,5333.33,6400.00,71.40,71.40,59.50,20.000,0.00,0.00,0.00,184,183,'2021-08-01 12:30:41','2021-08-01 12:30:41',1,'2021-08-01 12:28:22','2021-08-01 12:30:41'),(213,'QLFBDEVND',1,1,3,1,2849,13451,1,579,579,3,'07b470c33a119f9c706a13c5193b4b22','Comptant à la livraison',1.000000,'cashondelivery',0,0,'',0,'',0.00,0.00,0.00,5071.40,5071.40,4226.17,5071.40,4166.67,5000.00,71.40,71.40,59.50,20.000,0.00,0.00,0.00,185,184,'2021-08-05 11:26:13','2021-08-05 11:26:14',1,'2021-08-05 11:20:16','2021-08-05 11:26:14'),(214,'AFFLSGJIB',1,1,3,1,3520,13459,1,618,618,3,'531d4a5c18c2cb136f71ac6d4fffdfdc','Comptant à la livraison',1.000000,'cashondelivery',0,0,'',0,'',0.00,0.00,0.00,1971.40,1971.40,1642.83,1971.40,1583.33,1900.00,71.40,71.40,59.50,20.000,0.00,0.00,0.00,186,185,'2021-08-05 15:16:27','2021-08-05 15:16:28',1,'2021-08-05 15:16:22','2021-08-05 15:16:28'),(215,'AOXQCQYTU',1,1,3,1,3571,13463,1,620,620,3,'08794bd5f7f218ea0aa30e34c0a1a43f','Comptant à la livraison',1.000000,'cashondelivery',0,0,'',0,'',0.00,0.00,0.00,1791.40,1791.40,1492.83,1791.40,1433.33,1720.00,71.40,71.40,59.50,20.000,0.00,0.00,0.00,187,186,'2021-08-07 16:50:29','2021-08-07 16:50:29',1,'2021-08-07 16:49:52','2021-08-07 16:50:30'),(216,'QUFWBFUEG',1,1,3,1,3579,13469,1,621,621,3,'3994efda67c2de9d3dd2bf1aa2c0c21a','Comptant à la livraison',1.000000,'cashondelivery',0,0,'',0,'',0.00,0.00,0.00,1361.40,1361.40,1134.50,1361.40,1075.00,1290.00,71.40,71.40,59.50,20.000,0.00,0.00,0.00,188,187,'2021-08-08 03:29:13','2021-08-08 03:29:13',1,'2021-08-08 03:28:54','2021-08-08 03:29:13'),(217,'SOSRDYFVZ',1,1,3,1,3652,13482,1,630,630,3,'2230f1768057b1f7f33c0208c7f798d9','Comptant à la livraison',1.000000,'cashondelivery',0,0,'',0,'',0.00,0.00,0.00,5071.40,5071.40,4226.17,5071.40,4166.67,5000.00,71.40,71.40,59.50,20.000,0.00,0.00,0.00,189,188,'2021-08-10 20:49:01','2021-08-10 20:49:01',1,'2021-08-10 20:48:56','2021-08-10 20:49:01'),(218,'BWMIEVMSS',1,1,3,1,3704,13495,1,632,632,3,'fcdc002b63313c08e5deaa96b38f5d1a','Comptant à la livraison',1.000000,'cashondelivery',0,0,'',0,'',0.00,0.00,0.00,148.40,148.40,123.66,148.40,83.33,100.00,48.40,48.40,40.33,20.000,0.00,0.00,0.00,190,189,'2021-08-14 21:59:07','2021-08-14 21:59:07',1,'2021-08-14 21:58:59','2021-08-14 21:59:08'),(219,'HQPBUWWIX',1,1,3,1,3706,13498,1,633,633,3,'dbcbb4fe7d7a7473c6dc85910224d1f6','Comptant à la livraison',1.000000,'cashondelivery',0,0,'',0,'',0.00,0.00,0.00,1571.40,1571.40,1309.50,1571.40,1250.00,1500.00,71.40,71.40,59.50,20.000,0.00,0.00,0.00,191,190,'2021-08-16 21:39:26','2021-08-16 21:39:26',1,'2021-08-16 21:38:55','2021-08-16 21:39:27'),(220,'NBLOVDAJO',1,1,3,1,3707,13501,1,634,634,3,'819fdb2dc3edd8708c5ce1405a342810','Comptant à la livraison',1.000000,'cashondelivery',0,0,'',0,'',0.00,0.00,0.00,68.40,68.40,57.00,68.40,16.67,20.00,48.40,48.40,40.33,20.000,0.00,0.00,0.00,192,191,'2021-08-20 09:53:08','2021-08-20 09:53:09',1,'2021-08-20 09:50:57','2021-08-20 09:53:10'),(221,'MQCYAQSAC',1,1,3,1,3707,13502,1,634,634,3,'819fdb2dc3edd8708c5ce1405a342810','Comptant à la livraison',1.000000,'cashondelivery',0,0,'',0,'',0.00,0.00,0.00,68.40,68.40,57.00,68.40,16.67,20.00,48.40,48.40,40.33,20.000,0.00,0.00,0.00,193,192,'2021-08-20 09:59:25','2021-08-20 09:59:26',1,'2021-08-20 09:59:06','2021-08-20 09:59:26'),(222,'KJLJQGFOK',1,1,3,1,3708,13503,1,635,635,3,'5c67bf1ad0fbfd895d4923bab5138c2f','Comptant à la livraison',1.000000,'cashondelivery',0,0,'',0,'',0.00,0.00,0.00,5871.40,5871.40,4892.83,5871.40,4833.33,5800.00,71.40,71.40,59.50,20.000,0.00,0.00,0.00,194,193,'2021-08-20 14:33:31','2021-08-20 14:33:31',1,'2021-08-20 14:33:01','2021-08-20 14:33:31'),(223,'YTGRXZTOZ',1,1,3,1,3708,13504,1,635,635,3,'5c67bf1ad0fbfd895d4923bab5138c2f','Comptant à la livraison',1.000000,'cashondelivery',0,0,'',0,'',0.00,0.00,0.00,5871.40,5871.40,4892.83,5871.40,4833.33,5800.00,71.40,71.40,59.50,20.000,0.00,0.00,0.00,195,194,'2021-08-20 14:38:37','2021-08-20 14:38:37',1,'2021-08-20 14:38:36','2021-08-20 14:38:37'),(224,'LHVVDDJVQ',1,1,3,1,3710,13546,1,639,639,3,'9317964427aa78a9d4a9c386a85588a9','Comptant à la livraison',1.000000,'cashondelivery',0,0,'',0,'',0.00,0.00,0.00,1971.40,1971.40,1642.83,1971.40,1583.33,1900.00,71.40,71.40,59.50,20.000,0.00,0.00,0.00,196,195,'2021-09-01 20:24:58','2021-09-01 20:24:59',1,'2021-09-01 20:22:32','2021-09-01 20:24:59'),(225,'RMNCUZTBX',1,1,3,1,3711,13563,1,641,641,3,'fa20c6d7b9fbc61a20d911a5c993f0d1','Comptant à la livraison',1.000000,'cashondelivery',0,0,'',0,'',0.00,0.00,0.00,2471.40,2471.40,2059.50,2471.40,2000.00,2400.00,71.40,71.40,59.50,20.000,0.00,0.00,0.00,197,196,'2021-09-06 15:58:04','2021-09-06 15:58:04',1,'2021-09-06 15:58:01','2021-09-06 15:58:05'),(226,'BHNPVEYGG',1,1,3,1,3718,13603,1,648,648,3,'f99ee3d3476ffc057862be70b0850ea7','Comptant à la livraison',1.000000,'cashondelivery',0,0,'',0,'',0.00,0.00,0.00,571.40,571.40,476.17,571.40,416.67,500.00,71.40,71.40,59.50,20.000,0.00,0.00,0.00,198,197,'2021-09-22 22:47:47','2021-09-22 22:47:48',1,'2021-09-22 22:47:39','2021-09-22 22:47:48'),(227,'LIYCLZXPJ',1,1,3,1,3713,13490,1,651,651,3,'54d89471032c10c63ea0d6eb973944c3','Comptant à la livraison',1.000000,'cashondelivery',0,0,'',0,'',0.00,0.00,0.00,10921.40,10921.40,9101.17,10921.40,9041.67,10850.00,71.40,71.40,59.50,20.000,0.00,0.00,0.00,199,198,'2021-09-30 06:45:41','2021-09-30 06:45:41',1,'2021-09-30 06:45:12','2021-09-30 06:45:42'),(228,'PNOGIOMOH',1,1,3,1,3722,13625,1,655,655,3,'29c58ae815691ebfaa08939076e9272b','Comptant à la livraison',1.000000,'cashondelivery',0,0,'',0,'',0.00,0.00,0.00,1821.40,1821.40,1517.83,1821.40,1458.33,1750.00,71.40,71.40,59.50,20.000,0.00,0.00,0.00,200,199,'2021-10-04 14:37:34','2021-10-04 14:37:35',1,'2021-10-04 14:34:20','2021-10-04 14:37:35'),(229,'QNKNPDNOH',1,1,3,1,3723,13658,1,656,656,3,'4ef6a930bbcdf9136a55bc0ebff879c8','Comptant à la livraison',1.000000,'cashondelivery',0,0,'',0,'',0.00,0.00,0.00,1421.40,1421.40,1184.50,1421.40,1125.00,1350.00,71.40,71.40,59.50,20.000,0.00,0.00,0.00,201,200,'2021-10-05 15:09:45','2021-10-05 15:09:45',1,'2021-10-05 15:09:43','2021-10-05 15:09:45'),(230,'FYZTNFYXY',1,1,3,1,3724,13669,1,659,659,3,'9d317cd3628d6b5dede79dc2087148d1','Comptant à la livraison',1.000000,'cashondelivery',0,0,'',0,'',0.00,0.00,0.00,1771.40,1771.40,1476.17,1771.40,1416.67,1700.00,71.40,71.40,59.50,20.000,0.00,0.00,0.00,202,201,'2021-10-07 13:04:49','2021-10-07 13:04:49',1,'2021-10-07 13:04:25','2021-10-07 13:04:49'),(231,'BQNHMIPMT',1,1,3,1,3725,13691,1,662,662,3,'15efbaba633cd633ce50bb862db85646','Comptant à la livraison',1.000000,'cashondelivery',0,0,'',0,'',0.00,0.00,0.00,1921.40,1921.40,1601.17,1921.40,1541.67,1850.00,71.40,71.40,59.50,20.000,0.00,0.00,0.00,203,202,'2021-10-10 19:51:00','2021-10-10 19:51:01',1,'2021-10-10 19:50:18','2021-10-10 19:51:01'),(232,'VKFXNDKKJ',1,1,3,1,3745,13694,1,663,663,3,'bba3b20e712475770a1f6ec688b8b326','Comptant à la livraison',1.000000,'cashondelivery',0,0,'',0,'',0.00,0.00,0.00,921.40,921.40,767.83,921.40,708.33,850.00,71.40,71.40,59.50,20.000,0.00,0.00,0.00,204,203,'2021-10-11 11:21:36','2021-10-11 11:21:36',1,'2021-10-11 11:20:55','2021-10-11 11:21:37'),(233,'RECZUCVIY',1,1,3,1,3924,13743,1,668,668,3,'d03daa8588a84ce2c271c7cc3703a735','Comptant à la livraison',1.000000,'cashondelivery',0,0,'',0,'',0.00,0.00,0.00,671.40,671.40,559.50,671.40,500.00,600.00,71.40,71.40,59.50,20.000,0.00,0.00,0.00,205,204,'2021-10-20 18:18:21','2021-10-20 18:18:22',1,'2021-10-20 18:18:21','2021-10-20 18:18:22'),(234,'GVTCVBZMH',1,1,3,1,3958,13748,1,671,671,3,'16b9089dcd89fb7512b13e918aca17ec','Comptant à la livraison',1.000000,'cashondelivery',0,0,'',0,'',0.00,0.00,0.00,971.40,971.40,809.50,971.40,750.00,900.00,71.40,71.40,59.50,20.000,0.00,0.00,0.00,206,205,'2021-10-22 00:32:36','2021-10-22 00:32:37',1,'2021-10-22 00:31:27','2021-10-22 00:32:37'),(235,'RDMBLZQCZ',1,1,3,1,4006,13755,1,672,672,3,'4bb21c3f0a83b862ba5ed6570f934948','Comptant à la livraison',1.000000,'cashondelivery',0,0,'',0,'',0.00,0.00,0.00,1791.40,1791.40,1492.83,1791.40,1433.33,1720.00,71.40,71.40,59.50,20.000,0.00,0.00,0.00,207,206,'2021-10-23 17:28:50','2021-10-23 17:28:51',1,'2021-10-23 17:28:30','2021-10-23 17:28:51'),(236,'APFQZTWZU',1,1,3,1,4047,13766,1,676,676,3,'c900e38267648d0666fe16dfa420ea5d','Comptant à la livraison',1.000000,'cashondelivery',0,0,'',0,'',0.00,0.00,0.00,1371.40,1371.40,1142.83,1371.40,1083.33,1300.00,71.40,71.40,59.50,20.000,0.00,0.00,0.00,208,207,'2021-10-24 20:57:35','2021-10-24 20:57:35',1,'2021-10-24 20:57:28','2021-10-24 20:57:35'),(237,'QKZYGLYJQ',1,1,3,1,4073,13768,1,679,679,3,'71535c6c580669cc9da95a949e603b2d','Comptant à la livraison',1.000000,'cashondelivery',0,0,'',0,'',0.00,0.00,0.00,5971.40,5971.40,4976.17,5971.40,4916.67,5900.00,71.40,71.40,59.50,20.000,0.00,0.00,0.00,209,208,'2021-10-25 16:49:13','2021-10-25 16:49:14',1,'2021-10-25 16:47:40','2021-10-25 16:49:14'),(238,'ESSGUYKKW',1,1,3,1,4157,13781,1,680,680,3,'5b012f7c68dd33973ae78b085707c2c4','Comptant à la livraison',1.000000,'cashondelivery',0,0,'',0,'',0.00,0.00,0.00,14571.40,14571.40,12142.83,14571.40,12083.33,14500.00,71.40,71.40,59.50,20.000,0.00,0.00,0.00,210,209,'2021-10-28 13:22:47','2021-10-28 13:22:48',1,'2021-10-28 13:21:37','2021-10-28 13:22:49'),(239,'JUJBEWICL',1,1,3,1,4162,13782,1,682,682,3,'391c9795f035b41f3bf01f769c1d797b','Comptant à la livraison',1.000000,'cashondelivery',0,0,'',0,'',0.00,0.00,0.00,2021.40,2021.40,1684.50,2021.40,1625.00,1950.00,71.40,71.40,59.50,20.000,0.00,0.00,0.00,211,210,'2021-10-28 17:24:03','2021-10-28 17:24:03',1,'2021-10-28 17:23:23','2021-10-28 17:24:03'),(240,'PJVOCQAES',1,1,3,1,4198,13785,1,683,683,3,'25d1b62a654ff884852b057369880a91','Comptant à la livraison',1.000000,'cashondelivery',0,0,'',0,'',0.00,0.00,0.00,3860.40,3860.40,3217.00,3860.40,3166.67,3800.00,60.40,60.40,50.33,20.000,0.00,0.00,0.00,212,211,'2021-10-29 14:24:01','2021-10-29 14:24:02',1,'2021-10-29 14:22:44','2021-10-29 14:24:02'),(241,'ERZXPFNVD',1,1,3,2,4247,13799,1,686,686,3,'a4f11d2355b2496e68324d4f9b6422aa','Cash on delivery (COD)',1.000000,'cashondelivery',0,0,'',0,'',0.00,0.00,0.00,7871.40,7871.40,6559.50,7871.40,6500.00,7800.00,71.40,71.40,59.50,20.000,0.00,0.00,0.00,213,212,'2021-10-31 08:21:56','2021-10-31 08:21:56',1,'2021-10-31 08:19:45','2021-10-31 08:21:57'),(242,'AIKWBAKMB',1,1,3,1,4283,13812,1,690,690,3,'faf2cddcad244fb04716df13efdb01ff','Comptant à la livraison',1.000000,'cashondelivery',0,0,'',0,'',0.00,0.00,0.00,1361.40,1361.40,1134.50,1361.40,1075.00,1290.00,71.40,71.40,59.50,20.000,0.00,0.00,0.00,214,213,'2021-11-02 19:58:51','2021-11-02 19:58:52',1,'2021-11-02 19:57:52','2021-11-02 19:58:52'),(243,'ILACMCPCS',1,1,3,1,4283,13813,1,690,690,3,'faf2cddcad244fb04716df13efdb01ff','Comptant à la livraison',1.000000,'cashondelivery',0,0,'',0,'',0.00,0.00,0.00,1361.40,1361.40,1134.50,1361.40,1075.00,1290.00,71.40,71.40,59.50,20.000,0.00,0.00,0.00,215,214,'2021-11-02 20:01:57','2021-11-02 20:01:57',1,'2021-11-02 20:01:55','2021-11-02 20:01:57'),(244,'YJMEXAMAR',1,1,3,1,4285,13821,1,692,692,3,'1c06050e8dc7e41b18b618600711868a','Comptant à la livraison',1.000000,'cashondelivery',0,0,'',0,'',0.00,0.00,0.00,2871.40,2871.40,2392.83,2871.40,2333.33,2800.00,71.40,71.40,59.50,20.000,0.00,0.00,0.00,216,215,'2021-11-04 17:58:23','2021-11-04 17:58:23',1,'2021-11-04 17:58:11','2021-11-04 17:58:23'),(245,'HSLDMFNDR',1,1,3,1,4287,13844,1,693,693,3,'f65d7bf007732cb2c604607b67b65254','Comptant à la livraison',1.000000,'cashondelivery',0,0,'',0,'',0.00,0.00,0.00,3321.40,3321.40,2767.83,3321.40,2708.33,3250.00,71.40,71.40,59.50,20.000,0.00,0.00,0.00,217,216,'2021-11-08 11:09:48','2021-11-08 11:09:48',1,'2021-11-08 11:09:41','2021-11-08 11:09:49'),(246,'NMWMMLNBI',1,1,3,1,4073,13847,1,679,679,3,'71535c6c580669cc9da95a949e603b2d','Comptant à la livraison',1.000000,'cashondelivery',0,0,'',0,'',0.00,0.00,0.00,5471.40,5471.40,4559.50,5471.40,4500.00,5400.00,71.40,71.40,59.50,20.000,0.00,0.00,0.00,218,217,'2021-11-08 16:32:33','2021-11-08 16:32:33',1,'2021-11-08 16:32:23','2021-11-08 16:32:33'),(247,'UJBQUTMGO',1,1,3,1,4288,13866,1,695,695,3,'ef4ee7068d8f2e0552d48f9e05ec29b7','Comptant à la livraison',1.000000,'cashondelivery',0,0,'',0,'',0.00,0.00,0.00,24571.40,24571.40,20476.17,24571.40,20416.67,24500.00,71.40,71.40,59.50,20.000,0.00,0.00,0.00,219,218,'2021-11-13 04:51:58','2021-11-13 04:51:58',1,'2021-11-13 04:50:53','2021-11-13 04:51:58'),(248,'OHBIJIXLW',1,1,3,1,4292,13887,1,702,702,3,'f9a74a11e76480cfde7e479d64188c8b','Comptant à la livraison',1.000000,'cashondelivery',0,0,'',0,'',0.00,0.00,0.00,311.40,311.40,259.50,311.40,200.00,240.00,71.40,71.40,59.50,20.000,0.00,0.00,0.00,220,219,'2021-11-17 19:53:18','2021-11-17 19:53:19',1,'2021-11-17 19:52:19','2021-11-17 19:53:19'),(249,'FDLSNWXSC',1,1,3,1,4285,13909,1,692,692,3,'1c06050e8dc7e41b18b618600711868a','Comptant à la livraison',1.000000,'cashondelivery',0,0,'',0,'',0.00,0.00,0.00,2971.40,2971.40,2476.17,2971.40,2416.67,2900.00,71.40,71.40,59.50,20.000,0.00,0.00,0.00,221,220,'2021-11-22 20:37:11','2021-11-22 20:37:11',1,'2021-11-22 20:36:55','2021-11-22 20:37:11'),(250,'YHQFJAJMX',1,1,3,1,4295,13911,1,709,709,3,'48966596a3c04f416534a9f34d92a47a','Comptant à la livraison',1.000000,'cashondelivery',0,0,'',0,'',0.00,0.00,0.00,1171.40,1171.40,976.17,1171.40,916.67,1100.00,71.40,71.40,59.50,20.000,0.00,0.00,0.00,222,221,'2021-11-24 20:59:05','2021-11-24 20:59:05',1,'2021-11-24 20:56:59','2021-11-24 20:59:05'),(251,'FOOVWMUGU',1,1,3,1,4296,13931,1,711,711,3,'ce5551c37db21638fd955cf940e67e90','Comptant à la livraison',1.000000,'cashondelivery',0,0,'',0,'',0.00,0.00,0.00,1361.40,1361.40,1134.50,1361.40,1075.00,1290.00,71.40,71.40,59.50,20.000,0.00,0.00,0.00,223,222,'2021-11-26 09:55:37','2021-11-26 09:55:38',1,'2021-11-26 09:55:23','2021-11-26 09:55:38'),(252,'YLXIYROFN',1,1,3,1,4315,13942,1,715,715,3,'23eb6a26ee2733771abd291cf4d187ac','Comptant à la livraison',1.000000,'cashondelivery',0,0,'',0,'',0.00,0.00,0.00,1171.40,1171.40,976.17,1171.40,916.67,1100.00,71.40,71.40,59.50,20.000,0.00,0.00,0.00,224,223,'2021-11-28 13:48:55','2021-11-28 13:48:55',1,'2021-11-28 13:48:52','2021-11-28 13:48:55'),(253,'XCDCKHXSA',1,1,3,1,4329,13951,1,718,718,3,'4fb3ea6485cd235bb81b91475c85505b','Comptant à la livraison',1.000000,'cashondelivery',0,0,'',0,'',0.00,0.00,0.00,721.40,721.40,601.17,721.40,541.67,650.00,71.40,71.40,59.50,20.000,0.00,0.00,0.00,225,224,'2021-11-29 16:10:48','2021-11-29 16:10:48',1,'2021-11-29 16:10:08','2021-11-29 16:10:48'),(254,'EQZIHXQIB',1,1,3,1,4338,13986,1,727,727,3,'7c26641161f030367fea3badbd170221','Comptant à la livraison',1.000000,'cashondelivery',0,0,'',0,'',0.00,0.00,0.00,2021.40,2021.40,1684.50,2021.40,1625.00,1950.00,71.40,71.40,59.50,20.000,0.00,0.00,0.00,226,225,'2021-12-05 13:18:57','2021-12-05 13:18:58',1,'2021-12-05 13:17:42','2021-12-05 13:18:58'),(255,'WFULNNDLB',1,1,3,1,4293,13975,1,729,729,3,'3984c47a4e2d792dba57ae1ff12b7967','Comptant à la livraison',1.000000,'cashondelivery',0,0,'',0,'',0.00,0.00,0.00,1261.40,1261.40,1051.17,1261.40,991.67,1190.00,71.40,71.40,59.50,20.000,0.00,0.00,0.00,227,226,'2021-12-05 14:10:50','2021-12-05 14:10:51',1,'2021-12-05 14:10:29','2021-12-05 14:10:52'),(256,'VGCYARYIY',1,1,3,1,4338,14025,1,736,736,3,'7c26641161f030367fea3badbd170221','Comptant à la livraison',1.000000,'cashondelivery',0,0,'',0,'',0.00,0.00,0.00,2971.40,2971.40,2476.17,2971.40,2416.67,2900.00,71.40,71.40,59.50,20.000,0.00,0.00,0.00,228,227,'2021-12-16 12:10:31','2021-12-16 12:10:32',1,'2021-12-16 12:09:36','2021-12-16 12:10:32'),(257,'QOYEEWRAK',1,1,3,1,4380,14033,1,740,740,3,'1c9c8f5bfca18f7de886b7f5425f2f21','Comptant à la livraison',1.000000,'cashondelivery',0,0,'',0,'',0.00,0.00,0.00,4571.40,4571.40,3809.50,4571.40,3750.00,4500.00,71.40,71.40,59.50,20.000,0.00,0.00,0.00,229,228,'2021-12-17 14:10:55','2021-12-17 14:10:55',1,'2021-12-17 14:10:51','2021-12-17 14:10:56'),(258,'SWLWZGYPY',1,1,3,1,4379,14032,1,738,738,3,'d07be51b2c4a1185a47e5b042b19a009','Comptant à la livraison',1.000000,'cashondelivery',0,0,'',0,'',0.00,0.00,0.00,5961.40,5961.40,4967.84,5961.40,4908.34,5890.00,71.40,71.40,59.50,20.000,0.00,0.00,0.00,230,229,'2021-12-17 21:42:52','2021-12-17 21:42:53',1,'2021-12-17 21:39:49','2021-12-17 21:42:53'),(259,'FKNDFYIQW',1,1,3,1,4382,14045,1,744,744,9,'ef8a32c2d57af5abda90a6d2efcf1c6f','Comptant à la livraison',1.000000,'cashondelivery',0,0,'',0,'',0.00,0.00,0.00,811.40,811.40,676.16,811.40,616.66,740.00,71.40,71.40,59.50,20.000,0.00,0.00,0.00,231,230,'2021-12-19 21:09:31','2021-12-19 21:09:31',0,'2021-12-19 21:09:27','2021-12-19 21:09:32'),(260,'BFDJBSEJT',1,1,3,1,4384,14056,1,746,746,3,'cef0580feedef12bcdd1b6d736ca1c91','Comptant à la livraison',1.000000,'cashondelivery',0,0,'',0,'',0.00,0.00,0.00,1461.40,1461.40,1217.83,1461.40,1158.33,1390.00,71.40,71.40,59.50,20.000,0.00,0.00,0.00,232,231,'2021-12-22 17:59:29','2021-12-22 17:59:30',1,'2021-12-22 17:59:24','2021-12-22 17:59:30'),(261,'IPQECCRWK',1,1,3,1,4385,14068,1,750,750,3,'a49cccc174370e98adead13103b73f35','Comptant à la livraison',1.000000,'cashondelivery',0,0,'',0,'',0.00,0.00,0.00,1921.40,1921.40,1601.17,1921.40,1541.67,1850.00,71.40,71.40,59.50,20.000,0.00,0.00,0.00,233,232,'2021-12-25 18:04:39','2021-12-25 18:04:40',1,'2021-12-25 18:03:50','2021-12-25 18:04:40'),(262,'SSBRSPDHG',1,1,3,1,4387,14074,1,751,751,10,'bc6e1746ac5123e195578b1e37905e51','Virement bancaire',1.000000,'bankwire',0,0,'',0,'',0.00,0.00,0.00,953.40,953.40,794.51,0.00,735.01,882.00,71.40,71.40,59.50,20.000,0.00,0.00,0.00,0,0,'0000-00-00 00:00:00','0000-00-00 00:00:00',0,'2021-12-27 11:31:12','2021-12-27 11:31:38'),(263,'EBJBDNETD',1,1,3,1,4389,14081,1,754,754,3,'c14ff993e61d4de0c22f6ddcbf3b9e12','Comptant à la livraison',1.000000,'cashondelivery',0,0,'',0,'',0.00,0.00,0.00,2061.40,2061.40,1717.83,2061.40,1658.33,1990.00,71.40,71.40,59.50,20.000,0.00,0.00,0.00,234,233,'2021-12-27 21:06:51','2021-12-27 21:06:51',1,'2021-12-27 21:06:48','2021-12-27 21:06:51'),(264,'PULDVYIXT',1,1,3,1,4390,14096,1,755,755,3,'de466459163ab02dd801133de5353fca','Comptant à la livraison',1.000000,'cashondelivery',0,0,'',0,'',0.00,0.00,0.00,98.40,98.40,82.00,98.40,41.67,50.00,48.40,48.40,40.33,20.000,0.00,0.00,0.00,235,234,'2021-12-29 15:26:59','2021-12-29 15:27:00',1,'2021-12-29 15:26:14','2021-12-29 15:27:00'),(265,'WDVVIYVJB',1,1,3,1,4388,14113,1,761,761,3,'a1abe771e33788a6e2f6ffcc57581bf3','Comptant à la livraison',1.000000,'cashondelivery',0,0,'',0,'',0.00,0.00,0.00,1821.40,1821.40,1517.83,1821.40,1458.33,1750.00,71.40,71.40,59.50,20.000,0.00,0.00,0.00,236,235,'2021-12-30 14:41:07','2021-12-30 14:41:07',1,'2021-12-30 14:41:04','2021-12-30 14:41:07'),(266,'GNMMQLJOW',1,1,3,1,4392,14124,1,764,764,3,'0dfc02c4a3a39c0dbb845839f95f44e9','Comptant à la livraison',1.000000,'cashondelivery',0,0,'',0,'',0.00,0.00,0.00,1521.40,1521.40,1267.83,1521.40,1208.33,1450.00,71.40,71.40,59.50,20.000,0.00,0.00,0.00,237,236,'2022-01-01 20:34:13','2022-01-01 20:34:14',1,'2022-01-01 20:34:10','2022-01-01 20:34:14'),(267,'FROBPVKUQ',1,1,3,1,4395,14153,1,767,767,3,'e2cec42a16cdfd0da01e4fecc191abba','Comptant à la livraison',1.000000,'cashondelivery',0,0,'',0,'',0.00,0.00,0.00,9571.40,9571.40,7976.17,9571.40,7916.67,9500.00,71.40,71.40,59.50,20.000,0.00,0.00,0.00,238,237,'2022-01-06 08:42:58','2022-01-06 08:42:58',1,'2022-01-06 08:42:26','2022-01-06 08:42:58'),(268,'RMCEJFGHE',1,1,3,1,4394,14138,1,766,766,3,'f75c8559dba0cc78e4cced1f07e7bc5c','Comptant à la livraison',1.000000,'cashondelivery',0,0,'',0,'',0.00,0.00,0.00,21960.40,21960.40,18300.33,21960.40,18250.00,21900.00,60.40,60.40,50.33,20.000,0.00,0.00,0.00,239,238,'2022-01-07 00:14:14','2022-01-07 00:14:14',1,'2022-01-07 00:14:12','2022-01-07 00:14:14'),(269,'GENOPSTYJ',1,1,3,1,4396,14159,1,768,768,3,'7eba29985161b442f1a94444f0420891','Comptant à la livraison',1.000000,'cashondelivery',0,0,'',0,'',0.00,0.00,0.00,218.40,218.40,181.99,218.40,141.66,170.00,48.40,48.40,40.33,20.000,0.00,0.00,0.00,240,239,'2022-01-07 21:36:34','2022-01-07 21:36:35',1,'2022-01-07 21:36:16','2022-01-07 21:36:35'),(270,'BGMKYZNGU',1,1,3,1,4398,14175,1,770,770,3,'d18579d6423973005e6ced788eb83c64','Comptant à la livraison',1.000000,'cashondelivery',0,0,'',0,'',0.00,0.00,0.00,2021.40,2021.40,1684.50,2021.40,1625.00,1950.00,71.40,71.40,59.50,20.000,0.00,0.00,0.00,241,240,'2022-01-09 22:42:42','2022-01-09 22:42:42',1,'2022-01-09 22:42:15','2022-01-09 22:42:42'),(271,'XTFRZUGDQ',1,1,3,1,4400,14184,1,772,772,3,'e8be7b9124eaa0ad983eedc34f8360ec','Comptant à la livraison',1.000000,'cashondelivery',0,0,'',0,'',0.00,0.00,0.00,5971.40,5971.40,4976.17,5971.40,4916.67,5900.00,71.40,71.40,59.50,20.000,0.00,0.00,0.00,242,241,'2022-01-10 09:37:43','2022-01-10 09:37:43',1,'2022-01-10 09:33:17','2022-01-10 09:37:44'),(272,'KJTIDVFCE',1,1,3,1,4403,14215,1,775,775,3,'310c6ee3e93ac1c434732af48ed95e23','Comptant à la livraison',1.000000,'cashondelivery',0,0,'',0,'',0.00,0.00,0.00,6471.40,6471.40,5392.83,6471.40,5333.33,6400.00,71.40,71.40,59.50,20.000,0.00,0.00,0.00,243,242,'2022-01-20 22:32:52','2022-01-20 22:32:53',1,'2022-01-20 22:31:35','2022-01-20 22:32:53'),(273,'YZGBEZXAA',1,1,3,1,4403,14258,1,775,775,3,'310c6ee3e93ac1c434732af48ed95e23','Comptant à la livraison',1.000000,'cashondelivery',0,0,'',0,'',0.00,0.00,0.00,6271.40,6271.40,5226.17,6271.40,5166.67,6200.00,71.40,71.40,59.50,20.000,0.00,0.00,0.00,244,243,'2022-01-20 22:39:35','2022-01-20 22:39:36',1,'2022-01-20 22:39:31','2022-01-20 22:39:36'),(274,'JMRAGRSHF',1,1,3,1,4405,14259,1,777,777,3,'b7a7fc6d402e78b2cf4a4d9d4cf26483','Comptant à la livraison',1.000000,'cashondelivery',0,0,'',0,'',0.00,0.00,0.00,10571.40,10571.40,8809.50,10571.40,8750.00,10500.00,71.40,71.40,59.50,20.000,0.00,0.00,0.00,245,244,'2022-01-21 17:49:27','2022-01-21 17:49:28',1,'2022-01-21 17:49:11','2022-01-21 17:49:28'),(275,'TDOHRORHC',1,1,3,1,4413,14283,1,785,785,3,'2a1f22143404116be17f8519a0b40306','Comptant à la livraison',1.000000,'cashondelivery',0,0,'',0,'',0.00,0.00,0.00,5371.40,5371.40,4476.17,5371.40,4416.67,5300.00,71.40,71.40,59.50,20.000,0.00,0.00,0.00,246,245,'2022-02-01 20:59:54','2022-02-01 20:59:54',1,'2022-02-01 20:59:45','2022-02-01 20:59:54'),(276,'SMYTXFVPX',1,1,3,1,4414,14332,1,786,786,3,'7f5d0a499a69683af7656090e48e7563','Comptant à la livraison',1.000000,'cashondelivery',0,0,'',0,'',0.00,0.00,0.00,4460.40,4460.40,3717.00,4460.40,3666.67,4400.00,60.40,60.40,50.33,20.000,0.00,0.00,0.00,247,246,'2022-02-02 19:24:56','2022-02-02 19:24:56',1,'2022-02-02 19:23:08','2022-02-02 19:24:57'),(277,'MOLJQOQZL',1,1,3,1,4417,14356,1,795,795,3,'3a0ec20de78fd2066a61c9d9d14e6117','Comptant à la livraison',1.000000,'cashondelivery',0,0,'',0,'',0.00,0.00,0.00,4460.40,4460.40,3717.00,4460.40,3666.67,4400.00,60.40,60.40,50.33,20.000,0.00,0.00,0.00,248,247,'2022-02-09 08:05:50','2022-02-09 08:05:51',1,'2022-02-09 08:03:28','2022-02-09 08:05:51'),(278,'UFPJJGAQI',1,1,3,1,4419,14375,1,798,798,3,'c9cd44eef598166ea7077afed79d0425','Comptant à la livraison',1.000000,'cashondelivery',0,0,'',0,'',0.00,0.00,0.00,378.40,378.40,315.33,378.40,275.00,330.00,48.40,48.40,40.33,20.000,0.00,0.00,0.00,249,248,'2022-02-10 19:25:56','2022-02-10 19:25:56',1,'2022-02-10 19:25:14','2022-02-10 19:25:56'),(279,'GTZVBFCQM',1,1,3,1,4420,14378,1,802,802,3,'2f9e94d79d8ea268fd8ff283d3de8770','Comptant à la livraison',1.000000,'cashondelivery',0,0,'',0,'',0.00,0.00,0.00,1971.40,1971.40,1642.83,1971.40,1583.33,1900.00,71.40,71.40,59.50,20.000,0.00,0.00,0.00,250,249,'2022-02-11 13:28:38','2022-02-11 13:28:38',1,'2022-02-11 13:28:29','2022-02-11 13:28:38'),(280,'BSTFKNSQE',1,1,3,1,4421,14385,1,803,803,3,'b30390468c67ee4ffe2765dc453168f9','Comptant à la livraison',1.000000,'cashondelivery',0,0,'',0,'',0.00,0.00,0.00,4460.40,4460.40,3717.00,4460.40,3666.67,4400.00,60.40,60.40,50.33,20.000,0.00,0.00,0.00,251,250,'2022-02-13 11:41:25','2022-02-13 11:41:25',1,'2022-02-13 11:40:54','2022-02-13 11:41:25'),(281,'ZHOITCQFC',1,1,3,1,4422,14352,1,805,805,3,'3e355b78ac9b791df01dfaaf30c286f8','Comptant à la livraison',1.000000,'cashondelivery',0,0,'',0,'',0.00,0.00,0.00,7061.40,7061.40,5884.50,7061.40,5825.00,6990.00,71.40,71.40,59.50,20.000,0.00,0.00,0.00,252,251,'2022-02-14 20:31:46','2022-02-14 20:31:47',1,'2022-02-14 20:31:17','2022-02-14 20:31:47'),(282,'NPRUEGZON',1,1,3,2,4424,14414,1,811,811,3,'6f066f18255a0ee9505cdebbecdbd5ef','Cash on delivery (COD)',1.000000,'cashondelivery',0,0,'',0,'',0.00,0.00,0.00,1671.40,1671.40,1392.83,1671.40,1333.33,1600.00,71.40,71.40,59.50,20.000,0.00,0.00,0.00,253,252,'2022-02-20 00:11:32','2022-02-20 00:11:32',1,'2022-02-20 00:10:57','2022-02-20 00:11:32'),(283,'IKFVXMQYR',1,1,3,1,4426,14434,1,813,813,3,'6a35ad7de8a68639c5687e354bb43c77','Comptant à la livraison',1.000000,'cashondelivery',0,0,'',0,'',0.00,0.00,0.00,1791.40,1791.40,1492.83,1791.40,1433.33,1720.00,71.40,71.40,59.50,20.000,0.00,0.00,0.00,254,253,'2022-02-20 18:18:37','2022-02-20 18:18:38',1,'2022-02-20 18:18:34','2022-02-20 18:18:38'),(284,'OPBCWNKKI',1,1,3,2,4427,14350,1,815,815,3,'79cdf007a3dd4adddbbf2acf0009b502','Cash on delivery (COD)',1.000000,'cashondelivery',0,0,'',0,'',0.00,0.00,0.00,4011.40,4011.40,3342.84,4011.40,3283.34,3940.00,71.40,71.40,59.50,20.000,0.00,0.00,0.00,255,254,'2022-02-21 23:21:15','2022-02-21 23:21:15',1,'2022-02-21 23:21:09','2022-02-21 23:21:15'),(285,'WTDQSEHOH',1,1,3,1,4429,14474,1,819,819,3,'6f30e7e64d6d846f8fca22ab095d1798','Comptant à la livraison',1.000000,'cashondelivery',0,0,'',0,'',0.00,0.00,0.00,5371.40,5371.40,4476.17,5371.40,4416.67,5300.00,71.40,71.40,59.50,20.000,0.00,0.00,0.00,256,255,'2022-02-25 16:42:58','2022-02-25 16:42:59',1,'2022-02-25 16:42:52','2022-02-25 16:42:59'),(286,'SUAPMYQGC',1,1,3,2,4427,14479,1,815,815,3,'79cdf007a3dd4adddbbf2acf0009b502','Cash on delivery (COD)',1.000000,'cashondelivery',0,0,'',0,'',0.00,0.00,0.00,1611.40,1611.40,1342.84,1611.40,1283.34,1540.00,71.40,71.40,59.50,20.000,0.00,0.00,0.00,257,256,'2022-02-26 15:37:09','2022-02-26 15:37:09',1,'2022-02-26 15:37:06','2022-02-26 15:37:09'),(287,'ZJLIRMLVH',1,1,3,2,4427,14510,1,815,815,3,'79cdf007a3dd4adddbbf2acf0009b502','Cash on delivery (COD)',1.000000,'cashondelivery',0,0,'',0,'',0.00,0.00,0.00,1611.40,1611.40,1342.84,1611.40,1283.34,1540.00,71.40,71.40,59.50,20.000,0.00,0.00,0.00,258,257,'2022-02-28 12:11:00','2022-02-28 12:11:00',1,'2022-02-28 12:10:35','2022-02-28 12:11:00'),(288,'UHHUSYUKY',1,1,3,1,4431,14516,1,821,821,3,'171ee06bee028c1e6e75b2439b3f3433','Comptant à la livraison',1.000000,'cashondelivery',0,0,'',0,'',0.00,0.00,0.00,921.40,921.40,767.83,921.40,708.33,850.00,71.40,71.40,59.50,20.000,0.00,0.00,0.00,259,258,'2022-03-01 16:37:33','2022-03-01 16:37:33',1,'2022-03-01 16:37:02','2022-03-01 16:37:33'),(289,'KGRARSVNF',1,1,3,1,4437,14515,1,828,828,3,'740f8cbc47576a99310ffce03b1b4a50','Comptant à la livraison',1.000000,'cashondelivery',0,0,'',0,'',0.00,0.00,0.00,7071.40,7071.40,5892.83,7071.40,5833.33,7000.00,71.40,71.40,59.50,20.000,0.00,0.00,0.00,260,259,'2022-03-11 19:41:29','2022-03-11 19:41:30',1,'2022-03-11 19:40:14','2022-03-11 19:41:30'),(290,'VYHHBYTRI',1,1,3,1,4438,14559,1,829,829,3,'e478622ef5d82e10fc34600de1e3fc16','Virement bancaire',1.000000,'bankwire',0,0,'',0,'',0.00,0.00,0.00,721.40,721.40,601.17,721.40,541.67,650.00,71.40,71.40,59.50,20.000,0.00,0.00,0.00,263,262,'2022-03-15 22:03:31','2022-03-15 22:03:59',1,'2022-03-12 09:19:24','2022-03-15 22:03:59'),(291,'AFIWUIKTJ',1,1,3,1,4435,14544,1,825,825,3,'6369792db30e423800a4fc7e146d24fa','Comptant à la livraison',1.000000,'cashondelivery',0,0,'',0,'',0.00,0.00,0.00,1821.40,1821.40,1517.83,1821.40,1458.33,1750.00,71.40,71.40,59.50,20.000,0.00,0.00,0.00,261,260,'2022-03-13 21:19:04','2022-03-13 21:19:04',1,'2022-03-13 21:18:27','2022-03-13 21:19:05'),(292,'LYSBQOJTG',1,1,3,1,4412,14571,1,784,784,3,'a5a75190e1f78f546eeab6c74fd4c698','Comptant à la livraison',1.000000,'cashondelivery',0,0,'',0,'',0.00,0.00,0.00,2671.40,2671.40,2226.17,2671.40,2166.67,2600.00,71.40,71.40,59.50,20.000,0.00,0.00,0.00,262,261,'2022-03-14 13:51:59','2022-03-14 13:51:59',1,'2022-03-14 13:51:36','2022-03-14 13:51:59'),(293,'GSCHWGEXU',1,1,3,1,4435,14583,1,830,830,3,'6369792db30e423800a4fc7e146d24fa','Comptant à la livraison',1.000000,'cashondelivery',0,0,'',0,'',0.00,0.00,0.00,1821.40,1821.40,1517.83,1821.40,1458.33,1750.00,71.40,71.40,59.50,20.000,0.00,0.00,0.00,264,263,'2022-03-21 18:58:02','2022-03-21 18:58:03',1,'2022-03-21 18:57:51','2022-03-21 18:58:03'),(294,'FMYVUKCOU',1,1,3,1,4441,14622,1,837,837,3,'8fc4bc37a75f44afe343a0c5b5a03483','Comptant à la livraison',1.000000,'cashondelivery',0,0,'',0,'',0.00,0.00,0.00,1671.40,1671.40,1392.83,1671.40,1333.33,1600.00,71.40,71.40,59.50,20.000,0.00,0.00,0.00,265,264,'2022-03-25 01:06:51','2022-03-25 01:06:52',1,'2022-03-25 01:00:46','2022-03-25 01:06:52'),(295,'THPFOSNWZ',1,1,3,2,4442,14645,1,839,839,3,'3df3d6bb915a2856a0ed5b3cbb65f0a8','Cash on delivery (COD)',1.000000,'cashondelivery',0,0,'',0,'',0.00,0.00,0.00,6021.40,6021.40,5017.83,6021.40,4958.33,5950.00,71.40,71.40,59.50,20.000,0.00,0.00,0.00,266,265,'2022-03-27 12:49:19','2022-03-27 12:49:19',1,'2022-03-27 12:49:08','2022-03-27 12:49:19'),(296,'PNUAGJZCH',1,1,3,1,4443,14651,1,842,842,3,'20ecacb1d72667ff74731ee13a2f82ad','Comptant à la livraison',1.000000,'cashondelivery',0,0,'',0,'',0.00,0.00,0.00,351.40,351.40,292.83,351.40,233.33,280.00,71.40,71.40,59.50,20.000,0.00,0.00,0.00,267,266,'2022-03-27 23:57:54','2022-03-27 23:57:54',1,'2022-03-27 23:57:51','2022-03-27 23:57:54'),(297,'NGLJOPICG',1,1,3,1,4445,14663,1,845,845,3,'0b0636e237d41d5e68a3f28498cbc77f','Comptant à la livraison',1.000000,'cashondelivery',0,0,'',0,'',0.00,0.00,0.00,2021.40,2021.40,1684.50,2021.40,1625.00,1950.00,71.40,71.40,59.50,20.000,0.00,0.00,0.00,268,267,'2022-03-31 20:07:47','2022-03-31 20:07:49',1,'2022-03-31 20:03:23','2022-03-31 20:07:49'),(298,'TDTUCJNCD',1,1,3,1,4446,14690,1,846,846,3,'6677a1c3bd29b10ad654f992487cccb3','Comptant à la livraison',1.000000,'cashondelivery',0,0,'',0,'',0.00,0.00,0.00,1771.40,1771.40,1476.17,1771.40,1416.67,1700.00,71.40,71.40,59.50,20.000,0.00,0.00,0.00,269,268,'2022-04-04 21:28:58','2022-04-04 21:28:58',1,'2022-04-04 21:28:30','2022-04-04 21:28:58'),(299,'OBJNOMTPU',1,1,3,1,4450,14704,1,855,855,3,'269a0c86b75794cd771446c084ffe31d','Comptant à la livraison',1.000000,'cashondelivery',0,0,'',0,'',0.00,0.00,0.00,661.40,661.40,551.17,661.40,491.67,590.00,71.40,71.40,59.50,20.000,0.00,0.00,0.00,270,269,'2022-04-07 03:04:03','2022-04-07 03:04:04',1,'2022-04-07 03:02:02','2022-04-07 03:04:04'),(300,'GPWEZHQXS',1,1,3,1,4451,14714,1,856,856,3,'cf5ba7f0601fe2fc357227ec552bdaa7','Comptant à la livraison',1.000000,'cashondelivery',0,0,'',0,'',0.00,0.00,0.00,550.40,550.40,458.65,550.40,416.65,500.00,50.40,50.40,42.00,20.000,0.00,0.00,0.00,271,270,'2022-04-08 05:13:43','2022-04-08 05:13:43',1,'2022-04-08 05:11:07','2022-04-08 05:13:44'),(301,'NNELRKFZL',1,1,3,1,4397,14648,1,858,858,3,'012e7713f78b6debd9ad7f933d253a08','Comptant à la livraison',1.000000,'cashondelivery',0,0,'',0,'',0.00,0.00,0.00,9071.40,9071.40,7559.50,9071.40,7500.00,9000.00,71.40,71.40,59.50,20.000,0.00,0.00,0.00,272,271,'2022-04-10 22:58:32','2022-04-10 22:58:32',1,'2022-04-10 22:58:09','2022-04-10 22:58:32'),(302,'ZJKRXOTRU',1,1,3,1,4454,14753,1,863,863,3,'539df124a1e0e527870972f358827b33','Comptant à la livraison',1.000000,'cashondelivery',0,0,'',0,'',0.00,0.00,0.00,6021.40,6021.40,5017.83,6021.40,4958.33,5950.00,71.40,71.40,59.50,20.000,0.00,0.00,0.00,273,272,'2022-04-19 11:53:56','2022-04-19 11:53:56',1,'2022-04-19 11:53:00','2022-04-19 11:53:56'),(303,'JLYEDVBGY',1,1,3,1,4455,14771,1,864,864,3,'58247bda560ecfc4c033e286d0c3955a','Comptant à la livraison',1.000000,'cashondelivery',0,0,'',0,'',0.00,0.00,0.00,171.40,171.40,142.84,171.40,83.34,100.00,71.40,71.40,59.50,20.000,0.00,0.00,0.00,274,273,'2022-04-23 00:49:44','2022-04-23 00:49:44',1,'2022-04-23 00:49:25','2022-04-23 00:49:44'),(304,'MKMVLPEUL',1,1,3,1,4459,14818,1,874,874,3,'b28e21c57349c70e145bf19f1239639a','Comptant à la livraison',1.000000,'cashondelivery',0,0,'',0,'',0.00,0.00,0.00,1821.40,1821.40,1517.83,1821.40,1458.33,1750.00,71.40,71.40,59.50,20.000,0.00,0.00,0.00,275,274,'2022-05-03 16:57:55','2022-05-03 16:57:56',1,'2022-05-03 16:57:50','2022-05-03 16:57:56'),(305,'LWTYFOSBC',1,1,3,1,4460,14851,1,879,879,3,'7dedc6f9db294760cbde0b89eac8dd02','Comptant à la livraison',1.000000,'cashondelivery',0,0,'',0,'',0.00,0.00,0.00,1671.40,1671.40,1392.83,1671.40,1333.33,1600.00,71.40,71.40,59.50,20.000,0.00,0.00,0.00,276,275,'2022-05-09 15:09:26','2022-05-09 15:09:26',1,'2022-05-09 15:09:24','2022-05-09 15:09:27'),(306,'RQGGAYVBD',1,1,3,1,4461,14855,1,880,880,3,'86e8b8f68267ebd3d8971f460cbed555','Comptant à la livraison',1.000000,'cashondelivery',0,0,'',0,'',0.00,0.00,0.00,4671.40,4671.40,3892.83,4671.40,3833.33,4600.00,71.40,71.40,59.50,20.000,0.00,0.00,0.00,277,276,'2022-05-12 09:59:15','2022-05-12 09:59:16',1,'2022-05-12 09:58:23','2022-05-12 09:59:16'),(307,'DOBRNDNCW',1,1,3,1,4462,14861,1,881,881,1,'cec376bb5837a1c9139dec959f96b86e','Chèque',1.000000,'cheque',0,0,'',0,'',0.00,0.00,0.00,10571.40,10571.40,8809.50,0.00,8750.00,10500.00,71.40,71.40,59.50,20.000,0.00,0.00,0.00,0,0,'0000-00-00 00:00:00','0000-00-00 00:00:00',0,'2022-05-13 19:09:31','2022-05-13 19:10:31'),(308,'UTZTNJJBQ',1,1,3,1,4462,14862,1,881,881,3,'cec376bb5837a1c9139dec959f96b86e','Comptant à la livraison',1.000000,'cashondelivery',0,0,'',0,'',0.00,0.00,0.00,10571.40,10571.40,8809.50,10571.40,8750.00,10500.00,71.40,71.40,59.50,20.000,0.00,0.00,0.00,278,277,'2022-05-13 19:14:26','2022-05-13 19:14:26',1,'2022-05-13 19:14:22','2022-05-13 19:14:27'),(309,'QIXYPNITF',1,1,3,1,4463,14867,1,883,883,3,'accfda0f5b2c5630a821361dd49fd1ce','Comptant à la livraison',1.000000,'cashondelivery',0,0,'',0,'',0.00,0.00,0.00,3661.40,3661.40,3051.17,3661.40,2991.67,3590.00,71.40,71.40,59.50,20.000,0.00,0.00,0.00,279,278,'2022-05-20 04:11:48','2022-05-20 04:11:49',1,'2022-05-20 04:11:45','2022-05-20 04:11:49'),(310,'UVWZESZXS',1,1,3,1,4467,14889,1,887,887,3,'d5d03accc4678ab843b76b315ac0566f','Comptant à la livraison',1.000000,'cashondelivery',0,0,'',0,'',0.00,0.00,0.00,111.40,111.40,92.83,111.40,33.33,40.00,71.40,71.40,59.50,20.000,0.00,0.00,0.00,280,279,'2022-05-20 16:05:11','2022-05-20 16:05:12',1,'2022-05-20 16:05:09','2022-05-20 16:05:12'),(311,'UYLWHEUXN',1,1,3,1,4468,14902,1,891,891,3,'5bb5d021acff56b5cd91d4c3396812ea','Comptant à la livraison',1.000000,'cashondelivery',0,0,'',0,'',0.00,0.00,0.00,21960.40,21960.40,18300.33,21960.40,18250.00,21900.00,60.40,60.40,50.33,20.000,0.00,0.00,0.00,281,280,'2022-05-23 14:18:57','2022-05-23 14:18:57',1,'2022-05-23 14:18:49','2022-05-23 14:18:57'),(312,'VXCADHMXU',1,1,3,1,4469,14833,1,894,894,3,'ccefd40bde7be3943c8050bbcb3b540a','Comptant à la livraison',1.000000,'cashondelivery',0,0,'',0,'',0.00,0.00,0.00,1271.40,1271.40,1059.50,1271.40,1000.00,1200.00,71.40,71.40,59.50,20.000,0.00,0.00,0.00,282,281,'2022-05-31 17:47:55','2022-05-31 17:47:56',1,'2022-05-31 17:45:02','2022-05-31 17:47:56'),(313,'OXZKCYBTI',1,1,3,1,4469,14923,1,894,894,3,'ccefd40bde7be3943c8050bbcb3b540a','Comptant à la livraison',1.000000,'cashondelivery',0,0,'',0,'',0.00,0.00,0.00,1271.40,1271.40,1059.50,1271.40,1000.00,1200.00,71.40,71.40,59.50,20.000,0.00,0.00,0.00,283,282,'2022-05-31 17:49:46','2022-05-31 17:49:47',1,'2022-05-31 17:49:42','2022-05-31 17:49:47'),(314,'USQPATGYD',1,1,3,1,4458,14925,1,873,873,3,'d0a81dcc5823874a2cc956b015ecb6b8','Comptant à la livraison',1.000000,'cashondelivery',0,0,'',0,'',0.00,0.00,0.00,3371.40,3371.40,2809.50,3371.40,2750.00,3300.00,71.40,71.40,59.50,20.000,0.00,0.00,0.00,284,283,'2022-05-31 21:21:43','2022-05-31 21:21:44',1,'2022-05-31 21:20:58','2022-05-31 21:21:44'),(315,'JZITNEQEU',1,1,3,1,4470,14970,1,900,900,3,'128b7cbfaa4b9564a725e6af0facf78d','Comptant à la livraison',1.000000,'cashondelivery',0,0,'',0,'',0.00,0.00,0.00,11151.40,11151.40,9292.83,11151.40,9233.33,11080.00,71.40,71.40,59.50,20.000,0.00,0.00,0.00,285,284,'2022-06-12 15:55:20','2022-06-12 15:55:20',1,'2022-06-12 15:55:13','2022-06-12 15:55:20'),(316,'VOGYOOISW',1,1,3,1,2340,14979,1,555,555,3,'edf6de077acc3bdebdd3049b456dd5c5','Comptant à la livraison',1.000000,'cashondelivery',0,0,'',0,'',0.00,0.00,0.00,2871.40,2871.40,2392.83,2871.40,2333.33,2800.00,71.40,71.40,59.50,20.000,0.00,0.00,0.00,286,285,'2022-06-13 21:54:31','2022-06-13 21:54:31',1,'2022-06-13 21:54:30','2022-06-13 21:54:31'),(317,'TMYXJZGZI',1,1,3,1,4471,14974,1,902,902,3,'eb719f06ee5b36b084f98747d0522e7f','Comptant à la livraison',1.000000,'cashondelivery',0,0,'',0,'',0.00,0.00,0.00,2571.40,2571.40,2142.83,2571.40,2083.33,2500.00,71.40,71.40,59.50,20.000,0.00,0.00,0.00,287,286,'2022-06-13 22:52:26','2022-06-13 22:52:26',1,'2022-06-13 22:52:11','2022-06-13 22:52:27'),(318,'YGUDRCGFH',1,1,3,1,4472,14982,1,905,905,3,'0d25d7fa2f6ab4ba46afdeab84b388ce','Comptant à la livraison',1.000000,'cashondelivery',0,0,'',0,'',0.00,0.00,0.00,461.40,461.40,384.50,461.40,325.00,390.00,71.40,71.40,59.50,20.000,0.00,0.00,0.00,288,287,'2022-06-13 23:22:40','2022-06-13 23:22:40',1,'2022-06-13 23:22:20','2022-06-13 23:22:40'),(319,'AWCCRZCQA',1,1,3,1,4473,15000,1,908,908,3,'655be40d5b1856bfda3148d13a9086ca','Comptant à la livraison',1.000000,'cashondelivery',0,0,'',0,'',0.00,0.00,0.00,1851.40,1851.40,1542.83,1851.40,1483.33,1780.00,71.40,71.40,59.50,20.000,0.00,0.00,0.00,289,288,'2022-06-17 22:01:47','2022-06-17 22:01:47',1,'2022-06-17 22:01:25','2022-06-17 22:01:47'),(320,'BZBSAJWRJ',1,1,3,1,4380,15021,1,740,740,1,'1c9c8f5bfca18f7de886b7f5425f2f21','Chèque',1.000000,'cheque',0,0,'',0,'',0.00,0.00,0.00,4571.40,4571.40,3809.50,0.00,3750.00,4500.00,71.40,71.40,59.50,20.000,0.00,0.00,0.00,0,0,'0000-00-00 00:00:00','0000-00-00 00:00:00',0,'2022-06-21 17:36:11','2022-06-21 17:36:22'),(321,'CGUALZCCK',1,1,3,1,4380,15023,1,740,740,1,'1c9c8f5bfca18f7de886b7f5425f2f21','Chèque',1.000000,'cheque',0,0,'',0,'',0.00,0.00,0.00,4571.40,4571.40,3809.50,0.00,3750.00,4500.00,71.40,71.40,59.50,20.000,0.00,0.00,0.00,0,0,'0000-00-00 00:00:00','0000-00-00 00:00:00',0,'2022-06-21 17:39:53','2022-06-21 17:39:56'),(322,'EWTFGEWKV',1,1,3,1,4380,15024,1,740,740,10,'1c9c8f5bfca18f7de886b7f5425f2f21','Virement bancaire',1.000000,'bankwire',0,0,'',0,'',0.00,0.00,0.00,4571.40,4571.40,3809.50,0.00,3750.00,4500.00,71.40,71.40,59.50,20.000,0.00,0.00,0.00,0,0,'0000-00-00 00:00:00','0000-00-00 00:00:00',0,'2022-06-21 17:58:50','2022-06-21 17:59:11'),(323,'FWDEAVTKL',1,1,3,1,4380,15025,1,740,740,10,'1c9c8f5bfca18f7de886b7f5425f2f21','Virement bancaire',1.000000,'bankwire',0,0,'',0,'',0.00,0.00,0.00,4571.40,4571.40,3809.50,0.00,3750.00,4500.00,71.40,71.40,59.50,20.000,0.00,0.00,0.00,0,0,'0000-00-00 00:00:00','0000-00-00 00:00:00',0,'2022-06-21 18:04:30','2022-06-21 18:04:35'),(324,'BHWZMHVLI',1,1,3,1,4476,15030,1,913,913,3,'d9575196ee4d2c9be6fc1eb3e585eda3','Comptant à la livraison',1.000000,'cashondelivery',0,0,'',0,'',0.00,0.00,0.00,1871.40,1871.40,1559.50,1871.40,1500.00,1800.00,71.40,71.40,59.50,20.000,0.00,0.00,0.00,290,289,'2022-06-22 17:11:06','2022-06-22 17:11:06',1,'2022-06-22 17:10:47','2022-06-22 17:11:06'),(325,'YCMNTFDHN',1,1,3,1,4477,15037,1,915,915,3,'d9e6997d5988babb66fc01b59e0bc2a3','Comptant à la livraison',1.000000,'cashondelivery',0,0,'',0,'',0.00,0.00,0.00,191.40,191.40,159.50,191.40,100.00,120.00,71.40,71.40,59.50,20.000,0.00,0.00,0.00,291,290,'2022-06-23 17:41:59','2022-06-23 17:42:00',1,'2022-06-23 17:41:54','2022-06-23 17:42:00'),(326,'AFXUWYZRI',1,1,3,1,4478,15050,1,918,918,3,'63a5999bba7ddad22aaf2e488d436af6','Comptant à la livraison',1.000000,'cashondelivery',0,0,'',0,'',0.00,0.00,0.00,6571.40,6571.40,5476.17,6571.40,5416.67,6500.00,71.40,71.40,59.50,20.000,0.00,0.00,0.00,292,291,'2022-06-26 23:27:50','2022-06-26 23:27:51',1,'2022-06-26 23:26:57','2022-06-26 23:27:51'),(327,'OLERZJRQD',1,1,3,1,4494,15010,1,919,919,6,'2c92d0e17896dace1bf52edf443bb9cd','Comptant à la livraison',1.000000,'cashondelivery',0,0,'',0,'',0.00,0.00,0.00,7971.40,7971.40,6642.83,7971.40,6583.33,7900.00,71.40,71.40,59.50,20.000,0.00,0.00,0.00,293,292,'2022-07-04 00:09:23','2022-07-04 00:09:24',1,'2022-07-04 00:09:09','2022-07-05 12:55:50'),(328,'LKHEFMOZY',1,1,3,1,4495,15082,1,920,920,3,'19ccaa6dd368b34500d0e8d6ea681a33','Comptant à la livraison',1.000000,'cashondelivery',0,0,'',0,'',0.00,0.00,0.00,6021.40,6021.40,5017.83,6021.40,4958.33,5950.00,71.40,71.40,59.50,20.000,0.00,0.00,0.00,294,293,'2022-07-04 22:05:02','2022-07-04 22:05:02',1,'2022-07-04 22:04:54','2022-07-04 22:05:03'),(329,'IPWZLJOLE',1,1,3,1,4497,15088,1,921,921,3,'1cf86f66ce652529e74910083683c873','Comptant à la livraison',1.000000,'cashondelivery',0,0,'',0,'',0.00,0.00,0.00,2461.40,2461.40,2051.17,2461.40,1991.67,2390.00,71.40,71.40,59.50,20.000,0.00,0.00,0.00,295,294,'2022-07-07 15:55:00','2022-07-07 15:55:00',1,'2022-07-07 15:54:36','2022-07-07 15:55:01'),(330,'QWLUOKYBD',1,1,3,1,4398,15116,1,770,770,3,'d18579d6423973005e6ced788eb83c64','Comptant à la livraison',1.000000,'cashondelivery',0,0,'',0,'',0.00,0.00,0.00,2021.40,2021.40,1684.50,2021.40,1625.00,1950.00,71.40,71.40,59.50,20.000,0.00,0.00,0.00,296,295,'2022-07-12 21:20:22','2022-07-12 21:20:23',1,'2022-07-12 21:19:03','2022-07-12 21:20:23'),(331,'FDFCKWSLQ',1,1,3,1,4353,15124,1,732,732,3,'dce37122b63b1e543ccfd45349bd86ad','Comptant à la livraison',1.000000,'cashondelivery',0,0,'',0,'',0.00,0.00,0.00,4460.40,4460.40,3717.00,4460.40,3666.67,4400.00,60.40,60.40,50.33,20.000,0.00,0.00,0.00,297,296,'2022-07-16 17:29:47','2022-07-16 17:29:47',1,'2022-07-16 17:29:24','2022-07-16 17:29:48'),(332,'JNCKPGQYC',1,1,3,2,4501,15046,1,930,930,3,'9d38f2c36801b89b0725a2746ed9eb2b','Cash on delivery (COD)',1.000000,'cashondelivery',0,0,'',0,'',0.00,0.00,0.00,371.40,371.40,309.50,371.40,250.00,300.00,71.40,71.40,59.50,20.000,0.00,0.00,0.00,298,297,'2022-07-19 12:19:39','2022-07-19 12:19:39',1,'2022-07-19 12:19:33','2022-07-19 12:19:40'),(333,'DFWHZPPSF',1,1,3,1,4502,15138,1,931,931,3,'911583e903c55e2a07a6f24c53d0f746','Comptant à la livraison',1.000000,'cashondelivery',0,0,'',0,'',0.00,0.00,0.00,1821.40,1821.40,1517.83,1821.40,1458.33,1750.00,71.40,71.40,59.50,20.000,0.00,0.00,0.00,299,298,'2022-07-21 12:48:12','2022-07-21 12:48:13',1,'2022-07-21 12:46:46','2022-07-21 12:48:13'),(334,'MHVNYULPE',1,1,3,1,4502,15145,1,931,931,3,'911583e903c55e2a07a6f24c53d0f746','Comptant à la livraison',1.000000,'cashondelivery',0,0,'',0,'',0.00,0.00,0.00,1821.40,1821.40,1517.83,1821.40,1458.33,1750.00,71.40,71.40,59.50,20.000,0.00,0.00,0.00,300,299,'2022-07-21 12:53:43','2022-07-21 12:53:44',1,'2022-07-21 12:53:24','2022-07-21 12:53:44'),(335,'TYSXHOZLY',1,1,3,1,4504,15149,1,935,936,10,'67e1c3bf5e17aaebfbde5c16528d6c49','Virement bancaire',1.000000,'bankwire',0,0,'',0,'',0.00,0.00,0.00,1561.40,1561.40,1301.17,0.00,1241.67,1490.00,71.40,71.40,59.50,20.000,0.00,0.00,0.00,0,0,'0000-00-00 00:00:00','0000-00-00 00:00:00',0,'2022-07-24 16:47:56','2022-07-24 16:48:12'),(336,'RDRRFSMVF',1,1,3,1,4507,15175,1,941,941,3,'231d5a46af9a3193254371c77deaa90a','Comptant à la livraison',1.000000,'cashondelivery',0,0,'',0,'',0.00,0.00,0.00,1321.40,1321.40,1101.17,1321.40,1041.67,1250.00,71.40,71.40,59.50,20.000,0.00,0.00,0.00,301,300,'2022-07-30 17:11:06','2022-07-30 17:11:06',1,'2022-07-30 17:10:58','2022-07-30 17:11:06'),(337,'IYGSWXXQW',1,1,3,1,4509,15161,1,942,942,3,'676ba0aa5ab25dbe19c302891ff02e7a','Comptant à la livraison',1.000000,'cashondelivery',0,0,'',0,'',0.00,0.00,0.00,3038.40,3038.40,2532.00,3038.40,2491.67,2990.00,48.40,48.40,40.33,20.000,0.00,0.00,0.00,302,301,'2022-07-31 21:21:52','2022-07-31 21:21:52',1,'2022-07-31 21:21:40','2022-07-31 21:21:52'),(338,'IDZLOREMU',1,1,3,1,4510,15183,1,943,943,10,'24402e3a2ca00ade867a218b408c241d','Virement bancaire',1.000000,'bankwire',0,0,'',0,'',0.00,0.00,0.00,2271.40,2271.40,1892.83,0.00,1833.33,2200.00,71.40,71.40,59.50,20.000,0.00,0.00,0.00,0,0,'0000-00-00 00:00:00','0000-00-00 00:00:00',0,'2022-08-01 14:58:27','2022-08-01 14:58:50'),(339,'DWPUZSKXA',1,1,3,1,4513,15187,1,947,947,3,'bee64bdf5021a50a5f75e998b8306a09','Comptant à la livraison',1.000000,'cashondelivery',0,0,'',0,'',0.00,0.00,0.00,721.40,721.40,601.17,721.40,541.67,650.00,71.40,71.40,59.50,20.000,0.00,0.00,0.00,303,302,'2022-08-05 17:27:28','2022-09-08 13:42:33',1,'2022-08-05 17:25:49','2022-09-08 13:42:33'),(340,'NBZCVONCY',1,1,3,1,4514,15206,1,949,949,3,'7dfd8235377dfe46f8d32e442ff956ca','Comptant à la livraison',1.000000,'cashondelivery',0,0,'',0,'',0.00,0.00,0.00,2121.40,2121.40,1767.83,2121.40,1708.33,2050.00,71.40,71.40,59.50,20.000,0.00,0.00,0.00,304,303,'2022-08-08 18:21:07','2022-08-08 18:21:08',1,'2022-08-08 18:20:51','2022-08-08 18:21:08'),(341,'DTVMVWIZU',1,1,3,1,4517,15227,1,955,955,3,'74f907dd97d3d56483c77bb4a4c30875','Comptant à la livraison',1.000000,'cashondelivery',0,0,'',0,'',0.00,0.00,0.00,13685.40,13685.40,11404.50,13685.40,11354.17,13625.00,60.40,60.40,50.33,20.000,0.00,0.00,0.00,305,304,'2022-08-11 19:48:18','2022-08-11 19:48:20',1,'2022-08-11 19:46:16','2022-08-11 19:48:21'),(342,'XAZVYOPHL',1,1,3,1,4517,15228,1,955,955,3,'74f907dd97d3d56483c77bb4a4c30875','Comptant à la livraison',1.000000,'cashondelivery',0,0,'',0,'',0.00,0.00,0.00,13685.40,13685.40,11404.50,13685.40,11354.17,13625.00,60.40,60.40,50.33,20.000,0.00,0.00,0.00,306,305,'2022-08-11 19:49:31','2022-08-11 19:49:31',1,'2022-08-11 19:49:26','2022-08-11 19:49:32'),(343,'MAABNLRGT',1,1,3,1,4519,15239,1,957,957,3,'44dc7abe8ca06a9e0579068e2db975d0','Comptant à la livraison',1.000000,'cashondelivery',0,0,'',0,'',0.00,0.00,0.00,1771.40,1771.40,1476.17,1771.40,1416.67,1700.00,71.40,71.40,59.50,20.000,0.00,0.00,0.00,307,306,'2022-08-18 20:40:50','2022-08-18 20:40:50',1,'2022-08-18 20:40:47','2022-08-18 20:40:51'),(344,'YSUZGEIHL',1,1,3,1,4469,15243,1,894,894,3,'ccefd40bde7be3943c8050bbcb3b540a','Comptant à la livraison',1.000000,'cashondelivery',0,0,'',0,'',0.00,0.00,0.00,1271.40,1271.40,1059.50,1271.40,1000.00,1200.00,71.40,71.40,59.50,20.000,0.00,0.00,0.00,308,307,'2022-08-21 10:22:29','2022-08-21 10:22:30',1,'2022-08-21 10:21:49','2022-08-21 10:22:30'),(345,'CZFZUQYCR',1,1,3,1,4522,15251,1,960,960,3,'a0a6655b8fe6bae0d2e24f04a86defde','Comptant à la livraison',1.000000,'cashondelivery',0,0,'',0,'',0.00,0.00,0.00,4460.40,4460.40,3717.00,4460.40,3666.67,4400.00,60.40,60.40,50.33,20.000,0.00,0.00,0.00,309,308,'2022-08-21 23:57:55','2022-08-21 23:57:55',1,'2022-08-21 23:57:44','2022-08-21 23:57:55'),(346,'YCKSYKJKI',1,1,3,1,4523,15245,1,962,962,3,'7dfdbe8c9a03afa18993be0661b57be0','Comptant à la livraison',1.000000,'cashondelivery',0,0,'',0,'',0.00,0.00,0.00,21960.40,21960.40,18300.33,21960.40,18250.00,21900.00,60.40,60.40,50.33,20.000,0.00,0.00,0.00,310,309,'2022-08-22 12:24:30','2022-08-22 12:24:31',1,'2022-08-22 12:24:24','2022-08-22 12:24:31'),(347,'YZPSYGWMQ',1,1,3,1,4524,15261,1,966,966,3,'07d52bf5a840aa947d2e67e641d6bfc2','Comptant à la livraison',1.000000,'cashondelivery',0,0,'',0,'',0.00,0.00,0.00,1821.40,1821.40,1517.83,1821.40,1458.33,1750.00,71.40,71.40,59.50,20.000,0.00,0.00,0.00,311,310,'2022-08-23 01:04:16','2022-08-23 01:04:17',1,'2022-08-23 01:01:13','2022-08-23 01:04:18'),(348,'GSZEFDVVC',1,1,3,1,4526,15273,1,967,967,6,'db10716ea402cbb1cd72991405c5ba08','Comptant à la livraison',1.000000,'cashondelivery',0,0,'',0,'',0.00,0.00,0.00,3561.40,3561.40,2967.83,3561.40,2908.33,3490.00,71.40,71.40,59.50,20.000,0.00,0.00,0.00,312,311,'2022-08-29 12:59:20','2022-08-29 12:59:20',0,'2022-08-29 12:58:08','2022-10-18 09:56:57'),(349,'TNLBXYVXN',1,1,3,1,4529,15296,1,971,971,5,'863462e6de57b4b66493ef373c834aa9','Comptant à la livraison',1.000000,'cashondelivery',0,0,'',0,'',0.00,0.00,0.00,561.40,561.40,467.84,561.40,408.34,490.00,71.40,71.40,59.50,20.000,0.00,0.00,0.00,313,312,'2022-09-03 13:39:55','2022-09-06 16:08:30',1,'2022-09-03 13:39:29','2022-09-06 16:08:30'),(350,'IYUQWBTTR',1,1,3,1,4530,15297,1,973,973,5,'c9cc46cc802e004b87020c892a2458eb','Comptant à la livraison',1.000000,'cashondelivery',0,0,'',0,'',0.00,0.00,0.00,1821.40,1821.40,1517.83,1821.40,1458.33,1750.00,71.40,71.40,59.50,20.000,0.00,0.00,0.00,314,313,'2022-09-03 15:05:41','2022-09-06 16:08:53',1,'2022-09-03 15:04:46','2022-09-06 16:08:53'),(351,'AKFXNMMIK',1,1,3,1,4513,15308,1,975,975,6,'bee64bdf5021a50a5f75e998b8306a09','Comptant à la livraison',1.000000,'cashondelivery',0,0,'',0,'',0.00,0.00,0.00,771.40,771.40,642.83,771.40,583.33,700.00,71.40,71.40,59.50,20.000,0.00,0.00,0.00,315,314,'2022-09-06 19:19:36','2022-09-08 13:37:07',0,'2022-09-06 19:18:38','2022-10-11 09:31:22'),(352,'CDUQIKFJC',1,1,3,1,4535,15337,1,977,977,6,'52876abf282cd9f9cda897cd585fe268','Comptant à la livraison',1.000000,'cashondelivery',0,0,'',0,'',0.00,0.00,0.00,851.40,851.40,709.50,851.40,650.00,780.00,71.40,71.40,59.50,20.000,0.00,0.00,0.00,316,315,'2022-09-14 23:49:33','2022-09-14 23:49:34',0,'2022-09-14 23:48:55','2022-09-15 15:52:36'),(353,'DFLJRURNY',1,1,3,1,4535,15339,1,977,977,6,'52876abf282cd9f9cda897cd585fe268','Comptant à la livraison',1.000000,'cashondelivery',0,0,'',0,'',0.00,0.00,0.00,2571.40,2571.40,2142.83,2571.40,2083.33,2500.00,71.40,71.40,59.50,20.000,0.00,0.00,0.00,317,316,'2022-09-15 19:56:03','2022-09-15 19:56:04',0,'2022-09-15 19:55:55','2022-10-11 09:30:21'),(354,'DJPVBIRHU',1,1,3,1,4536,15344,1,978,978,6,'44d38e9db47496c033a9410a9f318ec1','Chèque',1.000000,'cheque',0,0,'',0,'',0.00,0.00,0.00,2721.40,2721.40,2267.83,0.00,2208.33,2650.00,71.40,71.40,59.50,20.000,0.00,0.00,0.00,0,0,'0000-00-00 00:00:00','0000-00-00 00:00:00',0,'2022-09-16 18:22:52','2022-10-18 09:56:01'),(355,'ODQBEUJRK',1,1,3,1,4536,15345,1,978,978,6,'44d38e9db47496c033a9410a9f318ec1','Virement bancaire',1.000000,'bankwire',0,0,'',0,'',0.00,0.00,0.00,1871.40,1871.40,1559.50,0.00,1500.00,1800.00,71.40,71.40,59.50,20.000,0.00,0.00,0.00,0,0,'0000-00-00 00:00:00','0000-00-00 00:00:00',0,'2022-09-16 18:26:13','2022-10-18 09:55:11'),(356,'QAKJSHCRD',1,1,3,2,4537,15377,1,980,980,6,'4216495abba295468a6130d4b1f7682e','Cash on delivery (COD)',1.000000,'cashondelivery',0,0,'',0,'',0.00,0.00,0.00,4460.40,4460.40,3717.00,4460.40,3666.67,4400.00,60.40,60.40,50.33,20.000,0.00,0.00,0.00,318,317,'2022-09-23 00:29:59','2022-09-23 00:30:00',0,'2022-09-23 00:28:20','2022-09-30 15:01:32'),(357,'KQEJMBIKD',1,1,3,2,4537,15382,1,980,980,5,'4216495abba295468a6130d4b1f7682e','Cash on delivery (COD)',1.000000,'cashondelivery',0,0,'',0,'',0.00,0.00,0.00,4460.40,4460.40,3717.00,4460.40,3666.67,4400.00,60.40,60.40,50.33,20.000,0.00,0.00,0.00,319,318,'2022-09-23 01:12:51','2022-09-30 15:00:58',1,'2022-09-23 01:12:48','2022-09-30 15:00:59'),(358,'PBPRYCTFE',1,1,3,1,4538,15402,1,981,981,5,'2308425cd57c7d0c9208ed06a0efeee7','Comptant à la livraison',1.000000,'cashondelivery',0,0,'',0,'',0.00,0.00,0.00,1921.40,1921.40,1601.17,1921.40,1541.67,1850.00,71.40,71.40,59.50,20.000,0.00,0.00,0.00,320,319,'2022-09-27 16:08:52','2022-09-30 15:06:44',1,'2022-09-27 16:08:20','2022-09-30 15:06:45'),(359,'TUNVOZZMX',1,1,3,1,4539,15407,1,983,983,5,'e838cc006cad84e2290935bbd3d2da70','Comptant à la livraison',1.000000,'cashondelivery',0,0,'',0,'',0.00,0.00,0.00,286.40,286.40,238.66,286.40,179.16,215.00,71.40,71.40,59.50,20.000,0.00,0.00,0.00,321,320,'2022-09-29 14:39:53','2022-10-11 09:29:32',1,'2022-09-29 14:38:18','2022-10-11 09:29:32'),(360,'ANRHPPJFY',1,1,3,1,4541,15355,1,986,986,6,'bb73a198ff0d7ded3f94763a2ca25fa5','Comptant à la livraison',1.000000,'cashondelivery',0,0,'',0,'',0.00,0.00,0.00,30571.40,30571.40,25476.17,30571.40,25416.67,30500.00,71.40,71.40,59.50,20.000,0.00,0.00,0.00,322,321,'2022-10-04 00:19:21','2022-10-04 00:19:22',0,'2022-10-04 00:17:17','2022-10-05 09:58:59'),(361,'QXPHWXHSB',1,1,3,1,4542,15432,1,988,988,5,'29f4eebf5e331b9e4b6315584d8b15da','Comptant à la livraison',1.000000,'cashondelivery',0,0,'',0,'',0.00,0.00,0.00,1921.40,1921.40,1601.17,1921.40,1541.67,1850.00,71.40,71.40,59.50,20.000,0.00,0.00,0.00,323,322,'2022-10-05 16:45:18','2022-10-18 09:53:54',1,'2022-10-05 16:45:03','2022-10-18 09:53:55'),(362,'GJLOAUIZN',1,1,3,1,4543,15438,1,990,990,6,'df0927e001a4dbfecbc97a96b70f7be4','Comptant à la livraison',1.000000,'cashondelivery',0,0,'',0,'',0.00,0.00,0.00,921.40,921.40,767.83,921.40,708.33,850.00,71.40,71.40,59.50,20.000,0.00,0.00,0.00,324,323,'2022-10-06 11:08:51','2022-10-06 11:08:51',0,'2022-10-06 11:08:43','2022-10-06 16:07:20'),(363,'IBCCVKUWT',1,1,3,1,4545,15455,1,992,992,6,'736e0b96efe2f3e5003d4f764a256286','Comptant à la livraison',1.000000,'cashondelivery',0,0,'',0,'',0.00,0.00,0.00,263.40,263.40,219.50,263.40,179.17,215.00,48.40,48.40,40.33,20.000,0.00,0.00,0.00,325,324,'2022-10-08 23:06:09','2022-10-08 23:06:09',0,'2022-10-08 23:05:43','2022-10-18 09:49:06'),(364,'SCGZOVBRE',1,1,3,1,4546,15472,1,993,993,6,'2657e69c55ba159c8d4f26ac813142b5','Comptant à la livraison',1.000000,'cashondelivery',0,0,'',0,'',0.00,0.00,0.00,3221.40,3221.40,2684.50,3221.40,2625.00,3150.00,71.40,71.40,59.50,20.000,0.00,0.00,0.00,326,325,'2022-10-12 18:09:13','2022-10-12 18:09:14',0,'2022-10-12 18:07:14','2022-10-18 09:50:11'),(365,'GNGNNOBBO',1,1,3,1,4547,15483,1,995,995,6,'98e5cc6c827eb9b395218a2b27044722','Comptant à la livraison',1.000000,'cashondelivery',0,0,'',0,'',0.00,0.00,0.00,16871.40,16871.40,14059.50,16871.40,14000.00,16800.00,71.40,71.40,59.50,20.000,0.00,0.00,0.00,327,326,'2022-10-13 21:39:28','2022-10-13 21:39:29',0,'2022-10-13 21:38:07','2022-10-18 09:50:57'),(366,'ENQSOCMUN',1,1,3,2,4548,15475,1,996,996,5,'084f099eea85d6b0e7a32ec0fe482cff','Cash on delivery (COD)',1.000000,'cashondelivery',0,0,'',0,'',0.00,0.00,0.00,4460.40,4460.40,3717.00,4460.40,3666.67,4400.00,60.40,60.40,50.33,20.000,0.00,0.00,0.00,328,327,'2022-10-14 13:49:17','2022-10-18 09:51:48',1,'2022-10-14 13:47:34','2022-10-18 09:51:48'),(367,'OSKFLJPKD',1,1,3,1,4549,15486,1,997,997,6,'002fd74449138fd5f30e33c01eac4666','Comptant à la livraison',1.000000,'cashondelivery',0,0,'',0,'',0.00,0.00,0.00,278.40,278.40,232.00,278.40,191.67,230.00,48.40,48.40,40.33,20.000,0.00,0.00,0.00,329,328,'2022-10-14 16:24:33','2022-10-14 16:24:34',0,'2022-10-14 16:24:14','2022-10-18 09:52:21'),(368,'CPXXLXAOS',1,1,3,1,4550,15494,1,998,998,6,'8fd8c6a761844a8cb3309c181c5ec7b0','Comptant à la livraison',1.000000,'cashondelivery',0,0,'',0,'',0.00,0.00,0.00,278.40,278.40,232.00,278.40,191.67,230.00,48.40,48.40,40.33,20.000,0.00,0.00,0.00,330,329,'2022-10-16 14:25:31','2022-10-16 14:25:32',0,'2022-10-16 14:23:49','2022-10-18 09:53:01'),(369,'CTTFAWACR',1,1,3,1,4551,15503,1,1000,1000,6,'c49a79d7e85f1ae2d3448158e714f313','Comptant à la livraison',1.000000,'cashondelivery',0,0,'',0,'',0.00,0.00,0.00,226.40,226.40,188.66,226.40,148.33,178.00,48.40,48.40,40.33,20.000,0.00,0.00,0.00,331,330,'2022-10-18 11:22:46','2022-10-18 11:22:47',0,'2022-10-18 11:22:38','2022-10-19 10:30:24'),(370,'HYLOOURUO',1,1,3,1,4553,15513,1,1002,1002,5,'e0a327f51f1eb18a8222d26b7a86d485','Comptant à la livraison',1.000000,'cashondelivery',0,0,'',0,'',0.00,0.00,0.00,2661.40,2661.40,2217.83,2661.40,2158.33,2590.00,71.40,71.40,59.50,20.000,0.00,0.00,0.00,332,331,'2022-10-20 16:25:47','2022-10-26 18:31:21',1,'2022-10-20 16:23:39','2022-10-26 18:31:21'),(371,'KCESSWHWR',1,1,3,1,4554,15525,1,1004,1004,6,'dd4eb0e626e45a82226bbb3c3abb5712','Comptant à la livraison',1.000000,'cashondelivery',0,0,'',0,'',0.00,0.00,0.00,226.40,226.40,188.66,226.40,148.33,178.00,48.40,48.40,40.33,20.000,0.00,0.00,0.00,333,332,'2022-10-21 12:03:07','2022-10-21 12:03:07',0,'2022-10-21 12:03:00','2022-10-21 12:38:17'),(372,'AKIXJLPQW',1,1,3,1,4556,15511,1,1006,1006,6,'4e8894319d83e28ff3c9b078a730596e','Comptant à la livraison',1.000000,'cashondelivery',0,0,'',0,'',0.00,0.00,0.00,921.40,921.40,767.83,921.40,708.33,850.00,71.40,71.40,59.50,20.000,0.00,0.00,0.00,334,333,'2022-10-23 22:04:17','2022-10-23 22:04:18',0,'2022-10-23 22:04:13','2022-10-26 17:08:21'),(373,'GHPXVKCQD',1,1,3,2,4555,15528,1,1005,1005,6,'e10c07b8ecfc5a73b5e56d75cfa1cecd','Cash on delivery (COD)',1.000000,'cashondelivery',0,0,'',0,'',0.00,0.00,0.00,291.40,291.40,279.50,291.40,220.00,220.00,71.40,71.40,59.50,20.000,0.00,0.00,0.00,335,334,'2022-10-24 20:03:47','2022-10-24 20:03:47',1,'2022-10-24 20:03:46','2022-12-15 10:05:29'),(374,'MZWUCIMXK',1,1,3,1,4549,15555,1,997,997,6,'002fd74449138fd5f30e33c01eac4666','Comptant à la livraison',1.000000,'cashondelivery',0,0,'',0,'',0.00,0.00,0.00,226.40,226.40,188.66,226.40,148.33,178.00,48.40,48.40,40.33,20.000,0.00,0.00,0.00,336,335,'2022-10-26 16:59:49','2022-10-26 16:59:50',0,'2022-10-26 16:59:02','2022-10-26 17:07:27'),(375,'DDBWOAYNM',1,1,3,1,4559,15567,1,1009,1009,5,'c3bc881278aff41c770196a44c46ab30','Comptant à la livraison',1.000000,'cashondelivery',0,0,'',0,'',0.00,0.00,0.00,1921.40,1921.40,1601.17,1921.40,1541.67,1850.00,71.40,71.40,59.50,20.000,0.00,0.00,0.00,337,336,'2022-10-28 00:07:56','2022-10-30 02:32:07',1,'2022-10-28 00:07:46','2022-10-30 02:32:07'),(376,'RZQKTAYRD',1,1,3,1,4561,15576,1,1010,1010,6,'2fa01116fe542cd2a6a7b27f1073a3e3','Comptant à la livraison',1.000000,'cashondelivery',0,0,'',0,'',0.00,0.00,0.00,4460.40,4460.40,3717.00,4460.40,3666.67,4400.00,60.40,60.40,50.33,20.000,0.00,0.00,0.00,338,337,'2022-10-30 23:04:24','2022-10-30 23:04:24',0,'2022-10-30 23:03:29','2022-10-31 08:01:16'),(377,'AKRJCUOWQ',1,1,3,1,4561,15578,1,1010,1010,6,'2fa01116fe542cd2a6a7b27f1073a3e3','Comptant à la livraison',1.000000,'cashondelivery',0,0,'',0,'',0.00,0.00,0.00,4460.40,4460.40,3717.00,4460.40,3666.67,4400.00,60.40,60.40,50.33,20.000,0.00,0.00,0.00,339,338,'2022-10-31 11:22:36','2022-10-31 11:22:37',0,'2022-10-31 11:20:19','2022-10-31 16:32:21'),(378,'CEQQKOFDZ',1,1,3,1,4562,15602,1,1013,1013,6,'886a826f6b7258345491bb4efc8bfd25','Comptant à la livraison',1.000000,'cashondelivery',0,0,'',0,'',0.00,0.00,0.00,3971.40,3971.40,3309.50,3971.40,3250.00,3900.00,71.40,71.40,59.50,20.000,0.00,0.00,0.00,340,339,'2022-11-03 15:02:21','2022-11-03 15:02:21',1,'2022-11-03 15:02:09','2022-12-15 10:04:49'),(379,'GMWWLEJXV',1,1,3,1,4563,15604,1,1014,1014,5,'9f48342ce630e04099b8600aedc398c5','Comptant à la livraison',1.000000,'cashondelivery',0,0,'',0,'',0.00,0.00,0.00,321.40,321.40,267.83,321.40,208.33,250.00,71.40,71.40,59.50,20.000,0.00,0.00,0.00,341,340,'2022-11-04 06:13:07','2022-11-14 19:39:42',1,'2022-11-04 06:11:26','2022-11-14 19:39:42'),(380,'WWUQOEMUJ',1,1,3,1,4556,15581,1,1006,1006,6,'4e8894319d83e28ff3c9b078a730596e','Comptant à la livraison',1.000000,'cashondelivery',0,0,'',0,'',0.00,0.00,0.00,921.40,921.40,767.83,921.40,708.33,850.00,71.40,71.40,59.50,20.000,0.00,0.00,0.00,342,341,'2022-11-10 19:55:20','2022-11-10 19:55:20',0,'2022-11-10 19:54:49','2022-11-14 19:39:16'),(381,'UXYCYZJMX',1,1,3,1,4566,15476,1,1016,1016,6,'421632f70478213fce8dabe2f9daaa39','Virement bancaire',1.000000,'bankwire',0,0,'',0,'',0.00,0.00,0.00,2851.40,2851.40,2376.17,0.00,2316.67,2780.00,71.40,71.40,59.50,20.000,0.00,0.00,0.00,0,0,'0000-00-00 00:00:00','0000-00-00 00:00:00',0,'2022-11-12 12:04:27','2022-12-15 10:04:17'),(382,'JHBGVPWPS',1,1,3,1,4567,15628,1,1017,1017,6,'1377c6b7650b97f9a7fde2c9f6631d13','Comptant à la livraison',1.000000,'cashondelivery',0,0,'',0,'',0.00,0.00,0.00,921.40,921.40,767.83,921.40,708.33,850.00,71.40,71.40,59.50,20.000,0.00,0.00,0.00,343,342,'2022-11-12 15:38:38','2022-11-12 15:38:38',0,'2022-11-12 15:36:20','2022-11-14 19:39:00'),(383,'HJKSFZAAG',1,1,3,1,4568,15641,1,1019,1019,5,'113581c76c1f66a18652919248a5f6cc','Comptant à la livraison',1.000000,'cashondelivery',0,0,'',0,'',0.00,0.00,0.00,3221.40,3221.40,2684.50,3221.40,2625.00,3150.00,71.40,71.40,59.50,20.000,0.00,0.00,0.00,344,343,'2022-11-14 19:01:20','2022-11-21 22:01:04',1,'2022-11-14 19:01:15','2022-11-21 22:01:04'),(384,'XKCNPORNV',1,1,3,1,4567,15649,1,1017,1017,6,'1377c6b7650b97f9a7fde2c9f6631d13','Comptant à la livraison',1.000000,'cashondelivery',0,0,'',0,'',0.00,0.00,0.00,1171.40,1171.40,976.16,1171.40,916.66,1100.00,71.40,71.40,59.50,20.000,0.00,0.00,0.00,345,344,'2022-11-15 16:25:28','2022-11-15 16:25:28',0,'2022-11-15 16:25:25','2022-11-16 10:57:47'),(385,'IYSPXAWAP',1,1,3,1,4569,15652,1,1022,1022,6,'22ce6d3f6124a2c30ca23e5dcd0d3848','Comptant à la livraison',1.000000,'cashondelivery',0,0,'',0,'',0.00,0.00,0.00,414.40,414.40,345.33,414.40,285.83,343.00,71.40,71.40,59.50,20.000,0.00,0.00,0.00,346,345,'2022-11-16 07:08:27','2022-11-16 07:08:28',0,'2022-11-16 07:08:24','2022-11-16 10:58:20'),(386,'CPDWSXVBQ',1,1,3,1,4570,15659,1,1023,1023,5,'f15cc26dbfce5072d5b733273ff45653','Comptant à la livraison',1.000000,'cashondelivery',0,0,'',0,'',0.00,0.00,0.00,1421.40,1421.40,1184.50,1421.40,1125.00,1350.00,71.40,71.40,59.50,20.000,0.00,0.00,0.00,347,346,'2022-11-17 21:40:32','2022-11-24 11:32:45',1,'2022-11-17 21:40:21','2022-11-24 11:32:46'),(387,'OUUDHFIOH',1,1,3,1,4573,15672,1,1028,1028,6,'b47b3962d77862d4b2cec6e7e0182384','Comptant à la livraison',1.000000,'cashondelivery',0,0,'',0,'',0.00,0.00,0.00,378.40,378.40,315.33,378.40,275.00,330.00,48.40,48.40,40.33,20.000,0.00,0.00,0.00,348,347,'2022-11-21 09:47:29','2022-11-21 09:47:29',0,'2022-11-21 09:47:26','2022-11-21 16:06:41'),(388,'JEKPALOSB',1,1,3,1,4578,15703,1,1033,1033,6,'7895f35c410cc7f11a968988e114b6e8','Virement bancaire',1.000000,'bankwire',0,0,'',0,'',0.00,0.00,0.00,4460.40,4460.40,3717.00,0.00,3666.67,4400.00,60.40,60.40,50.33,20.000,0.00,0.00,0.00,0,0,'0000-00-00 00:00:00','0000-00-00 00:00:00',0,'2022-12-01 01:24:32','2022-12-15 10:03:42'),(389,'ISVQAFRWM',1,1,3,1,4579,15708,1,1034,1034,6,'1a983ba7525979d48cea711a7366e85e','Comptant à la livraison',1.000000,'cashondelivery',0,0,'',0,'',0.00,0.00,0.00,7971.40,7971.40,6642.83,7971.40,6583.33,7900.00,71.40,71.40,59.50,20.000,0.00,0.00,0.00,349,348,'2022-12-03 16:59:40','2022-12-03 16:59:41',0,'2022-12-03 16:59:21','2022-12-15 10:03:06'),(390,'GJPXIMJOJ',1,1,3,1,4581,15728,1,1038,1038,5,'f2c14cb99027b8fabc01dcd4514eb87b','Comptant à la livraison',1.000000,'cashondelivery',0,0,'',0,'',0.00,0.00,0.00,13685.40,13685.40,11404.50,13685.40,11354.17,13625.00,60.40,60.40,50.33,20.000,0.00,0.00,0.00,350,349,'2022-12-06 23:32:35','2022-12-10 11:16:50',1,'2022-12-06 23:32:25','2022-12-10 11:16:51'),(391,'EWTVERULT',1,1,3,1,4582,15745,1,1040,1040,5,'743cb4ea380dac3f3cac5acd9be49a92','Virement bancaire',1.000000,'bankwire',0,0,'',0,'',0.00,0.00,0.00,1421.40,1421.40,1184.50,1421.40,1125.00,1350.00,71.40,71.40,59.50,20.000,0.00,0.00,0.00,352,351,'2022-12-15 10:02:34','2022-12-17 13:00:46',1,'2022-12-09 22:42:59','2022-12-17 13:00:46'),(392,'NGPTMDHKW',1,1,3,1,4584,15756,1,1042,1042,6,'5199a1b8dd9e28cf0167784fdda79a3b','Virement bancaire',1.000000,'bankwire',0,0,'',0,'',0.00,0.00,0.00,20571.40,20571.40,17142.83,0.00,17083.33,20500.00,71.40,71.40,59.50,20.000,0.00,0.00,0.00,0,0,'0000-00-00 00:00:00','0000-00-00 00:00:00',0,'2022-12-13 00:02:15','2022-12-15 10:02:07'),(393,'XFPKTBOGE',1,1,3,1,4586,15767,1,1045,1045,6,'6c93a1063ed02388c83e87af76694302','Comptant à la livraison',1.000000,'cashondelivery',0,0,'',0,'',0.00,0.00,0.00,1791.40,1791.40,1492.83,1791.40,1433.33,1720.00,71.40,71.40,59.50,20.000,0.00,0.00,0.00,351,350,'2022-12-14 18:44:01','2022-12-14 18:44:01',0,'2022-12-14 18:43:46','2022-12-17 13:00:23');

--
-- Table structure for table `ps_pack`
--

CREATE TABLE `ps_pack` (
  `id_product_pack` int(10) unsigned NOT NULL,
  `id_product_item` int(10) unsigned NOT NULL,
  `quantity` int(10) unsigned NOT NULL DEFAULT '1',
  PRIMARY KEY (`id_product_pack`,`id_product_item`)
) ENGINE=InnoDB DEFAULT CHARSET=utf8;

--
-- Dumping data for table `ps_pack`
--


--
-- Table structure for table `ps_page`
--

CREATE TABLE `ps_page` (
  `id_page` int(10) unsigned NOT NULL AUTO_INCREMENT,
  `id_page_type` int(10) unsigned NOT NULL,
  `id_object` int(10) unsigned DEFAULT NULL,
  PRIMARY KEY (`id_page`),
  KEY `id_page_type` (`id_page_type`),
  KEY `id_object` (`id_object`)
) ENGINE=InnoDB AUTO_INCREMENT=986 DEFAULT CHARSET=utf8;

--
-- Dumping data for table `ps_page`
--

INSERT INTO `ps_page` VALUES (1,1,NULL),(2,2,NULL),(3,3,8),(4,4,20),(5,5,NULL),(6,4,17),(7,6,NULL),(8,4,18),(9,4,70),(10,3,1441),(11,4,132),(12,4,135),(13,4,119),(14,3,768),(15,4,140),(16,4,133),(17,4,21),(18,3,1610),(19,7,NULL),(20,4,139),(21,4,69),(22,4,116),(23,8,NULL),(24,9,NULL),(25,4,134),(26,3,1615),(27,4,138),(28,4,71),(29,3,913),(30,10,NULL),(31,3,995),(32,4,72),(33,3,1542),(34,3,1591),(35,11,0),(36,12,NULL),(37,3,1549),(38,3,1566),(39,11,14),(40,3,1603),(41,11,9),(42,3,1204),(43,3,1200),(44,11,7),(45,11,12),(46,3,1190),(47,3,1558),(48,3,933),(49,3,1082),(50,3,848),(51,4,137),(52,3,1570),(53,3,1575),(54,3,1572),(55,3,1227),(56,3,1226),(57,13,0),(58,4,12),(59,4,13),(60,3,1238),(61,3,1231),(62,3,1244),(63,3,841),(64,3,840),(65,3,1619),(66,3,1618),(67,11,15),(68,3,1616),(69,3,1240),(70,3,929),(71,3,764),(72,3,1581),(73,3,1578),(74,3,1613),(75,3,1612),(76,3,1611),(77,3,1608),(78,3,1589),(79,3,1588),(80,3,1487),(81,3,1486),(82,3,1485),(83,3,1484),(84,3,1483),(85,3,1482),(86,3,866),(87,3,865),(88,3,859),(89,3,860),(90,3,861),(91,3,1447),(92,3,1446),(93,3,1445),(94,3,1444),(95,3,1443),(96,3,1442),(97,3,1437),(98,3,1436),(99,3,1435),(100,3,1434),(101,3,1433),(102,3,1432),(103,3,1431),(104,3,1430),(105,3,1429),(106,3,1428),(107,3,1427),(108,3,1426),(109,3,1425),(110,3,1424),(111,3,1423),(112,3,1422),(113,3,1421),(114,3,1419),(115,3,1420),(116,3,1245),(117,3,1243),(118,3,1242),(119,3,1241),(120,3,1239),(121,3,1237),(122,3,1236),(123,3,1235),(124,3,1234),(125,3,1233),(126,3,1232),(127,3,1230),(128,3,1229),(129,3,1228),(130,3,1225),(131,3,1224),(132,3,1223),(133,3,1222),(134,3,1221),(135,3,1220),(136,3,1219),(137,3,1218),(138,3,1217),(139,3,1216),(140,3,1215),(141,3,1214),(142,3,1213),(143,3,1212),(144,3,1211),(145,3,1210),(146,3,1209),(147,3,1208),(148,3,1207),(149,3,1206),(150,3,1248),(151,3,1247),(152,3,1246),(153,3,864),(154,3,862),(155,3,863),(156,3,2147483647),(157,3,898),(158,3,1497),(159,3,1496),(160,3,1495),(161,3,1494),(162,3,1493),(163,3,1492),(164,3,1491),(165,3,1490),(166,3,1489),(167,3,1488),(168,3,1100),(169,3,1099),(170,3,1098),(171,3,1097),(172,3,1096),(173,3,1095),(174,3,1094),(175,3,1093),(176,3,1092),(177,3,1091),(178,3,1090),(179,3,1089),(180,3,1088),(181,3,1087),(182,3,1086),(183,3,1085),(184,3,1083),(185,3,1081),(186,3,1080),(187,3,1205),(188,3,1203),(189,3,1202),(190,3,1201),(191,3,1199),(192,3,1198),(193,3,1197),(194,3,1196),(195,3,1195),(196,3,1194),(197,3,1193),(198,3,1192),(199,3,1191),(200,3,1186),(201,3,1189),(202,3,1188),(203,3,1187),(204,3,1418),(205,3,1417),(206,3,1416),(207,3,1413),(208,3,1412),(209,3,1411),(210,3,1410),(211,3,1409),(212,3,1408),(213,3,1406),(214,3,1405),(215,3,1404),(216,3,1403),(217,3,1402),(218,3,1401),(219,3,1400),(220,3,1399),(221,3,1398),(222,3,1397),(223,3,1396),(224,3,1481),(225,3,1480),(226,3,1479),(227,3,1478),(228,3,1477),(229,3,1476),(230,3,1475),(231,3,1474),(232,3,1473),(233,3,1472),(234,3,1471),(235,3,1470),(236,3,1469),(237,3,1468),(238,3,858),(239,3,857),(240,3,856),(241,3,855),(242,3,854),(243,3,853),(244,3,852),(245,3,851),(246,3,850),(247,3,849),(248,3,847),(249,3,846),(250,3,845),(251,3,844),(252,3,843),(253,3,842),(254,3,838),(255,4,120),(256,4,68),(257,4,48),(258,4,16),(259,4,136),(260,4,15),(261,4,14),(262,3,1605),(263,3,1604),(264,14,NULL),(265,11,10),(266,11,11),(267,11,13),(268,11,16),(269,11,6),(270,11,4),(271,3,1539),(272,3,772),(273,3,771),(274,3,1541),(275,3,950),(276,3,949),(277,3,1562),(278,3,947),(279,3,1551),(280,3,1440),(281,3,1574),(282,3,1573),(283,3,1571),(284,3,1560),(285,3,1557),(286,3,1556),(287,3,1555),(288,11,17),(289,3,1565),(290,3,1564),(291,3,1563),(292,3,1561),(293,3,1554),(294,3,1553),(295,3,1550),(296,3,1548),(297,3,1547),(298,3,905),(299,3,1546),(300,3,1545),(301,3,1544),(302,3,1543),(303,3,1540),(304,3,1579),(305,3,946),(306,3,945),(307,3,944),(308,3,943),(309,3,942),(310,3,941),(311,3,765),(312,3,940),(313,3,1600),(314,3,939),(315,3,938),(316,3,937),(317,3,936),(318,3,935),(319,3,934),(320,3,911),(321,3,932),(322,3,931),(323,3,930),(324,3,928),(325,3,927),(326,3,647),(327,3,1590),(328,3,646),(329,3,645),(330,3,634),(331,3,633),(332,3,1467),(333,3,631),(334,3,644),(335,3,643),(336,3,642),(337,3,641),(338,3,640),(339,3,761),(340,3,754),(341,3,639),(342,3,637),(343,3,1606),(344,3,1601),(345,3,1439),(346,3,1568),(347,3,1567),(348,3,763),(349,3,791),(350,3,900),(351,3,896),(352,3,790),(353,3,789),(354,3,788),(355,3,787),(356,3,786),(357,3,785),(358,3,760),(359,3,784),(360,3,1609),(361,3,897),(362,3,903),(363,3,1569),(364,3,916),(365,3,908),(366,3,907),(367,3,996),(368,3,987),(369,3,892),(370,3,985),(371,3,984),(372,3,983),(373,3,982),(374,3,981),(375,3,837),(376,3,978),(377,3,1585),(378,3,894),(379,3,993),(380,3,992),(381,3,991),(382,3,990),(383,3,989),(384,3,988),(385,3,986),(386,3,980),(387,3,1607),(388,3,925),(389,3,924),(390,3,923),(391,3,922),(392,3,921),(393,3,920),(394,3,919),(395,3,918),(396,3,917),(397,3,906),(398,3,915),(399,3,912),(400,3,904),(401,3,902),(402,3,901),(403,3,1580),(404,3,895),(405,3,1602),(406,3,1577),(407,3,1576),(408,3,738),(409,3,737),(410,3,735),(411,3,734),(412,3,733),(413,3,732),(414,3,731),(415,3,752),(416,3,730),(417,3,729),(418,3,728),(419,3,762),(420,3,781),(421,3,780),(422,3,779),(423,3,778),(424,3,777),(425,3,776),(426,3,775),(427,3,774),(428,3,770),(429,3,769),(430,3,767),(431,3,766),(432,3,759),(433,3,758),(434,3,757),(435,3,756),(436,3,755),(437,3,753),(438,3,751),(439,3,1538),(440,3,1537),(441,3,1536),(442,3,1535),(443,3,1534),(444,3,1533),(445,3,1532),(446,3,1531),(447,3,1530),(448,3,1529),(449,3,1528),(450,3,1527),(451,3,1526),(452,3,1525),(453,3,1524),(454,3,1523),(455,3,1522),(456,3,1521),(457,3,1520),(458,3,1519),(459,11,8),(460,11,5),(461,11,3),(462,11,18),(463,11,2),(464,15,NULL),(465,3,1620),(466,3,1624),(467,3,1625),(468,3,1626),(469,3,1623),(470,3,1621),(471,3,1628),(472,3,1627),(473,3,1629),(474,3,1631),(475,3,1630),(476,3,1634),(477,3,1633),(478,3,1632),(479,3,1641),(480,3,1642),(481,3,1635),(482,3,1637),(483,3,1636),(484,3,1639),(485,3,1640),(486,16,NULL),(487,3,1643),(488,3,1646),(489,3,1649),(490,3,1644),(491,3,1647),(492,3,1648),(493,3,1651),(494,3,1653),(495,3,1656),(496,3,1655),(497,3,1654),(498,3,1645),(499,11,2147483647),(500,17,NULL),(501,18,NULL),(502,11,4999999),(503,11,499999),(504,3,1657),(505,3,1660),(506,3,1663),(507,3,1661),(508,3,1658),(509,3,1664),(510,3,1659),(511,3,1662),(512,3,1665),(513,3,1670),(514,3,1667),(515,3,1668),(516,3,1666),(517,3,1672),(518,3,1671),(519,3,1673),(520,3,1669),(521,19,NULL),(522,3,1676),(523,3,1677),(524,3,1682),(525,3,1679),(526,3,1680),(527,3,1678),(528,3,1681),(529,3,1675),(530,3,1683),(531,3,1674),(532,3,1684),(533,20,NULL),(534,21,NULL),(535,13,1),(536,13,3),(537,3,1686),(538,3,1685),(539,3,1697),(540,3,1692),(541,3,1690),(542,3,1688),(543,3,1695),(544,3,1687),(545,3,1689),(546,3,1724),(547,11,22),(548,3,1747),(549,3,1713),(550,3,1699),(551,22,NULL),(552,4,143),(553,3,1727),(554,3,1698),(555,3,1),(556,3,1710),(557,3,1701),(558,3,1716),(559,3,1696),(560,3,1708),(561,3,1712),(562,3,1714),(563,3,1749),(564,3,1715),(565,3,1750),(566,4,142),(567,4,141),(568,3,1694),(569,11,19),(570,3,1726),(571,11,20),(572,11,21),(573,3,1725),(574,3,1700),(575,3,1703),(576,3,1702),(577,3,1711),(578,3,1728),(579,3,1717),(580,4,144),(581,3,1753),(582,3,1752),(583,3,1756),(584,3,1751),(585,3,1755),(586,3,1754),(587,3,1757),(588,3,1759),(589,3,1758),(590,3,1693),(591,3,1767),(592,3,1763),(593,3,1764),(594,3,1771),(595,3,1765),(596,3,1761),(597,3,1760),(598,3,1768),(599,3,1762),(600,3,1770),(601,3,1772),(602,3,1773),(603,3,1774),(604,3,1775),(605,3,1776),(606,3,1778),(607,3,1769),(608,3,1798),(609,3,1796),(610,3,1793),(611,3,1792),(612,3,1794),(613,3,1802),(614,3,1804),(615,3,1791),(616,3,1803),(617,3,1799),(618,3,1800),(619,3,1795),(620,3,1797),(621,3,1816),(622,3,1817),(623,3,1815),(624,3,1814),(625,3,1813),(626,3,1812),(627,3,1811),(628,3,1810),(629,3,1806),(630,3,1808),(631,3,1809),(632,3,1788),(633,3,1785),(634,3,1789),(635,3,1790),(636,3,1787),(637,3,1786),(638,3,1783),(639,3,1784),(640,3,1782),(641,3,1781),(642,3,1780),(643,3,1779),(644,3,1844),(645,3,1843),(646,3,1839),(647,3,1845),(648,3,1830),(649,3,1842),(650,3,1841),(651,3,1838),(652,3,1840),(653,3,1831),(654,11,24),(655,11,23),(656,3,1836),(657,3,1833),(658,3,1870),(659,4,149),(660,3,1820),(661,3,1869),(662,4,150),(663,3,1872),(664,3,1854),(665,3,1849),(666,4,148),(667,3,1868),(668,3,1853),(669,4,147),(670,3,1828),(671,3,1835),(672,4,146),(673,3,1846),(674,3,1852),(675,3,1856),(676,3,1866),(677,4,145),(678,3,1777),(679,3,1851),(680,3,1855),(681,3,1857),(682,3,1859),(683,3,1861),(684,3,1862),(685,3,1863),(686,3,1867),(687,3,1873),(688,3,1874),(689,3,1871),(690,3,1850),(691,3,1827),(692,3,1858),(693,3,1860),(694,3,1825),(695,3,1826),(696,3,1865),(697,3,1832),(698,3,1821),(699,3,1822),(700,3,1837),(701,3,1864),(702,3,1848),(703,3,1847),(704,3,1834),(705,3,1824),(706,3,1829),(707,3,1823),(708,23,NULL),(709,24,NULL),(710,25,NULL),(711,3,1876),(712,3,1877),(713,26,NULL),(714,3,1878),(715,3,1879),(716,3,1880),(717,3,1881),(718,27,NULL),(719,3,1890),(720,3,1885),(721,3,1889),(722,3,1888),(723,3,1884),(724,3,1887),(725,3,1886),(726,3,1891),(727,11,25),(728,28,NULL),(729,29,NULL),(730,3,1883),(731,3,1882),(732,3,1892),(733,3,1893),(734,3,1896),(735,3,1895),(736,3,1894),(737,3,1897),(738,3,1898),(739,3,1899),(740,3,1901),(741,3,1903),(742,3,1900),(743,3,1904),(744,3,1902),(745,3,1906),(746,3,1905),(747,3,1907),(748,3,1910),(749,3,1908),(750,3,1913),(751,3,1911),(752,3,1912),(753,3,1909),(754,3,1930),(755,3,1929),(756,3,1936),(757,3,1941),(758,11,26),(759,3,1939),(760,3,1934),(761,3,1937),(762,3,1935),(763,11,27),(764,11,28),(765,3,872),(766,3,868),(767,3,871),(768,3,873),(769,3,875),(770,3,867),(771,3,874),(772,3,1924),(773,3,1933),(774,3,1938),(775,3,1915),(776,3,1918),(777,3,1919),(778,3,1931),(779,3,1932),(780,3,1923),(781,3,1921),(782,3,1922),(783,3,1920),(784,3,1916),(785,3,1917),(786,3,1926),(787,3,1914),(788,3,1927),(789,3,1928),(790,3,1925),(791,3,1942),(792,3,1943),(793,3,1944),(794,3,1945),(795,3,1946),(796,3,1950),(797,3,1948),(798,3,1947),(799,3,1949),(800,3,1951),(801,3,1953),(802,3,1955),(803,3,1956),(804,3,1958),(805,3,1954),(806,3,1957),(807,30,NULL),(808,3,1964),(809,3,1966),(810,3,1959),(811,3,1960),(812,3,1961),(813,3,1965),(814,3,1962),(815,3,1963),(816,3,1980),(817,3,1981),(818,3,1982),(819,3,1984),(820,3,1985),(821,3,1986),(822,3,1987),(823,3,1988),(824,3,1967),(825,3,1968),(826,3,1971),(827,3,1972),(828,3,1975),(829,3,1976),(830,3,1978),(831,3,1974),(832,3,1970),(833,3,1977),(834,3,1969),(835,3,1973),(836,3,1979),(837,11,30),(838,11,29),(839,3,1989),(840,3,1990),(841,3,1991),(842,3,1997),(843,3,1998),(844,3,1999),(845,3,2000),(846,3,2001),(847,3,1994),(848,3,1995),(849,3,1996),(850,3,2002),(851,3,2003),(852,3,2004),(853,3,1993),(854,3,2007),(855,3,2006),(856,3,2005),(857,4,151),(858,3,1992),(859,11,31),(860,3,2008),(861,3,2010),(862,3,2011),(863,3,2012),(864,3,2009),(865,11,32),(866,3,2013),(867,3,2014),(868,3,2016),(869,3,2015),(870,3,2018),(871,3,2017),(872,3,1875),(873,3,2019),(874,3,2020),(875,3,2021),(876,3,2022),(877,3,2025),(878,3,2023),(879,3,2024),(880,3,2027),(881,11,33),(882,3,2028),(883,3,2030),(884,3,2029),(885,31,NULL),(886,3,2032),(887,3,2031),(888,3,2033),(889,3,2034),(890,3,2035),(891,3,2036),(892,3,2037),(893,3,2038),(894,3,2039),(895,3,2041),(896,3,2042),(897,3,2043),(898,3,2045),(899,3,2044),(900,3,2040),(901,3,0),(902,3,2046),(903,3,2047),(904,3,2048),(905,3,2049),(906,3,2050),(907,3,2051),(908,3,2052),(909,3,2053),(910,3,2054),(911,3,2056),(912,3,2055),(913,3,2057),(914,3,2058),(915,3,2059),(916,3,2060),(917,3,2062),(918,3,2063),(919,3,2064),(920,3,2065),(921,3,2066),(922,3,2068),(923,3,2067),(924,3,2069),(925,3,2071),(926,3,2070),(927,3,2072),(928,3,2073),(929,3,2074),(930,32,NULL),(931,33,NULL),(932,3,2076),(933,3,2077),(934,3,2078),(935,3,2079),(936,3,2080),(937,3,2081),(938,3,2082),(939,34,NULL),(940,3,2085),(941,3,2087),(942,3,2084),(943,3,2086),(944,3,2083),(945,3,2088),(946,3,2089),(947,3,2090),(948,3,2092),(949,3,2093),(950,3,2091),(951,3,2094),(952,35,NULL),(953,3,2095),(954,3,2096),(955,3,2097),(956,3,2103),(957,3,2101),(958,3,2099),(959,3,2098),(960,3,2100),(961,3,2102),(962,3,2104),(963,3,2105),(964,3,2106),(965,3,2107),(966,3,2111),(967,3,2110),(968,3,2109),(969,3,2112),(970,3,2108),(971,3,2114),(972,3,2115),(973,13,2),(974,3,2116),(975,3,2117),(976,3,2118),(977,3,2119),(978,3,2120),(979,3,2121),(980,3,2123),(981,3,2124),(982,3,2122),(983,3,64),(984,3,6),(985,3,2125);

--
-- Table structure for table `ps_page_type`
--

CREATE TABLE `ps_page_type` (
  `id_page_type` int(10) unsigned NOT NULL AUTO_INCREMENT,
  `name` varchar(255) NOT NULL,
  PRIMARY KEY (`id_page_type`),
  KEY `name` (`name`)
) ENGINE=InnoDB AUTO_INCREMENT=36 DEFAULT CHARSET=utf8;

--
-- Dumping data for table `ps_page_type`
--

INSERT INTO `ps_page_type` VALUES (34,'addproduct'),(30,'address'),(25,'addresses'),(33,'archive'),(6,'authentication'),(22,'bestsales'),(32,'bridge'),(16,'cart'),(4,'category'),(5,'cms'),(35,'CommentGrade'),(10,'contact'),(20,'default'),(29,'filesmanager'),(31,'guesttracking'),(17,'history'),(2,'index'),(11,'manufacturer'),(21,'mobassistantconnector'),(19,'myaccount'),(8,'newproducts'),(13,'order'),(23,'orderconfirmation'),(1,'pagenotfound'),(15,'password'),(26,'payment'),(9,'pricesdrop'),(3,'product'),(18,'productscomparison'),(24,'rss'),(28,'saverotate'),(7,'search'),(12,'stores'),(14,'supplier'),(27,'validation');

--
-- Table structure for table `ps_page_viewed`
--

CREATE TABLE `ps_page_viewed` (
  `id_page` int(10) unsigned NOT NULL,
  `id_shop_group` int(10) unsigned NOT NULL DEFAULT '1',
  `id_shop` int(10) unsigned NOT NULL DEFAULT '1',
  `id_date_range` int(10) unsigned NOT NULL,
  `counter` int(10) unsigned NOT NULL,
  PRIMARY KEY (`id_page`,`id_date_range`,`id_shop`)
) ENGINE=InnoDB DEFAULT CHARSET=utf8;

--
-- Dumping data for table `ps_page_viewed`
--


--
-- Table structure for table `ps_pagenotfound`
--

CREATE TABLE `ps_pagenotfound` (
  `id_pagenotfound` int(10) unsigned NOT NULL AUTO_INCREMENT,
  `id_shop` int(10) unsigned NOT NULL DEFAULT '1',
  `id_shop_group` int(10) unsigned NOT NULL DEFAULT '1',
  `request_uri` varchar(256) NOT NULL,
  `http_referer` varchar(256) NOT NULL,
  `date_add` datetime NOT NULL,
  PRIMARY KEY (`id_pagenotfound`),
  KEY `date_add` (`date_add`)
) ENGINE=InnoDB AUTO_INCREMENT=47 DEFAULT CHARSET=utf8;

--
-- Dumping data for table `ps_pagenotfound`
--

INSERT INTO `ps_pagenotfound` VALUES (1,1,1,'/ads.txt','','2023-01-16 13:01:39'),(2,1,1,'/fr/none','https://www.pyramusique.ma/fr/135-violons-violoncelles','2023-01-16 13:35:03'),(3,1,1,'/fr/none','https://www.pyramusique.ma/fr/16-instruments-a-cordes','2023-01-16 13:43:46'),(4,1,1,'/fr/none','https://www.pyramusique.ma/fr/16-instruments-a-cordes','2023-01-16 13:43:52'),(5,1,1,'/fr/none','https://www.pyramusique.ma/fr/16-instruments-a-cordes','2023-01-16 13:51:43'),(6,1,1,'/fr/none','https://www.pyramusique.ma/fr/16-instruments-a-cordes','2023-01-16 13:51:44'),(7,1,1,'/fr/none','https://www.pyramusique.ma/fr/16-instruments-a-cordes','2023-01-16 13:51:44'),(8,1,1,'/.well-known/traffic-advice','','2023-01-16 14:03:49'),(9,1,1,'/fr/none','https://www.pyramusique.ma/fr/132-les-guitares-classiques-ukuleles','2023-01-16 14:10:32'),(10,1,1,'/fr/none','https://www.pyramusique.ma/fr/132-les-guitares-classiques-ukuleles','2023-01-16 14:18:07'),(11,1,1,'/fr/none','https://www.pyramusique.ma/fr/134-les-guitares-electriques-electro-acoustiques-et-electro-classiques','2023-01-16 15:08:05'),(12,1,1,'/fr/none','https://www.pyramusique.ma/fr/134-les-guitares-electriques-electro-acoustiques-et-electro-classiques','2023-01-16 15:08:06'),(13,1,1,'/.well-known/traffic-advice','','2023-01-16 15:08:10'),(14,1,1,'/fr/none','https://www.pyramusique.ma/fr/134-les-guitares-electriques-electro-acoustiques-et-electro-classiques','2023-01-16 15:08:27'),(15,1,1,'/fr/none','https://www.pyramusique.ma/fr/134-les-guitares-electriques-electro-acoustiques-et-electro-classiques','2023-01-16 15:11:29'),(16,1,1,'/fr/none','https://www.pyramusique.ma/fr/134-les-guitares-electriques-electro-acoustiques-et-electro-classiques','2023-01-16 15:11:34'),(17,1,1,'/fr/none','https://www.pyramusique.ma/fr/134-les-guitares-electriques-electro-acoustiques-et-electro-classiques','2023-01-16 15:11:36'),(18,1,1,'/fr/none','https://www.pyramusique.ma/fr/133-les-guitares-acoustiques-banjos-','2023-01-16 16:16:47'),(19,1,1,'/fr/none','https://www.pyramusique.ma/fr/133-les-guitares-acoustiques-banjos-','2023-01-16 16:16:53'),(20,1,1,'/fr/none','https://www.pyramusique.ma/fr/133-les-guitares-acoustiques-banjos-','2023-01-16 16:18:20'),(21,1,1,'/fr/none','https://www.pyramusique.ma/fr/133-les-guitares-acoustiques-banjos-?p=2','2023-01-16 16:18:25'),(22,1,1,'/fr/none','https://www.pyramusique.ma/fr/133-les-guitares-acoustiques-banjos-?p=2','2023-01-16 16:18:37'),(23,1,1,'/.well-known/traffic-advice','','2023-01-16 16:21:11'),(24,1,1,'/fr/none','https://www.pyramusique.ma/fr/133-les-guitares-acoustiques-banjos-?p=2','2023-01-16 16:24:07'),(25,1,1,'/fr/none','https://www.pyramusique.ma/fr/133-les-guitares-acoustiques-banjos-?p=2','2023-01-16 16:24:53'),(26,1,1,'/fr/none','https://www.pyramusique.ma/fr/133-les-guitares-acoustiques-banjos-?p=2','2023-01-16 16:24:56'),(27,1,1,'/fr/none','https://www.pyramusique.ma/fr/133-les-guitares-acoustiques-banjos-?p=2','2023-01-16 16:29:01'),(28,1,1,'/fr/none','https://www.pyramusique.ma/fr/133-les-guitares-acoustiques-banjos-?p=2','2023-01-16 16:29:07'),(29,1,1,'/fr/none','https://www.pyramusique.ma/fr/133-les-guitares-acoustiques-banjos-','2023-01-16 16:29:09'),(30,1,1,'/fr/none','https://www.pyramusique.ma/fr/133-les-guitares-acoustiques-banjos-','2023-01-16 16:29:25'),(31,1,1,'/fr/none','https://www.pyramusique.ma/fr/133-les-guitares-acoustiques-banjos-','2023-01-16 16:30:00'),(32,1,1,'/fr/none','https://www.pyramusique.ma/fr/133-les-guitares-acoustiques-banjos-','2023-01-16 16:30:09'),(33,1,1,'/fr/none','https://www.pyramusique.ma/fr/133-les-guitares-acoustiques-banjos-','2023-01-16 16:30:10'),(34,1,1,'/.well-known/traffic-advice','','2023-01-16 17:29:30'),(35,1,1,'/fr/page-non-trouvee','https://www.pyramusique.ma/index.php?id_category=71&controller=category&id_lang=1&p=4','2023-01-16 17:43:30'),(36,1,1,'/fr/none','https://www.pyramusique.ma/fr/134-les-guitares-electriques-electro-acoustiques-et-electro-classiques','2023-01-16 18:08:19'),(37,1,1,'/fr/none','https://www.pyramusique.ma/fr/134-les-guitares-electriques-electro-acoustiques-et-electro-classiques','2023-01-16 18:08:21'),(38,1,1,'/fr/none','https://www.pyramusique.ma/fr/134-les-guitares-electriques-electro-acoustiques-et-electro-classiques','2023-01-16 18:11:26'),(39,1,1,'/fr/none','https://www.pyramusique.ma/fr/134-les-guitares-electriques-electro-acoustiques-et-electro-classiques','2023-01-16 18:11:29'),(40,1,1,'/fr/none','https://www.pyramusique.ma/fr/134-les-guitares-electriques-electro-acoustiques-et-electro-classiques','2023-01-16 18:11:42'),(41,1,1,'/fr/none','https://www.pyramusique.ma/fr/134-les-guitares-electriques-electro-acoustiques-et-electro-classiques','2023-01-16 18:11:47'),(42,1,1,'/fr/none','https://www.pyramusique.ma/fr/134-les-guitares-electriques-electro-acoustiques-et-electro-classiques','2023-01-16 18:32:23'),(43,1,1,'/fr/none','https://www.pyramusique.ma/fr/134-les-guitares-electriques-electro-acoustiques-et-electro-classiques','2023-01-16 18:32:25'),(44,1,1,'/fr/none','https://www.pyramusique.ma/fr/134-les-guitares-electriques-electro-acoustiques-et-electro-classiques','2023-01-16 18:33:11'),(45,1,1,'/fr/none','https://www.pyramusique.ma/fr/134-les-guitares-electriques-electro-acoustiques-et-electro-classiques','2023-01-16 18:33:12'),(46,1,1,'/.well-known/traffic-advice','','2023-01-16 18:57:28');

--
-- Table structure for table `ps_paypal_braintree`
--

CREATE TABLE `ps_paypal_braintree` (
  `id_paypal_braintree` int(11) NOT NULL AUTO_INCREMENT,
  `id_cart` int(11) NOT NULL,
  `nonce_payment_token` varchar(255) NOT NULL,
  `client_token` text NOT NULL,
  `transaction` varchar(255) DEFAULT NULL,
  `datas` varchar(255) DEFAULT NULL,
  `id_order` int(11) DEFAULT NULL,
  PRIMARY KEY (`id_paypal_braintree`)
) ENGINE=InnoDB DEFAULT CHARSET=utf8;

--
-- Dumping data for table `ps_paypal_braintree`
--


--
-- Table structure for table `ps_paypal_capture`
--

CREATE TABLE `ps_paypal_capture` (
  `id_paypal_capture` int(11) NOT NULL AUTO_INCREMENT,
  `id_order` int(11) NOT NULL,
  `capture_amount` float NOT NULL,
  `result` text NOT NULL,
  `date_add` datetime NOT NULL,
  `date_upd` datetime NOT NULL,
  PRIMARY KEY (`id_paypal_capture`)
) ENGINE=InnoDB DEFAULT CHARSET=utf8;

--
-- Dumping data for table `ps_paypal_capture`
--


--
-- Table structure for table `ps_paypal_customer`
--

CREATE TABLE `ps_paypal_customer` (
  `id_paypal_customer` int(10) unsigned NOT NULL AUTO_INCREMENT,
  `id_customer` int(10) unsigned NOT NULL,
  `paypal_email` varchar(255) NOT NULL,
  PRIMARY KEY (`id_paypal_customer`)
) ENGINE=InnoDB DEFAULT CHARSET=utf8;

--
-- Dumping data for table `ps_paypal_customer`
--


--
-- Table structure for table `ps_paypal_hss_email_error`
--

CREATE TABLE `ps_paypal_hss_email_error` (
  `id_paypal_hss_email_error` int(11) NOT NULL AUTO_INCREMENT,
  `id_cart` int(11) NOT NULL,
  `email` varchar(255) NOT NULL,
  PRIMARY KEY (`id_paypal_hss_email_error`)
) ENGINE=InnoDB DEFAULT CHARSET=utf8;

--
-- Dumping data for table `ps_paypal_hss_email_error`
--


--
-- Table structure for table `ps_paypal_login_user`
--

CREATE TABLE `ps_paypal_login_user` (
  `id_paypal_login_user` int(11) NOT NULL AUTO_INCREMENT,
  `id_customer` int(11) NOT NULL,
  `token_type` varchar(255) NOT NULL,
  `expires_in` varchar(255) NOT NULL,
  `refresh_token` varchar(255) NOT NULL,
  `id_token` varchar(255) NOT NULL,
  `access_token` varchar(255) NOT NULL,
  `account_type` varchar(255) NOT NULL,
  `user_id` varchar(255) NOT NULL,
  `verified_account` varchar(255) NOT NULL,
  `zoneinfo` varchar(255) NOT NULL,
  `age_range` varchar(255) NOT NULL,
  PRIMARY KEY (`id_paypal_login_user`)
) ENGINE=InnoDB DEFAULT CHARSET=utf8;

--
-- Dumping data for table `ps_paypal_login_user`
--


--
-- Table structure for table `ps_paypal_order`
--

CREATE TABLE `ps_paypal_order` (
  `id_order` int(10) unsigned NOT NULL,
  `id_transaction` varchar(255) NOT NULL,
  `id_invoice` varchar(255) DEFAULT NULL,
  `currency` varchar(10) NOT NULL,
  `total_paid` varchar(50) NOT NULL,
  `shipping` varchar(50) NOT NULL,
  `capture` int(2) NOT NULL,
  `payment_date` varchar(50) NOT NULL,
  `payment_method` int(2) unsigned NOT NULL,
  `payment_status` varchar(255) DEFAULT NULL,
  PRIMARY KEY (`id_order`)
) ENGINE=InnoDB DEFAULT CHARSET=utf8;

--
-- Dumping data for table `ps_paypal_order`
--


--
-- Table structure for table `ps_paypal_plus_pui`
--

CREATE TABLE `ps_paypal_plus_pui` (
  `id_paypal_plus_pui` int(11) NOT NULL AUTO_INCREMENT,
  `id_order` int(11) NOT NULL,
  `pui_informations` text NOT NULL,
  PRIMARY KEY (`id_paypal_plus_pui`)
) ENGINE=InnoDB DEFAULT CHARSET=utf8;

--
-- Dumping data for table `ps_paypal_plus_pui`
--


--
-- Table structure for table `ps_prestafraud_carrier`
--

CREATE TABLE `ps_prestafraud_carrier` (
  `id_carrier` int(11) NOT NULL,
  `id_prestafraud_carrier_type` int(11) NOT NULL,
  PRIMARY KEY (`id_carrier`,`id_prestafraud_carrier_type`)
) ENGINE=InnoDB DEFAULT CHARSET=utf8;

--
-- Dumping data for table `ps_prestafraud_carrier`
--

INSERT INTO `ps_prestafraud_carrier` VALUES (1,1),(3,4);

--
-- Table structure for table `ps_prestafraud_carts`
--

CREATE TABLE `ps_prestafraud_carts` (
  `id_cart` int(11) NOT NULL,
  `ip_address` int(11) NOT NULL,
  `date` datetime NOT NULL,
  PRIMARY KEY (`id_cart`,`ip_address`)
) ENGINE=InnoDB DEFAULT CHARSET=utf8;

--
-- Dumping data for table `ps_prestafraud_carts`
--

INSERT INTO `ps_prestafraud_carts` VALUES (41,704143672,'2018-12-28 15:41:41'),(45,-1599064587,'2018-12-31 10:51:49'),(46,-1599060918,'2019-01-01 14:46:48'),(47,-993484926,'2019-01-04 17:52:28'),(48,1770523129,'2019-01-05 08:52:07'),(49,1771759400,'2019-01-06 21:44:55'),(51,1806134474,'2019-01-07 20:04:15'),(52,1716049267,'2019-01-08 17:48:28'),(53,-1002192328,'2019-01-09 12:17:42'),(54,704147003,'2019-01-09 16:37:10'),(55,1700126410,'2019-01-14 20:52:00'),(56,1700126410,'2019-01-14 20:52:00'),(57,1700126410,'2019-01-14 20:52:01'),(58,1700126410,'2019-01-14 20:52:04'),(59,1700126410,'2019-01-14 20:52:04'),(60,1700126410,'2019-01-14 20:52:04'),(61,1700126410,'2019-01-14 20:52:04'),(62,1700126410,'2019-01-14 20:52:04'),(63,-1405477522,'2019-01-20 01:53:11'),(64,-1405477522,'2019-01-20 07:46:59'),(65,1948180255,'2019-01-30 14:45:17'),(66,1948180255,'2019-01-30 14:45:17'),(67,1948180255,'2019-01-30 14:45:19'),(68,1948180255,'2019-01-30 14:45:20'),(69,1948180255,'2019-01-30 14:45:20'),(70,1948180255,'2019-01-30 14:45:24'),(71,1948180255,'2019-01-30 14:45:24'),(72,1948180255,'2019-01-30 14:45:24'),(73,-1000937834,'2019-02-05 17:46:18'),(74,-1001672826,'2019-02-10 09:41:56'),(75,697052208,'2019-02-13 16:15:16'),(76,-1001676955,'2019-02-16 23:52:52'),(77,-611919689,'2019-02-17 23:00:37'),(78,-611919689,'2019-02-17 23:00:38'),(79,-611919689,'2019-02-17 23:00:38'),(80,-611919689,'2019-02-17 23:00:38'),(81,-611919689,'2019-02-17 23:00:38'),(82,-611919689,'2019-02-17 23:00:39'),(83,-611919689,'2019-02-17 23:00:39'),(84,-611919689,'2019-02-17 23:00:39'),(85,-611919689,'2019-02-17 23:00:42'),(86,-611919689,'2019-02-17 23:00:42'),(87,-611919689,'2019-02-17 23:00:42'),(88,-611919689,'2019-02-17 23:00:43'),(89,-611919689,'2019-02-17 23:00:44'),(90,2050038831,'2019-02-20 05:28:07'),(91,1766032873,'2019-02-20 19:24:13'),(92,-1599011154,'2019-02-25 13:29:45'),(93,-1001655913,'2019-03-04 14:55:32'),(94,704174443,'2019-03-05 19:54:46'),(95,1765933731,'2019-03-08 22:19:04'),(96,1325033008,'2019-03-09 22:44:29'),(97,1325033008,'2019-03-09 23:01:03'),(98,769307326,'2019-03-23 15:49:27'),(99,1772041652,'2019-03-24 18:57:21'),(100,-1000395139,'2019-03-28 22:34:04'),(101,-1000395139,'2019-03-28 22:43:46'),(102,1772038925,'2019-04-09 21:35:31'),(103,1772038925,'2019-04-09 21:35:37'),(104,455484772,'2019-04-10 11:23:15'),(105,455484772,'2019-04-10 11:23:16'),(106,455484772,'2019-04-10 11:23:16'),(107,455484772,'2019-04-10 11:23:16'),(108,455484772,'2019-04-10 11:23:18'),(109,455484772,'2019-04-10 11:23:18'),(110,455484772,'2019-04-10 11:23:19'),(111,455484772,'2019-04-10 11:23:19'),(112,697199919,'2019-04-17 04:19:53'),(113,-1182932478,'2019-04-23 11:25:33'),(114,704215650,'2019-04-24 10:03:44'),(115,1766000539,'2019-04-29 21:59:09'),(116,1766261509,'2019-04-30 05:50:53'),(117,679440157,'2019-05-01 08:01:04'),(118,-1001731303,'2019-05-15 14:14:17'),(119,-1599210258,'2019-07-31 10:36:42'),(120,1770841026,'2019-05-12 12:09:19'),(121,-1603672349,'2019-05-17 13:39:18'),(122,-1511961494,'2019-05-13 16:55:32'),(123,1717660191,'2019-05-18 09:21:36'),(124,1321311588,'2019-05-20 03:56:31'),(125,-1002126419,'2019-05-22 04:25:54'),(126,-1599075145,'2019-05-23 09:04:14'),(129,1772082084,'2019-05-24 19:41:32'),(130,1772082084,'2019-05-24 20:00:49'),(131,-1562471697,'2019-05-29 05:43:37'),(132,697048907,'2019-05-31 23:03:19'),(133,1040485335,'2019-06-09 10:19:00'),(134,1771723606,'2019-06-12 10:30:34'),(135,-1701361077,'2019-06-12 13:29:14'),(136,1765934340,'2019-06-16 19:57:30'),(137,697085052,'2019-06-20 19:49:43'),(138,704337090,'2019-06-25 03:25:05'),(139,1772039189,'2019-06-28 05:10:24'),(140,1772039189,'2019-06-28 05:12:34'),(141,693901848,'2019-06-30 23:58:24'),(142,-1599066257,'2019-07-09 19:15:46'),(143,1765933699,'2019-07-14 02:37:55'),(144,-1707583372,'2019-07-15 15:03:38'),(145,-1223888854,'2019-07-16 04:11:08'),(146,-1223888854,'2019-07-16 04:11:11'),(147,-1223888854,'2019-07-16 04:11:11'),(148,-1223888854,'2019-07-16 04:11:11'),(149,-1223888854,'2019-07-16 04:11:11'),(150,-1223888854,'2019-07-16 04:11:12'),(151,-1223888854,'2019-07-16 04:11:12'),(152,-1223888854,'2019-07-16 04:11:13'),(153,1717980468,'2019-07-17 20:03:29'),(154,698274305,'2019-07-19 06:12:55'),(155,1771894332,'2019-07-22 19:46:18'),(156,1785907784,'2019-07-23 07:17:39'),(157,1785907784,'2019-07-23 07:17:40'),(158,1785907784,'2019-07-23 07:17:41'),(159,1785907784,'2019-07-23 07:17:41'),(160,1785907784,'2019-07-23 07:17:43'),(161,1785907784,'2019-07-23 07:17:43'),(162,1785907784,'2019-07-23 07:17:44'),(163,1785907784,'2019-07-23 07:17:44'),(164,1901798038,'2019-07-26 02:45:52'),(165,1901798038,'2019-07-26 02:45:54'),(166,1901798038,'2019-07-26 02:45:55'),(167,-998605033,'2019-07-26 20:06:29'),(168,1765935020,'2019-07-30 20:02:30'),(169,-992367177,'2019-08-06 10:11:04'),(170,-1001681309,'2019-08-16 15:11:27'),(171,697170540,'2019-08-19 17:15:25'),(172,660888317,'2019-08-20 06:41:51'),(173,660888317,'2019-08-20 06:41:51'),(174,660888317,'2019-08-20 06:41:51'),(175,660888317,'2019-08-20 06:41:51'),(176,660888317,'2019-08-20 06:41:51'),(177,660888317,'2019-08-20 06:41:51'),(178,660888317,'2019-08-20 06:41:51'),(179,660888317,'2019-08-20 06:41:58'),(180,-592097886,'2019-08-20 08:15:41'),(181,-592097886,'2019-08-20 08:16:36'),(182,697059524,'2019-08-22 20:42:21'),(183,-1001691006,'2019-08-25 18:20:28'),(184,-1599468293,'2019-08-28 16:08:32'),(185,1765967642,'2019-08-29 10:55:00'),(186,-1001576962,'2019-08-31 15:53:06'),(187,861104715,'2019-09-17 23:20:55'),(188,861104715,'2019-09-17 23:26:04'),(189,769292103,'2019-09-20 19:16:53'),(190,794451990,'2019-09-26 05:56:39'),(191,1766000035,'2019-09-24 14:56:59'),(192,1766295797,'2019-09-25 12:37:37'),(193,-999261752,'2019-10-08 21:24:58'),(194,-1001681938,'2019-10-03 17:32:34'),(195,1770270482,'2019-10-06 16:40:01'),(196,704171264,'2019-10-12 09:58:29'),(197,1549659038,'2019-10-15 20:26:35'),(198,704193632,'2019-10-16 09:52:39'),(199,1766000620,'2019-10-16 15:20:55'),(200,704121862,'2019-10-16 20:01:22'),(201,-981423184,'2019-10-17 20:46:47'),(202,-981423184,'2019-10-17 20:47:31'),(203,704205320,'2019-10-19 01:45:05'),(204,-992365102,'2019-10-21 11:53:37'),(205,1561852544,'2019-10-23 07:39:55'),(206,-1598962804,'2019-10-25 13:35:26'),(207,-1002046272,'2019-10-26 22:07:28'),(208,1766032861,'2019-10-28 17:38:14'),(209,1765966154,'2019-11-05 01:47:39'),(210,-1001672366,'2019-11-05 07:29:01'),(211,1772066013,'2019-11-07 21:02:30'),(212,697296132,'2019-11-08 19:38:42'),(213,1766295261,'2019-11-13 18:57:23'),(214,-999287440,'2019-11-16 21:07:23'),(215,-998960148,'2019-11-14 11:00:05'),(216,1771707982,'2019-11-15 21:43:14'),(218,704324587,'2019-11-16 06:12:05'),(220,697095700,'2019-11-16 09:49:19'),(221,1714723981,'2019-11-22 15:12:36'),(222,1714728403,'2019-11-20 21:48:44'),(223,-1182228710,'2019-11-22 13:31:03'),(224,-1002354565,'2019-11-26 17:03:50'),(225,-1000763597,'2019-11-26 20:49:08'),(226,697205951,'2019-11-27 22:51:08'),(227,-1182932948,'2019-11-28 13:25:49'),(228,-1598912117,'2019-11-29 15:27:06'),(229,704358860,'2019-11-30 00:54:58'),(230,-1618306685,'2019-11-30 12:19:36'),(231,-1618306867,'2019-11-30 15:23:20'),(232,-1618306837,'2019-11-30 15:40:07'),(233,-1618306759,'2019-11-30 16:46:50'),(234,-1618305356,'2019-11-30 16:46:50'),(235,-1618306640,'2019-11-30 17:45:35'),(236,-1618305830,'2019-11-30 21:23:48'),(237,-1618312968,'2019-11-30 22:16:57'),(238,-1618305086,'2019-12-01 04:19:13'),(239,-1618307189,'2019-12-01 05:03:59'),(240,-1618305934,'2019-12-01 07:20:34'),(241,-1618307835,'2019-12-01 07:20:40'),(242,693911279,'2019-12-01 08:21:35'),(243,704368203,'2019-12-01 12:39:05'),(245,-973218378,'2019-12-02 18:04:05'),(246,704192672,'2019-12-02 22:39:51'),(247,-1599581353,'2019-12-04 19:27:50'),(248,-993078053,'2019-12-04 21:48:53'),(249,-999077829,'2019-12-05 16:09:32'),(250,-973666452,'2019-12-08 00:12:06'),(251,1962457921,'2019-12-10 10:06:52'),(252,455634942,'2019-12-10 10:09:46'),(253,-1225311173,'2019-12-10 10:10:53'),(254,987251570,'2019-12-10 10:13:25'),(255,241855410,'2019-12-10 10:27:02'),(256,-999288431,'2019-12-10 18:42:27'),(258,1949797576,'2019-12-10 17:38:21'),(260,720603878,'2019-12-11 02:30:30'),(261,1782159010,'2019-12-11 02:30:58'),(262,-1234393583,'2019-12-11 02:31:14'),(263,1782126104,'2019-12-11 02:32:21'),(264,2104463840,'2019-12-11 02:32:36'),(265,-1225479737,'2019-12-11 02:33:11'),(266,1928051291,'2019-12-11 02:34:07'),(267,720505626,'2019-12-11 02:35:54'),(268,1967468269,'2019-12-11 02:41:22'),(269,-555968070,'2019-12-11 10:08:27'),(270,1927744704,'2019-12-11 10:08:33'),(271,1962457625,'2019-12-11 10:09:40'),(272,-1234461506,'2019-12-11 10:09:47'),(273,-1347560266,'2019-12-11 10:11:11'),(274,-1213832244,'2019-12-11 14:38:26'),(275,-1656916651,'2019-12-11 14:39:37'),(276,1947395422,'2019-12-11 14:40:43'),(277,-1225311012,'2019-12-11 14:43:12'),(278,2073867345,'2019-12-11 14:44:30'),(279,-537616106,'2019-12-11 14:48:48'),(280,1966678493,'2019-12-11 14:49:24'),(281,1782078072,'2019-12-11 14:52:13'),(282,1949711631,'2019-12-12 04:41:35'),(283,710362664,'2019-12-12 04:42:37'),(284,720505738,'2019-12-12 04:42:44'),(285,1848959164,'2019-12-12 04:43:24'),(286,-1218642141,'2019-12-12 04:43:48'),(287,2033821539,'2019-12-12 04:43:53'),(288,2089214648,'2019-12-12 04:44:08'),(289,1861615665,'2019-12-12 04:45:25'),(290,1782122124,'2019-12-12 04:46:18'),(291,1946659123,'2019-12-12 04:46:42'),(292,2104095645,'2019-12-12 05:08:05'),(293,2015772921,'2019-12-13 05:44:00'),(294,994041972,'2019-12-13 05:45:02'),(295,1919616591,'2019-12-13 05:45:58'),(296,2104135950,'2019-12-13 05:48:30'),(297,1904904666,'2019-12-13 05:50:07'),(298,1967493417,'2019-12-13 05:53:05'),(299,994001837,'2019-12-13 05:53:25'),(300,-1268431050,'2019-12-13 05:54:33'),(301,-591435919,'2019-12-13 05:54:33'),(302,693916682,'2019-12-13 19:48:58'),(303,693906500,'2019-12-13 20:55:57'),(304,697103631,'2019-12-13 21:27:02'),(305,-999273529,'2019-12-14 13:01:16'),(306,1772080350,'2019-12-14 18:11:51'),(307,-1618306415,'2019-12-15 18:27:30'),(308,-1618306714,'2019-12-15 18:30:38'),(309,-1618307441,'2019-12-15 18:27:36'),(310,-1618307459,'2019-12-15 18:27:39'),(311,-1618307858,'2019-12-15 18:59:11'),(312,-1618313024,'2019-12-15 18:27:47'),(313,-1618307547,'2019-12-15 18:27:48'),(314,-1618305052,'2019-12-15 18:27:54'),(315,-1618307684,'2019-12-15 18:27:59'),(316,-1618305212,'2019-12-15 18:28:10'),(317,-1618306831,'2019-12-15 18:28:18'),(318,-1618308035,'2019-12-15 18:28:19'),(319,-1618305212,'2019-12-15 18:28:27'),(320,-1618305725,'2019-12-15 18:28:33'),(321,-1618307799,'2019-12-15 18:28:36'),(322,-1618308064,'2019-12-15 18:29:08'),(323,-1618306449,'2019-12-15 18:29:13'),(324,-1618305908,'2019-12-15 18:29:13'),(325,-1618305592,'2019-12-15 18:29:21'),(326,-1618305234,'2019-12-15 18:29:22'),(327,-1618305863,'2019-12-15 18:29:25'),(328,-1618307786,'2019-12-15 18:29:29'),(329,-1618306837,'2019-12-15 18:29:32'),(330,-1618313047,'2019-12-15 18:29:35'),(331,-1618307804,'2019-12-15 18:29:42'),(332,-1618305808,'2019-12-15 18:29:42'),(333,-1618306559,'2019-12-15 18:29:46'),(334,-1618306956,'2019-12-15 18:29:54'),(335,-1618313105,'2019-12-15 18:30:08'),(336,-1618305548,'2019-12-15 18:30:19'),(337,-1618307127,'2019-12-15 18:30:19'),(338,-1618305613,'2019-12-15 18:30:27'),(339,-1618305740,'2019-12-15 18:30:31'),(340,-1618306073,'2019-12-15 18:30:32'),(341,-1618313024,'2019-12-15 18:59:38'),(342,-1618306912,'2019-12-15 18:30:45'),(343,-1618305212,'2019-12-15 18:30:51'),(344,-1618313053,'2019-12-15 18:30:53'),(345,-1618305592,'2019-12-15 18:30:55'),(346,-1618308064,'2019-12-15 18:30:55'),(347,-1618308088,'2019-12-15 18:31:11'),(348,-1618305213,'2019-12-15 18:31:11'),(349,-1618306073,'2019-12-15 18:31:15'),(350,-1618305808,'2019-12-15 18:31:17'),(351,-1618307367,'2019-12-15 18:31:27'),(352,-1618305716,'2019-12-15 18:31:48'),(353,-1618306670,'2019-12-15 18:31:50'),(354,-1618306146,'2019-12-15 18:58:03'),(355,-1618305808,'2019-12-15 18:31:57'),(356,-1618313036,'2019-12-15 18:32:26'),(357,-1618313064,'2019-12-15 18:32:33'),(358,-1618305587,'2019-12-15 18:56:41'),(359,-1618306827,'2019-12-15 18:56:42'),(360,-1618305885,'2019-12-15 18:57:06'),(361,-1618306257,'2019-12-15 18:57:06'),(362,-1618305042,'2019-12-15 18:57:10'),(363,-1618306450,'2019-12-15 18:57:10'),(364,-1618306257,'2019-12-15 18:57:12'),(365,-1618305281,'2019-12-15 18:57:19'),(366,-1618308088,'2019-12-15 18:57:20'),(367,-1618307127,'2019-12-15 18:57:20'),(368,-1618306714,'2019-12-15 18:57:32'),(369,-1618313036,'2019-12-15 18:57:42'),(370,-1618307858,'2019-12-15 18:57:45'),(371,-1618307127,'2019-12-15 18:57:47'),(372,-1618305240,'2019-12-15 18:57:57'),(373,-1618306257,'2019-12-15 18:58:12'),(374,-1618305542,'2019-12-15 18:58:29'),(375,-1618305317,'2019-12-15 18:58:30'),(376,-1618312994,'2019-12-15 18:58:32'),(377,-1618313036,'2019-12-15 18:58:34'),(378,-1618305317,'2019-12-15 18:59:30'),(379,-1618313053,'2019-12-15 18:58:47'),(380,-1618305389,'2019-12-15 18:58:48'),(381,-1618307531,'2019-12-15 18:59:00'),(382,-1618312988,'2019-12-15 18:59:07'),(383,-1618305852,'2019-12-15 18:59:15'),(384,-1618306912,'2019-12-15 18:59:40'),(385,-1618306837,'2019-12-15 18:59:40'),(386,-1618305385,'2019-12-15 18:59:50'),(387,-1618305452,'2019-12-15 18:59:53'),(388,-1618305947,'2019-12-15 18:59:58'),(389,-1618306714,'2019-12-15 19:00:05'),(390,-1618306123,'2019-12-15 19:00:06'),(391,-1618312982,'2019-12-15 19:00:07'),(392,-1618308035,'2019-12-15 19:00:09'),(393,-1618306204,'2019-12-15 19:00:10'),(394,-1618313105,'2019-12-15 19:00:19'),(395,-1618306982,'2019-12-15 19:00:21'),(396,-1618306669,'2019-12-15 19:00:21'),(397,-1618306204,'2019-12-15 19:00:25'),(398,-1618305212,'2019-12-15 19:00:26'),(399,-1618305613,'2019-12-15 19:00:30'),(400,-1618306485,'2019-12-15 19:00:36'),(401,-1618305554,'2019-12-15 19:01:05'),(402,-1618313100,'2019-12-15 19:01:16'),(403,-1618307858,'2019-12-15 19:01:18'),(404,-1618306837,'2019-12-15 19:01:27'),(405,-1618306599,'2019-12-15 19:01:31'),(406,-1618307804,'2019-12-15 19:01:40'),(407,-1618313146,'2019-12-15 19:02:00'),(408,-1618305699,'2019-12-15 19:07:02'),(409,-1618305609,'2019-12-16 02:54:59'),(410,-1618306437,'2019-12-16 02:58:10'),(411,-1618305307,'2019-12-16 02:55:11'),(412,-1618305463,'2019-12-16 02:55:16'),(413,-1618305568,'2019-12-16 02:55:21'),(414,-1618308064,'2019-12-16 02:56:00'),(415,-1618305915,'2019-12-16 02:56:11'),(416,-1618305212,'2019-12-16 03:04:14'),(417,-1618306146,'2019-12-16 02:56:21'),(418,-1618306670,'2019-12-16 02:56:41'),(419,-1618305561,'2019-12-16 02:56:42'),(420,-1618308064,'2019-12-16 02:56:42'),(421,-1618305547,'2019-12-16 02:56:48'),(422,-1618312980,'2019-12-16 02:56:56'),(423,-1618307127,'2019-12-16 02:56:59'),(424,-1618307127,'2019-12-16 02:57:01'),(425,-1618305611,'2019-12-16 02:57:21'),(426,-1618307799,'2019-12-16 02:57:27'),(427,-1618306362,'2019-12-16 02:57:28'),(428,-1618307538,'2019-12-16 02:57:32'),(429,-1618305433,'2019-12-16 03:05:11'),(430,-1618313104,'2019-12-16 02:57:57'),(431,-1618307860,'2019-12-16 02:57:57'),(432,-1618306944,'2019-12-16 02:58:00'),(433,-1618305613,'2019-12-16 02:58:02'),(434,-1618307710,'2019-12-16 02:58:06'),(435,-1618305492,'2019-12-16 02:58:09'),(436,-1618307129,'2019-12-16 02:58:18'),(437,-1618308088,'2019-12-16 02:58:23'),(438,-1618305240,'2019-12-16 02:58:24'),(439,-1618305240,'2019-12-16 02:58:27'),(440,-1618307433,'2019-12-16 02:58:31'),(441,-1618305908,'2019-12-16 02:58:36'),(442,-1618312996,'2019-12-16 02:58:47'),(443,-1618305574,'2019-12-16 02:58:59'),(444,-1618305433,'2019-12-16 02:59:09'),(445,-1618313046,'2019-12-16 02:59:30'),(446,-1618313163,'2019-12-16 02:59:36'),(447,-1618305539,'2019-12-16 02:59:41'),(448,-1618306310,'2019-12-16 02:59:42'),(449,-1618313024,'2019-12-16 02:59:44'),(450,-1618305885,'2019-12-16 02:59:47'),(451,-1618313024,'2019-12-16 03:00:00'),(452,-1618306958,'2019-12-16 03:00:07'),(453,-1618305568,'2019-12-16 03:00:14'),(454,-1618305688,'2019-12-16 03:00:18'),(455,-1618313100,'2019-12-16 03:08:54'),(456,-1618313107,'2019-12-16 03:00:53'),(457,-1618305482,'2019-12-16 03:01:27'),(458,-1618307804,'2019-12-16 03:18:15'),(459,-1618306929,'2019-12-16 03:01:48'),(460,-1618306146,'2019-12-16 03:01:54'),(461,-1618313036,'2019-12-16 03:01:59'),(462,-1618307441,'2019-12-16 03:02:28'),(463,-1618305388,'2019-12-16 03:02:38'),(464,-1618305732,'2019-12-16 03:02:39'),(465,-1618313124,'2019-12-16 03:02:39'),(466,-1618305725,'2019-12-16 03:02:41'),(467,-1618306559,'2019-12-16 03:02:41'),(468,-1618313053,'2019-12-16 03:02:41'),(469,-1618306894,'2019-12-16 03:02:46'),(470,-1618307040,'2019-12-16 03:02:50'),(471,-1618308045,'2019-12-16 03:02:51'),(472,-1618306958,'2019-12-16 03:03:13'),(473,-1618306396,'2019-12-16 03:03:17'),(474,-1618307522,'2019-12-16 03:03:22'),(475,-1618306605,'2019-12-16 03:03:42'),(476,-1618305592,'2019-12-16 03:03:37'),(477,-1618306837,'2019-12-16 03:03:38'),(478,-1618306837,'2019-12-16 03:03:41'),(479,-1618306833,'2019-12-16 03:03:43'),(480,-1618306204,'2019-12-16 03:03:46'),(481,-1618308064,'2019-12-16 03:03:48'),(482,-1618305492,'2019-12-16 03:03:59'),(483,-1618308064,'2019-12-16 03:04:01'),(484,-1618305262,'2019-12-16 03:04:09'),(485,-1618313146,'2019-12-16 03:04:15'),(486,-1618307289,'2019-12-16 03:04:22'),(487,-1618306710,'2019-12-16 03:04:23'),(488,-1618305882,'2019-12-16 03:04:35'),(489,-1618307736,'2019-12-16 03:04:55'),(490,-1618305677,'2019-12-16 03:08:03'),(491,-1618306581,'2019-12-16 03:05:03'),(492,-1618305212,'2019-12-16 03:05:35'),(493,-1618305808,'2019-12-16 03:05:39'),(494,-1618313209,'2019-12-16 03:05:39'),(495,-1618307860,'2019-12-16 03:05:41'),(496,-1618307111,'2019-12-16 03:05:45'),(497,-1618305281,'2019-12-16 03:05:45'),(498,-1618307429,'2019-12-16 03:05:52'),(499,-1618306236,'2019-12-16 03:06:01'),(500,-1618307162,'2019-12-16 03:06:11'),(501,-1618307127,'2019-12-16 03:06:29'),(502,-1618313053,'2019-12-16 03:06:34'),(503,-1618305212,'2019-12-16 03:06:52'),(504,-1618307127,'2019-12-16 03:07:19'),(505,-1618312963,'2019-12-16 03:07:36'),(506,-1618307116,'2019-12-16 03:07:54'),(507,-1618305595,'2019-12-16 03:07:43'),(508,-1618307127,'2019-12-16 03:08:05'),(509,-1618305240,'2019-12-16 03:08:18'),(510,-1618306684,'2019-12-16 03:08:19'),(511,-1618313036,'2019-12-16 03:08:27'),(512,-1618306829,'2019-12-16 03:08:38'),(513,-1618305317,'2019-12-16 03:08:50'),(514,-1618308035,'2019-12-16 03:08:53'),(515,-1618306204,'2019-12-16 03:09:01'),(516,-1618313180,'2019-12-16 03:09:14'),(517,-1618306073,'2019-12-16 03:09:18'),(518,-1618305592,'2019-12-16 03:09:24'),(519,-1618313036,'2019-12-16 03:09:24'),(520,-1618307860,'2019-12-16 03:09:24'),(521,-1618307727,'2019-12-16 03:09:26'),(522,-1618313043,'2019-12-16 03:09:30'),(523,-1618306343,'2019-12-16 03:09:37'),(524,-1618313053,'2019-12-16 03:09:46'),(525,-1618305548,'2019-12-16 03:09:56'),(526,-1618306944,'2019-12-16 03:10:11'),(527,-1618306327,'2019-12-16 03:10:12'),(528,-1618305042,'2019-12-16 03:10:14'),(529,-1618307441,'2019-12-16 03:10:20'),(530,-1618305947,'2019-12-16 03:10:21'),(531,-1618307799,'2019-12-16 03:19:32'),(532,-1618305254,'2019-12-16 03:10:46'),(533,-1618305317,'2019-12-16 03:10:56'),(534,-1618305209,'2019-12-16 03:10:56'),(535,-1618305538,'2019-12-16 03:11:15'),(536,-1618305600,'2019-12-16 03:11:21'),(537,-1618305274,'2019-12-16 03:11:23'),(538,-1618307799,'2019-12-16 03:11:24'),(539,-1618307860,'2019-12-16 03:11:24'),(540,-1618313146,'2019-12-16 03:12:05'),(541,-1618305401,'2019-12-16 03:12:08'),(542,-1618308088,'2019-12-16 03:12:10'),(543,-1618307539,'2019-12-16 03:12:12'),(544,-1618306551,'2019-12-16 03:12:17'),(545,-1618305592,'2019-12-16 03:12:27'),(546,-1618308064,'2019-12-16 03:12:36'),(547,-1618306830,'2019-12-16 03:18:58'),(548,-1618306607,'2019-12-16 03:12:46'),(549,-1618306590,'2019-12-16 03:12:54'),(550,-1618306818,'2019-12-16 03:12:55'),(551,-1618306302,'2019-12-16 03:12:57'),(552,-1618305808,'2019-12-16 03:13:04'),(553,-1618307127,'2019-12-16 03:13:13'),(554,-1618307804,'2019-12-16 03:13:13'),(555,-1618313014,'2019-12-16 03:13:24'),(556,-1618306714,'2019-12-16 03:13:28'),(557,-1618305410,'2019-12-16 03:13:36'),(558,-1618305227,'2019-12-16 03:13:43'),(559,-1618306146,'2019-12-16 03:13:44'),(560,-1618312970,'2019-12-16 03:14:00'),(561,-1618305317,'2019-12-16 03:14:04'),(562,-1618313145,'2019-12-16 03:14:25'),(563,-1618306123,'2019-12-16 03:14:31'),(564,-1618312976,'2019-12-16 03:14:32'),(565,-1618307766,'2019-12-16 03:14:33'),(566,-1618305538,'2019-12-16 03:14:43'),(567,-1618312994,'2019-12-16 03:14:44'),(568,-1618305212,'2019-12-16 03:14:52'),(569,-1618313036,'2019-12-16 03:14:54'),(570,-1618305885,'2019-12-16 03:15:10'),(571,-1618305908,'2019-12-16 03:15:15'),(572,-1618307096,'2019-12-16 03:15:27'),(573,-1618305773,'2019-12-16 03:15:28'),(574,-1618305212,'2019-12-16 03:15:44'),(575,-1618307547,'2019-12-16 03:15:46'),(576,-1618306276,'2019-12-16 03:15:49'),(577,-1618306443,'2019-12-16 03:15:56'),(578,-1618306146,'2019-12-16 03:16:04'),(579,-1618307858,'2019-12-16 03:16:04'),(580,-1618305056,'2019-12-16 03:16:07'),(581,-1618306958,'2019-12-16 03:16:07'),(582,-1618305459,'2019-12-16 03:16:16'),(583,-1618306935,'2019-12-16 03:16:21'),(584,-1618313047,'2019-12-16 03:16:22'),(585,-1618305613,'2019-12-16 03:16:25'),(586,-1618306958,'2019-12-16 03:16:35'),(587,-1618313017,'2019-12-16 03:16:39'),(588,-1618305275,'2019-12-16 03:16:43'),(589,-1618305363,'2019-12-16 03:16:43'),(590,-1618305538,'2019-12-16 03:18:10'),(591,-1618307441,'2019-12-16 03:16:51'),(592,-1618307868,'2019-12-16 03:16:52'),(593,-1618305592,'2019-12-16 03:17:01'),(594,-1618305548,'2019-12-16 03:17:05'),(595,-1618307710,'2019-12-16 03:17:05'),(596,-1618306396,'2019-12-16 03:17:21'),(597,-1618306974,'2019-12-16 03:17:27'),(598,-1618306798,'2019-12-16 03:17:30'),(599,-1618306900,'2019-12-16 03:17:36'),(600,-1618305885,'2019-12-16 03:17:36'),(601,-1618313054,'2019-12-16 03:17:38'),(602,-1618306838,'2019-12-16 03:17:44'),(603,-1618305240,'2019-12-16 03:17:49'),(604,-1618306702,'2019-12-16 03:18:04'),(605,-1618307804,'2019-12-16 03:18:06'),(606,-1618307824,'2019-12-16 03:18:29'),(607,-1618305548,'2019-12-16 03:18:58'),(608,-1618306862,'2019-12-16 03:19:25'),(609,-1618305725,'2019-12-16 03:19:30'),(610,-1618306257,'2019-12-16 03:19:30'),(611,-1618307376,'2019-12-16 03:19:46'),(612,-1618307127,'2019-12-16 03:19:47'),(613,-1618306784,'2019-12-16 03:19:52'),(614,-1618305885,'2019-12-16 03:20:02'),(615,-1618308088,'2019-12-16 03:20:10'),(616,-1618306123,'2019-12-16 03:23:04'),(617,-1618305852,'2019-12-16 03:20:18'),(618,-1618305592,'2019-12-16 03:20:23'),(619,-1618306123,'2019-12-16 03:20:49'),(620,-1618305611,'2019-12-16 03:21:01'),(621,-1618313016,'2019-12-16 03:21:08'),(622,-1618305608,'2019-12-16 03:21:12'),(623,-1618306289,'2019-12-16 03:22:10'),(624,-1618305725,'2019-12-16 03:21:29'),(625,-1618305608,'2019-12-16 03:21:35'),(626,-1618305372,'2019-12-16 03:21:35'),(627,-1618307327,'2019-12-16 03:21:44'),(628,-1618307799,'2019-12-16 03:21:50'),(629,-1618307124,'2019-12-16 03:21:56'),(630,-1618305739,'2019-12-16 03:22:19'),(631,-1618305433,'2019-12-16 03:22:20'),(632,-1618307020,'2019-12-16 03:22:24'),(633,-1618306702,'2019-12-16 03:22:25'),(634,-1618306129,'2019-12-16 03:22:31'),(635,-1618308064,'2019-12-16 03:22:40'),(636,-1618305963,'2019-12-16 03:22:42'),(637,-1618306160,'2019-12-16 03:22:48'),(638,-1618305824,'2019-12-16 03:23:16'),(639,-1618307267,'2019-12-16 03:23:33'),(640,-1618306289,'2019-12-16 03:23:35'),(641,-1618306054,'2019-12-16 03:23:39'),(642,-1618306958,'2019-12-16 03:23:42'),(643,-1618306450,'2019-12-16 03:23:43'),(644,-1618305706,'2019-12-16 03:23:45'),(645,-1618306607,'2019-12-16 03:23:47'),(646,-1618307172,'2019-12-16 03:24:10'),(647,-1618313146,'2019-12-16 03:24:24'),(648,-1618313146,'2019-12-16 03:24:37'),(649,-1618305255,'2019-12-16 03:24:39'),(650,-1201737636,'2019-12-16 14:30:09'),(651,-1201737636,'2019-12-16 14:49:52'),(652,-1182228710,'2019-12-17 03:09:34'),(653,-1618307024,'2019-12-17 10:54:39'),(654,-1618305911,'2019-12-17 10:54:47'),(655,-1618306262,'2019-12-17 10:55:06'),(656,-1618313043,'2019-12-17 10:55:08'),(657,-1618305740,'2019-12-17 10:55:16'),(658,-1618306446,'2019-12-17 10:55:23'),(659,-1618307112,'2019-12-17 10:55:25'),(660,-1618306845,'2019-12-17 10:55:31'),(661,-1618306123,'2019-12-17 10:55:34'),(662,-1618306956,'2019-12-17 10:55:48'),(663,-1618305363,'2019-12-17 10:55:55'),(664,-1618305175,'2019-12-17 10:56:04'),(665,-1618305395,'2019-12-17 10:57:54'),(666,-1618307060,'2019-12-17 10:58:23'),(667,-1618305364,'2019-12-17 10:59:01'),(668,-1618306590,'2019-12-17 10:59:09'),(669,-1618306262,'2019-12-17 10:59:50'),(670,-1618306457,'2019-12-17 11:00:24'),(671,-1618306249,'2019-12-17 11:00:35'),(672,-1618307397,'2019-12-17 11:24:29'),(673,-1618307644,'2019-12-18 04:38:12'),(674,-1618306699,'2019-12-18 04:47:35'),(675,-1618306622,'2019-12-18 04:53:14'),(676,-1618305112,'2019-12-18 05:32:31'),(677,-1618313212,'2019-12-18 05:53:00'),(678,-1618305900,'2019-12-18 06:03:52'),(679,-1618307539,'2019-12-18 14:47:41'),(680,-1618307522,'2019-12-18 14:55:46'),(681,-1618307944,'2019-12-18 15:01:37'),(682,-1618313206,'2019-12-18 15:10:21'),(683,-1618305911,'2019-12-18 15:28:52'),(684,-1618307129,'2019-12-18 15:30:34'),(685,-1618307060,'2019-12-18 15:34:15'),(686,-1618305039,'2019-12-18 15:35:14'),(687,-1618307559,'2019-12-18 15:37:31'),(688,-1618307653,'2019-12-18 15:40:19'),(689,-1618307025,'2019-12-18 15:41:10'),(690,-1618305674,'2019-12-18 15:43:34'),(691,-1618306870,'2019-12-18 15:48:53'),(692,-1618305410,'2019-12-18 15:49:50'),(693,-1618306710,'2019-12-18 15:52:19'),(694,-1618305670,'2019-12-18 15:55:56'),(695,-1618305774,'2019-12-18 16:07:50'),(696,-1618306016,'2019-12-18 16:11:56'),(697,-1618307283,'2019-12-18 16:15:30'),(698,-1618305463,'2019-12-18 16:52:12'),(699,-1618305537,'2019-12-18 16:53:31'),(700,-1618305252,'2019-12-18 16:59:59'),(701,-1618306748,'2019-12-18 17:10:17'),(702,-1618307559,'2019-12-18 17:12:20'),(703,-1618305463,'2019-12-18 17:19:25'),(704,-1618312993,'2019-12-18 17:22:30'),(705,-1618306585,'2019-12-18 17:25:35'),(706,-1618305930,'2019-12-18 17:28:35'),(707,-1618306576,'2019-12-18 17:28:47'),(708,-1618307637,'2019-12-18 17:42:57'),(709,-1618307653,'2019-12-18 17:51:43'),(710,-1618306003,'2019-12-18 17:54:30'),(711,-1618307451,'2019-12-18 18:02:51'),(712,-1618313038,'2019-12-18 18:04:35'),(713,-1618305111,'2019-12-18 18:12:52'),(714,-1618307653,'2019-12-18 18:20:13'),(715,-1618307470,'2019-12-18 18:21:28'),(716,-1618306457,'2019-12-18 18:26:56'),(717,-1618308028,'2019-12-18 18:28:03'),(718,-1618305968,'2019-12-18 18:33:35'),(719,-1618305366,'2019-12-18 18:36:54'),(720,-1618306491,'2019-12-18 18:46:35'),(721,-1618313001,'2019-12-18 18:50:08'),(722,-1618312996,'2019-12-18 18:53:20'),(723,-1618313046,'2019-12-18 18:54:45'),(724,-1618306392,'2019-12-18 18:59:39'),(725,-1618313197,'2019-12-18 19:01:14'),(726,-1618306260,'2019-12-18 19:02:50'),(727,-1618305237,'2019-12-18 19:23:11'),(728,-1618307122,'2019-12-18 19:28:00'),(729,-1618305115,'2019-12-18 19:32:37'),(730,-1618305064,'2019-12-18 19:39:58'),(731,-1618305670,'2019-12-18 19:46:17'),(732,-1618305760,'2019-12-18 19:53:00'),(733,-1618305773,'2019-12-18 19:58:00'),(734,-1618306950,'2019-12-18 20:00:50'),(735,-1618312980,'2019-12-18 20:02:17'),(736,-1618306016,'2019-12-18 20:04:08'),(737,-1618305856,'2019-12-18 20:07:59'),(738,-1618305487,'2019-12-18 20:15:34'),(739,-1618307256,'2019-12-19 03:17:39'),(740,-1618306541,'2019-12-19 03:33:59'),(741,-1618305359,'2019-12-19 03:37:12'),(742,-1618306795,'2019-12-19 03:39:15'),(743,-1618307653,'2019-12-19 03:50:16'),(744,-1618305463,'2019-12-19 03:54:36'),(745,-1618305855,'2019-12-19 04:05:38'),(746,-1618305984,'2019-12-19 04:10:50'),(747,-1618306260,'2019-12-19 04:30:32'),(748,-1618305545,'2019-12-19 04:42:37'),(749,-1618305395,'2019-12-19 04:50:22'),(750,-1618306457,'2019-12-19 04:55:27'),(751,-1618313017,'2019-12-19 05:13:41'),(752,-1618305657,'2019-12-19 05:20:40'),(753,-1618306782,'2019-12-19 06:12:21'),(754,1772043352,'2019-12-20 13:01:20'),(755,-1618305576,'2019-12-22 00:14:16'),(756,-1618307914,'2019-12-22 22:37:18'),(757,-1618307733,'2019-12-22 22:42:40'),(758,-1618313046,'2019-12-22 22:44:07'),(759,-1618307334,'2019-12-22 22:45:34'),(760,-1618305151,'2019-12-22 22:47:13'),(761,-1618313038,'2019-12-22 22:50:49'),(762,-1618305366,'2019-12-22 22:52:19'),(763,-1618306153,'2019-12-22 22:53:09'),(764,-1618305531,'2019-12-22 22:54:32'),(765,-1618305375,'2019-12-22 22:56:42'),(766,-1618313009,'2019-12-22 22:57:15'),(767,-1618305670,'2019-12-22 22:59:02'),(768,-1618306126,'2019-12-22 23:10:11'),(769,-1618306887,'2019-12-22 23:15:12'),(770,-1618307035,'2019-12-22 23:18:04'),(771,-1618305463,'2019-12-22 23:36:51'),(772,-1618306795,'2019-12-23 01:04:46'),(773,-1618307060,'2019-12-23 11:40:37'),(774,-1618305111,'2019-12-23 11:47:15'),(775,-1618305487,'2019-12-23 11:47:46'),(776,-1618305391,'2019-12-23 11:47:50'),(777,-1618306496,'2019-12-23 11:50:04'),(778,-1618306378,'2019-12-23 11:54:19'),(779,-1618305375,'2019-12-23 11:57:17'),(780,-1618306131,'2019-12-23 12:06:45'),(781,-1618306359,'2019-12-23 12:07:14'),(782,-1618305375,'2019-12-23 12:09:58'),(783,-1618305359,'2019-12-23 12:19:20'),(784,-1618305841,'2019-12-23 12:28:33'),(785,-1618305937,'2019-12-23 12:51:34'),(786,1765965937,'2019-12-23 13:44:54'),(787,1765999453,'2019-12-23 14:39:27'),(788,-1618305377,'2019-12-23 15:13:56'),(789,-1618307313,'2019-12-24 15:52:49'),(790,-1618305885,'2019-12-24 15:53:12'),(791,-1618307491,'2019-12-24 15:53:55'),(792,-1618306858,'2019-12-24 15:53:58'),(793,-1618307461,'2019-12-24 15:54:16'),(794,-1618305987,'2019-12-24 15:54:18'),(795,-1618305347,'2019-12-24 15:54:20'),(796,-1618307461,'2019-12-24 15:54:20'),(797,-1618313163,'2019-12-24 15:54:41'),(798,-1618306003,'2019-12-24 15:54:53'),(799,-1618313009,'2019-12-24 15:54:58'),(800,-1618306795,'2019-12-24 15:55:11'),(801,-1618305949,'2019-12-24 15:55:57'),(802,-1618305937,'2019-12-24 20:02:04'),(803,-1618305200,'2019-12-24 20:02:12'),(804,-1618307129,'2019-12-24 20:02:15'),(805,1716423477,'2019-12-24 21:28:19'),(807,697284729,'2019-12-25 21:06:32'),(808,-1598977267,'2019-12-26 22:37:59'),(809,-999005335,'2019-12-27 12:28:12'),(810,-1599014114,'2019-12-27 12:40:40'),(811,1771864618,'2019-12-27 19:46:19'),(812,-1598977267,'2019-12-27 19:58:22'),(813,-1618305385,'2019-12-27 21:40:49'),(814,-1618305293,'2019-12-27 22:12:52'),(815,-1618306498,'2019-12-27 22:40:42'),(816,784401076,'2019-12-27 23:21:06'),(817,-1618307248,'2019-12-28 09:08:38'),(818,-1618305981,'2019-12-28 10:01:51'),(819,-1618307529,'2019-12-28 14:43:51'),(820,1718068593,'2019-12-30 18:39:11'),(821,-1618306132,'2020-01-01 02:30:46'),(822,-1618306718,'2020-01-01 05:18:15'),(823,-1618306794,'2020-01-01 05:24:41'),(824,-1618305645,'2020-01-01 18:20:21'),(825,-1618305455,'2020-01-01 18:20:38'),(826,-1618306255,'2020-01-01 18:20:44'),(827,-1618305250,'2020-01-01 18:20:46'),(828,704227623,'2020-01-04 15:02:26'),(829,-1618306080,'2020-01-04 15:05:00'),(830,-1001747767,'2020-01-05 06:21:38'),(831,-1618306029,'2020-01-05 10:32:19'),(832,-1182228710,'2020-01-05 11:40:27'),(833,-1618307774,'2020-01-05 17:47:48'),(834,704171617,'2020-01-05 19:32:59'),(835,-1598915533,'2020-01-05 21:18:17'),(836,704131632,'2020-01-08 12:21:00'),(838,-1618313082,'2020-01-05 23:19:03'),(839,-992383035,'2020-01-06 03:00:42'),(843,-1618305380,'2020-01-06 13:50:20'),(844,-1618305235,'2020-01-06 15:50:46'),(845,-1618306872,'2020-01-06 15:50:51'),(846,-1618307191,'2020-01-06 16:29:59'),(847,-1618306988,'2020-01-06 17:09:49'),(848,-1618306990,'2020-01-06 18:20:36'),(849,-1618305661,'2020-01-06 20:39:54'),(850,1716428475,'2020-01-06 23:31:27'),(851,-1618313191,'2020-01-07 00:06:18'),(852,-1618313148,'2020-01-07 01:49:31'),(853,-1618305507,'2020-01-07 03:46:07'),(854,-1618307654,'2020-01-07 03:53:38'),(855,-1618305870,'2020-01-07 04:42:29'),(856,-1618306885,'2020-01-07 05:48:40'),(857,-1618306186,'2020-01-07 09:53:44'),(858,-1618305785,'2020-01-07 11:55:48'),(859,-1618313013,'2020-01-07 14:56:30'),(860,-1618313161,'2020-01-07 18:23:16'),(861,-1618306506,'2020-01-07 18:23:39'),(862,-1618305833,'2020-01-07 19:09:35'),(863,-1618305488,'2020-01-07 20:29:19'),(864,1771849465,'2020-01-07 21:26:32'),(867,704161968,'2020-01-07 21:34:06'),(868,-1618313152,'2020-01-07 22:09:29'),(870,-1618305167,'2020-01-07 23:13:39'),(871,-1618307878,'2020-01-08 02:15:52'),(872,-1618306456,'2020-01-08 03:20:33'),(873,-1618305799,'2020-01-08 04:25:08'),(874,-1618306957,'2020-01-08 05:17:03'),(875,-1618306860,'2020-01-08 11:35:19'),(876,704321392,'2020-01-08 19:10:23'),(877,-998468292,'2020-01-08 22:11:17'),(878,-1618307358,'2020-01-09 03:31:42'),(879,-1618307038,'2020-01-09 05:32:02'),(880,-1618307194,'2020-01-09 05:32:10'),(881,-1618306952,'2020-01-09 07:21:06'),(882,-1000529371,'2020-01-09 07:35:17'),(883,-1618313213,'2020-01-09 08:38:07'),(884,-1618305628,'2020-01-09 09:05:29'),(885,-1618307573,'2020-01-09 13:39:14'),(886,-1618306545,'2020-01-09 14:16:59'),(887,-1618306034,'2020-01-09 17:44:39'),(888,-1618307410,'2020-01-09 18:36:11'),(889,-1618312983,'2020-01-09 22:30:46'),(890,-1618305291,'2020-01-09 22:42:42'),(891,-1618305456,'2020-01-09 23:22:12'),(892,-1618307576,'2020-01-09 23:47:10'),(893,-1618305516,'2020-01-10 00:35:19'),(894,-1618305089,'2020-01-10 00:35:19'),(895,-1618307449,'2020-01-10 03:13:14'),(896,-1618305275,'2020-01-10 07:10:40'),(897,-1618308053,'2020-01-10 10:44:33'),(898,-1618306842,'2020-01-10 11:30:57'),(899,-1618307269,'2020-01-10 13:45:40'),(900,-1618305939,'2020-01-10 14:05:50'),(901,-1618307895,'2020-01-10 14:32:30'),(902,-1618313109,'2020-01-10 15:18:13'),(903,-1618306589,'2020-01-10 17:13:00'),(904,-1001742769,'2020-01-10 19:04:14'),(905,-1618307198,'2020-01-10 19:16:05'),(906,-1618307566,'2020-01-10 22:52:18'),(907,-1618306344,'2020-01-10 22:52:27'),(908,-1618305717,'2020-01-10 22:52:37'),(909,-1618306335,'2020-01-10 23:27:58'),(910,-1618312982,'2020-01-10 23:27:59'),(911,-1618306509,'2020-01-10 23:28:05'),(912,-1618308017,'2020-01-10 23:28:07'),(913,-1618307247,'2020-01-10 23:28:09'),(914,-1618307453,'2020-01-10 23:28:13'),(915,-1618307882,'2020-01-11 04:02:15'),(916,-1618305028,'2020-01-11 04:02:27'),(917,-1618305795,'2020-01-11 04:02:40'),(918,-1618305222,'2020-01-11 04:02:45'),(919,-1618306724,'2020-01-11 04:02:46'),(920,-1618306809,'2020-01-11 04:02:50'),(921,-1618306927,'2020-01-11 05:40:15'),(922,-1618306132,'2020-01-11 05:40:30'),(923,-1618307841,'2020-01-11 06:07:40'),(924,-1618306805,'2020-01-11 08:43:03'),(925,-1618306025,'2020-01-11 09:36:28'),(926,-1001698087,'2020-01-11 13:57:18'),(927,-1618306332,'2020-01-11 14:27:28'),(928,-1618306760,'2020-01-11 19:57:51'),(929,-1618305947,'2020-01-12 02:01:23'),(930,-1618306028,'2020-01-12 03:49:19'),(931,1123636092,'2020-01-12 04:37:55'),(932,1123636090,'2020-01-12 04:39:18'),(933,-1618312980,'2020-01-12 05:50:24'),(934,-1618306002,'2020-01-12 06:27:24'),(935,-1618307468,'2020-01-12 08:52:38'),(936,-1598890651,'2020-01-12 09:51:54'),(937,-1618306662,'2020-01-12 10:39:20'),(938,-1618307419,'2020-01-12 10:54:16'),(939,-1618305852,'2020-01-12 13:05:21'),(940,-1618305662,'2020-01-12 13:28:42'),(941,-1618305503,'2020-01-12 13:45:19'),(942,-1618308026,'2020-01-12 14:23:24'),(943,-1618305878,'2020-01-12 16:12:28'),(944,-1618305140,'2020-01-12 19:00:15'),(945,-1618305152,'2020-01-12 20:40:37'),(946,-1618307949,'2020-01-12 23:43:55'),(947,-1618305805,'2020-01-13 04:05:53'),(948,-1618312971,'2020-01-13 04:05:55'),(949,-1618307644,'2020-01-13 04:05:55'),(950,-1618307186,'2020-01-13 04:06:31'),(951,-1618305166,'2020-01-13 04:16:48'),(952,-1618307781,'2020-01-13 05:33:39'),(953,-1618306182,'2020-01-13 05:33:47'),(954,-1618306793,'2020-01-13 07:17:49'),(955,-1618306959,'2020-01-13 07:17:53'),(956,-1618313127,'2020-01-13 09:30:48'),(957,-1618306915,'2020-01-13 09:30:48'),(958,-1618306048,'2020-01-13 11:02:16'),(959,1771938824,'2020-01-13 11:27:59'),(960,-1618306387,'2020-01-13 12:51:26'),(961,-1618307508,'2020-01-13 14:40:03'),(962,-1618305474,'2020-01-13 14:40:05'),(963,-1618313095,'2020-01-13 14:40:17'),(964,-1618307003,'2020-01-13 14:40:18'),(965,-1618305455,'2020-01-13 14:40:21'),(966,-1618306266,'2020-01-13 14:40:25'),(967,-1618306107,'2020-01-13 14:40:29'),(968,-1618305687,'2020-01-13 14:40:29'),(969,-1618308045,'2020-01-13 14:40:32'),(970,-1599539670,'2020-01-13 21:33:07'),(971,704216264,'2020-01-14 15:35:42'),(972,-1618305742,'2020-01-14 23:33:37'),(973,-1618306662,'2020-01-14 23:33:54'),(974,-1618306881,'2020-01-14 23:34:00'),(975,-1618306162,'2020-01-14 23:34:07'),(976,-1618305397,'2020-01-14 23:34:12'),(977,-1618305592,'2020-01-14 23:34:14'),(978,-1618307116,'2020-01-14 23:34:20'),(979,-1618307949,'2020-01-14 23:34:23'),(980,-1618306350,'2020-01-14 23:34:24'),(981,-1618307749,'2020-01-14 23:34:25'),(982,-1618305812,'2020-01-14 23:34:36'),(983,-1618307060,'2020-01-14 23:34:39'),(984,-1618313013,'2020-01-14 23:34:40'),(985,-1618307789,'2020-01-14 23:34:42'),(986,-1618306370,'2020-01-14 23:34:45'),(987,-1618305179,'2020-01-14 23:34:45'),(988,-1618306620,'2020-01-14 23:34:47'),(989,-1618306372,'2020-01-14 23:34:57'),(990,-1618305055,'2020-01-14 23:34:59'),(991,-1618307763,'2020-01-14 23:35:07'),(992,-1618307020,'2020-01-14 23:35:08'),(993,-1618305706,'2020-01-14 23:35:10'),(994,-1618306530,'2020-01-14 23:35:15'),(995,-1618305433,'2020-01-14 23:35:17'),(996,-1618305707,'2020-01-14 23:35:17'),(997,-1618306353,'2020-01-14 23:35:26'),(998,-1618307900,'2020-01-14 23:35:29'),(999,-1618306454,'2020-01-14 23:35:30'),(1000,-1618307203,'2020-01-14 23:35:38'),(1001,-1618306228,'2020-01-14 23:35:47'),(1002,-1618307944,'2020-01-14 23:35:50'),(1003,-1618306711,'2020-01-15 06:59:53'),(1004,-1618306502,'2020-01-15 07:00:01'),(1005,-1618306891,'2020-01-15 07:00:15'),(1006,-992407108,'2020-01-15 10:02:43'),(1007,697106536,'2020-01-15 15:26:37'),(1008,-1618306604,'2020-01-16 04:15:23'),(1009,-1618305131,'2020-01-16 04:15:40'),(1010,-1618305269,'2020-01-16 08:46:50'),(1011,-1618307353,'2020-01-16 08:46:52'),(1012,-1618307538,'2020-01-16 08:47:05'),(1013,-1618306679,'2020-01-16 11:51:33'),(1014,-1618306897,'2020-01-16 14:13:09'),(1015,-1618308048,'2020-01-16 18:32:40'),(1016,-1618305709,'2020-01-16 20:38:04'),(1017,-1618305888,'2020-01-16 21:42:42'),(1018,-1618305393,'2020-01-16 21:42:45'),(1019,-1618313046,'2020-01-17 06:37:53'),(1020,697289317,'2020-01-17 12:30:57'),(1021,-1618307577,'2020-01-17 15:43:43'),(1022,-1001699699,'2020-01-17 16:43:02'),(1023,-1001699699,'2020-01-17 16:43:58'),(1024,-1001699699,'2020-01-17 16:46:20'),(1025,-1618313166,'2020-01-17 18:56:09'),(1026,-1618313142,'2020-01-17 23:09:10'),(1027,-1618305242,'2020-01-18 05:47:45'),(1028,-1618305044,'2020-01-18 09:30:49'),(1029,-1618307413,'2020-01-18 14:49:34'),(1030,-1618306716,'2020-01-18 20:50:41'),(1031,-1618308020,'2020-01-19 02:42:23'),(1032,-1618307107,'2020-01-19 03:18:22'),(1033,-1618306925,'2020-01-19 08:31:52'),(1034,-1618305936,'2020-01-19 10:27:38'),(1035,-1618306314,'2020-01-19 11:35:49'),(1036,-1618305526,'2020-01-19 16:27:10'),(1037,-1618305517,'2020-01-19 21:35:09'),(1038,-1618305640,'2020-01-20 01:36:47'),(1039,-1618306634,'2020-01-20 06:24:29'),(1040,-1618306333,'2020-01-20 09:11:57'),(1041,-1618313013,'2020-01-20 09:58:10'),(1042,-1618305681,'2020-01-20 10:55:13'),(1043,-1618306144,'2020-01-20 13:03:15'),(1044,-1618307853,'2020-01-20 19:19:42'),(1045,-1618307392,'2020-01-20 19:21:38'),(1046,-1618305829,'2020-01-20 19:25:34'),(1047,-1618307789,'2020-01-20 19:28:05'),(1048,-1618305867,'2020-01-20 19:28:07'),(1049,-1618306972,'2020-01-20 19:29:07'),(1050,-1618307945,'2020-01-20 19:32:02'),(1051,-1618305658,'2020-01-20 20:28:32'),(1052,-1618307577,'2020-01-20 21:12:58'),(1053,-1618305711,'2020-01-20 22:33:42'),(1054,-1618306934,'2020-01-20 22:33:44'),(1055,-1618313145,'2020-01-20 22:40:44'),(1056,-1618306030,'2020-01-20 23:01:15'),(1057,-1618307540,'2020-01-20 23:14:59'),(1058,697287834,'2020-01-21 01:27:02'),(1059,-1618305522,'2020-01-21 01:56:53'),(1060,1920443045,'2020-01-21 09:06:25'),(1061,1920442845,'2020-01-21 09:06:29'),(1062,1920443448,'2020-01-21 09:06:30'),(1063,1920438497,'2020-01-21 09:06:34'),(1064,1920441834,'2020-01-21 09:06:38'),(1065,1920436304,'2020-01-21 09:06:42'),(1066,1920440443,'2020-01-21 09:06:43'),(1067,1920435611,'2020-01-21 09:06:43'),(1068,1920435860,'2020-01-21 09:06:43'),(1069,1920443954,'2020-01-21 09:06:44'),(1070,1920442249,'2020-01-21 09:06:45'),(1071,1920443232,'2020-01-21 09:06:46'),(1072,-1618306226,'2020-01-21 13:25:11'),(1073,-1618306636,'2020-01-21 14:10:28'),(1074,-1618313176,'2020-01-21 14:41:56'),(1075,-1618306355,'2020-01-21 16:27:16'),(1076,1920436897,'2020-01-21 17:16:41'),(1077,1920434366,'2020-01-21 17:16:48'),(1078,1920442902,'2020-01-21 17:16:49'),(1079,1920439694,'2020-01-21 17:17:09'),(1080,1920434288,'2020-01-21 17:17:09'),(1081,697090155,'2020-01-21 19:09:46'),(1082,1920439381,'2020-01-21 23:45:22'),(1083,1920442346,'2020-01-21 23:45:22'),(1084,1920443302,'2020-01-21 23:45:25'),(1085,-1618307947,'2020-01-22 03:49:07'),(1086,-1618306097,'2020-01-22 04:05:02'),(1087,1920440897,'2020-01-22 08:30:30'),(1088,-1618306843,'2020-01-22 08:43:23'),(1089,-1618305295,'2020-01-22 08:51:51'),(1090,-1618306111,'2020-01-22 09:47:40'),(1091,-1618307672,'2020-01-22 10:08:35'),(1092,-1618305808,'2020-01-22 12:16:00'),(1093,1920439707,'2020-01-22 14:00:44'),(1094,1920441733,'2020-01-22 14:00:45'),(1095,1920440108,'2020-01-22 14:00:49'),(1096,1920442084,'2020-01-22 14:00:49'),(1097,-1618306619,'2020-01-22 14:26:43'),(1098,1920439176,'2020-01-22 14:44:43'),(1099,1920441982,'2020-01-22 14:44:44'),(1100,-1618305669,'2020-01-22 15:04:36'),(1101,-1618307333,'2020-01-22 15:11:58'),(1102,-1618305286,'2020-01-22 15:39:04'),(1103,1920436965,'2020-01-22 18:03:22'),(1104,1920434776,'2020-01-22 18:03:22'),(1105,-1618306905,'2020-01-22 18:26:37'),(1106,1920444384,'2020-01-22 19:10:31'),(1107,1920436960,'2020-01-22 19:10:32'),(1108,-1618307995,'2020-01-22 19:50:43'),(1109,-1618307154,'2020-01-22 22:45:49'),(1110,-1618307704,'2020-01-22 22:45:52'),(1111,-1618306798,'2020-01-23 00:00:00'),(1112,1920437574,'2020-01-23 00:44:27'),(1113,1920435289,'2020-01-23 00:44:30'),(1114,1920434681,'2020-01-23 00:44:31'),(1115,1920437241,'2020-01-23 00:44:33'),(1116,1920434192,'2020-01-23 00:44:33'),(1117,1920434450,'2020-01-23 00:44:35'),(1118,1920437913,'2020-01-23 00:44:36'),(1119,1920442990,'2020-01-23 00:44:41'),(1120,-1618306411,'2020-01-23 01:51:36'),(1121,-1618305432,'2020-01-23 04:32:45'),(1122,-1618306055,'2020-01-23 04:46:52'),(1123,-1618306073,'2020-01-23 06:45:55'),(1124,-1618307779,'2020-01-23 07:15:34'),(1125,-1618305320,'2020-01-23 07:57:57'),(1126,-1618306555,'2020-01-23 08:33:16'),(1127,-1618307156,'2020-01-23 09:14:03'),(1128,-1618307846,'2020-01-23 10:01:51'),(1129,-1618313171,'2020-01-23 10:48:40'),(1130,-1618308015,'2020-01-23 10:48:41'),(1131,-1618312987,'2020-01-23 11:04:34'),(1132,1920435753,'2020-01-23 11:35:19'),(1133,1920437774,'2020-01-23 11:35:22'),(1134,1920442533,'2020-01-23 11:35:22'),(1135,1920436611,'2020-01-23 11:35:23'),(1136,1920441700,'2020-01-23 11:35:25'),(1137,1920441860,'2020-01-23 11:35:26'),(1138,-1618307028,'2020-01-23 12:35:26'),(1139,-1618307670,'2020-01-23 12:41:09'),(1140,-1618307683,'2020-01-23 13:46:48'),(1141,-1618313172,'2020-01-23 14:00:26'),(1142,-1618305506,'2020-01-23 15:15:10'),(1143,1920439769,'2020-01-23 18:27:20'),(1144,-1598836774,'2020-01-23 19:23:32'),(1145,1920443053,'2020-01-23 20:13:09'),(1146,1920440115,'2020-01-23 21:32:23'),(1147,1920437722,'2020-01-23 21:32:27'),(1148,-1618305930,'2020-01-23 21:37:53'),(1149,-1618305831,'2020-01-23 22:15:56'),(1150,1920437194,'2020-01-24 01:52:55'),(1151,1920434694,'2020-01-24 02:36:01'),(1152,-1618306840,'2020-01-24 03:17:31'),(1153,-1618306289,'2020-01-24 03:33:22'),(1154,-1618305445,'2020-01-24 04:03:20'),(1155,1920437782,'2020-01-24 04:29:58'),(1156,-1618306339,'2020-01-24 04:32:01'),(1157,1920439504,'2020-01-24 04:51:40'),(1158,1920438196,'2020-01-24 05:26:52'),(1159,1920438074,'2020-01-24 05:53:39'),(1160,-1618307814,'2020-01-24 08:04:20'),(1161,1920439734,'2020-01-24 08:56:33'),(1162,1920434522,'2020-01-24 09:38:43'),(1163,1920434972,'2020-01-24 10:07:32'),(1164,-1618307042,'2020-01-24 10:40:58'),(1165,1920443674,'2020-01-24 11:07:53'),(1166,1920435658,'2020-01-24 12:49:08'),(1167,-1618307849,'2020-01-24 13:26:52'),(1168,-1618306977,'2020-01-24 14:12:52'),(1169,1920443041,'2020-01-24 14:43:51'),(1170,-1618306411,'2020-01-24 15:37:35'),(1171,-1618319730,'2020-01-24 16:08:17'),(1172,1920436938,'2020-01-24 16:39:51'),(1173,1920436979,'2020-01-24 17:05:17'),(1174,1920441626,'2020-01-24 18:40:43'),(1175,1920444017,'2020-01-24 18:50:17'),(1176,1920439323,'2020-01-24 21:08:41'),(1177,1920439246,'2020-01-24 21:40:16'),(1178,704127573,'2020-01-24 21:42:32'),(1179,1920439912,'2020-01-24 21:43:45'),(1180,1920442907,'2020-01-24 21:45:59'),(1181,1920440075,'2020-01-24 21:49:40'),(1182,-1618306824,'2020-01-24 22:59:13'),(1183,1920442451,'2020-01-24 23:32:23'),(1184,1920436890,'2020-01-24 23:46:34'),(1185,704214097,'2020-01-25 00:05:13'),(1186,1920443897,'2020-01-25 00:19:40'),(1187,1920437855,'2020-01-25 00:33:14'),(1188,1920441541,'2020-01-25 00:52:52'),(1189,1920438669,'2020-01-25 01:12:58'),(1190,1920443718,'2020-01-25 01:40:15'),(1191,1920439765,'2020-01-25 01:58:35'),(1192,1920436817,'2020-01-25 02:22:39'),(1193,1920437740,'2020-01-25 03:20:02'),(1194,1920436956,'2020-01-25 03:32:52'),(1195,1920439673,'2020-01-25 03:44:04'),(1196,1920437376,'2020-01-25 03:53:10'),(1197,1920434470,'2020-01-25 04:07:00'),(1198,1920443271,'2020-01-25 04:57:12'),(1199,-1618305283,'2020-01-25 06:06:17'),(1200,-1618306527,'2020-01-25 06:30:19'),(1201,1920437208,'2020-01-25 06:57:34'),(1202,-1618312986,'2020-01-25 09:13:35'),(1203,1920435211,'2020-01-25 14:13:45'),(1204,1920440350,'2020-01-25 16:58:54'),(1205,-1618305535,'2020-01-25 17:24:28'),(1206,-1618306695,'2020-01-25 18:37:25'),(1207,1920442854,'2020-01-25 19:19:53'),(1208,1920438283,'2020-01-25 19:34:22'),(1209,1920441970,'2020-01-25 19:55:11'),(1210,-1618307891,'2020-01-25 19:56:37'),(1211,1920438097,'2020-01-25 20:19:17'),(1212,1920440247,'2020-01-25 21:03:37'),(1213,1920437072,'2020-01-25 22:16:33'),(1214,-1618305515,'2020-01-25 22:23:11'),(1215,1920434431,'2020-01-25 22:41:02'),(1216,1920441820,'2020-01-25 23:01:47'),(1217,1920434948,'2020-01-26 00:12:23'),(1218,1920441260,'2020-01-26 00:20:48'),(1219,-1618305096,'2020-01-26 00:55:20'),(1220,-981422812,'2020-01-29 23:22:37'),(1221,-1618313094,'2020-01-26 03:27:07'),(1222,-1618305861,'2020-01-26 12:50:00'),(1223,-1618306927,'2020-01-26 13:41:56'),(1224,1920443660,'2020-01-26 17:36:09'),(1225,1920437302,'2020-01-26 18:54:32'),(1226,1920434205,'2020-01-26 19:03:47'),(1227,1920436955,'2020-01-26 19:10:44'),(1228,-1002113822,'2020-01-26 20:09:30'),(1229,1920443181,'2020-01-26 20:47:40'),(1230,1920439069,'2020-01-27 00:24:26'),(1231,1920440948,'2020-01-27 01:27:22'),(1232,1920434641,'2020-01-27 01:31:04'),(1233,1920434374,'2020-01-27 02:45:12'),(1234,1920438420,'2020-01-27 06:46:51'),(1235,1920444197,'2020-01-27 11:02:25'),(1236,-1618308006,'2020-01-27 11:11:08'),(1237,-1618313101,'2020-01-27 11:11:12'),(1238,-1618306974,'2020-01-27 11:11:17'),(1239,-1618305672,'2020-01-27 11:11:28'),(1240,-1618305648,'2020-01-27 11:11:51'),(1241,-1618306312,'2020-01-27 11:11:52'),(1242,-1618306511,'2020-01-27 11:12:00'),(1243,1920436249,'2020-01-27 11:21:18'),(1244,704216653,'2020-02-01 19:13:48'),(1245,-1618306426,'2020-01-27 15:20:46'),(1246,-998764329,'2020-01-27 16:19:54'),(1247,-1618306998,'2020-01-27 21:55:06'),(1248,1920436536,'2020-01-27 22:06:32'),(1249,-1618307074,'2020-01-27 22:34:06'),(1250,704205277,'2020-01-27 22:39:41'),(1251,-1618313094,'2020-01-28 01:30:26'),(1252,-1618307735,'2020-01-28 01:30:44'),(1253,1920444042,'2020-01-28 03:48:37'),(1254,-1618305520,'2020-01-28 05:21:35'),(1255,1920438990,'2020-01-28 07:40:25'),(1256,-1618313019,'2020-01-28 07:58:24'),(1257,-1618308048,'2020-01-28 08:13:04'),(1258,1920440376,'2020-01-28 09:42:53'),(1259,-1618305596,'2020-01-28 11:20:58'),(1260,-1618305339,'2020-01-28 13:36:25'),(1261,-1618306971,'2020-01-28 13:46:18'),(1262,1920434462,'2020-01-28 15:43:51'),(1263,-1618305781,'2020-01-28 17:37:42'),(1264,-1618306913,'2020-01-28 18:07:20'),(1265,-1618306740,'2020-01-28 18:07:24'),(1266,1920440530,'2020-01-28 18:21:46'),(1267,-1618305028,'2020-01-28 18:28:58'),(1268,1920439556,'2020-01-28 19:57:02'),(1269,-1618305304,'2020-01-28 20:52:15'),(1270,-1618306282,'2020-01-28 21:26:51'),(1271,-1618307058,'2020-01-28 23:05:07'),(1272,-1618306943,'2020-01-28 23:20:19'),(1273,-1618306985,'2020-01-28 23:54:01'),(1274,1920439657,'2020-01-29 00:43:42'),(1275,-1618313012,'2020-01-29 04:29:42'),(1276,1920434343,'2020-01-29 04:48:28'),(1277,1920436196,'2020-01-29 05:14:06'),(1278,1920441652,'2020-01-29 05:59:20'),(1279,1920439786,'2020-01-29 06:50:58'),(1280,-1618305624,'2020-01-29 08:48:32'),(1281,-992382569,'2020-01-29 09:12:46'),(1282,-1001120840,'2020-01-29 09:16:35'),(1283,1920436945,'2020-01-29 10:04:57'),(1284,1920440255,'2020-01-29 10:05:38'),(1285,-1618307847,'2020-01-29 10:51:33'),(1286,1920440299,'2020-01-29 11:08:20'),(1287,1920441967,'2020-01-29 11:24:10'),(1288,-1618305422,'2020-01-29 12:05:46'),(1289,697052806,'2020-01-30 09:25:35'),(1290,697072570,'2020-01-31 15:53:03'),(1291,769160400,'2020-01-31 19:54:50'),(1292,-993116081,'2020-01-31 22:07:29'),(1293,87964221,'2020-02-01 01:24:46'),(1294,704163344,'2020-02-01 14:34:46'),(1295,1771839332,'2020-02-01 17:29:30'),(1296,1771932563,'2020-02-02 20:04:33'),(1297,-1618305761,'2020-02-03 07:03:46'),(1298,-1618305089,'2020-02-03 09:06:04'),(1299,-1618306205,'2020-02-03 11:57:05'),(1300,1920434935,'2020-02-03 12:20:33'),(1301,-1618305913,'2020-02-03 12:21:13'),(1302,1920442260,'2020-02-03 12:32:55'),(1303,1920443590,'2020-02-03 13:05:00'),(1304,-1618305471,'2020-02-03 13:30:29'),(1305,1920441147,'2020-02-03 13:33:02'),(1306,1920444104,'2020-02-03 13:56:42'),(1307,-1618307181,'2020-02-03 14:33:40'),(1308,-1618306577,'2020-02-03 14:56:05'),(1309,-1618306539,'2020-02-03 14:58:55'),(1310,1920436469,'2020-02-03 15:23:28'),(1311,-1599054949,'2020-02-03 15:39:15'),(1313,1920442470,'2020-02-03 17:03:07'),(1314,1920439916,'2020-02-03 17:10:04'),(1315,-1618306727,'2020-02-03 17:39:01'),(1316,-1618321321,'2020-02-03 19:14:11'),(1317,1920440034,'2020-02-03 20:02:38'),(1318,-1618306227,'2020-02-03 20:14:26'),(1319,1920436612,'2020-02-03 20:33:40'),(1320,1920440994,'2020-02-03 21:20:03'),(1321,1920441184,'2020-02-03 21:21:16'),(1322,-1618307079,'2020-02-03 21:48:52'),(1323,-1618320428,'2020-02-03 23:08:03'),(1324,1920435691,'2020-02-03 23:16:31'),(1325,1920435366,'2020-02-03 23:55:25'),(1326,-1618305758,'2020-02-04 00:48:21'),(1327,1766000508,'2020-02-04 00:55:25'),(1328,1920444025,'2020-02-04 01:07:19'),(1329,-1618307454,'2020-02-04 01:09:33'),(1330,1920440912,'2020-02-04 03:59:55'),(1331,1920434502,'2020-02-04 04:49:47'),(1332,1920443174,'2020-02-04 05:57:27'),(1333,-1618307774,'2020-02-04 06:57:00'),(1334,-1618308066,'2020-02-04 07:25:11'),(1335,-1618305379,'2020-02-04 07:27:15'),(1336,-1618306744,'2020-02-04 08:43:37'),(1337,-1618306527,'2020-02-04 08:51:04'),(1338,1920439350,'2020-02-04 09:36:31'),(1339,-1618306893,'2020-02-04 09:44:31'),(1340,1920444212,'2020-02-04 10:05:03'),(1341,1920443836,'2020-02-04 10:13:37'),(1342,-1618308010,'2020-02-04 10:31:51'),(1343,-1618305583,'2020-02-04 11:05:31'),(1344,-1618305858,'2020-02-04 12:30:07'),(1345,1920443776,'2020-02-04 13:04:28'),(1346,1920434919,'2020-02-04 13:07:21'),(1347,1920437875,'2020-02-04 14:27:40'),(1348,1920434889,'2020-02-04 15:08:03'),(1349,-1618307042,'2020-02-04 15:36:06'),(1350,1920442710,'2020-02-04 15:40:15'),(1351,1920436729,'2020-02-04 16:30:41'),(1352,1920436865,'2020-02-04 16:55:18'),(1353,1920434652,'2020-02-04 16:55:47'),(1354,1920435946,'2020-02-04 16:58:41'),(1355,1920443703,'2020-02-04 17:07:12'),(1356,1920440958,'2020-02-04 17:12:26'),(1357,1920438664,'2020-02-04 17:15:48'),(1358,-1618313170,'2020-02-04 17:41:08'),(1359,-1618306490,'2020-02-04 18:10:37'),(1360,1920435107,'2020-02-04 18:20:29'),(1361,-1618306576,'2020-02-04 18:42:18'),(1362,1920438455,'2020-02-04 19:55:55'),(1363,-1618305561,'2020-02-04 19:57:49'),(1364,1920440054,'2020-02-04 19:58:02'),(1365,1920441638,'2020-02-04 20:54:22'),(1366,1920444164,'2020-02-04 21:15:07'),(1367,1920435421,'2020-02-04 21:21:07'),(1368,1920443186,'2020-02-04 21:49:35'),(1369,1920434836,'2020-02-04 21:57:51'),(1370,-1618305210,'2020-02-05 01:21:55'),(1371,1920438736,'2020-02-05 01:24:43'),(1372,-1618307254,'2020-02-05 01:33:06'),(1373,-1618306614,'2020-02-05 02:11:22'),(1374,-1618306527,'2020-02-05 02:11:56'),(1375,1920441146,'2020-02-05 02:58:56'),(1376,1920442410,'2020-02-05 03:05:03'),(1377,1920435245,'2020-02-05 03:24:06'),(1378,1920440920,'2020-02-05 03:54:09'),(1379,1920443557,'2020-02-05 04:17:05'),(1380,-1618305317,'2020-02-05 04:27:26'),(1381,1920435345,'2020-02-05 04:40:55'),(1382,1920440881,'2020-02-05 05:31:57'),(1383,1920437674,'2020-02-05 07:25:39'),(1384,-1618306557,'2020-02-05 07:32:02'),(1385,1920442822,'2020-02-05 10:42:37'),(1386,1920436530,'2020-02-05 11:05:57'),(1387,-1618305439,'2020-02-05 11:41:40'),(1388,1920444035,'2020-02-05 14:46:27'),(1389,-1618305675,'2020-02-05 18:49:49'),(1390,-1618307298,'2020-02-05 19:42:28'),(1391,-1002368678,'2020-02-05 20:35:09'),(1392,1920437196,'2020-02-05 20:20:02'),(1393,-1618306604,'2020-02-05 20:24:50'),(1394,-1618305784,'2020-02-05 22:39:11'),(1395,1920442799,'2020-02-05 23:18:06'),(1396,1920435192,'2020-02-05 23:21:15'),(1397,-1618308048,'2020-02-05 23:38:07'),(1398,1920436304,'2020-02-06 02:21:16'),(1399,-1618305599,'2020-02-06 05:04:42'),(1400,1920435535,'2020-02-06 05:33:09'),(1401,1920441322,'2020-02-06 05:33:49'),(1402,1920441167,'2020-02-06 07:36:36'),(1403,1920440876,'2020-02-06 07:37:16'),(1404,-1618307205,'2020-02-06 08:48:16'),(1405,1920440716,'2020-02-06 11:06:21'),(1406,-1618305224,'2020-02-06 11:11:37'),(1407,704360569,'2020-02-06 11:42:46'),(1409,-1618306616,'2020-02-06 11:56:52'),(1410,1920437407,'2020-02-06 13:04:07'),(1411,1920436296,'2020-02-06 13:06:24'),(1412,1920439236,'2020-02-06 14:14:02'),(1413,-1618305075,'2020-02-06 14:26:55'),(1414,-1618308029,'2020-02-06 14:35:37'),(1415,1920438771,'2020-02-06 15:18:20'),(1416,1920441871,'2020-02-06 15:19:01'),(1417,1772092280,'2020-02-06 15:33:22'),(1418,-1618305756,'2020-02-06 15:51:47'),(1419,1920439895,'2020-02-06 16:35:22'),(1420,-1618305410,'2020-02-06 16:51:47'),(1421,-1618307205,'2020-02-06 17:30:02'),(1422,693912260,'2020-02-06 19:31:17'),(1423,-1618307727,'2020-02-06 20:22:18'),(1424,-1618308090,'2020-02-07 00:59:47'),(1425,1920441642,'2020-02-07 04:36:13'),(1426,1920442739,'2020-02-07 04:36:52'),(1427,1920439507,'2020-02-07 04:37:02'),(1428,-1618307814,'2020-02-07 06:26:21'),(1429,-1618313145,'2020-02-07 06:54:13'),(1430,-1618306501,'2020-02-07 08:59:26'),(1431,-1618305915,'2020-02-07 11:04:20'),(1432,1920434410,'2020-02-07 11:14:08'),(1433,1920435264,'2020-02-07 11:15:39'),(1434,1920440746,'2020-02-07 11:15:49'),(1435,1920437060,'2020-02-07 11:16:00'),(1436,1920438972,'2020-02-07 13:31:12'),(1437,1920439183,'2020-02-07 13:31:16'),(1438,-1598972510,'2020-02-07 13:32:33'),(1439,1920442859,'2020-02-07 15:57:24'),(1440,1920435745,'2020-02-07 15:57:53'),(1441,1920439257,'2020-02-07 15:58:08'),(1442,1920436735,'2020-02-07 16:29:30'),(1443,1920435632,'2020-02-07 17:29:40'),(1444,1920438556,'2020-02-07 17:29:45'),(1445,1920436435,'2020-02-07 18:50:09'),(1446,1920434862,'2020-02-07 18:50:28'),(1447,1920443215,'2020-02-07 18:50:38'),(1448,1920439083,'2020-02-07 18:50:48'),(1449,1920438463,'2020-02-07 22:55:46'),(1450,1920437231,'2020-02-07 22:55:51'),(1451,1920444080,'2020-02-07 22:56:10'),(1452,1920438142,'2020-02-07 22:56:21'),(1453,1920441476,'2020-02-07 22:56:30'),(1454,1920434743,'2020-02-07 22:56:40'),(1455,1920442103,'2020-02-07 22:56:45'),(1456,1920438364,'2020-02-07 22:57:06'),(1457,1920442048,'2020-02-07 22:57:10'),(1458,-1618307295,'2020-02-08 00:32:48'),(1459,1920441063,'2020-02-08 02:47:05'),(1460,-1618306202,'2020-02-08 04:29:30'),(1461,1920435959,'2020-02-08 07:31:16'),(1462,1920437294,'2020-02-08 07:31:46'),(1463,1920439292,'2020-02-08 07:31:51'),(1464,1920437604,'2020-02-08 07:31:56'),(1465,1920435153,'2020-02-08 07:32:01'),(1466,-1618307232,'2020-02-08 08:04:04'),(1467,1920437429,'2020-02-08 08:50:20'),(1468,-1618305633,'2020-02-08 11:50:48'),(1469,-1618306373,'2020-02-08 12:11:35'),(1470,1920434249,'2020-02-08 14:23:32'),(1471,1920435143,'2020-02-08 14:23:41'),(1472,1920442202,'2020-02-08 14:23:57'),(1473,1920441352,'2020-02-08 14:24:02'),(1474,1920443310,'2020-02-08 14:24:06'),(1475,1920437731,'2020-02-08 14:24:12'),(1476,1920435130,'2020-02-08 14:24:32'),(1477,1920440002,'2020-02-08 14:24:37'),(1478,1920443140,'2020-02-08 14:24:45'),(1479,1920437351,'2020-02-08 14:24:46'),(1480,1920441677,'2020-02-08 14:24:52'),(1481,1920442253,'2020-02-08 14:24:56'),(1482,1920438157,'2020-02-08 14:25:02'),(1483,1920437932,'2020-02-08 14:25:17'),(1484,1920443810,'2020-02-08 14:25:23'),(1485,1920441019,'2020-02-08 14:25:26'),(1486,1920435526,'2020-02-08 14:50:40'),(1487,1920434301,'2020-02-08 14:50:45'),(1488,1920438262,'2020-02-08 14:50:51'),(1489,1920434841,'2020-02-08 14:50:56'),(1490,1920436468,'2020-02-08 15:10:02'),(1491,1920441393,'2020-02-08 15:10:12'),(1492,1920437406,'2020-02-09 00:20:41'),(1493,1920436340,'2020-02-09 00:20:50'),(1494,1920443454,'2020-02-09 00:20:55'),(1495,1920437334,'2020-02-09 00:21:11'),(1496,1920438059,'2020-02-09 00:21:20'),(1497,1920438372,'2020-02-09 00:21:30'),(1498,1920441049,'2020-02-09 00:21:45'),(1499,1920435721,'2020-02-09 00:21:55'),(1500,1920443015,'2020-02-09 00:22:05'),(1501,-1618317487,'2020-02-09 00:22:10'),(1502,1920434937,'2020-02-09 00:22:35'),(1503,1920440560,'2020-02-09 00:22:40'),(1504,1920443921,'2020-02-09 00:22:50'),(1505,1920435674,'2020-02-09 00:22:55'),(1506,-1618305122,'2020-02-09 01:32:57'),(1507,-1618305323,'2020-02-09 02:28:20'),(1508,-1618305031,'2020-02-09 05:27:47'),(1509,1920444062,'2020-02-09 06:10:58'),(1510,1920435064,'2020-02-09 06:11:07'),(1511,1920444079,'2020-02-09 06:11:12'),(1512,1920438986,'2020-02-09 06:11:16'),(1513,1920437085,'2020-02-09 06:11:21'),(1514,1920439820,'2020-02-09 06:11:41'),(1515,1920440449,'2020-02-09 06:11:46'),(1516,1920436921,'2020-02-09 07:29:45'),(1517,1920438756,'2020-02-09 07:29:59'),(1518,1920439273,'2020-02-09 07:30:05'),(1519,-1618313014,'2020-02-09 07:46:02'),(1520,-1618307518,'2020-02-09 07:50:55'),(1521,-1618313154,'2020-02-09 08:26:14'),(1522,1920442768,'2020-02-09 08:44:32'),(1523,1920435848,'2020-02-09 08:44:37'),(1524,1920441128,'2020-02-09 08:44:47'),(1525,1920437415,'2020-02-09 08:44:53'),(1526,-1618313100,'2020-02-09 11:44:13'),(1527,1920443653,'2020-02-09 13:19:03'),(1528,-1618313005,'2020-02-09 13:28:32'),(1529,90926635,'2020-02-09 15:42:22'),(1530,-1618307669,'2020-02-09 20:12:41'),(1531,-1618307268,'2020-02-09 21:13:19'),(1532,1920443139,'2020-02-09 23:30:36'),(1533,1920439038,'2020-02-09 23:54:25'),(1534,-1618305781,'2020-02-10 00:12:02'),(1535,-1618306151,'2020-02-10 00:24:08'),(1536,-1618313078,'2020-02-10 01:38:21'),(1537,-1618305476,'2020-02-10 02:39:59'),(1538,-1618305112,'2020-02-10 03:00:40'),(1539,-1618306796,'2020-02-10 03:31:28'),(1540,-1618305330,'2020-02-10 03:51:06'),(1541,1920439813,'2020-02-10 06:32:31'),(1542,1920435585,'2020-02-10 08:19:39'),(1543,-1618306055,'2020-02-10 09:59:02'),(1544,1920441405,'2020-02-10 12:55:10'),(1545,1920441287,'2020-02-10 12:55:39'),(1546,-1618307439,'2020-02-10 14:07:04'),(1547,1305242411,'2020-02-10 14:43:44'),(1548,-1618306032,'2020-02-10 15:10:30'),(1549,-1618307473,'2020-02-10 17:15:36'),(1550,1920437362,'2020-02-10 17:36:42'),(1551,704148777,'2020-02-10 20:20:15'),(1552,-1618313065,'2020-02-10 20:27:40'),(1553,1920440738,'2020-02-11 01:50:04'),(1554,1920440968,'2020-02-11 01:50:54'),(1555,-1618307761,'2020-02-11 02:30:45'),(1556,-1618306548,'2020-02-11 03:56:21'),(1557,1920439050,'2020-02-11 04:26:27'),(1558,1920439345,'2020-02-11 04:26:40'),(1559,-1618305414,'2020-02-11 04:40:30'),(1560,1920437569,'2020-02-11 05:09:55'),(1561,1920439068,'2020-02-11 10:28:40'),(1562,1920437832,'2020-02-11 10:29:45'),(1563,-1618307820,'2020-02-11 12:08:11'),(1564,1920434881,'2020-02-11 13:44:20'),(1565,-1618306054,'2020-02-11 13:47:16'),(1566,1771880234,'2020-02-11 15:04:51'),(1567,-1618307984,'2020-02-11 15:39:20'),(1568,-1618305935,'2020-02-11 19:43:25'),(1569,-1618305825,'2020-02-11 21:33:21'),(1570,-1000745668,'2020-02-11 22:12:22'),(1571,-1618305631,'2020-02-11 22:21:03'),(1572,-1618307540,'2020-02-11 22:31:44'),(1573,-1618306441,'2020-02-11 23:50:21'),(1574,1920443505,'2020-02-12 02:09:06'),(1575,1920443210,'2020-02-12 02:09:20'),(1576,1920440111,'2020-02-12 02:09:25'),(1577,-1001728693,'2020-02-12 03:36:23'),(1578,-1618306363,'2020-02-12 03:29:02'),(1579,-1618306283,'2020-02-12 03:36:52'),(1580,1920440658,'2020-02-12 03:44:13'),(1581,1920440108,'2020-02-12 04:05:57'),(1582,-1618306879,'2020-02-12 04:41:42'),(1583,1920443674,'2020-02-12 05:03:45'),(1584,-1618305864,'2020-02-12 05:24:53'),(1585,1920438564,'2020-02-12 05:31:07'),(1586,1920438923,'2020-02-12 05:38:52'),(1587,-1618313009,'2020-02-12 05:52:29'),(1588,1920438549,'2020-02-12 06:10:11'),(1589,1920437570,'2020-02-12 08:58:02'),(1590,-1618305060,'2020-02-12 10:07:05'),(1591,-1618307972,'2020-02-12 10:49:47'),(1592,1920443324,'2020-02-12 12:25:27'),(1593,1920439372,'2020-02-12 14:27:14'),(1594,1920439842,'2020-02-12 15:05:07'),(1595,-1618305315,'2020-02-12 15:47:23'),(1596,1920443344,'2020-02-12 15:51:34'),(1597,-1618307054,'2020-02-12 18:26:44'),(1598,-1618307598,'2020-02-12 18:30:37'),(1599,1920440294,'2020-02-12 19:39:43'),(1600,-1618307957,'2020-02-12 19:42:31'),(1601,1920437434,'2020-02-12 19:59:32'),(1602,1920441953,'2020-02-12 20:12:29'),(1603,1920442378,'2020-02-12 20:22:33'),(1604,1920437252,'2020-02-12 20:34:16'),(1605,1920442865,'2020-02-12 21:19:56'),(1606,1920440989,'2020-02-12 22:22:03'),(1607,1920434359,'2020-02-12 22:40:57'),(1608,1920437096,'2020-02-12 22:50:58'),(1609,1920439840,'2020-02-12 22:58:22'),(1610,1920444183,'2020-02-12 23:56:36'),(1611,1920441172,'2020-02-13 00:29:43'),(1612,1920443968,'2020-02-13 00:53:30'),(1613,1920440555,'2020-02-13 01:31:23'),(1614,-1618306528,'2020-02-13 02:18:05'),(1615,1920436068,'2020-02-13 02:21:52'),(1616,1920442641,'2020-02-13 02:35:16'),(1617,1920436157,'2020-02-13 03:18:11'),(1618,1920440268,'2020-02-13 03:27:26'),(1619,1920439253,'2020-02-13 04:04:18'),(1620,1920437344,'2020-02-13 04:05:57'),(1621,1920442264,'2020-02-13 04:44:48'),(1622,1920440516,'2020-02-13 04:52:19'),(1623,1920435398,'2020-02-13 05:01:49'),(1624,1920437559,'2020-02-13 05:29:17'),(1625,1920443416,'2020-02-13 05:31:12'),(1626,1920439786,'2020-02-13 05:33:20'),(1627,1920434282,'2020-02-13 05:49:51'),(1628,1920440605,'2020-02-13 05:58:39'),(1629,-1618305294,'2020-02-13 07:15:08'),(1630,-1618305703,'2020-02-13 07:21:57'),(1631,1920443254,'2020-02-13 07:26:12'),(1632,1920439007,'2020-02-13 07:32:14'),(1633,-1618305630,'2020-02-13 07:36:53'),(1634,-1618306058,'2020-02-13 08:03:11'),(1635,1920441948,'2020-02-13 08:30:10'),(1636,1920441185,'2020-02-13 08:45:03'),(1637,1920435731,'2020-02-13 08:46:35'),(1638,1920444265,'2020-02-13 08:49:46'),(1639,1920438758,'2020-02-13 08:52:51'),(1640,1920439981,'2020-02-13 09:06:03'),(1641,-1618306747,'2020-02-13 09:10:52'),(1642,1920439804,'2020-02-13 09:15:14'),(1643,1920441782,'2020-02-13 09:16:21'),(1644,1920436157,'2020-02-13 09:17:24'),(1645,1920443957,'2020-02-13 09:25:00'),(1646,1920443175,'2020-02-13 09:34:42'),(1647,1920444221,'2020-02-13 09:36:17'),(1648,1920443394,'2020-02-13 09:41:57'),(1649,1920440200,'2020-02-13 09:43:50'),(1650,1920434493,'2020-02-13 09:45:57'),(1651,1920438025,'2020-02-13 09:47:26'),(1652,1920442426,'2020-02-13 09:48:44'),(1653,1920436341,'2020-02-13 09:49:53'),(1654,1920441536,'2020-02-13 09:50:58'),(1655,1920438599,'2020-02-13 10:12:42'),(1656,1920439537,'2020-02-13 10:14:02'),(1657,1920441398,'2020-02-13 10:16:48'),(1658,-1618305399,'2020-02-13 11:09:28'),(1659,1920442728,'2020-02-13 11:34:16'),(1660,-1618307995,'2020-02-13 11:57:52'),(1661,1920441732,'2020-02-13 12:06:11'),(1662,1920442135,'2020-02-13 12:13:16'),(1663,1920441386,'2020-02-13 12:16:02'),(1664,-1618307581,'2020-02-13 12:31:52'),(1665,1920436540,'2020-02-13 12:31:54'),(1666,1920436990,'2020-02-13 12:33:02'),(1667,1920440618,'2020-02-13 12:43:14'),(1668,-1618306914,'2020-02-13 12:55:31'),(1669,1920438835,'2020-02-13 13:19:04'),(1670,1920439042,'2020-02-13 13:20:14'),(1671,1920434733,'2020-02-13 13:31:57'),(1672,1920442921,'2020-02-13 13:34:35'),(1673,-1618321121,'2020-02-13 13:37:06'),(1674,1920435664,'2020-02-13 14:01:22'),(1675,1771826237,'2020-02-13 14:31:04'),(1676,1920437508,'2020-02-13 14:11:27'),(1678,697050381,'2020-02-13 14:20:43'),(1680,-1618313194,'2020-02-13 14:32:25'),(1681,1920440648,'2020-02-13 14:37:14'),(1682,1920438627,'2020-02-13 14:40:05'),(1683,-1618305133,'2020-02-13 15:06:08'),(1684,1920437423,'2020-02-13 15:50:08'),(1685,1920439461,'2020-02-13 16:08:44'),(1686,-1618320661,'2020-02-13 16:42:22'),(1687,1920439307,'2020-02-13 16:50:54'),(1688,1920443995,'2020-02-13 17:09:56'),(1689,1920438349,'2020-02-13 17:23:28'),(1690,-1618307926,'2020-02-13 17:27:20'),(1691,1920441108,'2020-02-13 17:33:07'),(1692,-1618305464,'2020-02-13 17:34:18'),(1693,-1618318190,'2020-02-13 17:35:06'),(1694,1920435804,'2020-02-13 17:36:45'),(1695,1920443081,'2020-02-13 17:46:23'),(1696,1920443608,'2020-02-13 17:58:34'),(1697,1920440656,'2020-02-13 18:01:58'),(1698,1920439147,'2020-02-13 18:26:22'),(1699,1920442772,'2020-02-13 18:31:09'),(1700,1920436505,'2020-02-13 18:33:11'),(1701,1920436013,'2020-02-13 18:35:38'),(1702,1920443572,'2020-02-13 18:39:58'),(1703,1920440890,'2020-02-13 18:42:48'),(1704,1920442019,'2020-02-13 18:56:02'),(1705,-1618305905,'2020-02-13 19:00:39'),(1706,1920437250,'2020-02-13 19:31:01'),(1707,1920435807,'2020-02-13 20:43:53'),(1708,1920442648,'2020-02-13 21:00:32'),(1709,-1618305836,'2020-02-13 21:09:40'),(1710,1920439890,'2020-02-13 21:27:36'),(1711,1920442074,'2020-02-13 21:33:53'),(1712,1920439030,'2020-02-13 22:16:13'),(1713,1920443984,'2020-02-13 23:05:26'),(1714,1920436716,'2020-02-13 23:16:23'),(1715,-1618306834,'2020-02-14 00:27:38'),(1716,1920436046,'2020-02-14 00:42:04'),(1717,-1618306656,'2020-02-14 01:20:57'),(1718,-1618305416,'2020-02-14 02:13:20'),(1719,-1618307858,'2020-02-14 03:15:05'),(1720,1920442577,'2020-02-14 03:43:25'),(1721,1920436088,'2020-02-14 03:58:51'),(1722,1920441656,'2020-02-14 04:19:03'),(1723,-1618306744,'2020-02-14 05:11:09'),(1724,1920444285,'2020-02-14 06:21:08'),(1725,1920437721,'2020-02-14 06:31:33'),(1726,1920435742,'2020-02-14 09:05:47'),(1727,1920436315,'2020-02-14 10:00:06'),(1728,1920434464,'2020-02-14 11:32:49'),(1729,1771765164,'2020-02-14 12:31:44'),(1732,1920441328,'2020-02-14 15:25:17'),(1733,1920434562,'2020-02-14 16:04:07'),(1734,-1618305929,'2020-02-14 16:57:15'),(1735,1920441987,'2020-02-14 17:06:42'),(1736,1920439212,'2020-02-14 17:10:43'),(1737,1920436924,'2020-02-14 17:12:02'),(1738,1920443244,'2020-02-14 17:13:15'),(1739,1920438734,'2020-02-14 17:14:09'),(1740,1920441321,'2020-02-14 17:16:06'),(1741,1920434281,'2020-02-14 17:23:49'),(1742,1920444103,'2020-02-14 17:25:03'),(1743,1920442869,'2020-02-14 17:26:39'),(1744,1920444336,'2020-02-14 17:27:18'),(1745,1920437439,'2020-02-14 17:29:39'),(1746,1920442860,'2020-02-14 17:35:20'),(1747,1920438991,'2020-02-14 17:37:55'),(1748,1920442023,'2020-02-14 17:44:25'),(1749,-1618305252,'2020-02-14 17:55:57'),(1750,1920435593,'2020-02-14 18:27:07'),(1751,1920443822,'2020-02-14 18:34:40'),(1752,1920436536,'2020-02-14 18:34:54'),(1753,1920434800,'2020-02-14 18:38:23'),(1754,1920441078,'2020-02-14 19:34:40'),(1755,1920437038,'2020-02-14 19:36:06'),(1756,1920441277,'2020-02-14 20:21:44'),(1757,1920439282,'2020-02-14 20:24:04'),(1758,1920438531,'2020-02-14 21:15:38'),(1759,-1618305402,'2020-02-14 22:12:19'),(1760,1920441232,'2020-02-14 22:27:38'),(1761,-1618312983,'2020-02-14 22:28:54'),(1762,1920436816,'2020-02-14 23:43:32'),(1763,-1618305872,'2020-02-15 00:15:27'),(1764,-1618305766,'2020-02-15 02:49:06'),(1765,1920444087,'2020-02-15 04:05:42'),(1766,1920437137,'2020-02-15 04:06:17'),(1767,1920444398,'2020-02-15 05:57:14'),(1768,1920435584,'2020-02-15 06:39:16'),(1769,-1618308035,'2020-02-15 06:48:23'),(1770,-1618307720,'2020-02-15 06:56:25'),(1771,-1618307461,'2020-02-15 07:05:39'),(1772,1920435718,'2020-02-15 07:23:59'),(1773,1920439974,'2020-02-15 07:42:17'),(1774,-1618307159,'2020-02-15 07:49:06'),(1775,-1618306091,'2020-02-15 08:17:32'),(1776,1920443706,'2020-02-15 10:02:00'),(1777,-1618305204,'2020-02-15 11:08:26'),(1778,-1618306797,'2020-02-15 11:19:10'),(1779,1920439310,'2020-02-15 14:44:10'),(1780,1920437919,'2020-02-15 16:26:56'),(1781,-1618307312,'2020-02-15 17:45:33'),(1782,-1618305818,'2020-02-15 18:34:00'),(1783,-1618307389,'2020-02-15 18:46:35'),(1784,-1618306777,'2020-02-15 22:03:00'),(1785,-1618306542,'2020-02-15 22:16:45'),(1786,-1618306193,'2020-02-15 22:56:44'),(1787,-1618305250,'2020-02-16 01:40:34'),(1788,-1618307763,'2020-02-16 02:08:29'),(1789,-1618307454,'2020-02-16 07:12:32'),(1790,-1618313155,'2020-02-16 13:49:52'),(1791,-1618305722,'2020-02-16 13:57:10'),(1792,-1618307294,'2020-02-16 15:32:55'),(1793,1920442935,'2020-02-16 17:04:58'),(1794,-1618306222,'2020-02-16 19:40:11'),(1795,1920438669,'2020-02-16 19:50:10'),(1796,-1618307348,'2020-02-16 20:20:57'),(1797,-1618307912,'2020-02-16 21:14:56'),(1798,-1618307651,'2020-02-16 22:10:22'),(1799,-1618306041,'2020-02-16 23:05:33'),(1800,-1618313128,'2020-02-16 23:58:56'),(1801,1920443387,'2020-02-17 00:39:05'),(1802,-1618305471,'2020-02-17 01:31:09'),(1803,1920435945,'2020-02-17 01:53:13'),(1804,-1618306787,'2020-02-17 02:57:56'),(1805,1920441898,'2020-02-17 02:58:53'),(1806,1920438781,'2020-02-17 04:08:02'),(1807,-1618306706,'2020-02-17 04:27:00'),(1808,-1618313025,'2020-02-17 04:34:23'),(1809,-1618307814,'2020-02-17 04:59:02'),(1810,1920442985,'2020-02-17 06:02:04'),(1811,1920439576,'2020-02-17 07:30:46'),(1812,1920434743,'2020-02-17 10:50:55'),(1813,-1618305809,'2020-02-17 11:16:21'),(1814,-1618306818,'2020-02-17 12:17:17'),(1815,-1618306091,'2020-02-17 13:11:35'),(1816,1920440670,'2020-02-17 13:14:18'),(1817,-1618307151,'2020-02-17 14:40:07'),(1818,1920442051,'2020-02-17 15:45:03'),(1819,-1000602034,'2020-02-17 16:08:54'),(1820,1920439636,'2020-02-17 16:47:35'),(1821,1920437169,'2020-02-17 17:01:28'),(1822,-1618306462,'2020-02-17 17:09:54'),(1823,1920439595,'2020-02-17 17:29:41'),(1824,1920442587,'2020-02-17 18:47:11'),(1825,1920442899,'2020-02-17 19:14:33'),(1826,1920442813,'2020-02-17 20:54:18'),(1827,1920438570,'2020-02-17 21:14:49'),(1828,1920437633,'2020-02-17 21:20:21'),(1829,1920435371,'2020-02-17 23:51:11'),(1830,1920442496,'2020-02-18 03:18:03'),(1831,1920443539,'2020-02-18 03:25:15'),(1832,1920437215,'2020-02-18 04:14:18'),(1833,1920443043,'2020-02-18 05:42:07'),(1834,1920441488,'2020-02-18 07:41:36'),(1835,1920442476,'2020-02-18 07:57:06'),(1836,1920434946,'2020-02-18 08:58:19'),(1837,1920437900,'2020-02-18 09:06:58'),(1838,1920440984,'2020-02-18 10:50:28'),(1839,1920442593,'2020-02-18 11:46:19'),(1840,1920437753,'2020-02-18 12:34:31'),(1841,1920435918,'2020-02-18 13:24:17'),(1842,1920438674,'2020-02-18 17:20:03'),(1843,1920442106,'2020-02-18 19:57:54'),(1844,1920444352,'2020-02-19 02:45:30'),(1845,1920442452,'2020-02-19 03:14:25'),(1846,1920437740,'2020-02-19 03:29:35'),(1847,1920434835,'2020-02-19 04:39:37'),(1848,1771702938,'2020-02-19 10:05:28'),(1849,1920435778,'2020-02-19 10:19:08'),(1850,1920440044,'2020-02-19 11:44:40'),(1851,1920440598,'2020-02-19 12:09:59'),(1852,1920437351,'2020-02-19 14:35:05'),(1853,1920438902,'2020-02-19 14:54:49'),(1854,1920434623,'2020-02-19 16:23:51'),(1855,1920444077,'2020-02-20 03:33:07'),(1856,1920443111,'2020-02-20 03:57:54'),(1857,1920437080,'2020-02-20 05:13:53'),(1858,1920442649,'2020-02-20 06:08:02'),(1859,1920443035,'2020-02-20 06:56:25'),(1860,1920442829,'2020-02-20 07:28:11'),(1861,1920436536,'2020-02-20 07:51:48'),(1862,1920443400,'2020-02-20 09:24:19'),(1863,1920443411,'2020-02-20 09:37:32'),(1864,1920441770,'2020-02-20 10:08:27'),(1865,1920434223,'2020-02-20 11:48:24'),(1866,1920440931,'2020-02-20 15:12:35'),(1867,1920440243,'2020-02-20 15:50:20'),(1868,1920437056,'2020-02-20 16:06:18'),(1869,1920443040,'2020-02-20 17:07:45'),(1870,1920443517,'2020-02-20 19:52:10'),(1871,1920436353,'2020-02-20 20:41:10'),(1872,1920439268,'2020-02-20 21:01:58'),(1873,1920442575,'2020-02-20 21:03:07'),(1874,1920436291,'2020-02-20 21:52:22'),(1875,1920436716,'2020-02-20 23:14:56'),(1876,1920440353,'2020-02-21 01:04:50'),(1877,1920436691,'2020-02-21 02:35:53'),(1878,1920435350,'2020-02-21 03:45:58'),(1879,1920435545,'2020-02-21 03:50:17'),(1880,1920443898,'2020-02-21 04:13:48'),(1881,1920442733,'2020-02-21 04:18:13'),(1882,1920435372,'2020-02-21 04:55:01'),(1883,1920436991,'2020-02-21 05:41:43'),(1884,1920439973,'2020-02-21 06:05:36'),(1885,1920443151,'2020-02-21 06:29:22'),(1886,1920438641,'2020-02-21 07:15:27'),(1887,1920435600,'2020-02-21 07:38:48'),(1888,1920435008,'2020-02-21 09:32:00'),(1889,1920437398,'2020-02-21 09:56:04'),(1890,1920434904,'2020-02-21 10:38:44'),(1891,1920441659,'2020-02-21 11:50:38'),(1892,1920444184,'2020-02-21 12:04:14'),(1893,1920435015,'2020-02-21 12:30:27'),(1894,1920441695,'2020-02-21 13:04:14'),(1895,1920438623,'2020-02-21 14:43:42'),(1896,1920436382,'2020-02-21 15:54:43'),(1897,1920438733,'2020-02-21 16:20:08'),(1898,1920442533,'2020-02-21 17:05:07'),(1899,1920434710,'2020-02-21 17:13:38'),(1900,1920444203,'2020-02-21 17:23:56'),(1901,1920439250,'2020-02-21 20:02:39'),(1902,1920443262,'2020-02-21 20:48:12'),(1903,1920437854,'2020-02-21 21:55:59'),(1904,1920436423,'2020-02-21 23:05:19'),(1905,1920440543,'2020-02-22 00:05:12'),(1906,-1618307395,'2020-02-22 02:20:19'),(1907,1920442580,'2020-02-22 03:12:03'),(1908,1920441151,'2020-02-22 03:49:58'),(1909,-1618306156,'2020-02-22 04:58:46'),(1910,1920434907,'2020-02-22 05:06:17'),(1911,1920444131,'2020-02-22 05:28:35'),(1912,1920440267,'2020-02-22 05:33:56'),(1913,1920443349,'2020-02-22 05:38:44'),(1914,1920436276,'2020-02-22 06:37:15'),(1915,1920434722,'2020-02-22 07:07:33'),(1916,1920441659,'2020-02-22 07:22:26'),(1917,-1618305487,'2020-02-22 07:30:44'),(1918,1920440822,'2020-02-22 09:08:06'),(1919,1920444318,'2020-02-22 09:22:23'),(1920,1920439597,'2020-02-22 11:01:56'),(1921,1920436061,'2020-02-22 12:08:06'),(1922,1920436595,'2020-02-22 14:24:52'),(1923,1920440373,'2020-02-22 15:12:54'),(1924,1920442705,'2020-02-22 15:32:57'),(1925,1920443742,'2020-02-22 15:50:59'),(1926,1920441283,'2020-02-22 16:43:05'),(1927,1920435931,'2020-02-22 17:03:06'),(1928,1920444008,'2020-02-22 17:04:09'),(1929,1920441271,'2020-02-22 17:13:41'),(1930,1920435774,'2020-02-22 17:17:51'),(1931,1920438461,'2020-02-23 17:29:44'),(1932,1920437265,'2020-02-23 17:31:17'),(1933,1920437638,'2020-02-23 19:45:27'),(1934,1920442064,'2020-02-23 20:25:14'),(1935,1920435217,'2020-02-23 20:50:02'),(1936,-999281141,'2020-02-23 20:51:41'),(1937,1920437238,'2020-02-23 22:59:18'),(1938,1920435420,'2020-02-24 00:54:11'),(1939,1920439162,'2020-02-24 03:57:32'),(1940,1920435506,'2020-02-24 04:30:29'),(1941,1920439023,'2020-02-24 05:52:38'),(1942,1920436975,'2020-02-24 06:35:01'),(1943,1920438803,'2020-02-24 09:17:25'),(1944,1920441522,'2020-02-24 09:56:12'),(1945,1920443650,'2020-02-24 13:41:14'),(1946,1920441271,'2020-02-24 14:38:10'),(1947,1920436376,'2020-02-24 17:01:33'),(1948,1920439205,'2020-02-24 17:33:44'),(1949,1920442743,'2020-02-24 19:34:21'),(1950,1920441615,'2020-02-24 20:02:39'),(1951,1920443726,'2020-02-24 22:17:43'),(1952,1920439412,'2020-02-24 23:48:33'),(1953,1920436892,'2020-02-25 02:31:08'),(1954,1920442158,'2020-02-25 03:35:40'),(1955,1920434668,'2020-02-25 06:06:44'),(1956,1920440259,'2020-02-25 06:32:43'),(1957,1920442415,'2020-02-25 07:36:05'),(1958,1920443897,'2020-02-25 08:18:25'),(1959,1920437780,'2020-02-25 10:55:12'),(1960,1920435008,'2020-02-25 11:39:50'),(1961,1920437971,'2020-02-25 12:15:35'),(1962,1920440701,'2020-02-25 14:49:33'),(1963,1920435040,'2020-02-25 15:07:32'),(1964,1920441267,'2020-02-25 16:00:18'),(1965,1920436502,'2020-02-25 17:30:12'),(1966,1920438444,'2020-02-25 17:47:34'),(1967,1920436459,'2020-02-25 18:38:06'),(1968,1920444365,'2020-02-25 20:35:25'),(1969,1920441538,'2020-02-25 21:43:44'),(1970,1920437092,'2020-02-25 22:11:20'),(1971,-1598969238,'2020-02-25 22:50:02'),(1972,1920441637,'2020-02-26 00:30:18'),(1973,1920437237,'2020-02-26 00:46:42'),(1974,-1618307952,'2020-02-26 02:23:03'),(1975,1920434430,'2020-02-26 02:48:35'),(1976,1920435483,'2020-02-26 03:00:12'),(1977,1920441606,'2020-02-26 04:00:57'),(1978,1920443055,'2020-02-26 05:52:32'),(1979,1920438542,'2020-02-26 06:19:21'),(1980,1920443989,'2020-02-26 08:26:32'),(1981,1920437622,'2020-02-26 09:04:25'),(1982,1920440718,'2020-02-26 09:35:46'),(1983,1920437991,'2020-02-26 12:08:57'),(1984,1920439115,'2020-02-26 12:14:43'),(1985,1920442252,'2020-02-26 13:17:43'),(1986,1920439478,'2020-02-26 13:32:08'),(1987,1920437579,'2020-02-26 13:38:31'),(1988,1920441988,'2020-02-26 14:01:45'),(1989,1920441886,'2020-02-26 15:08:28'),(1990,1920434473,'2020-02-26 15:15:21'),(1991,1920442947,'2020-02-26 16:34:47'),(1992,2102880092,'2020-02-26 16:44:30'),(1993,1920443643,'2020-02-26 16:49:37'),(1994,-1213916060,'2020-02-26 17:05:21'),(1995,1920437888,'2020-02-26 17:09:29'),(1996,1920439398,'2020-02-26 17:21:29'),(1997,1920434844,'2020-02-26 17:28:28'),(1998,1920434356,'2020-02-26 17:53:48'),(1999,1920439823,'2020-02-26 17:57:18'),(2000,1920438856,'2020-02-26 17:58:52'),(2001,-1214183498,'2020-02-26 18:19:48'),(2002,1920435362,'2020-02-26 18:22:22'),(2003,-537618215,'2020-02-26 18:26:35'),(2004,1920443659,'2020-02-26 18:34:21'),(2005,1920444193,'2020-02-26 18:34:56'),(2006,1927848692,'2020-02-26 18:47:18'),(2007,2062966633,'2020-02-26 18:47:51'),(2008,1920437820,'2020-02-26 19:20:18'),(2009,1920442296,'2020-02-26 19:20:30'),(2010,1920443046,'2020-02-26 19:21:14'),(2011,1920441915,'2020-02-26 20:04:01'),(2012,1920437304,'2020-02-26 20:07:19'),(2013,1920434376,'2020-02-26 20:07:58'),(2014,1920435038,'2020-02-26 20:08:20'),(2015,1920439520,'2020-02-26 20:08:41'),(2016,1920435166,'2020-02-26 20:09:16'),(2017,1920440660,'2020-02-26 20:09:34'),(2018,1920436285,'2020-02-26 20:09:55'),(2019,1920436830,'2020-02-26 20:10:14'),(2020,1920438655,'2020-02-26 20:17:07'),(2021,1920434413,'2020-02-26 20:40:15'),(2022,1968993293,'2020-02-26 20:40:46'),(2023,1920443290,'2020-02-26 20:49:19'),(2024,1920443385,'2020-02-26 20:49:35'),(2025,1920441868,'2020-02-26 20:49:50'),(2026,1920437519,'2020-02-26 20:50:27'),(2027,2086447076,'2020-02-26 21:18:52'),(2028,1920437651,'2020-02-26 21:21:19'),(2029,-555967801,'2020-02-26 21:31:04'),(2030,-1214183445,'2020-02-26 21:32:01'),(2031,1920442636,'2020-02-26 21:54:19'),(2032,1920444293,'2020-02-26 22:16:05'),(2033,1920438902,'2020-02-26 22:16:25'),(2034,1920435736,'2020-02-26 22:28:01'),(2035,1920440920,'2020-02-26 22:32:18'),(2036,-1599034157,'2020-02-26 22:45:33'),(2037,-1349295514,'2020-02-26 23:14:01'),(2038,1920438331,'2020-02-26 23:25:12'),(2039,1920435375,'2020-02-26 23:25:31'),(2040,1920439774,'2020-02-26 23:34:28'),(2041,1920436997,'2020-02-26 23:37:30'),(2042,1920434362,'2020-02-26 23:37:51'),(2043,1920440441,'2020-02-26 23:43:07'),(2044,1920439744,'2020-02-26 23:49:07'),(2045,1920443279,'2020-02-27 00:13:41'),(2046,1920443755,'2020-02-27 00:16:59'),(2047,1920440926,'2020-02-27 00:27:16'),(2048,1920438233,'2020-02-27 01:09:38'),(2049,2105110531,'2020-02-27 01:36:47'),(2050,827835100,'2020-02-27 01:37:05'),(2051,1927745473,'2020-02-27 01:37:36'),(2052,-1266978332,'2020-02-27 02:24:07'),(2053,1920434640,'2020-02-27 02:40:15'),(2054,1920437091,'2020-02-27 02:57:28'),(2055,1927928793,'2020-02-27 03:01:58'),(2056,1920434822,'2020-02-27 03:37:01'),(2057,1920442380,'2020-02-27 04:06:22'),(2058,1920442227,'2020-02-27 04:28:14'),(2059,1969135146,'2020-02-27 05:23:59'),(2060,1928303918,'2020-02-27 05:24:04'),(2061,1920436076,'2020-02-27 05:57:06'),(2062,1920435814,'2020-02-27 06:04:08'),(2063,1920437235,'2020-02-27 06:26:05'),(2064,1920435143,'2020-02-27 06:33:42'),(2065,1920437885,'2020-02-27 07:08:16'),(2066,1920441761,'2020-02-27 07:19:15'),(2067,1920440589,'2020-02-27 08:09:51'),(2068,1920444268,'2020-02-27 08:14:08'),(2069,1927807036,'2020-02-27 09:02:57'),(2070,1785643813,'2020-02-27 09:03:02'),(2071,2103152904,'2020-02-27 09:03:13'),(2072,1969187361,'2020-02-27 09:03:15'),(2073,2062965286,'2020-02-27 09:03:55'),(2074,-1225311182,'2020-02-27 09:04:43'),(2075,1919117106,'2020-02-27 09:04:55'),(2076,607725729,'2020-02-27 09:05:02'),(2077,1920441841,'2020-02-27 09:26:29'),(2078,95373458,'2020-02-27 09:49:16'),(2082,1920438139,'2020-02-27 09:42:23'),(2084,1920441714,'2020-02-27 11:06:19'),(2085,1920437141,'2020-02-27 11:06:38'),(2086,-1225311103,'2020-02-27 11:30:30'),(2087,1962458007,'2020-02-27 11:30:37'),(2088,607686956,'2020-02-27 11:30:42'),(2089,987251542,'2020-02-27 11:32:01'),(2090,1919653755,'2020-02-27 11:32:11'),(2091,-1268157113,'2020-02-27 11:32:17'),(2092,1886492797,'2020-02-27 11:32:46'),(2093,-1225311103,'2020-02-27 11:33:22'),(2094,-539509936,'2020-02-27 11:33:27'),(2095,-1347560297,'2020-02-27 11:33:39'),(2096,1920434275,'2020-02-27 11:52:06'),(2097,1920435194,'2020-02-27 11:53:12'),(2098,1920441177,'2020-02-27 11:53:33'),(2099,1920434757,'2020-02-27 12:45:23'),(2100,1920441827,'2020-02-27 12:46:01'),(2101,1920441839,'2020-02-27 13:00:48'),(2102,1920438616,'2020-02-27 16:43:52'),(2103,1920439927,'2020-02-27 17:08:23'),(2104,1920438255,'2020-02-27 17:09:39'),(2105,1920440873,'2020-02-27 17:14:11'),(2106,1920443203,'2020-02-27 17:17:13'),(2107,1920438201,'2020-02-27 17:17:36'),(2108,1920438142,'2020-02-27 17:18:01'),(2109,1920443831,'2020-02-27 17:18:24'),(2110,1920442529,'2020-02-27 17:19:19'),(2111,1920436574,'2020-02-27 17:20:00'),(2112,1920436779,'2020-02-27 17:20:23'),(2113,1920441872,'2020-02-27 17:20:51'),(2114,1920436963,'2020-02-27 17:22:37'),(2115,1920439723,'2020-02-27 17:23:30'),(2116,1920443097,'2020-02-27 17:23:58'),(2117,1920434853,'2020-02-27 17:24:23'),(2118,1920441190,'2020-02-27 17:24:49'),(2119,1920437288,'2020-02-27 17:30:02'),(2120,1920435688,'2020-02-27 17:30:26'),(2121,1920442803,'2020-02-27 17:31:31'),(2122,1920443352,'2020-02-27 17:37:25'),(2123,1920434430,'2020-02-27 18:35:12'),(2124,1920440600,'2020-02-27 18:35:39'),(2125,1920442245,'2020-02-27 18:59:23'),(2126,1920443566,'2020-02-27 19:49:56'),(2127,1920436599,'2020-02-27 20:03:57'),(2128,1920440046,'2020-02-27 20:34:05'),(2129,1920436137,'2020-02-27 21:06:53'),(2130,1920440709,'2020-02-27 21:40:13'),(2131,1920439884,'2020-02-27 22:10:01'),(2132,1920435529,'2020-02-27 22:10:30'),(2133,1920436542,'2020-02-27 22:18:46'),(2134,1920438665,'2020-02-27 22:31:17'),(2135,1920434398,'2020-02-27 22:50:32'),(2136,1920438436,'2020-02-27 23:19:47'),(2137,1920440360,'2020-02-27 23:26:23'),(2138,1920438706,'2020-02-28 00:25:25'),(2139,1920435121,'2020-02-28 00:26:57'),(2140,1920442013,'2020-02-28 01:28:00'),(2141,-1213798420,'2020-02-28 01:32:31'),(2142,-593173657,'2020-02-28 01:33:04'),(2143,-537848325,'2020-02-28 01:34:06'),(2144,1920437961,'2020-02-28 01:37:50'),(2145,455630774,'2020-02-28 02:17:28'),(2146,1920438042,'2020-02-28 03:24:01'),(2147,1920443704,'2020-02-28 03:58:56'),(2148,1920442741,'2020-02-28 04:19:41'),(2149,1920434821,'2020-02-28 04:22:48'),(2150,1920442742,'2020-02-28 04:44:42'),(2151,1920436620,'2020-02-28 07:54:15'),(2152,1920440934,'2020-02-28 08:30:48'),(2153,1920435514,'2020-02-28 09:09:34'),(2154,1920437224,'2020-02-28 10:17:42'),(2155,1920443067,'2020-02-28 11:00:02'),(2156,1920442508,'2020-02-28 11:40:07'),(2157,1920440200,'2020-02-28 15:03:28'),(2158,1920442736,'2020-02-28 15:29:03'),(2159,1920435045,'2020-02-28 17:05:12'),(2160,1920438508,'2020-02-28 17:10:56'),(2161,1920437436,'2020-02-28 17:12:48'),(2162,1920436497,'2020-02-28 17:24:48'),(2163,1920438179,'2020-02-28 17:25:20'),(2164,1920439830,'2020-02-28 17:26:22'),(2165,1920436861,'2020-02-28 19:47:51'),(2166,1920436727,'2020-02-28 19:48:53'),(2167,1920436958,'2020-02-28 20:02:19'),(2168,1920438410,'2020-02-28 20:15:56'),(2169,1920443082,'2020-02-28 20:35:32'),(2170,1920438820,'2020-02-28 20:35:57'),(2171,-981281553,'2020-02-28 22:33:21'),(2172,1920444139,'2020-02-28 23:21:15'),(2173,1920440955,'2020-02-28 23:29:23'),(2174,1920439648,'2020-02-29 00:08:33'),(2175,1920438101,'2020-02-29 00:24:19'),(2176,1920442401,'2020-02-29 01:28:29'),(2177,1920436858,'2020-02-29 02:51:59'),(2178,1920440374,'2020-02-29 05:05:41'),(2179,1920435711,'2020-02-29 08:22:30'),(2180,697097006,'2020-03-02 21:29:40'),(2181,1920440015,'2020-03-03 03:53:09'),(2182,1920434625,'2020-03-03 06:59:53'),(2183,1920443255,'2020-03-03 07:08:30'),(2184,1920444074,'2020-03-03 07:26:01'),(2185,1920443082,'2020-03-03 07:45:52'),(2186,1920442333,'2020-03-03 07:51:41'),(2187,1920444143,'2020-03-03 08:45:58'),(2188,1920438924,'2020-03-03 09:37:50'),(2189,1920443396,'2020-03-03 10:02:17'),(2190,1920439935,'2020-03-03 10:20:08'),(2191,1920440505,'2020-03-03 10:25:44'),(2192,1920443393,'2020-03-03 11:13:16'),(2193,1920439201,'2020-03-03 11:19:20'),(2194,1920438401,'2020-03-03 11:35:42'),(2195,1920443708,'2020-03-03 12:24:11'),(2196,1920443098,'2020-03-03 12:44:23'),(2197,1920442856,'2020-03-03 13:01:07'),(2198,1920442320,'2020-03-03 13:06:18'),(2199,1920440043,'2020-03-03 13:12:23'),(2200,1920443300,'2020-03-03 13:29:05'),(2201,1920443439,'2020-03-03 13:30:47'),(2202,1920434275,'2020-03-03 13:34:20'),(2203,1920440158,'2020-03-03 13:49:42'),(2204,1920440520,'2020-03-03 13:52:45'),(2205,1920441977,'2020-03-03 13:54:16'),(2206,1920437068,'2020-03-03 19:03:20'),(2207,1920437734,'2020-03-03 19:40:26'),(2208,1920442731,'2020-03-03 20:54:39'),(2209,1920437870,'2020-03-03 21:14:20'),(2210,1920440865,'2020-03-03 23:42:09'),(2211,1920439103,'2020-03-04 00:45:38'),(2212,1920441878,'2020-03-04 03:01:00'),(2213,1920441986,'2020-03-04 03:58:31'),(2214,-1267012650,'2020-03-04 05:52:45'),(2215,1920442818,'2020-03-04 07:50:19'),(2216,1920440775,'2020-03-04 08:17:32'),(2217,1920440425,'2020-03-04 08:40:26'),(2218,-1598886784,'2020-03-04 09:55:04'),(2219,1920441497,'2020-03-04 11:23:17'),(2220,1920438315,'2020-03-04 11:25:06'),(2221,1920437296,'2020-03-04 11:58:01'),(2222,1920439676,'2020-03-04 13:15:29'),(2223,1920438315,'2020-03-04 13:49:03'),(2224,1920436658,'2020-03-04 13:57:08'),(2225,1920439758,'2020-03-04 14:33:57'),(2226,1920435480,'2020-03-04 15:22:53'),(2227,1920444033,'2020-03-04 15:35:47'),(2228,1920436787,'2020-03-04 15:47:56'),(2229,1920436253,'2020-03-04 17:24:24'),(2230,1920442214,'2020-03-04 17:35:20'),(2231,1920435412,'2020-03-04 17:39:29'),(2232,1920435046,'2020-03-04 17:40:16'),(2233,1920442943,'2020-03-04 17:44:58'),(2234,1920442562,'2020-03-04 18:31:50'),(2235,1920443078,'2020-03-04 19:21:50'),(2236,1920442317,'2020-03-04 20:04:12'),(2237,1920442293,'2020-03-04 20:36:28'),(2238,1920437175,'2020-03-04 22:12:59'),(2239,1920444092,'2020-03-05 00:07:46'),(2240,1920435046,'2020-03-05 00:13:36'),(2241,1920440912,'2020-03-05 01:12:46'),(2242,1920434651,'2020-03-05 01:13:05'),(2243,1920441497,'2020-03-05 01:29:29'),(2244,1920444154,'2020-03-05 01:38:54'),(2245,1920442708,'2020-03-05 03:20:09'),(2246,1920443387,'2020-03-05 05:00:25'),(2247,1920443843,'2020-03-05 05:06:09'),(2248,1920443581,'2020-03-05 05:11:01'),(2249,1920443511,'2020-03-05 06:04:01'),(2250,1920444141,'2020-03-05 07:00:23'),(2251,-1367385556,'2020-03-05 07:35:29'),(2252,1920444141,'2020-03-05 08:14:58'),(2253,1920442531,'2020-03-05 09:14:53'),(2254,1920444141,'2020-03-05 10:16:53'),(2255,1920443991,'2020-03-05 11:08:40'),(2256,1920443339,'2020-03-05 11:52:41'),(2257,1920442940,'2020-03-05 12:18:52'),(2258,1920443511,'2020-03-05 12:24:22'),(2259,1920443339,'2020-03-05 13:45:45'),(2260,1920443025,'2020-03-05 13:58:42'),(2261,1920443581,'2020-03-05 14:14:29'),(2262,1920443746,'2020-03-05 15:03:08'),(2263,1920442531,'2020-03-05 15:47:34'),(2264,1920443399,'2020-03-05 15:52:47'),(2265,1920443044,'2020-03-05 16:14:55'),(2266,1920443399,'2020-03-05 17:23:20'),(2267,1920442531,'2020-03-05 18:44:30'),(2268,1920443266,'2020-03-05 18:59:41'),(2269,1920443346,'2020-03-05 19:25:12'),(2270,1920443106,'2020-03-05 19:30:18'),(2271,1920442430,'2020-03-05 19:55:58'),(2272,1920444280,'2020-03-05 20:06:16'),(2273,1920442430,'2020-03-05 20:26:53'),(2274,1920443025,'2020-03-05 20:47:36'),(2275,1920444051,'2020-03-05 21:03:06'),(2276,1920444235,'2020-03-05 21:23:49'),(2277,1920442437,'2020-03-05 21:34:14'),(2278,1920443511,'2020-03-05 22:21:00'),(2279,1920443746,'2020-03-05 22:31:30'),(2280,1920443843,'2020-03-05 23:23:50'),(2281,1920442466,'2020-03-05 23:34:22'),(2282,1920443339,'2020-03-06 00:00:46'),(2283,1920443552,'2020-03-06 00:16:22'),(2284,1920443387,'2020-03-06 01:08:37'),(2285,1920444043,'2020-03-06 04:38:43'),(2286,1920442940,'2020-03-06 05:11:54'),(2287,1920443511,'2020-03-06 05:18:25'),(2288,1920442562,'2020-03-06 05:39:10'),(2289,1920443842,'2020-03-06 06:32:01'),(2290,1920443387,'2020-03-06 06:56:51'),(2291,1920443558,'2020-03-06 07:33:27'),(2292,1920443387,'2020-03-06 09:48:33'),(2293,1920443581,'2020-03-06 10:11:08'),(2294,1920443558,'2020-03-06 10:22:21'),(2295,1920443399,'2020-03-06 11:36:02'),(2296,697215391,'2020-03-06 16:39:48'),(2297,1056686369,'2020-03-06 14:51:44'),(2298,1920443387,'2020-03-06 15:55:36'),(2300,1920443552,'2020-03-06 18:37:01'),(2301,1714538884,'2020-03-06 19:02:03'),(2302,1920444306,'2020-03-06 19:27:03'),(2303,1920443581,'2020-03-06 19:37:03'),(2304,1920443647,'2020-03-06 19:47:02'),(2305,1920442468,'2020-03-06 20:02:02'),(2306,1920443387,'2020-03-06 20:32:05'),(2307,1920442881,'2020-03-06 20:37:06'),(2308,1920444141,'2020-03-06 21:48:01'),(2309,1920443552,'2020-03-06 22:59:41'),(2310,1920443387,'2020-03-07 01:25:51'),(2311,1920444141,'2020-03-07 02:02:56'),(2312,1920443387,'2020-03-07 04:06:04'),(2313,1920443025,'2020-03-07 05:21:03'),(2314,1920443662,'2020-03-07 06:16:11'),(2315,1920443786,'2020-03-07 07:06:38'),(2316,-1002180455,'2020-03-07 15:30:00'),(2317,1920442531,'2020-03-07 16:13:19'),(2318,1920443843,'2020-03-07 18:51:23'),(2319,1920442940,'2020-03-07 19:30:44'),(2320,1920443843,'2020-03-07 20:32:46'),(2321,1920442531,'2020-03-07 21:51:57'),(2322,1920443552,'2020-03-07 23:55:11'),(2323,1920442940,'2020-03-08 00:05:17'),(2324,1920443581,'2020-03-08 00:31:03'),(2325,1920443843,'2020-03-08 02:23:27'),(2326,1920443118,'2020-03-08 02:48:44'),(2327,1920442857,'2020-03-08 06:50:48'),(2328,1920443843,'2020-03-08 07:06:15'),(2329,1920444299,'2020-03-08 07:11:06'),(2330,1920443444,'2020-03-08 07:57:44'),(2331,1920443025,'2020-03-08 08:02:50'),(2332,1920443843,'2020-03-08 08:18:30'),(2333,1920443046,'2020-03-08 09:34:02'),(2334,1920443025,'2020-03-08 10:19:55'),(2335,1920444343,'2020-03-08 11:21:08'),(2336,1920442531,'2020-03-08 12:17:41'),(2337,1920443387,'2020-03-08 12:22:47'),(2338,1920444084,'2020-03-08 13:19:18'),(2339,1920443552,'2020-03-08 15:07:11'),(2340,1920444197,'2020-03-08 15:12:22'),(2341,1920443552,'2020-03-08 16:21:58'),(2342,1920443581,'2020-03-08 20:23:12'),(2343,1920443217,'2020-03-08 20:38:35'),(2344,1920443843,'2020-03-08 20:54:07'),(2345,1920443581,'2020-03-08 20:59:10'),(2346,1920444141,'2020-03-08 21:04:30'),(2347,1920443279,'2020-03-08 21:09:36'),(2348,1920443843,'2020-03-08 21:40:14'),(2349,1920442940,'2020-03-08 23:12:01'),(2350,1920443552,'2020-03-08 23:22:08'),(2351,1920442531,'2020-03-09 00:03:16'),(2352,1920443511,'2020-03-09 02:06:35'),(2353,1920442531,'2020-03-09 03:03:03'),(2354,1920442422,'2020-03-09 05:03:49'),(2355,1920443786,'2020-03-09 05:09:04'),(2356,1920442531,'2020-03-09 05:24:49'),(2357,1920443400,'2020-03-09 05:45:45'),(2358,1920442775,'2020-03-09 06:01:27'),(2359,1920443843,'2020-03-09 06:16:40'),(2360,1920443387,'2020-03-09 06:21:48'),(2361,1920443973,'2020-03-09 07:13:12'),(2362,1920443269,'2020-03-09 07:39:23'),(2363,1920443843,'2020-03-09 07:51:06'),(2364,1920443552,'2020-03-09 08:02:54'),(2365,1920443187,'2020-03-09 08:25:54'),(2366,1771321336,'2020-03-09 08:39:53'),(2367,1920442940,'2020-03-09 09:48:15'),(2368,1920443025,'2020-03-09 10:05:04'),(2369,1920443581,'2020-03-09 10:21:54'),(2370,1920442940,'2020-03-09 10:38:37'),(2371,1920442531,'2020-03-09 11:11:16'),(2372,1920443387,'2020-03-09 11:16:38'),(2373,1920443387,'2020-03-09 11:22:21'),(2374,1920443399,'2020-03-09 12:08:38'),(2375,1920444141,'2020-03-09 12:14:06'),(2376,1920443025,'2020-03-09 12:19:34'),(2377,1920443399,'2020-03-09 12:46:38'),(2378,1920444141,'2020-03-09 12:52:03'),(2379,1920443511,'2020-03-09 13:13:35'),(2380,1920443552,'2020-03-09 13:18:59'),(2381,1920442940,'2020-03-09 13:24:23'),(2382,1920444141,'2020-03-09 13:56:40'),(2383,1920443399,'2020-03-09 14:28:59'),(2384,1920443843,'2020-03-09 14:39:50'),(2385,1766293776,'2020-03-09 15:16:44'),(2386,1920444141,'2020-03-09 16:12:20'),(2387,1920442940,'2020-03-09 16:17:49'),(2388,1920443399,'2020-03-09 16:23:05'),(2389,1920442940,'2020-03-09 16:44:23'),(2390,1920443387,'2020-03-09 16:55:01'),(2391,1920443387,'2020-03-09 17:32:23'),(2392,1920442531,'2020-03-09 18:55:12'),(2393,1920442940,'2020-03-09 19:59:37'),(2394,1920442821,'2020-03-09 20:19:34'),(2395,1920443025,'2020-03-09 20:29:50'),(2396,1920443387,'2020-03-09 20:59:03'),(2397,1920443843,'2020-03-09 21:05:51'),(2398,1920443399,'2020-03-09 21:16:09'),(2399,1920443581,'2020-03-09 21:46:29'),(2400,1920443387,'2020-03-09 22:08:33'),(2401,1920443863,'2020-03-09 22:29:13'),(2402,1920442531,'2020-03-09 22:57:47'),(2403,1920442940,'2020-03-09 23:12:22'),(2404,1920444141,'2020-03-09 23:27:46'),(2405,1920443231,'2020-03-10 00:08:39'),(2406,1920443552,'2020-03-10 01:09:19'),(2407,1920443025,'2020-03-10 01:37:08'),(2408,1920443581,'2020-03-10 01:39:57'),(2409,1920443552,'2020-03-10 02:00:48'),(2410,1920443843,'2020-03-10 03:06:11'),(2411,1920444141,'2020-03-10 06:04:19'),(2412,1920442940,'2020-03-10 06:14:54'),(2413,1920442647,'2020-03-10 16:35:14'),(2414,1920444141,'2020-03-10 18:31:13'),(2415,1920444202,'2020-03-10 20:32:35'),(2416,-1598837719,'2020-03-10 22:29:34'),(2417,1920443025,'2020-03-10 23:21:12'),(2418,1920442531,'2020-03-11 00:49:36'),(2419,1920443552,'2020-03-11 01:46:25'),(2420,1920442940,'2020-03-11 02:41:11'),(2421,1920443025,'2020-03-11 10:52:00'),(2422,1920442531,'2020-03-11 11:20:58'),(2423,1920443511,'2020-03-11 12:39:01'),(2424,1920443025,'2020-03-11 13:00:02'),(2425,1920443843,'2020-03-11 14:13:29'),(2426,1920443511,'2020-03-11 22:27:13'),(2427,1920444141,'2020-03-12 01:34:19'),(2428,1920442531,'2020-03-12 05:30:37'),(2429,1920443581,'2020-03-12 05:51:28'),(2430,1920443399,'2020-03-12 06:50:42'),(2431,1920443552,'2020-03-12 10:03:30'),(2432,1920443399,'2020-03-12 10:25:22'),(2433,1920443511,'2020-03-12 10:40:29'),(2434,1920442531,'2020-03-12 11:00:14'),(2435,1920442940,'2020-03-12 11:54:41'),(2436,1920443581,'2020-03-12 12:04:53'),(2437,-1600031878,'2020-03-12 13:54:57'),(2438,1920443025,'2020-03-12 15:28:16'),(2439,1920443552,'2020-03-12 16:54:29'),(2440,1920442940,'2020-03-12 17:52:39'),(2441,1920444141,'2020-03-12 18:02:42'),(2442,1920443843,'2020-03-12 18:22:51'),(2443,1920443387,'2020-03-12 20:03:27'),(2444,1920443025,'2020-03-12 20:17:33'),(2445,1920442940,'2020-03-12 21:20:38'),(2446,1920443511,'2020-03-12 21:56:11'),(2447,1765966016,'2020-03-12 22:40:33'),(2448,1920442940,'2020-03-12 23:27:49'),(2449,1920443511,'2020-03-13 00:37:38'),(2450,1920442940,'2020-03-13 04:49:06'),(2451,1920443025,'2020-03-13 06:02:20'),(2452,1920443399,'2020-03-13 07:10:53'),(2453,1920443552,'2020-03-13 08:16:21'),(2454,1920442531,'2020-03-13 09:46:24'),(2455,1920443843,'2020-03-13 11:47:42'),(2456,1920444141,'2020-03-13 13:37:31'),(2457,1920442531,'2020-03-13 20:20:59'),(2458,1920442466,'2020-03-14 00:52:50'),(2459,1920443511,'2020-03-14 01:51:31'),(2460,1920443511,'2020-03-14 06:32:47'),(2461,1920443399,'2020-03-14 10:08:01'),(2462,693908498,'2020-03-14 12:22:22'),(2463,1920443552,'2020-03-14 12:32:36'),(2464,1920443511,'2020-03-14 15:10:21'),(2465,1920443025,'2020-03-14 17:32:36'),(2466,1920443387,'2020-03-14 17:47:46'),(2467,1920443387,'2020-03-14 17:57:51'),(2468,1825966417,'2020-03-14 20:14:18'),(2469,1920443387,'2020-03-14 21:15:29'),(2470,1920443552,'2020-03-14 22:32:16'),(2471,1920443511,'2020-03-15 03:10:19'),(2472,1920443387,'2020-03-15 03:15:20'),(2473,1920443552,'2020-03-15 05:20:12'),(2474,1920443025,'2020-03-15 05:55:39'),(2475,1920442940,'2020-03-15 06:10:49'),(2476,1920443552,'2020-03-15 09:00:23'),(2477,1920443511,'2020-03-15 09:10:24'),(2478,1920442940,'2020-03-15 09:37:41'),(2479,1920442531,'2020-03-15 11:57:08'),(2480,1920443511,'2020-03-15 12:02:11'),(2481,1920443399,'2020-03-15 14:53:32'),(2482,1920443387,'2020-03-15 16:26:02'),(2483,1920443399,'2020-03-15 16:43:00'),(2484,1920443399,'2020-03-15 17:47:19'),(2485,1920442940,'2020-03-15 17:57:28'),(2486,1920443387,'2020-03-15 19:24:23'),(2487,1920443387,'2020-03-15 19:34:36'),(2488,1920443025,'2020-03-15 20:48:51'),(2489,1920442940,'2020-03-15 20:54:00'),(2490,1920442940,'2020-03-15 21:40:03'),(2491,1920443511,'2020-03-15 22:45:03'),(2492,1920442940,'2020-03-15 23:05:15'),(2493,1920443025,'2020-03-15 23:32:06'),(2494,1920443399,'2020-03-16 01:28:55'),(2495,1920443025,'2020-03-16 02:17:29'),(2496,1920442940,'2020-03-16 03:59:23'),(2497,1920443387,'2020-03-16 07:25:44'),(2498,1920443552,'2020-03-16 08:23:17'),(2499,1928204482,'2020-03-16 08:34:29'),(2500,-591436551,'2020-03-16 08:34:38'),(2501,1920442531,'2020-03-16 09:24:15'),(2502,1927071264,'2020-03-16 11:54:44'),(2503,1851108433,'2020-03-16 11:54:47'),(2504,2045370984,'2020-03-16 11:54:54'),(2505,1920443511,'2020-03-16 11:58:53'),(2506,1920443387,'2020-03-16 12:34:28'),(2507,704165640,'2020-03-16 12:41:39'),(2508,2059656174,'2020-03-16 12:59:58'),(2509,1920443025,'2020-03-16 15:58:51'),(2510,1920444141,'2020-03-16 16:43:55'),(2511,1920443843,'2020-03-16 17:39:25'),(2512,1920442531,'2020-03-16 18:28:40'),(2513,1920443387,'2020-03-16 18:33:43'),(2514,1920442940,'2020-03-16 19:14:41'),(2515,1920443511,'2020-03-16 20:19:49'),(2516,1920443552,'2020-03-16 22:29:46'),(2517,1920443552,'2020-03-16 22:54:44'),(2518,1017155427,'2020-03-16 23:03:34'),(2519,1968994635,'2020-03-16 23:03:54'),(2520,827805551,'2020-03-16 23:03:55'),(2521,1969144827,'2020-03-16 23:04:31'),(2522,1867117462,'2020-03-16 23:04:36'),(2523,1886493285,'2020-03-16 23:04:40'),(2524,-547841488,'2020-03-16 23:04:46'),(2525,1782159243,'2020-03-16 23:04:49'),(2526,827726127,'2020-03-16 23:05:00'),(2527,1778837897,'2020-03-16 23:05:01'),(2528,1920444141,'2020-03-17 00:20:58'),(2529,1920443843,'2020-03-17 00:31:00'),(2530,1920443581,'2020-03-17 00:36:01'),(2531,1920443483,'2020-03-17 04:32:26'),(2532,1920443025,'2020-03-17 05:43:26'),(2533,1920443387,'2020-03-17 06:54:32'),(2534,1920443552,'2020-03-17 07:04:32'),(2535,1920442437,'2020-03-17 09:00:07'),(2536,-1001690412,'2020-03-17 13:15:46'),(2537,-555968338,'2020-03-17 14:03:13'),(2538,1920444141,'2020-03-17 14:44:25'),(2539,29751140,'2020-03-17 16:28:57'),(2540,697103380,'2020-03-17 17:00:26'),(2541,1920443399,'2020-03-17 17:22:27'),(2542,1920443581,'2020-03-17 17:51:37'),(2543,1017531206,'2020-03-17 19:21:30'),(2544,-1225479702,'2020-03-17 19:22:31'),(2545,1920442940,'2020-03-18 04:18:06'),(2546,1919156961,'2020-03-18 05:09:41'),(2547,1965825368,'2020-03-18 05:10:00'),(2548,2105463489,'2020-03-18 05:10:12'),(2549,-1348082633,'2020-03-18 05:10:17'),(2550,1886542033,'2020-03-18 05:10:21'),(2551,-1225317156,'2020-03-18 05:10:23'),(2552,2102881518,'2020-03-18 08:02:36'),(2553,-1213913064,'2020-03-18 08:03:35'),(2554,826688097,'2020-03-18 08:03:49'),(2555,2057099306,'2020-03-18 08:04:04'),(2556,1967192827,'2020-03-18 08:04:13'),(2557,-555968174,'2020-03-18 08:04:54'),(2558,994003552,'2020-03-18 08:05:38'),(2559,2045123549,'2020-03-18 08:06:26'),(2560,-1548497892,'2020-03-18 08:06:31'),(2561,-1598955143,'2020-03-18 08:49:16'),(2562,402452807,'2020-03-18 13:49:53'),(2563,-659733853,'2020-03-18 14:20:55'),(2564,-1225317131,'2020-03-18 15:31:35'),(2565,-555967975,'2020-03-18 15:34:28'),(2566,2105245023,'2020-03-18 15:35:15'),(2567,827310514,'2020-03-18 15:35:38'),(2568,-1225310944,'2020-03-18 15:36:16'),(2569,-1948008487,'2020-03-18 15:36:25'),(2570,607687892,'2020-03-18 15:36:41'),(2571,1949797418,'2020-03-18 15:37:01'),(2572,2015942378,'2020-03-18 15:37:05'),(2573,1920442531,'2020-03-18 18:14:26'),(2574,1920443399,'2020-03-18 18:19:26'),(2575,1920443843,'2020-03-18 18:39:31'),(2576,1920443399,'2020-03-18 19:14:39'),(2577,2104923540,'2020-03-18 19:43:21'),(2578,1967388512,'2020-03-18 19:43:39'),(2579,1944113951,'2020-03-18 19:44:26'),(2580,1886542101,'2020-03-18 19:44:47'),(2581,-1347559667,'2020-03-18 19:44:55'),(2582,1928214139,'2020-03-18 19:45:07'),(2583,21384414,'2020-03-18 19:45:44'),(2584,-1929429318,'2020-03-18 19:45:47'),(2585,1928145055,'2020-03-18 19:46:15'),(2586,1927258116,'2020-03-18 19:46:17'),(2587,1017542056,'2020-03-18 19:46:32'),(2588,-1266871960,'2020-03-18 19:46:48'),(2589,-555968201,'2020-03-18 19:47:41'),(2590,720505745,'2020-03-18 19:47:51'),(2591,1919096672,'2020-03-18 19:47:54'),(2592,1944255391,'2020-03-18 19:48:13'),(2593,1032033683,'2020-03-18 19:48:41'),(2594,1786436063,'2020-03-18 19:49:17'),(2595,-1268149644,'2020-03-18 19:49:39'),(2596,1910258852,'2020-03-18 19:51:19'),(2597,-631536002,'2020-03-18 19:52:01'),(2598,1857358105,'2020-03-18 19:52:36'),(2599,827488466,'2020-03-18 19:53:11'),(2600,2105244937,'2020-03-18 19:53:52'),(2601,1903698769,'2020-03-18 19:54:02'),(2602,1919357649,'2020-03-18 19:54:18'),(2603,1920442531,'2020-03-19 11:05:12'),(2604,-1001669464,'2020-03-19 17:20:12'),(2605,1920443387,'2020-03-19 17:18:33'),(2606,1920443399,'2020-03-19 18:04:28'),(2607,1920443511,'2020-03-19 20:21:08'),(2608,-1376187669,'2020-03-20 11:35:57'),(2609,455764263,'2020-03-20 13:20:17'),(2610,1778714769,'2020-03-20 13:25:46'),(2611,28754113,'2020-03-20 13:25:56'),(2612,1919387683,'2020-03-20 13:26:41'),(2613,1928221996,'2020-03-20 13:28:52'),(2614,2044736210,'2020-03-20 13:31:42'),(2615,986980646,'2020-03-20 13:37:36'),(2616,1919021672,'2020-03-20 14:45:03'),(2617,1782321683,'2020-03-20 15:01:12'),(2618,1967166664,'2020-03-20 15:04:07'),(2619,1967166569,'2020-03-20 15:04:11'),(2620,2090922124,'2020-03-20 15:05:03'),(2621,1918937172,'2020-03-20 15:07:24'),(2622,1919131840,'2020-03-20 15:08:17'),(2623,1920442940,'2020-03-20 18:19:53'),(2624,-631783712,'2020-03-20 19:29:39'),(2625,1944113905,'2020-03-20 19:31:53'),(2626,1967388165,'2020-03-20 19:33:01'),(2627,1928304212,'2020-03-21 03:25:08'),(2628,-565868739,'2020-03-21 03:28:35'),(2629,-1225479984,'2020-03-21 03:42:37'),(2630,2105234410,'2020-03-21 09:21:37'),(2631,1943303292,'2020-03-21 09:21:43'),(2632,976019709,'2020-03-21 09:21:51'),(2633,1870552388,'2020-03-21 13:44:37'),(2634,-1266938584,'2020-03-21 17:59:00'),(2635,1920443399,'2020-03-22 03:05:42'),(2636,2105230711,'2020-03-22 08:10:24'),(2637,1785648308,'2020-03-22 09:10:49'),(2638,2105249324,'2020-03-22 10:19:26'),(2639,1019048916,'2020-03-22 10:19:33'),(2640,-1598903154,'2020-03-23 03:44:32'),(2641,-1347559436,'2020-03-23 08:46:31'),(2642,1886493892,'2020-03-23 11:35:01'),(2643,-633423040,'2020-03-24 05:36:11'),(2644,1928335800,'2020-03-24 05:36:28'),(2645,1920443552,'2020-03-24 08:23:09'),(2646,-1001666113,'2020-03-24 10:50:50'),(2647,-1001657129,'2020-03-25 19:53:18'),(2648,2045383771,'2020-03-24 11:04:39'),(2649,1932886011,'2020-03-24 13:00:56'),(2650,1782159340,'2020-03-24 21:12:23'),(2651,-992377493,'2020-03-24 21:29:24'),(2653,-992377493,'2020-03-24 21:49:36'),(2655,1771835581,'2020-03-25 12:35:46'),(2656,-537688662,'2020-03-25 22:40:29'),(2657,1774136265,'2020-03-26 10:43:51'),(2659,1356278399,'2020-03-26 11:20:48'),(2660,1782078044,'2020-03-26 15:04:40'),(2661,-1211007429,'2020-03-26 15:20:57'),(2662,1771802152,'2020-03-26 16:18:30'),(2663,1766297988,'2020-03-27 07:09:10'),(2664,-1221301411,'2020-03-27 13:09:11'),(2665,1766000245,'2020-03-31 22:49:15'),(2666,1887119602,'2020-03-27 20:12:14'),(2667,1968399031,'2020-03-27 20:15:32'),(2668,704344372,'2020-03-28 03:20:46'),(2670,-539513311,'2020-03-28 06:28:09'),(2671,-979795512,'2020-03-28 13:00:10'),(2672,989791728,'2020-03-28 13:47:23'),(2673,-1214183876,'2020-03-28 15:14:23'),(2674,704342960,'2020-03-31 16:22:40'),(2675,-1598836965,'2020-03-28 17:21:07'),(2676,-1225479958,'2020-03-29 00:06:54'),(2677,1018777383,'2020-03-29 10:27:55'),(2678,1782122375,'2020-03-29 13:32:38'),(2679,-998268260,'2020-04-09 00:03:32'),(2680,-555967789,'2020-03-30 00:43:32'),(2681,1848959217,'2020-03-30 04:10:07'),(2682,1886492936,'2020-03-30 08:05:15'),(2683,-1948078724,'2020-03-30 16:56:18'),(2684,-1598827883,'2020-03-30 19:20:33'),(2685,-1000746642,'2020-03-30 20:12:35'),(2686,1765933529,'2020-03-31 00:03:16'),(2687,-973218678,'2020-03-31 15:32:51'),(2688,1771702310,'2020-04-01 03:44:03'),(2689,704159798,'2020-04-01 15:22:52'),(2690,1772022783,'2020-04-01 15:57:48'),(2691,1766261573,'2020-04-01 18:35:40'),(2692,704321086,'2020-04-02 22:38:33'),(2693,-1001690402,'2020-04-02 23:49:59'),(2694,1771847683,'2020-04-04 03:51:33'),(2695,704164705,'2020-04-02 23:24:31'),(2696,1766000192,'2020-04-03 17:31:25'),(2697,-1598913208,'2020-04-03 19:58:58'),(2699,1765965869,'2020-04-03 21:49:52'),(2700,-1002386201,'2020-04-03 23:24:12'),(2701,704185084,'2020-04-04 10:35:33'),(2702,-973223782,'2020-04-04 11:14:38'),(2703,-1599075939,'2020-04-05 11:55:28'),(2704,-1599049867,'2020-04-05 15:19:07'),(2705,704250137,'2020-04-06 15:46:17'),(2706,-1599074621,'2020-04-06 00:22:48'),(2707,704165096,'2020-04-14 12:31:55'),(2708,-973221646,'2020-04-06 17:45:17'),(2709,-1001755786,'2020-04-06 20:36:56'),(2710,704166147,'2020-04-06 23:06:57'),(2712,-1599048821,'2020-04-07 11:03:18'),(2713,-1599048821,'2020-04-07 11:15:43'),(2714,697128175,'2020-04-07 21:33:11'),(2715,-973224098,'2020-04-12 17:20:22'),(2716,1765999089,'2020-04-08 12:19:58'),(2717,-1331062056,'2020-04-08 14:34:33'),(2718,1774163545,'2020-04-08 18:26:41'),(2720,-1598925413,'2020-04-09 00:54:16'),(2721,-1001706969,'2020-04-09 01:55:14'),(2722,-1001706969,'2020-04-09 01:49:30'),(2723,-1001727361,'2020-04-09 03:15:33'),(2724,1920444141,'2020-04-09 03:53:05'),(2725,1920443025,'2020-04-09 10:42:44'),(2726,1920444141,'2020-04-09 13:57:29'),(2727,1771738624,'2020-04-09 15:12:00'),(2729,1920443387,'2020-04-10 01:53:17'),(2730,1920443399,'2020-04-10 13:05:58'),(2731,1920443511,'2020-04-10 14:49:47'),(2732,1773953109,'2020-04-15 08:19:50'),(2733,1920444141,'2020-04-10 15:34:28'),(2734,693904892,'2020-04-10 18:19:15'),(2735,1920443552,'2020-04-10 18:47:46'),(2736,-1016748779,'2020-04-10 23:28:36'),(2738,1920444141,'2020-04-11 00:04:46'),(2739,1920442531,'2020-04-11 03:00:28'),(2740,-1001752885,'2020-04-13 19:34:08'),(2741,1765999188,'2020-04-11 06:01:38'),(2742,1920443387,'2020-04-11 06:57:50'),(2743,1920444141,'2020-04-11 11:34:02'),(2744,-1016748779,'2020-04-11 16:36:40'),(2745,1920442940,'2020-04-11 17:32:27'),(2746,704157332,'2020-04-11 19:19:08'),(2747,1920443552,'2020-04-11 20:09:41'),(2748,1716420017,'2020-04-12 06:30:35'),(2749,1920443581,'2020-04-12 07:13:45'),(2750,1771972766,'2020-04-12 10:30:39'),(2751,1920443581,'2020-04-12 11:19:33'),(2752,697141143,'2020-04-12 16:17:43'),(2754,1920443581,'2020-04-12 15:25:33'),(2755,-1599045199,'2020-04-12 23:31:26'),(2756,1771630228,'2020-04-13 12:38:53'),(2757,704372254,'2020-04-13 16:02:59'),(2758,1771617708,'2020-04-13 16:22:36'),(2760,1771748151,'2020-04-13 17:01:23'),(2761,704178192,'2020-04-13 17:05:58'),(2762,-1002359081,'2020-04-13 18:53:49'),(2765,704372254,'2020-04-13 19:48:01'),(2766,697204095,'2020-04-13 19:49:37'),(2767,1771715528,'2020-04-14 10:58:57'),(2769,-998681177,'2020-04-14 13:08:35'),(2770,1546029125,'2020-04-14 18:19:38'),(2771,-1002392285,'2020-04-14 21:34:56'),(2772,697258138,'2020-04-14 23:17:31'),(2773,-998749793,'2020-04-14 23:49:50'),(2774,-973621347,'2020-04-15 00:22:04'),(2775,-973635983,'2020-04-15 01:46:12'),(2776,697300718,'2020-04-15 04:08:55'),(2778,-973222613,'2020-04-15 08:08:03'),(2779,1716444883,'2020-04-15 12:42:14'),(2780,1717869954,'2020-04-15 14:09:35'),(2781,-1001725479,'2020-04-15 16:16:47'),(2782,-1598844695,'2020-04-15 18:54:56'),(2784,-1598891398,'2020-04-15 21:48:20'),(2785,-999210281,'2020-04-16 01:37:30'),(2786,-1599217725,'2020-04-16 12:23:14'),(2787,1456020431,'2020-04-16 14:31:15'),(2788,697058212,'2020-04-16 18:19:43'),(2789,1771776255,'2020-04-16 21:12:07'),(2790,704208160,'2020-04-16 22:33:21'),(2791,704208160,'2020-04-16 22:56:02'),(2792,-979792389,'2020-04-16 23:51:59'),(2793,704206382,'2020-04-17 15:03:41'),(2794,704232687,'2020-04-17 17:54:08'),(2795,704161902,'2020-04-17 18:24:24'),(2796,1774148704,'2020-04-17 21:31:58'),(2797,1770405361,'2020-04-19 16:52:06'),(2799,1766262829,'2020-04-18 02:04:39'),(2803,1766031367,'2020-04-18 04:08:00'),(2804,1771747593,'2020-04-18 09:26:49'),(2805,769337862,'2020-04-18 13:18:23'),(2806,697192459,'2020-04-18 13:36:54'),(2807,697093666,'2020-04-18 17:59:39'),(2808,1765966032,'2020-04-18 18:34:23'),(2809,-830764074,'2020-04-18 20:55:30'),(2810,-1000388788,'2020-04-18 23:12:02'),(2811,704208408,'2020-04-18 23:14:03'),(2812,1765967368,'2020-04-18 23:34:05'),(2813,704174316,'2020-04-19 07:38:53'),(2814,697144469,'2020-04-19 13:14:08'),(2815,697122925,'2020-04-19 13:31:12'),(2817,1555594355,'2020-04-20 15:20:25'),(2818,704340069,'2020-05-04 14:40:46'),(2819,-1001755477,'2020-04-19 17:26:47'),(2820,1716020179,'2020-04-19 18:32:58'),(2821,1592931862,'2020-04-19 20:04:21'),(2822,1771777055,'2020-04-19 23:43:29'),(2823,-1001701600,'2020-04-20 04:15:16'),(2824,704185174,'2020-04-20 08:43:20'),(2825,1546029125,'2020-04-20 09:26:50'),(2826,704286373,'2020-04-20 18:05:48'),(2827,704288489,'2020-04-20 17:15:41'),(2828,-1001701600,'2020-04-20 17:19:57'),(2829,-1599818431,'2020-04-20 19:46:39'),(2830,-973216129,'2020-04-20 20:20:12'),(2831,-1599050990,'2020-04-21 18:14:11'),(2833,1555594272,'2020-04-20 21:47:19'),(2834,-1598969273,'2020-04-21 00:13:23'),(2835,704172962,'2020-04-21 09:59:29'),(2836,1771727384,'2020-04-21 10:37:17'),(2838,704227379,'2020-04-21 11:59:07'),(2839,-1021750213,'2020-04-21 12:08:07'),(2840,704227379,'2020-04-21 13:45:45'),(2841,-993119141,'2020-04-21 17:50:56'),(2843,-1000745715,'2020-04-21 19:17:07'),(2844,-1002361793,'2020-04-21 19:46:06'),(2845,-1002340741,'2020-04-21 19:56:15'),(2846,-1599010964,'2020-04-21 20:21:03'),(2847,-1182228710,'2020-04-21 22:59:22'),(2848,-1000907140,'2020-04-21 23:53:04'),(2849,-1001663598,'2020-04-22 06:33:00'),(2850,1772044166,'2020-04-23 01:53:54'),(2851,704226785,'2020-04-22 11:01:55'),(2852,-1002412132,'2020-04-22 15:33:09'),(2853,1766295485,'2020-04-22 15:41:23'),(2854,704374538,'2020-04-30 14:40:40'),(2855,-1002317449,'2020-04-22 18:10:43'),(2857,1770271689,'2020-04-22 20:55:25'),(2858,-1002041390,'2020-04-23 01:22:07'),(2859,-1304731033,'2020-04-23 09:45:43'),(2860,-1001573904,'2020-04-23 14:15:18'),(2861,-1598891048,'2020-04-23 17:58:24'),(2862,1766000590,'2020-04-23 19:06:39'),(2863,1771762671,'2020-04-23 21:05:04'),(2864,1766261971,'2020-04-23 21:59:13'),(2866,-1001750408,'2020-04-24 01:28:56'),(2867,-1201737636,'2020-04-24 10:42:48'),(2868,-992405110,'2020-04-24 11:35:13'),(2869,-1598999156,'2020-04-24 11:49:22'),(2870,-973659844,'2020-04-24 14:36:22'),(2872,-992405110,'2020-04-24 18:42:42'),(2873,1765933390,'2020-04-29 16:59:10'),(2874,-992405110,'2020-04-24 18:49:51'),(2875,-998676981,'2020-04-24 20:23:22'),(2877,-1001734972,'2020-04-25 12:01:10'),(2878,-1599042565,'2020-04-25 14:03:34'),(2880,1717713294,'2020-04-25 21:54:30'),(2881,-1599022341,'2020-04-25 22:33:06'),(2882,-1598915434,'2020-04-25 23:26:45'),(2883,-1002012865,'2020-04-26 00:46:24'),(2885,-1599026974,'2020-04-26 02:20:03'),(2886,704355024,'2020-04-26 09:32:23'),(2887,1766265228,'2020-04-26 11:31:36'),(2888,-1201737636,'2020-04-26 11:01:44'),(2889,1771917212,'2020-04-26 15:31:39'),(2890,-1002345815,'2020-04-26 18:01:00'),(2891,704210292,'2020-04-26 18:23:54'),(2892,697254003,'2020-04-27 09:06:48'),(2893,-1002188043,'2020-04-27 12:14:15'),(2894,697166996,'2020-04-27 13:48:26'),(2895,697248028,'2020-04-27 20:45:16'),(2896,702079516,'2020-04-28 16:52:01'),(2898,-1001577264,'2020-04-28 18:38:47'),(2900,1546029125,'2020-04-28 20:05:25'),(2901,-999221270,'2020-04-28 21:23:45'),(2902,-998696330,'2020-04-29 02:35:31'),(2903,1546029125,'2020-04-29 05:34:46'),(2904,697293489,'2020-04-29 16:15:00'),(2906,-1002037453,'2020-04-29 19:33:12'),(2907,-1002073890,'2020-04-29 19:33:20'),(2908,1771861776,'2020-04-29 20:22:33'),(2909,1538044323,'2020-04-29 20:48:10'),(2910,1718011862,'2020-04-29 21:47:37'),(2912,1546029125,'2020-04-30 10:06:59'),(2913,1765933623,'2020-04-30 12:41:07'),(2914,697115685,'2020-05-06 17:18:20'),(2915,-993103429,'2020-04-30 19:21:07'),(2917,1765999758,'2020-05-01 04:31:59'),(2918,1717678694,'2020-04-30 21:51:53'),(2919,-999279628,'2020-05-01 00:24:45'),(2920,-1001693026,'2020-05-01 03:57:39'),(2921,-1001674887,'2020-05-01 21:38:24'),(2922,1771710710,'2020-05-01 22:44:51'),(2923,1716411568,'2020-05-02 01:07:49'),(2924,-992382370,'2020-05-02 11:37:11'),(2925,704218425,'2020-05-02 18:18:10'),(2927,704357887,'2020-05-16 17:17:37'),(2929,-999280066,'2020-05-02 20:55:24'),(2931,704158380,'2020-05-02 21:49:14'),(2932,1766295806,'2020-05-02 23:04:43'),(2933,1772042408,'2020-05-03 00:39:25'),(2934,-1002044171,'2020-05-03 01:01:00'),(2935,1546029125,'2020-05-03 07:07:49'),(2936,1717867984,'2020-05-03 14:57:55'),(2937,-1001657955,'2020-05-09 10:58:51'),(2938,1772044341,'2020-05-03 21:07:35'),(2939,704169626,'2020-05-03 22:18:37'),(2940,1383798285,'2020-05-04 13:10:04'),(2941,1771770624,'2020-05-04 17:08:43'),(2942,1771816726,'2020-05-21 15:52:33'),(2943,-1598907220,'2020-05-04 18:37:18'),(2944,1766032823,'2020-05-06 02:48:50'),(2945,-1598830692,'2020-05-05 09:34:49'),(2946,1771700299,'2020-05-05 10:33:31'),(2947,1771700299,'2020-05-05 13:32:22'),(2948,1771911833,'2020-05-05 17:52:07'),(2949,1716394855,'2020-05-06 17:09:37'),(2950,-979793524,'2020-05-05 20:36:04'),(2951,-1599406369,'2020-05-06 00:13:01'),(2952,-1598913292,'2020-05-06 01:00:12'),(2954,1766032823,'2020-05-06 03:31:44'),(2955,1771968874,'2020-05-06 07:36:15'),(2956,1771909387,'2020-05-06 10:21:24'),(2957,-973667172,'2020-05-06 14:15:50'),(2958,1766295518,'2020-05-06 22:05:07'),(2959,1717934302,'2020-05-06 22:58:51'),(2960,1718000927,'2020-05-06 23:32:08'),(2961,-1332506955,'2020-05-07 00:59:25'),(2962,-1598901141,'2020-05-07 02:54:51'),(2964,-1598846582,'2020-05-07 13:15:50'),(2965,1774143394,'2020-05-07 21:49:07'),(2966,-1002339974,'2020-05-08 05:49:23'),(2970,1760494643,'2020-05-08 08:24:25'),(2971,645963176,'2020-05-08 08:32:08'),(2972,704150550,'2020-05-08 18:38:16'),(2973,704304420,'2020-05-08 22:56:49'),(2975,-973665702,'2020-05-09 04:53:34'),(2976,1772056056,'2020-05-09 07:11:17'),(2977,693895445,'2020-05-09 12:03:25'),(2980,1771898332,'2020-05-09 18:10:54'),(2981,1765966668,'2020-05-09 21:24:14'),(2982,-1001732264,'2020-05-10 02:02:59'),(2983,1772046729,'2020-05-12 14:34:41'),(2984,1299183111,'2020-05-10 04:28:36'),(2986,-1001666908,'2020-05-10 08:18:32'),(2987,697294676,'2020-05-10 11:27:44'),(2988,-998672476,'2020-05-10 17:39:52'),(2989,1716041913,'2020-05-10 20:41:19'),(2990,-1002367064,'2020-05-10 22:59:26'),(2991,-1201737636,'2020-05-11 04:00:21'),(2992,-1425737303,'2020-05-11 04:08:39'),(2993,643833064,'2020-05-11 08:04:32'),(2994,-1599052385,'2020-05-11 10:45:55'),(2995,1476728457,'2020-05-11 13:42:58'),(2997,1760493603,'2020-05-11 17:54:32'),(2998,704294048,'2020-05-11 19:35:16'),(2999,697115983,'2020-05-12 00:42:29'),(3000,1766299601,'2020-05-12 03:48:49'),(3001,-1001700654,'2020-05-12 08:12:53'),(3002,1772059622,'2020-05-12 11:41:19'),(3003,769343984,'2020-05-12 12:29:10'),(3004,1771911170,'2020-05-12 15:03:15'),(3005,-973218303,'2020-05-12 15:31:46'),(3006,-1002418473,'2020-05-12 23:15:53'),(3007,1765933745,'2020-05-13 14:43:30'),(3008,-1598886322,'2020-05-13 13:04:07'),(3012,1766265627,'2020-05-13 20:23:13'),(3013,645963224,'2020-05-14 07:38:02'),(3014,643673280,'2020-05-14 07:38:39'),(3015,-1001696525,'2020-05-14 08:30:44'),(3017,-979791291,'2020-05-14 12:59:12'),(3020,1089055868,'2020-05-14 17:38:41'),(3021,1089055870,'2020-05-14 17:38:42'),(3022,1774150480,'2020-05-14 18:45:13'),(3023,1717589136,'2020-05-15 00:29:42'),(3024,1771788089,'2020-05-15 01:41:09'),(3025,697098214,'2020-05-15 14:10:39'),(3026,-1001724142,'2020-05-15 16:29:37'),(3027,704190023,'2020-05-22 06:49:26'),(3028,1770985908,'2020-05-16 16:15:30'),(3029,-993090250,'2020-05-16 06:15:02'),(3030,704251737,'2020-05-16 09:20:17'),(3032,-973631478,'2020-05-16 16:08:49'),(3034,1770985908,'2020-05-16 16:25:44'),(3035,-993102105,'2020-05-16 19:43:23'),(3036,1770985908,'2020-05-16 19:55:19'),(3037,697178487,'2020-05-16 21:24:56'),(3038,704210436,'2020-05-17 11:07:08'),(3039,-1598942670,'2020-05-18 01:57:43'),(3040,-1598942670,'2020-05-18 02:50:29'),(3041,-1023778061,'2020-05-18 13:59:53'),(3043,-1297120185,'2020-05-18 18:38:57'),(3044,-1599045914,'2020-05-18 21:30:28'),(3046,1772086865,'2020-05-18 21:34:24'),(3047,697243501,'2020-05-18 23:20:13'),(3048,1765998621,'2020-05-19 07:02:01'),(3049,697177092,'2020-05-19 14:19:05'),(3050,-1001687017,'2020-05-19 14:48:03'),(3051,1920443552,'2020-05-19 19:01:59'),(3052,697152462,'2020-05-19 21:25:17'),(3053,-1002408972,'2020-05-19 21:24:09'),(3054,-973617582,'2020-05-20 18:12:36'),(3055,697152462,'2020-05-19 21:34:00'),(3058,1772049086,'2020-05-20 02:21:10'),(3059,697247463,'2020-05-20 04:59:13'),(3060,704364619,'2020-05-23 04:34:47'),(3061,-1001708004,'2020-05-20 21:49:05'),(3063,-1001708004,'2020-05-20 22:01:43'),(3064,1771738847,'2020-05-20 23:20:31'),(3065,697098367,'2020-05-20 23:50:12'),(3066,1774139811,'2020-05-21 00:15:07'),(3067,-999208437,'2020-05-31 20:38:19'),(3068,1772037210,'2020-05-22 13:02:46'),(3069,-998724939,'2020-05-21 19:38:00'),(3071,-998863550,'2020-05-21 21:39:03'),(3072,1920444141,'2020-05-22 12:01:29'),(3073,697079240,'2020-05-22 12:22:36'),(3074,1772037210,'2020-05-22 13:39:10'),(3075,1772037210,'2020-05-22 15:06:17'),(3076,1714619757,'2020-05-22 20:40:19'),(3077,-1001663430,'2020-05-22 20:53:01'),(3078,-1000663039,'2020-05-23 14:14:46'),(3079,-1599040863,'2020-05-23 14:23:10'),(3080,1765933143,'2020-05-23 20:51:41'),(3082,-1599040863,'2020-05-24 03:00:53'),(3083,1772073182,'2020-05-24 04:57:27'),(3085,-993104853,'2020-05-24 05:11:46'),(3086,1920443581,'2020-05-24 09:24:37'),(3087,-826432762,'2020-05-24 12:26:56'),(3088,-826432762,'2020-05-24 12:26:56'),(3089,-826432762,'2020-05-24 12:26:57'),(3090,-826432762,'2020-05-24 12:26:57'),(3091,-826432762,'2020-05-24 12:26:57'),(3092,-826432762,'2020-05-24 12:26:57'),(3093,-826432762,'2020-05-24 12:26:57'),(3094,-826432762,'2020-05-24 12:26:57'),(3095,-826432762,'2020-05-24 12:26:57'),(3096,-826432762,'2020-05-24 12:26:57'),(3097,-826432762,'2020-05-24 12:26:58'),(3098,-826432762,'2020-05-24 12:26:58'),(3099,-826432762,'2020-05-24 12:26:58'),(3100,-826432762,'2020-05-24 12:26:59'),(3101,-826432762,'2020-05-24 12:26:59'),(3102,-826432762,'2020-05-24 12:26:59'),(3103,-826432762,'2020-05-24 12:26:59'),(3104,-826432762,'2020-05-24 12:26:59'),(3105,-826432762,'2020-05-24 12:26:59'),(3106,-826432762,'2020-05-24 12:26:59'),(3107,-826432762,'2020-05-24 12:27:00'),(3108,-826432762,'2020-05-24 12:27:01'),(3109,-826432762,'2020-05-24 12:27:01'),(3110,1920443399,'2020-05-24 22:21:33'),(3111,1283389221,'2020-05-24 22:54:30'),(3113,697250075,'2020-05-25 13:47:56'),(3114,1771790443,'2020-05-25 16:29:39'),(3115,697204800,'2020-05-25 17:28:50'),(3116,704225071,'2020-05-25 18:17:14'),(3117,1765966932,'2020-05-25 21:13:37'),(3118,704213500,'2020-05-25 21:48:42'),(3119,1766294301,'2020-05-25 21:29:08'),(3121,704213500,'2020-05-25 21:55:14'),(3122,1766298369,'2020-05-25 23:03:40'),(3123,-1701538345,'2020-05-25 23:24:02'),(3124,1765966572,'2020-05-26 05:10:09'),(3125,697148379,'2020-05-26 05:13:02'),(3127,1765933262,'2020-05-26 09:36:49'),(3128,1920442940,'2020-05-26 10:50:54'),(3129,-1001757377,'2020-05-26 16:48:13'),(3130,-1002322313,'2020-05-26 18:37:58'),(3131,697300493,'2020-05-26 18:44:14'),(3132,704208921,'2020-05-27 00:38:38'),(3134,697300493,'2020-05-27 00:41:03'),(3135,-1001579642,'2020-05-27 12:05:58'),(3136,1772092913,'2020-05-27 15:13:45'),(3137,-1598890703,'2020-05-27 16:53:40'),(3138,1772064494,'2020-05-27 19:31:46'),(3140,1765967059,'2020-05-27 20:39:46'),(3141,-1001838487,'2020-05-27 20:54:17'),(3142,693924925,'2020-05-27 22:22:55'),(3143,697300691,'2020-05-27 23:25:08'),(3144,693898087,'2020-05-28 01:27:16'),(3145,-992404111,'2020-05-28 12:19:22'),(3146,-1599054610,'2020-05-28 22:59:36'),(3147,1920443843,'2020-05-29 02:22:33'),(3148,1766031475,'2020-05-29 04:17:38'),(3149,-1599054233,'2020-05-29 10:14:40'),(3150,-1599054233,'2020-05-29 11:46:49'),(3151,1717979718,'2020-05-29 13:43:01'),(3152,1772042425,'2020-05-29 14:22:05'),(3154,1592931862,'2020-05-29 16:18:17'),(3155,-998882477,'2020-05-29 20:38:40'),(3156,402452485,'2020-05-29 20:03:08'),(3157,402452925,'2020-05-29 20:03:40'),(3158,-1598871296,'2020-05-29 23:01:20'),(3159,697128515,'2020-05-30 03:31:09'),(3160,-1001679165,'2020-05-30 07:53:08'),(3161,1771906763,'2020-05-30 18:35:19'),(3162,704305372,'2020-05-30 18:14:07'),(3166,1771906763,'2020-05-30 18:39:22'),(3168,1771906763,'2020-05-30 18:52:12'),(3171,-998882477,'2020-05-30 23:32:26'),(3172,-998882477,'2020-05-30 23:33:00'),(3173,-998882477,'2020-05-30 23:35:13'),(3174,1774005383,'2020-05-31 12:20:11'),(3175,1771899318,'2020-05-31 15:06:43'),(3176,1771738639,'2020-05-31 17:06:43'),(3178,-1001691061,'2020-05-31 18:59:22'),(3180,1771954881,'2020-05-31 19:09:35'),(3183,1772011168,'2020-06-01 00:02:57'),(3184,697110573,'2020-06-01 12:53:18'),(3185,1771950327,'2020-06-03 13:46:42'),(3187,-1002387865,'2020-06-01 16:19:53'),(3188,-1598878014,'2020-06-01 17:59:17'),(3189,704342624,'2020-06-02 12:37:23'),(3191,-1598989748,'2020-06-02 12:47:20'),(3192,704317991,'2020-06-02 14:03:54'),(3193,-973225783,'2020-06-08 03:34:39'),(3194,1771956447,'2020-06-22 15:48:24'),(3195,-1598844623,'2020-06-02 20:25:43'),(3197,693911455,'2020-06-02 22:21:10'),(3198,1771993686,'2020-06-03 02:57:51'),(3199,1546029125,'2020-06-03 08:47:29'),(3200,1770744412,'2020-06-03 13:33:47'),(3201,-1001575243,'2020-06-03 15:55:40'),(3203,-973211865,'2020-06-03 17:36:30'),(3204,-1000785236,'2020-06-03 20:28:44'),(3206,-1002339568,'2020-06-03 21:28:45'),(3207,1765966702,'2020-06-03 21:39:33'),(3208,-1001686483,'2020-06-03 23:50:47'),(3209,697087811,'2020-06-04 00:00:50'),(3210,697080347,'2020-06-06 17:49:06'),(3212,1510936828,'2020-06-04 14:16:57'),(3213,-1002389549,'2020-06-04 15:43:48'),(3214,1765967168,'2020-06-04 18:18:20'),(3217,-1001738012,'2020-06-04 18:13:39'),(3219,704361951,'2020-06-04 19:39:08'),(3220,-1599738572,'2020-06-04 19:44:24'),(3221,-1599738572,'2020-06-04 19:49:03'),(3222,-979789134,'2020-06-04 21:03:58'),(3223,1765967032,'2020-06-04 22:53:44'),(3224,-1598884701,'2020-06-05 00:15:13'),(3225,-998446381,'2020-06-05 06:48:17'),(3226,-1001886473,'2020-06-05 08:16:17'),(3227,-1001886473,'2020-06-05 08:36:58'),(3228,1771113176,'2020-06-05 13:26:52'),(3229,-1002124680,'2020-06-05 14:47:29'),(3230,1771846388,'2020-06-06 13:02:46'),(3231,1766343001,'2020-06-06 22:27:36'),(3232,-973660341,'2020-06-06 23:24:40'),(3233,-1598967506,'2020-06-07 12:30:22'),(3234,-1598967506,'2020-06-07 12:30:22'),(3235,-1598967506,'2020-06-07 12:30:23'),(3236,-1598967506,'2020-06-07 12:30:46'),(3237,-1598967506,'2020-06-07 12:43:09'),(3238,1555591419,'2020-06-07 12:44:16'),(3239,-1488494051,'2020-06-07 12:57:15'),(3240,-1488494051,'2020-06-07 12:57:16'),(3241,-1488494051,'2020-06-07 12:57:16'),(3242,-1488494051,'2020-06-07 12:57:16'),(3243,-1488494051,'2020-06-07 12:57:16'),(3244,-1488494051,'2020-06-07 12:57:16'),(3245,-1488494051,'2020-06-07 12:57:17'),(3246,-1488494051,'2020-06-07 12:57:17'),(3247,-1488494051,'2020-06-07 12:57:16'),(3248,-1488494051,'2020-06-07 12:57:17'),(3249,-1488494051,'2020-06-07 12:57:17'),(3250,-1488494051,'2020-06-07 12:57:17'),(3251,-1488494051,'2020-06-07 12:57:17'),(3252,-1488494051,'2020-06-07 12:57:17'),(3253,-1488494051,'2020-06-07 12:57:17'),(3254,-1488494051,'2020-06-07 12:57:18'),(3255,-1488494051,'2020-06-07 12:57:18'),(3256,-1488494051,'2020-06-07 12:57:18'),(3257,-1488494051,'2020-06-07 12:57:18'),(3258,-1488494051,'2020-06-07 12:57:18'),(3259,-1488494051,'2020-06-07 12:57:18'),(3260,-1488494051,'2020-06-07 12:57:18'),(3261,-1488494051,'2020-06-07 12:57:18'),(3262,-973225783,'2020-06-08 01:06:33'),(3263,697084622,'2020-06-08 14:27:00'),(3264,1716435444,'2020-06-08 14:51:29'),(3265,-999224054,'2020-06-08 22:23:10'),(3266,697181248,'2020-06-12 00:04:14'),(3267,704213456,'2020-06-09 13:07:25'),(3268,-1002424498,'2020-06-10 16:54:00'),(3269,-1002345207,'2020-06-15 00:18:34'),(3270,1766031974,'2020-06-10 00:30:20'),(3271,697144553,'2020-06-10 02:12:41'),(3272,1717711708,'2020-06-13 15:42:46'),(3273,697079941,'2020-06-13 20:09:05'),(3274,-1002361192,'2020-06-10 20:41:14'),(3275,1551980551,'2020-06-11 06:06:13'),(3276,-1598966922,'2020-06-11 11:32:24'),(3277,-973216741,'2020-06-12 18:45:37'),(3278,-1598835219,'2020-06-12 20:17:00'),(3279,-973666915,'2020-06-13 15:34:52'),(3280,-999283387,'2020-06-14 14:17:59'),(3281,1716026241,'2020-06-14 15:17:22'),(3282,-1599764432,'2020-06-14 18:35:52'),(3283,1371580920,'2020-06-27 00:21:05'),(3284,704212007,'2020-06-15 01:33:46'),(3285,-999258115,'2020-06-15 10:45:52'),(3286,1771940223,'2020-06-15 11:59:48'),(3287,1716384839,'2020-06-15 12:34:06'),(3288,-1002387232,'2020-07-07 21:09:23'),(3289,-1001708833,'2020-06-16 14:56:47'),(3291,697092961,'2020-06-15 23:43:04'),(3292,1716023258,'2020-06-16 13:14:00'),(3296,1920443843,'2020-06-16 18:18:09'),(3297,1920442675,'2020-06-16 18:59:43'),(3298,1920442940,'2020-06-16 19:23:58'),(3299,1920443843,'2020-06-16 20:00:01'),(3300,1772040310,'2020-06-16 20:26:29'),(3301,1920443843,'2020-06-16 20:54:10'),(3302,1920443025,'2020-06-16 21:06:18'),(3303,1920443511,'2020-06-16 21:36:38'),(3304,1920442531,'2020-06-16 22:07:16'),(3305,1920443843,'2020-06-16 22:13:06'),(3306,1920443399,'2020-06-16 22:25:10'),(3307,1766000117,'2020-06-16 22:38:11'),(3308,1920443511,'2020-06-16 23:44:02'),(3309,1920443025,'2020-06-17 00:14:18'),(3310,1920443552,'2020-06-17 01:08:47'),(3311,1920443581,'2020-06-17 04:16:41'),(3312,1920443843,'2020-06-17 05:11:10'),(3313,1920442940,'2020-06-17 05:35:12'),(3314,1920442940,'2020-06-17 08:10:13'),(3315,1920443511,'2020-06-17 08:15:58'),(3316,1920443399,'2020-06-17 08:51:25'),(3317,1920443552,'2020-06-17 11:58:38'),(3318,1920443843,'2020-06-17 12:11:13'),(3319,1920443843,'2020-06-17 13:00:15'),(3320,1920443581,'2020-06-17 13:25:11'),(3321,1920443843,'2020-06-17 14:14:21'),(3322,1772054133,'2020-06-17 16:10:26'),(3323,-1598973429,'2020-06-17 16:39:27'),(3324,1920443843,'2020-06-17 17:14:40'),(3325,1920443399,'2020-06-17 17:50:31'),(3326,1920443552,'2020-06-17 18:42:17'),(3327,1920443552,'2020-06-17 19:34:55'),(3328,1920442940,'2020-06-17 19:46:50'),(3329,-1001686414,'2020-06-17 20:26:00'),(3330,1920443387,'2020-06-17 20:46:19'),(3331,-1002008565,'2020-06-17 20:50:25'),(3332,1920443511,'2020-06-17 21:58:10'),(3333,1920442531,'2020-06-17 22:04:10'),(3334,697066941,'2020-06-19 00:09:55'),(3335,1920443843,'2020-06-18 00:34:01'),(3336,1920443025,'2020-06-18 00:46:05'),(3337,1920443025,'2020-06-18 03:52:17'),(3338,1920443581,'2020-06-18 04:34:00'),(3339,1920442531,'2020-06-18 05:04:32'),(3340,1920442531,'2020-06-18 05:12:10'),(3341,1920443511,'2020-06-18 05:41:07'),(3342,1920443552,'2020-06-18 07:05:02'),(3343,1920443581,'2020-06-18 07:26:12'),(3344,1920443843,'2020-06-18 07:33:16'),(3345,1920442940,'2020-06-18 08:16:03'),(3346,1920443654,'2020-06-18 09:35:27'),(3347,1920442940,'2020-06-18 10:12:01'),(3348,1920442734,'2020-06-18 10:19:24'),(3349,704350692,'2020-06-21 22:20:43'),(3350,-1001731683,'2020-06-18 11:11:39'),(3351,704221708,'2020-06-18 11:42:45'),(3352,1920442940,'2020-06-18 12:40:25'),(3353,1920442940,'2020-06-18 14:34:23'),(3354,1920443843,'2020-06-18 15:04:38'),(3355,1920443399,'2020-06-18 15:58:51'),(3356,1920443843,'2020-06-18 17:28:00'),(3357,1920442940,'2020-06-18 17:34:14'),(3358,1920443025,'2020-06-18 18:05:13'),(3359,1920443552,'2020-06-18 18:35:48'),(3360,1920442940,'2020-06-18 18:41:59'),(3362,-1598915796,'2020-06-19 12:37:00'),(3363,-1016748778,'2020-06-19 18:01:49'),(3364,1774083078,'2020-06-19 20:55:22'),(3366,-1598944449,'2020-06-20 14:51:56'),(3367,1772025005,'2020-06-27 23:30:47'),(3368,704211439,'2020-06-20 21:34:45'),(3369,1772083873,'2020-06-21 12:08:49'),(3370,1771604267,'2020-06-21 13:46:54'),(3371,693917930,'2020-06-25 10:45:22'),(3372,-993105146,'2020-06-22 00:00:56'),(3373,1771757538,'2020-06-22 02:01:41'),(3374,1920443399,'2020-06-22 17:35:54'),(3375,1920443581,'2020-06-22 17:46:36'),(3376,1920443025,'2020-06-22 18:18:47'),(3377,704298940,'2020-06-22 20:44:23'),(3378,1920443025,'2020-06-22 20:54:36'),(3379,1920443843,'2020-06-22 22:05:04'),(3380,1920442940,'2020-06-22 22:26:47'),(3381,1920443025,'2020-06-22 23:59:07'),(3382,1920443399,'2020-06-23 01:09:45'),(3383,1920443552,'2020-06-23 01:26:00'),(3384,1920443581,'2020-06-23 02:25:54'),(3385,1920443843,'2020-06-23 02:31:20'),(3386,1920444141,'2020-06-23 05:08:48'),(3387,1920443843,'2020-06-23 05:46:38'),(3388,1920442531,'2020-06-23 06:08:20'),(3389,1920443843,'2020-06-23 06:19:11'),(3390,1920443511,'2020-06-23 07:02:26'),(3391,1920442940,'2020-06-23 07:40:20'),(3392,1920443387,'2020-06-23 08:34:05'),(3393,1920443025,'2020-06-23 12:20:17'),(3394,-1511957205,'2020-06-23 12:57:50'),(3395,1920443843,'2020-06-23 13:19:28'),(3396,1920442531,'2020-06-23 13:35:34'),(3397,1920442531,'2020-06-23 14:23:44'),(3398,1920442940,'2020-06-23 15:01:21'),(3399,1920442531,'2020-06-23 15:54:54'),(3400,1920443581,'2020-06-23 16:05:35'),(3401,1920443780,'2020-06-23 17:09:43'),(3402,1920443843,'2020-06-23 17:15:03'),(3403,1920443843,'2020-06-23 19:28:31'),(3404,1920443387,'2020-06-23 19:44:32'),(3405,1920443843,'2020-06-23 20:00:32'),(3406,1920443025,'2020-06-23 20:32:36'),(3407,1920443843,'2020-06-23 21:52:39'),(3408,1920442531,'2020-06-23 22:08:38'),(3409,-979790636,'2020-06-23 22:09:42'),(3410,1920443552,'2020-06-23 23:28:44'),(3411,1920443843,'2020-06-24 01:30:24'),(3412,1920443511,'2020-06-24 01:46:11'),(3413,1920443511,'2020-06-24 02:28:11'),(3414,1920443399,'2020-06-24 02:33:29'),(3415,1920442940,'2020-06-24 03:19:12'),(3416,1920444141,'2020-06-24 04:10:35'),(3417,1920442940,'2020-06-24 04:31:18'),(3418,1920443387,'2020-06-24 05:09:05'),(3419,1920443581,'2020-06-24 05:59:55'),(3420,1920443399,'2020-06-24 06:05:39'),(3421,1920443843,'2020-06-24 06:45:11'),(3422,1920443843,'2020-06-24 07:02:08'),(3423,1920443552,'2020-06-24 07:30:27'),(3424,1920443387,'2020-06-24 07:46:53'),(3425,1920443552,'2020-06-24 08:29:15'),(3426,1920442940,'2020-06-24 09:43:31'),(3427,1920443399,'2020-06-24 09:48:53'),(3428,1920444141,'2020-06-24 10:36:37'),(3429,1920443581,'2020-06-24 11:45:08'),(3430,1920443025,'2020-06-24 13:41:33'),(3431,1920442940,'2020-06-24 15:00:04'),(3432,1920442940,'2020-06-24 15:10:46'),(3433,1920443387,'2020-06-24 15:16:08'),(3434,1920443511,'2020-06-24 15:53:29'),(3435,1920443387,'2020-06-24 17:02:42'),(3436,1920444141,'2020-06-24 17:56:01'),(3437,1920444141,'2020-06-24 18:01:24'),(3438,1920443025,'2020-06-24 18:06:44'),(3439,1920443552,'2020-06-24 18:12:04'),(3440,1920444141,'2020-06-24 18:22:43'),(3441,1920443552,'2020-06-24 18:49:24'),(3442,1920442531,'2020-06-24 18:54:44'),(3443,1920443387,'2020-06-24 19:00:06'),(3444,1920442531,'2020-06-24 19:05:27'),(3445,-1002351739,'2020-06-24 21:18:41'),(3446,1920443025,'2020-06-24 21:50:52'),(3447,1920442940,'2020-06-24 22:12:14'),(3448,1920442531,'2020-06-24 22:54:56'),(3449,1920443025,'2020-06-24 23:00:17'),(3450,1920443552,'2020-06-25 01:34:44'),(3451,1920442531,'2020-06-25 01:46:12'),(3452,1920443552,'2020-06-25 02:03:22'),(3453,1920443511,'2020-06-25 03:15:27'),(3454,1920443511,'2020-06-25 03:47:04'),(3455,1920443843,'2020-06-25 05:11:29'),(3456,1920443387,'2020-06-25 05:48:27'),(3457,1920442531,'2020-06-25 06:09:25'),(3458,1920443025,'2020-06-25 06:30:34'),(3459,1920443843,'2020-06-25 07:43:46'),(3460,1920443843,'2020-06-25 08:36:23'),(3461,1920443399,'2020-06-25 08:57:28'),(3462,1920443387,'2020-06-25 09:13:19'),(3463,1920442531,'2020-06-25 10:11:56'),(3464,1920442940,'2020-06-25 10:17:15'),(3465,1920442531,'2020-06-25 10:33:16'),(3466,1920444141,'2020-06-25 11:10:36'),(3467,1920443581,'2020-06-25 11:47:54'),(3468,1920443581,'2020-06-25 12:03:47'),(3469,1920442940,'2020-06-25 12:40:49'),(3470,1920443843,'2020-06-25 13:12:20'),(3471,1920444141,'2020-06-25 14:04:29'),(3472,1920442940,'2020-06-25 14:40:50'),(3473,1920443387,'2020-06-25 14:46:00'),(3474,1920443387,'2020-06-25 15:37:46'),(3475,1920443387,'2020-06-25 15:48:06'),(3476,1920443025,'2020-06-25 16:24:17'),(3477,1920442940,'2020-06-25 16:39:44'),(3478,1920444141,'2020-06-25 17:05:32'),(3479,1920443399,'2020-06-25 17:10:40'),(3480,1920443552,'2020-06-25 18:22:14'),(3481,1920443387,'2020-06-25 18:47:36'),(3482,1920443843,'2020-06-25 18:57:47'),(3483,1920444141,'2020-06-25 19:39:36'),(3484,1920443511,'2020-06-25 19:50:42'),(3485,1920443843,'2020-06-25 20:35:20'),(3486,1920442940,'2020-06-25 21:09:04'),(3487,1920444141,'2020-06-25 22:15:43'),(3488,1920443843,'2020-06-25 23:23:29'),(3489,1920443399,'2020-06-26 00:05:32'),(3490,1920444141,'2020-06-26 00:42:30'),(3491,1771716394,'2020-06-26 01:50:39'),(3492,1920443399,'2020-06-26 01:50:34'),(3493,1920442531,'2020-06-26 02:06:22'),(3494,1920444141,'2020-06-26 02:16:52'),(3495,1920443843,'2020-06-26 02:37:54'),(3496,1920443581,'2020-06-26 03:24:57'),(3497,1920442531,'2020-06-26 05:52:12'),(3498,1920443843,'2020-06-26 07:00:29'),(3499,1920444141,'2020-06-26 07:16:22'),(3500,1920443552,'2020-06-26 08:03:45'),(3501,1920443399,'2020-06-26 08:35:21'),(3502,1920443552,'2020-06-26 08:45:50'),(3503,1920442940,'2020-06-26 09:28:06'),(3504,1920443387,'2020-06-26 10:25:29'),(3505,1920444141,'2020-06-26 11:54:52'),(3506,1920443552,'2020-06-26 12:20:43'),(3507,1920442531,'2020-06-26 12:52:11'),(3508,1920443511,'2020-06-26 13:02:40'),(3509,1920442940,'2020-06-26 14:05:32'),(3510,1920442531,'2020-06-26 14:10:49'),(3511,1766298970,'2020-06-26 15:04:44'),(3512,1920444141,'2020-06-26 15:32:47'),(3513,1920442531,'2020-06-26 16:29:19'),(3514,1920442940,'2020-06-26 16:34:58'),(3515,1920442940,'2020-06-26 17:47:20'),(3516,1920443387,'2020-06-26 18:03:01'),(3517,1920442940,'2020-06-26 18:13:26'),(3518,1920443399,'2020-06-26 18:34:31'),(3519,1920443399,'2020-06-26 19:53:47'),(3520,1771675344,'2020-06-26 21:08:33'),(3521,-992385083,'2020-06-26 21:26:09'),(3523,1920443552,'2020-06-26 21:27:53'),(3524,-992385083,'2020-06-26 21:45:45'),(3525,1920443581,'2020-06-26 22:31:01'),(3526,-992385083,'2020-06-26 22:40:37'),(3527,1920443387,'2020-06-26 23:12:47'),(3528,1920443399,'2020-06-26 23:44:16'),(3529,1920443552,'2020-06-27 00:05:19'),(3530,1920442531,'2020-06-27 00:37:04'),(3531,1920443511,'2020-06-27 01:03:32'),(3532,1771753612,'2020-06-27 01:42:19'),(3534,1920443387,'2020-06-27 01:40:32'),(3535,1920444141,'2020-06-27 02:01:32'),(3536,1920444141,'2020-06-27 02:11:56'),(3537,1920442940,'2020-06-27 03:09:28'),(3538,704209388,'2020-06-27 04:09:54'),(3539,1920443843,'2020-06-27 04:37:57'),(3540,1920444141,'2020-06-27 04:43:10'),(3541,1920443581,'2020-06-27 05:45:11'),(3542,1920443399,'2020-06-27 05:55:29'),(3543,1920443843,'2020-06-27 06:21:18'),(3544,1920443387,'2020-06-27 06:31:36'),(3545,1920443552,'2020-06-27 06:47:01'),(3546,1920443025,'2020-06-27 07:17:53'),(3547,1920443843,'2020-06-27 07:23:02'),(3548,1920443843,'2020-06-27 07:33:21'),(3549,1920443552,'2020-06-27 08:09:12'),(3550,1920442531,'2020-06-27 08:39:27'),(3551,1920443511,'2020-06-27 08:49:29'),(3552,1920443581,'2020-06-27 08:54:29'),(3553,1920442531,'2020-06-27 09:04:35'),(3554,1920443025,'2020-06-27 09:14:40'),(3555,1920443387,'2020-06-27 10:38:42'),(3556,1920443552,'2020-06-27 12:23:19'),(3557,1920443552,'2020-06-27 12:28:50'),(3558,1920444141,'2020-06-27 12:34:16'),(3559,1920443387,'2020-06-27 13:10:09'),(3560,1920444141,'2020-06-27 13:20:10'),(3561,1920443025,'2020-06-27 13:45:19'),(3562,1920443581,'2020-06-27 13:55:21'),(3563,1920443581,'2020-06-27 14:05:21'),(3564,1714693695,'2020-06-29 16:28:27'),(3565,1920443387,'2020-06-27 14:35:18'),(3566,1920444141,'2020-06-27 14:50:16'),(3567,1920443399,'2020-06-27 15:20:10'),(3568,1920443843,'2020-06-27 15:35:08'),(3569,1920443279,'2020-06-27 15:50:06'),(3570,1920443843,'2020-06-27 16:15:01'),(3571,1920443511,'2020-06-27 16:20:00'),(3572,1920443387,'2020-06-27 17:39:53'),(3573,1920443581,'2020-06-27 18:15:04'),(3574,1920443843,'2020-06-27 20:13:12'),(3575,1920443399,'2020-06-27 20:18:21'),(3576,1920443511,'2020-06-27 21:47:02'),(3577,1920442531,'2020-06-27 22:02:47'),(3578,1920443387,'2020-06-27 23:22:09'),(3579,1920442531,'2020-06-27 23:43:15'),(3580,1920443843,'2020-06-28 01:23:54'),(3581,1920444141,'2020-06-28 02:38:16'),(3582,1920443843,'2020-06-28 03:10:11'),(3583,1920443387,'2020-06-28 03:20:56'),(3584,1920443581,'2020-06-28 03:36:48'),(3585,1920444141,'2020-06-28 03:52:42'),(3586,1920443387,'2020-06-28 04:24:27'),(3587,1920442531,'2020-06-28 05:07:56'),(3588,1920443552,'2020-06-28 05:57:36'),(3589,1920443025,'2020-06-28 06:26:03'),(3590,1920442531,'2020-06-28 06:31:41'),(3591,1920444141,'2020-06-28 07:27:56'),(3592,1920442531,'2020-06-28 07:50:23'),(3593,1920443025,'2020-06-28 08:12:58'),(3594,1920443399,'2020-06-28 08:50:18'),(3595,1920442531,'2020-06-28 08:55:35'),(3596,1920444141,'2020-06-28 09:16:38'),(3597,1920443581,'2020-06-28 10:50:32'),(3598,1920442940,'2020-06-28 10:55:51'),(3599,1920444141,'2020-06-28 12:19:12'),(3600,1920442940,'2020-06-28 12:29:45'),(3601,1920443399,'2020-06-28 12:34:57'),(3602,1920443511,'2020-06-28 12:40:10'),(3603,-1300173189,'2020-06-28 13:31:46'),(3604,-1300173189,'2020-06-28 13:31:46'),(3605,-1300173189,'2020-06-28 13:31:46'),(3606,-1300173189,'2020-06-28 13:31:47'),(3607,-1300173189,'2020-06-28 13:31:47'),(3608,-1300173189,'2020-06-28 13:31:47'),(3609,-1300173189,'2020-06-28 13:31:48'),(3610,-1300173189,'2020-06-28 13:31:48'),(3611,-1300173189,'2020-06-28 13:31:48'),(3612,-1300173189,'2020-06-28 13:31:48'),(3613,-1300173189,'2020-06-28 13:31:48'),(3614,-1300173189,'2020-06-28 13:31:48'),(3615,-1300173189,'2020-06-28 13:31:48'),(3616,-1300173189,'2020-06-28 13:31:48'),(3617,-1300173189,'2020-06-28 13:31:48'),(3618,-1300173189,'2020-06-28 13:31:48'),(3619,-1300173189,'2020-06-28 13:31:48'),(3620,-1300173189,'2020-06-28 13:31:48'),(3621,-1300173189,'2020-06-28 13:31:49'),(3622,-1300173189,'2020-06-28 13:31:49'),(3623,-1300173189,'2020-06-28 13:31:49'),(3624,-1300173189,'2020-06-28 13:31:49'),(3625,-1300173189,'2020-06-28 13:31:49'),(3626,-1300173189,'2020-06-28 13:31:49'),(3627,-1300173189,'2020-06-28 13:32:03'),(3628,1920442940,'2020-06-28 15:34:56'),(3629,1920442940,'2020-06-28 15:40:15'),(3630,1920444280,'2020-06-28 16:55:04'),(3631,1920443843,'2020-06-28 17:10:56'),(3632,1920442531,'2020-06-28 18:20:43'),(3633,1920443387,'2020-06-28 18:58:03'),(3634,1920443843,'2020-06-28 19:08:38'),(3635,1920443843,'2020-06-28 19:13:57'),(3636,1920443511,'2020-06-28 19:19:17'),(3637,1920443552,'2020-06-28 19:40:32'),(3638,1920442531,'2020-06-28 20:01:44'),(3639,1920443843,'2020-06-28 20:33:32'),(3640,1920442531,'2020-06-28 21:00:06'),(3641,1920443025,'2020-06-28 21:32:11'),(3642,1920443843,'2020-06-28 23:02:34'),(3643,1920444141,'2020-06-28 23:07:54'),(3644,1920443399,'2020-06-28 23:29:12'),(3645,1920443552,'2020-06-29 02:37:43'),(3646,1920443511,'2020-06-29 02:42:53'),(3647,1920442940,'2020-06-29 03:45:04'),(3648,1920443843,'2020-06-29 05:05:38'),(3649,1920443843,'2020-06-29 05:22:42'),(3650,1920442531,'2020-06-29 05:28:24'),(3651,1920443387,'2020-06-29 06:02:25'),(3652,1920442940,'2020-06-29 07:15:51'),(3653,1920443025,'2020-06-29 07:21:28'),(3654,1920442940,'2020-06-29 08:15:24'),(3655,1920443511,'2020-06-29 08:20:51'),(3656,1920443511,'2020-06-29 09:20:44'),(3657,1920442531,'2020-06-29 09:53:13'),(3658,1920444141,'2020-06-29 12:22:15'),(3659,1920443552,'2020-06-29 12:38:31'),(3660,1920442531,'2020-06-29 12:43:55'),(3661,1920444141,'2020-06-29 14:04:50'),(3662,697226214,'2020-07-07 11:27:46'),(3663,1920442531,'2020-06-29 14:42:44'),(3664,1920443387,'2020-06-29 14:53:36'),(3665,1920442531,'2020-06-29 15:57:22'),(3666,1920443399,'2020-06-29 16:13:16'),(3667,1920443511,'2020-06-29 17:00:52'),(3668,1920442531,'2020-06-29 18:14:45'),(3669,1920443511,'2020-06-29 18:20:01'),(3670,1920443399,'2020-06-29 18:25:16'),(3671,1920442940,'2020-06-29 18:46:23'),(3672,1920443843,'2020-06-29 19:59:55'),(3673,1920443399,'2020-06-29 20:31:22'),(3674,1920443843,'2020-06-29 22:36:08'),(3675,1920443552,'2020-06-29 23:53:36'),(3676,1920443581,'2020-06-30 00:19:21'),(3677,1920443511,'2020-06-30 01:10:55'),(3678,1920443387,'2020-06-30 01:16:04'),(3679,1765999052,'2020-06-30 01:53:08'),(3680,1920442531,'2020-06-30 02:53:55'),(3681,704215423,'2020-06-30 13:36:21'),(3683,1517557299,'2020-07-01 06:21:54'),(3684,1771909358,'2020-07-01 09:26:05'),(3685,1770111215,'2020-07-07 17:12:04'),(3686,-1002409968,'2020-07-01 19:55:33'),(3688,-999272596,'2020-07-01 23:37:29'),(3689,1771189668,'2020-07-02 00:37:38'),(3690,-1000745343,'2020-07-02 02:07:25'),(3691,-993067723,'2020-07-03 14:04:41'),(3692,-992384480,'2020-07-02 20:19:34'),(3693,1717588222,'2020-07-03 01:06:12'),(3694,-1201737636,'2020-07-03 08:26:08'),(3695,1771971969,'2020-07-03 16:57:51'),(3696,-1792737694,'2020-07-05 12:24:52'),(3697,1765967669,'2020-07-10 12:18:47'),(3698,693905327,'2020-07-06 17:22:16'),(3699,704156990,'2020-07-07 01:21:00'),(3700,1770422687,'2020-07-07 12:42:28'),(3701,697191759,'2020-07-07 13:58:08'),(3702,-1001683278,'2020-07-07 21:17:44'),(3703,1716410149,'2020-07-08 22:29:27'),(3704,1716410149,'2020-07-08 22:38:48'),(3705,1771183675,'2020-07-08 23:32:53'),(3706,704261880,'2020-07-09 22:54:17'),(3707,704361133,'2020-07-10 00:23:16'),(3709,697091570,'2020-07-11 19:14:44'),(3710,704209755,'2020-07-12 00:01:34'),(3711,704209755,'2020-07-12 00:08:30'),(3712,704297555,'2020-07-12 10:20:08'),(3714,1772000408,'2020-07-13 17:28:20'),(3715,704333098,'2020-07-13 09:52:05'),(3716,1335423579,'2020-07-13 14:12:41'),(3717,-992403554,'2020-07-22 12:05:20'),(3718,-992403554,'2020-07-22 11:50:47'),(3719,-1001753968,'2020-07-15 17:17:56'),(3720,-1599965502,'2020-07-16 14:24:20'),(3722,-1599040130,'2020-07-16 20:20:25'),(3724,1771707612,'2020-07-17 12:58:31'),(3726,-973646669,'2020-07-17 22:12:30'),(3727,-1001669196,'2020-07-17 23:34:07'),(3728,-1598854285,'2020-07-18 12:21:49'),(3729,1766032558,'2020-07-18 15:17:43'),(3730,-1002375807,'2020-07-19 13:52:01'),(3731,769343604,'2020-07-20 10:33:54'),(3732,1771813640,'2020-07-20 00:52:14'),(3733,-1132834158,'2020-07-20 07:54:41'),(3734,-973214356,'2020-07-20 08:02:57'),(3735,-1599077680,'2020-07-21 03:31:37'),(3736,693909385,'2020-08-05 23:20:30'),(3737,1771868703,'2020-07-21 21:25:28'),(3738,704322015,'2020-07-23 12:18:08'),(3739,704218165,'2020-07-27 16:22:27'),(3740,704221355,'2020-07-23 11:52:58'),(3742,1765967386,'2020-07-24 19:10:22'),(3744,-1001117762,'2020-07-23 13:54:22'),(3745,704221355,'2020-07-23 22:03:30'),(3746,1771959623,'2020-07-24 01:28:38'),(3747,697295307,'2020-07-24 09:15:42'),(3748,-973220929,'2020-07-24 09:36:06'),(3749,1716428616,'2020-07-24 12:50:08'),(3750,1771832574,'2020-07-24 12:46:18'),(3751,1716428616,'2020-07-24 12:52:56'),(3752,1771832574,'2020-07-24 12:52:28'),(3753,1716428616,'2020-07-24 13:04:28'),(3754,704224009,'2020-07-25 11:12:55'),(3755,1766264988,'2020-07-27 21:15:36'),(3756,704224009,'2020-07-25 20:32:37'),(3758,693924940,'2020-07-27 19:01:42'),(3759,1771951524,'2020-07-27 23:43:21'),(3760,-973609478,'2020-07-28 02:27:53'),(3761,-973609478,'2020-07-28 02:32:54'),(3762,693608116,'2020-07-28 06:20:56'),(3763,1716498540,'2020-07-28 13:35:24'),(3764,1772036576,'2020-07-28 18:52:39'),(3765,697096006,'2020-07-29 15:40:29'),(3766,693904896,'2020-07-31 12:41:48'),(3767,1771813865,'2020-07-30 23:26:36'),(3768,-1598940009,'2020-07-31 17:22:17'),(3769,1771777555,'2020-08-09 12:22:38'),(3770,697243360,'2020-08-01 18:09:47'),(3771,1765933219,'2020-08-01 18:49:27'),(3773,1716027816,'2020-08-02 17:39:11'),(3774,1765966773,'2020-08-02 18:21:14'),(3775,-999284819,'2020-08-02 18:09:16'),(3776,693914479,'2020-08-02 21:04:55'),(3777,-1000747876,'2020-08-12 02:08:28'),(3778,693910700,'2020-08-05 22:18:15'),(3779,-973214901,'2020-08-06 03:18:30'),(3780,1771920660,'2020-08-06 13:16:02'),(3781,704147706,'2020-08-06 14:10:46'),(3782,-1927075764,'2020-08-06 19:19:39'),(3783,693910317,'2020-08-07 11:31:42'),(3784,-1001826695,'2020-08-07 19:46:28'),(3785,697147789,'2020-08-08 22:51:25'),(3786,-979788125,'2020-08-09 19:37:50'),(3787,-973629203,'2020-08-10 17:24:05'),(3788,-781999980,'2020-08-10 21:32:09'),(3789,-999276960,'2020-08-11 16:28:00'),(3790,704286143,'2020-08-12 01:13:35'),(3792,704363263,'2020-08-12 17:51:26'),(3793,-1598890297,'2020-08-13 00:22:10'),(3794,-973225666,'2020-08-13 00:28:48'),(3795,1774088284,'2020-08-16 12:47:04'),(3797,1772031341,'2020-08-13 19:59:33'),(3798,-1001680151,'2020-08-14 11:04:00'),(3799,-1002348818,'2020-08-14 14:19:47'),(3800,-1599057261,'2020-08-14 15:22:10'),(3801,-1001691032,'2020-08-14 15:28:08'),(3802,-1002196130,'2020-08-14 16:15:24'),(3803,-973222113,'2020-08-14 21:02:21'),(3804,-1598870409,'2020-08-15 01:31:36'),(3805,697177718,'2020-08-15 16:24:33'),(3807,-979792109,'2020-08-17 02:24:47'),(3808,-1021750215,'2020-08-17 21:19:36'),(3809,-1598892594,'2020-08-18 00:55:14'),(3810,697091502,'2020-08-18 04:49:05'),(3811,-1132834158,'2020-08-18 11:34:08'),(3812,1714732178,'2020-08-18 22:46:00'),(3813,-998751193,'2020-08-19 11:01:57'),(3815,-998751193,'2020-08-19 17:36:47'),(3816,697166794,'2020-08-19 17:56:51'),(3818,-781999902,'2020-08-20 05:58:35'),(3819,-1001853616,'2020-08-20 07:55:14'),(3821,1920443552,'2020-08-20 12:53:59'),(3822,1920443552,'2020-08-20 16:29:04'),(3823,1920443387,'2020-08-20 16:38:10'),(3824,1772071769,'2020-08-20 16:44:23'),(3826,1920443581,'2020-08-20 17:49:13'),(3827,1920443025,'2020-08-20 17:57:31'),(3828,1920442531,'2020-08-20 19:12:15'),(3829,1920443581,'2020-08-20 20:50:04'),(3830,1920444141,'2020-08-20 20:57:59'),(3831,1920443552,'2020-08-20 21:05:56'),(3832,1920443843,'2020-08-20 23:10:42'),(3833,1920442940,'2020-08-21 00:04:06'),(3834,1920443387,'2020-08-21 00:19:10'),(3835,1920444141,'2020-08-21 00:56:48'),(3836,1920443399,'2020-08-21 01:04:10'),(3837,1920443552,'2020-08-21 02:03:44'),(3838,1920443552,'2020-08-21 02:47:52'),(3839,1920443843,'2020-08-21 03:02:20'),(3840,1920443843,'2020-08-21 03:16:55'),(3841,1920443399,'2020-08-21 03:52:56'),(3842,1920443399,'2020-08-21 04:21:27'),(3843,1920443843,'2020-08-21 05:24:31'),(3844,1920443025,'2020-08-21 05:31:34'),(3845,1920442531,'2020-08-21 06:19:02'),(3846,1920443843,'2020-08-21 07:27:02'),(3847,1920442531,'2020-08-21 08:20:24'),(3848,1920443025,'2020-08-21 09:25:07'),(3849,1920443025,'2020-08-21 09:53:53'),(3850,1920443552,'2020-08-21 10:07:56'),(3851,1920443843,'2020-08-21 10:14:57'),(3852,1920444141,'2020-08-21 11:58:43'),(3853,1920443387,'2020-08-21 12:05:38'),(3854,1920443511,'2020-08-21 12:39:30'),(3855,1920443387,'2020-08-21 12:46:20'),(3856,1920443025,'2020-08-21 13:53:47'),(3857,1920443843,'2020-08-21 14:38:19'),(3858,1920443387,'2020-08-21 15:22:40'),(3859,1920443399,'2020-08-21 15:34:56'),(3860,1920443511,'2020-08-21 16:18:03'),(3861,1920443511,'2020-08-21 16:24:31'),(3862,1920443552,'2020-08-21 18:20:50'),(3863,1920443399,'2020-08-21 18:58:27'),(3864,1920442531,'2020-08-21 19:03:58'),(3865,-973637281,'2020-08-21 19:11:52'),(3866,1920443552,'2020-08-21 19:20:26'),(3867,1773933175,'2020-08-21 22:20:21'),(3868,1920443843,'2020-08-22 01:03:33'),(3869,1920442940,'2020-08-22 01:46:42'),(3870,704371899,'2020-08-28 16:19:03'),(3871,1920443552,'2020-08-22 02:30:42'),(3872,1920443843,'2020-08-22 03:52:29'),(3873,1920443511,'2020-08-22 03:58:47'),(3874,1920442531,'2020-08-22 04:04:56'),(3875,1920442940,'2020-08-22 04:11:09'),(3876,1920443843,'2020-08-22 05:57:17'),(3877,1920443511,'2020-08-22 06:35:20'),(3878,1920442940,'2020-08-22 06:47:47'),(3879,1920443387,'2020-08-22 07:38:10'),(3880,1920443025,'2020-08-22 07:44:27'),(3881,1920442531,'2020-08-22 08:16:12'),(3882,1920443511,'2020-08-22 08:48:00'),(3883,1920442940,'2020-08-22 09:26:02'),(3884,1920443399,'2020-08-22 09:57:49'),(3885,1920442531,'2020-08-22 10:35:49'),(3886,1920443843,'2020-08-22 12:15:14'),(3887,1920443511,'2020-08-22 12:21:30'),(3888,1920443843,'2020-08-22 12:46:35'),(3889,1920443387,'2020-08-22 13:05:08'),(3890,1920443387,'2020-08-22 14:02:05'),(3891,1920443843,'2020-08-22 14:27:12'),(3892,1920443581,'2020-08-22 15:17:45'),(3893,1920443843,'2020-08-22 15:24:02'),(3894,1920443581,'2020-08-22 16:20:58'),(3895,1920443581,'2020-08-22 18:11:44'),(3896,1920443511,'2020-08-22 19:29:56'),(3897,1920442940,'2020-08-22 20:30:02'),(3898,1920443552,'2020-08-22 20:54:41'),(3899,-1002319034,'2020-08-22 21:33:48'),(3900,1920443511,'2020-08-23 00:17:56'),(3901,1920444141,'2020-08-23 00:24:06'),(3902,1920444141,'2020-08-23 00:30:11'),(3903,1920443552,'2020-08-23 00:48:44'),(3904,1920443025,'2020-08-23 02:03:59'),(3905,769359238,'2020-08-23 02:45:49'),(3906,1920442940,'2020-08-23 03:00:42'),(3907,1920443552,'2020-08-23 03:25:59'),(3908,1920443387,'2020-08-23 03:32:09'),(3909,1920443552,'2020-08-23 03:38:27'),(3910,1920442940,'2020-08-23 04:35:14'),(3911,1920442940,'2020-08-23 04:47:57'),(3912,1920444141,'2020-08-23 05:25:16'),(3913,1920443399,'2020-08-23 05:37:49'),(3914,1920444141,'2020-08-23 05:44:14'),(3915,1920443399,'2020-08-23 06:15:52'),(3916,1920443581,'2020-08-23 06:41:13'),(3917,1920443581,'2020-08-23 07:06:47'),(3918,1920443581,'2020-08-23 07:43:49'),(3919,1920442940,'2020-08-23 07:56:33'),(3920,1920443387,'2020-08-23 08:02:54'),(3921,1920443399,'2020-08-23 08:15:34'),(3922,1920443552,'2020-08-23 08:40:50'),(3923,1920443387,'2020-08-23 09:12:27'),(3924,1920444141,'2020-08-23 09:50:19'),(3925,1920443552,'2020-08-23 10:34:39'),(3926,1920444141,'2020-08-23 10:40:56'),(3927,1920443399,'2020-08-23 11:12:40'),(3928,643673094,'2020-08-23 11:41:48'),(3929,697137233,'2020-08-23 14:04:29'),(3930,-1599030830,'2020-08-23 14:09:26'),(3931,1920443581,'2020-08-23 14:28:16'),(3932,1920443387,'2020-08-23 14:40:55'),(3933,1920444141,'2020-08-23 16:03:12'),(3934,1920443511,'2020-08-23 16:16:15'),(3935,1920443843,'2020-08-23 16:28:42'),(3936,1920442940,'2020-08-23 16:54:13'),(3937,1920443843,'2020-08-23 17:13:18'),(3938,1920443552,'2020-08-23 18:46:23'),(3939,1920443387,'2020-08-23 19:20:34'),(3940,1920443511,'2020-08-23 19:32:18'),(3941,1920443387,'2020-08-23 20:02:26'),(3942,1920443843,'2020-08-23 20:26:47'),(3943,1920442940,'2020-08-23 21:03:51'),(3944,1920442531,'2020-08-23 21:09:57'),(3945,1920443843,'2020-08-23 21:22:10'),(3946,1920444141,'2020-08-23 21:28:16'),(3947,1920443025,'2020-08-23 21:34:18'),(3948,1920443511,'2020-08-23 21:46:27'),(3949,1920443511,'2020-08-23 21:58:42'),(3950,1920443387,'2020-08-23 22:04:57'),(3951,1765967460,'2020-08-23 22:34:03'),(3952,1920442940,'2020-08-24 00:08:28'),(3953,1920442940,'2020-08-24 00:58:05'),(3954,1920443025,'2020-08-24 01:17:05'),(3955,-973642920,'2020-08-24 01:32:21'),(3956,1920443552,'2020-08-24 02:26:25'),(3957,1920443399,'2020-08-24 03:04:04'),(3958,1920443552,'2020-08-24 05:17:27'),(3959,1920443843,'2020-08-24 05:42:26'),(3960,1920443552,'2020-08-24 06:15:19'),(3961,1920442531,'2020-08-24 07:19:52'),(3962,1920442531,'2020-08-24 07:43:35'),(3963,1920442531,'2020-08-24 07:51:27'),(3964,1920443399,'2020-08-24 08:45:48'),(3965,1920443843,'2020-08-24 09:01:13'),(3966,1920442531,'2020-08-24 09:16:26'),(3967,1920442940,'2020-08-24 09:46:30'),(3968,1920444141,'2020-08-24 10:09:03'),(3969,1920443843,'2020-08-24 10:16:45'),(3970,1920443552,'2020-08-24 10:53:14'),(3971,1920442531,'2020-08-24 11:43:53'),(3972,1920443843,'2020-08-24 11:51:05'),(3973,1920442531,'2020-08-24 12:12:54'),(3974,1920443581,'2020-08-24 12:55:34'),(3975,1920443581,'2020-08-24 13:58:24'),(3976,1920442531,'2020-08-24 14:32:27'),(3977,1920443399,'2020-08-24 14:39:36'),(3978,1771725681,'2020-08-24 15:11:58'),(3979,1920442531,'2020-08-24 15:41:14'),(3980,1772079353,'2020-08-24 17:16:25'),(3983,1920443387,'2020-08-24 17:36:16'),(3984,1920442940,'2020-08-24 17:43:17'),(3985,1920443581,'2020-08-24 17:49:24'),(3986,1920443843,'2020-08-24 18:08:54'),(3987,1920443387,'2020-08-24 18:36:33'),(3988,1920444141,'2020-08-24 18:54:22'),(3989,1920444141,'2020-08-24 19:06:44'),(3990,1920443025,'2020-08-24 19:12:14'),(3991,1920443387,'2020-08-24 19:42:45'),(3992,1920442940,'2020-08-24 19:49:18'),(3993,1920443387,'2020-08-24 20:07:46'),(3994,1920442531,'2020-08-24 20:14:08'),(3995,1920443387,'2020-08-24 22:10:01'),(3996,1920443843,'2020-08-24 22:16:39'),(3997,1920443025,'2020-08-24 23:08:30'),(3998,1920443581,'2020-08-24 23:34:00'),(3999,1920443025,'2020-08-25 00:06:28'),(4000,1920444141,'2020-08-25 00:12:43'),(4001,1920443511,'2020-08-25 00:19:17'),(4002,1920443387,'2020-08-25 00:32:38'),(4003,1771871428,'2020-08-25 01:09:15'),(4005,1920442531,'2020-08-25 01:24:40'),(4006,1920443399,'2020-08-25 01:43:30'),(4007,1920443399,'2020-08-25 01:55:42'),(4008,1920443581,'2020-08-25 03:13:26'),(4009,1920443387,'2020-08-25 03:38:44'),(4010,1920443511,'2020-08-25 04:04:28'),(4011,1920443511,'2020-08-25 04:42:49'),(4012,1920442531,'2020-08-25 04:48:35'),(4013,1920443843,'2020-08-25 05:14:08'),(4014,645963591,'2020-08-25 05:24:06'),(4015,1920444141,'2020-08-25 06:24:13'),(4016,1920443843,'2020-08-25 06:49:29'),(4017,1920443025,'2020-08-25 07:41:21'),(4018,1920443399,'2020-08-25 09:09:36'),(4019,1714750097,'2020-08-25 11:16:04'),(4020,1920444141,'2020-08-25 11:36:06'),(4021,1920444141,'2020-08-25 11:42:31'),(4022,1920443387,'2020-08-25 12:07:10'),(4023,704128656,'2020-08-25 12:50:58'),(4024,1920443387,'2020-08-25 12:57:26'),(4025,1920443399,'2020-08-25 13:29:25'),(4026,1920442531,'2020-08-25 14:52:44'),(4027,1920443552,'2020-08-25 15:11:41'),(4028,1920443511,'2020-08-25 15:37:35'),(4029,704128656,'2020-08-25 15:46:49'),(4030,1920443843,'2020-08-25 15:50:30'),(4031,1920442531,'2020-08-25 16:28:59'),(4032,1920443025,'2020-08-25 18:24:43'),(4033,1920442940,'2020-08-25 18:50:14'),(4034,1920443387,'2020-08-25 19:41:35'),(4035,1920443025,'2020-08-25 19:54:32'),(4036,1920443399,'2020-08-25 20:07:30'),(4037,1920443387,'2020-08-25 20:14:09'),(4038,1920442940,'2020-08-25 20:46:49'),(4039,1920443581,'2020-08-25 22:23:49'),(4040,1920443387,'2020-08-25 22:36:38'),(4041,1770300293,'2020-08-25 23:26:57'),(4042,1920443843,'2020-08-26 00:07:03'),(4043,1920442940,'2020-08-26 00:19:57'),(4044,1920443581,'2020-08-26 00:45:53'),(4045,1920443025,'2020-08-26 00:52:15'),(4046,1920444141,'2020-08-26 01:05:00'),(4047,1920443511,'2020-08-26 01:11:20'),(4048,1920443025,'2020-08-26 01:36:44'),(4049,1056678242,'2020-08-26 14:18:43'),(4050,-1002008588,'2020-08-26 16:24:09'),(4051,1716406342,'2020-08-26 18:10:31'),(4052,1920443552,'2020-08-26 18:17:15'),(4053,1920443581,'2020-08-26 19:30:15'),(4054,1773998509,'2020-08-26 19:39:19'),(4055,1920442940,'2020-08-26 19:52:47'),(4056,1920443025,'2020-08-26 20:03:54'),(4057,1920443843,'2020-08-26 22:33:57'),(4058,1920442531,'2020-08-26 22:42:35'),(4059,1920443025,'2020-08-26 23:59:18'),(4060,1920442531,'2020-08-27 00:13:09'),(4061,1920443581,'2020-08-27 00:26:24'),(4062,1920442940,'2020-08-27 01:15:49'),(4063,1920443511,'2020-08-27 01:21:36'),(4064,1920443511,'2020-08-27 01:27:19'),(4065,1920443581,'2020-08-27 01:32:57'),(4066,1920442940,'2020-08-27 01:38:44'),(4067,1920443511,'2020-08-27 02:01:23'),(4068,1920442940,'2020-08-27 02:34:40'),(4069,1920443511,'2020-08-27 02:45:32'),(4070,693904295,'2020-09-10 16:10:40'),(4072,-1002401835,'2020-08-28 00:05:21'),(4073,-1002008588,'2020-08-27 11:41:08'),(4074,643673182,'2020-08-27 20:40:33'),(4076,1920444079,'2020-08-28 01:49:02'),(4077,1920443399,'2020-08-28 02:07:39'),(4078,1920443387,'2020-08-28 02:25:59'),(4079,1920444141,'2020-08-28 03:37:21'),(4080,1920443399,'2020-08-28 06:56:40'),(4081,704127937,'2020-08-28 11:24:45'),(4082,1920443025,'2020-08-28 12:14:30'),(4083,1920442940,'2020-08-28 13:21:54'),(4084,1920443387,'2020-08-28 14:27:43'),(4085,1920443843,'2020-08-28 16:04:04'),(4086,1920444141,'2020-08-28 16:31:34'),(4087,1920442531,'2020-08-28 17:26:02'),(4088,1920443387,'2020-08-28 19:34:43'),(4089,1920443552,'2020-08-28 21:15:01'),(4090,1920443387,'2020-08-28 21:46:47'),(4091,1920443552,'2020-08-28 22:02:21'),(4092,1920443387,'2020-08-29 01:10:30'),(4093,1766298822,'2020-08-29 02:25:29'),(4094,1920443843,'2020-08-29 04:51:26'),(4095,1920443025,'2020-08-29 05:21:56'),(4096,1920443581,'2020-08-29 05:29:27'),(4097,1920443511,'2020-08-29 05:44:19'),(4098,1920443843,'2020-08-29 05:51:31'),(4099,1920442940,'2020-08-29 06:42:46'),(4100,1920442940,'2020-08-29 06:57:52'),(4101,1920443552,'2020-08-29 07:11:55'),(4102,1920443843,'2020-08-29 07:40:10'),(4103,1920443387,'2020-08-29 08:08:55'),(4104,1920442940,'2020-08-29 08:57:57'),(4105,1920443843,'2020-08-29 10:42:39'),(4106,1920443399,'2020-08-29 10:56:53'),(4107,1920443399,'2020-08-29 12:08:10'),(4108,1920443511,'2020-08-29 12:35:56'),(4109,1920443399,'2020-08-29 12:50:17'),(4110,1920442531,'2020-08-29 13:18:08'),(4111,1920443552,'2020-08-29 13:31:45'),(4112,1920443399,'2020-08-29 14:59:45'),(4113,1920444141,'2020-08-29 15:06:28'),(4114,697227399,'2020-08-29 15:14:07'),(4115,1920444141,'2020-08-29 16:25:30'),(4116,1920443025,'2020-08-29 16:38:32'),(4117,1920442940,'2020-08-29 17:32:07'),(4118,1920443025,'2020-08-29 18:19:43'),(4119,1920443552,'2020-08-29 19:21:27'),(4120,1920443387,'2020-08-29 19:36:27'),(4121,1920443581,'2020-08-29 19:51:12'),(4122,1765966657,'2020-08-29 19:53:46'),(4123,1920444141,'2020-08-29 20:35:17'),(4124,1920443843,'2020-08-29 20:49:59'),(4125,1920443025,'2020-08-29 20:57:26'),(4126,1920443025,'2020-08-29 21:12:17'),(4127,1920443843,'2020-08-29 23:22:33'),(4128,1920443552,'2020-08-30 00:38:32'),(4129,1920444141,'2020-08-30 00:59:29'),(4130,1920442940,'2020-08-30 01:06:20'),(4131,1920443387,'2020-08-30 01:47:13'),(4132,1920443025,'2020-08-30 03:21:50'),(4133,1920443552,'2020-08-30 04:02:00'),(4134,1920443581,'2020-08-30 04:08:45'),(4135,1920443387,'2020-08-30 04:35:25'),(4136,1920443025,'2020-08-30 05:22:41'),(4137,1920443511,'2020-08-30 06:02:09'),(4138,1920443399,'2020-08-30 06:29:02'),(4139,1920443581,'2020-08-30 06:35:48'),(4140,1920443025,'2020-08-30 06:48:54'),(4141,1920443581,'2020-08-30 06:55:31'),(4142,1920442940,'2020-08-30 07:02:08'),(4143,1920442940,'2020-08-30 07:08:39'),(4144,1920443387,'2020-08-30 07:21:59'),(4145,1920443511,'2020-08-30 08:01:17'),(4146,1920443552,'2020-08-30 08:14:20'),(4147,1920443843,'2020-08-30 08:33:38'),(4148,1920443387,'2020-08-30 08:53:11'),(4149,1920443581,'2020-08-30 09:05:56'),(4150,1920443399,'2020-08-30 09:25:09'),(4151,1920443387,'2020-08-30 10:30:10'),(4152,1920443511,'2020-08-30 12:04:58'),(4153,1920443399,'2020-08-30 13:09:49'),(4154,1920444141,'2020-08-30 13:16:18'),(4155,-1598835969,'2020-08-30 14:31:27'),(4156,1920444141,'2020-08-30 15:21:30'),(4157,1920443399,'2020-08-30 15:46:31'),(4158,1920442531,'2020-08-30 15:52:49'),(4159,1920443552,'2020-08-30 16:05:02'),(4160,1920443025,'2020-08-30 17:10:57'),(4161,1920443025,'2020-08-30 17:17:08'),(4162,1920442940,'2020-08-30 17:28:16'),(4163,1920443581,'2020-08-30 18:06:37'),(4164,1920443025,'2020-08-30 18:23:23'),(4165,1920442940,'2020-08-30 18:40:54'),(4166,1920443399,'2020-08-30 18:59:02'),(4167,1920443387,'2020-08-30 19:18:09'),(4168,1920443025,'2020-08-30 20:09:44'),(4169,1920443581,'2020-08-30 20:56:41'),(4170,1920444141,'2020-08-30 22:01:53'),(4171,1920442940,'2020-08-30 22:46:37'),(4172,1920444141,'2020-08-31 00:42:14'),(4173,1920443399,'2020-08-31 01:14:45'),(4174,1920443552,'2020-08-31 02:19:35'),(4175,1920443399,'2020-08-31 03:31:44'),(4176,1920442531,'2020-08-31 04:17:14'),(4177,1920443581,'2020-08-31 04:23:45'),(4178,1920443025,'2020-08-31 04:30:24'),(4179,1920442940,'2020-08-31 05:15:18'),(4180,1920442940,'2020-08-31 05:47:33'),(4181,1920443399,'2020-08-31 06:53:58'),(4182,1920443387,'2020-08-31 07:00:43'),(4183,1920442940,'2020-08-31 07:07:22'),(4184,1920443387,'2020-08-31 07:27:02'),(4185,1920443025,'2020-08-31 07:53:26'),(4186,1920443399,'2020-08-31 08:12:54'),(4187,1920443387,'2020-08-31 08:31:59'),(4188,1920442940,'2020-08-31 09:03:37'),(4189,1920443025,'2020-08-31 09:22:41'),(4190,1920443387,'2020-08-31 09:48:34'),(4191,1920443581,'2020-08-31 09:55:04'),(4192,1920443387,'2020-08-31 10:08:20'),(4193,1920443511,'2020-08-31 10:33:38'),(4194,1920443387,'2020-08-31 11:05:04'),(4195,1920442940,'2020-08-31 12:01:54'),(4196,-1001664095,'2020-08-31 12:53:39'),(4197,1920443581,'2020-08-31 12:58:49'),(4198,1920443511,'2020-08-31 13:11:43'),(4199,1920443552,'2020-08-31 14:08:50'),(4200,-1599025300,'2020-08-31 14:23:31'),(4201,1920443552,'2020-08-31 14:33:52'),(4202,1920442940,'2020-08-31 14:46:14'),(4203,1920443387,'2020-08-31 16:24:30'),(4204,1920442531,'2020-08-31 16:46:57'),(4205,1920442940,'2020-08-31 17:16:28'),(4206,-1599013947,'2020-08-31 17:44:12'),(4207,1920443552,'2020-08-31 17:53:25'),(4208,1920442531,'2020-08-31 17:59:47'),(4209,1920442940,'2020-08-31 18:17:50'),(4210,1920443387,'2020-08-31 18:35:30'),(4211,1920443843,'2020-08-31 19:35:01'),(4212,1920442531,'2020-08-31 19:59:37'),(4213,1920443843,'2020-08-31 21:12:17'),(4214,1920443399,'2020-09-01 00:46:06'),(4215,-1599823912,'2020-09-01 01:06:50'),(4216,1920443581,'2020-09-01 01:16:04'),(4217,1920442531,'2020-09-01 01:53:39'),(4218,1920444141,'2020-09-01 03:13:36'),(4219,1920442531,'2020-09-01 03:27:39'),(4220,1920444141,'2020-09-01 03:34:36'),(4221,1920443581,'2020-09-01 04:24:01'),(4222,1920444141,'2020-09-01 04:38:02'),(4223,1920443387,'2020-09-01 05:06:17'),(4224,1920443552,'2020-09-01 05:12:54'),(4225,1920443025,'2020-09-01 06:01:54'),(4226,1920443387,'2020-09-01 06:36:59'),(4227,1920443843,'2020-09-01 07:45:43'),(4228,1920443843,'2020-09-01 08:05:50'),(4229,1920443552,'2020-09-01 08:19:18'),(4230,1920443843,'2020-09-01 09:10:16'),(4231,1920443581,'2020-09-01 09:19:09'),(4232,1920438501,'2020-09-01 09:53:17'),(4233,1920434622,'2020-09-01 10:35:38'),(4234,1920434667,'2020-09-01 11:00:25'),(4235,1920438501,'2020-09-01 12:40:36'),(4236,1920440469,'2020-09-01 13:34:35'),(4237,-1002321031,'2020-09-01 14:17:20'),(4238,1920436712,'2020-09-01 15:07:36'),(4239,1920438501,'2020-09-01 15:30:18'),(4240,1920434667,'2020-09-01 17:28:04'),(4241,1920441639,'2020-09-01 17:35:27'),(4242,1920435147,'2020-09-01 18:10:51'),(4243,1920441120,'2020-09-01 18:18:05'),(4244,704354973,'2020-09-01 18:37:57'),(4246,1920438501,'2020-09-01 19:01:13'),(4247,1920436712,'2020-09-01 20:06:12'),(4248,1920435648,'2020-09-01 21:03:47'),(4249,1920440469,'2020-09-01 21:10:42'),(4250,1920440469,'2020-09-01 21:31:47'),(4251,-1599059066,'2020-09-01 21:53:03'),(4252,1920435648,'2020-09-01 23:02:17'),(4253,1920436712,'2020-09-01 23:09:02'),(4254,1920435147,'2020-09-02 00:18:10'),(4255,1920434622,'2020-09-02 03:32:45'),(4256,1920441120,'2020-09-02 04:23:19'),(4257,1920440469,'2020-09-02 08:17:07'),(4258,1920439498,'2020-09-02 09:11:47'),(4259,1920441639,'2020-09-02 09:27:17'),(4260,1920434667,'2020-09-02 10:13:23'),(4261,1920438501,'2020-09-02 10:21:12'),(4262,1920440469,'2020-09-02 10:28:46'),(4263,1713057879,'2020-09-02 10:31:34'),(4264,1920435648,'2020-09-02 10:36:42'),(4265,1920438501,'2020-09-02 10:44:06'),(4266,1920441120,'2020-09-02 10:59:24'),(4267,1920440469,'2020-09-02 11:29:08'),(4268,1920436712,'2020-09-02 11:36:56'),(4269,1920441639,'2020-09-02 11:51:45'),(4270,1920440469,'2020-09-02 11:59:04'),(4271,-1002315412,'2020-09-02 11:59:25'),(4272,1920439498,'2020-09-02 12:06:37'),(4273,1717929201,'2020-09-02 13:35:55'),(4274,1920435147,'2020-09-02 14:04:51'),(4275,1766032987,'2020-09-02 14:43:15'),(4276,1920439498,'2020-09-02 15:53:15'),(4277,1920439498,'2020-09-02 16:17:30'),(4278,1920440469,'2020-09-02 17:16:22'),(4279,1920441639,'2020-09-02 17:39:05'),(4280,1920435147,'2020-09-02 18:17:50'),(4281,1920435648,'2020-09-02 18:28:44'),(4282,1920438501,'2020-09-02 18:34:28'),(4283,1920441120,'2020-09-02 19:50:02'),(4284,1920434622,'2020-09-02 21:00:03'),(4285,1920434667,'2020-09-02 21:13:44'),(4286,1920436712,'2020-09-02 21:26:57'),(4287,1920440469,'2020-09-02 22:00:51'),(4288,1920434667,'2020-09-02 22:27:56'),(4289,1920440469,'2020-09-02 23:20:57'),(4290,1920435147,'2020-09-02 23:47:31'),(4291,1920440469,'2020-09-03 00:53:58'),(4292,1920438501,'2020-09-03 01:20:49'),(4293,1920434667,'2020-09-03 02:39:46'),(4294,1920435147,'2020-09-03 02:52:54'),(4295,1920441120,'2020-09-03 03:05:55'),(4296,1920434667,'2020-09-03 03:26:07'),(4297,1920441120,'2020-09-03 03:32:36'),(4298,1920435648,'2020-09-03 04:04:44'),(4299,697188056,'2020-09-03 05:31:48'),(4300,1920436712,'2020-09-03 04:10:30'),(4301,1920439498,'2020-09-03 04:56:34'),(4302,1920441120,'2020-09-03 05:48:27'),(4303,1920434622,'2020-09-03 06:40:35'),(4304,1920439498,'2020-09-03 07:15:14'),(4305,1920434622,'2020-09-03 07:21:08'),(4306,1920435648,'2020-09-03 08:13:04'),(4307,1920435147,'2020-09-03 08:18:58'),(4308,1920441120,'2020-09-03 10:20:49'),(4309,1920438501,'2020-09-03 10:32:21'),(4310,1920434622,'2020-09-03 10:49:47'),(4311,1920441120,'2020-09-03 11:06:53'),(4312,1920441639,'2020-09-03 11:18:38'),(4313,1920441120,'2020-09-03 11:41:48'),(4314,1920434667,'2020-09-03 14:23:46'),(4315,1920436712,'2020-09-03 14:29:37'),(4316,-1001668758,'2020-09-03 15:47:14'),(4317,1920441120,'2020-09-03 15:50:56'),(4318,-1001653093,'2020-09-03 16:04:41'),(4319,1920435648,'2020-09-03 18:11:15'),(4320,1920434667,'2020-09-03 18:22:30'),(4321,1920439498,'2020-09-03 18:33:53'),(4322,1920438501,'2020-09-03 19:02:59'),(4323,1920435147,'2020-09-03 20:22:54'),(4324,1920438501,'2020-09-03 21:19:48'),(4325,1920441639,'2020-09-03 21:54:32'),(4326,1920435147,'2020-09-03 22:05:44'),(4327,1920435147,'2020-09-03 22:11:36'),(4328,1920440469,'2020-09-03 22:17:27'),(4329,1920435648,'2020-09-03 22:34:59'),(4330,1920435147,'2020-09-03 23:15:45'),(4331,1920441120,'2020-09-03 23:44:21'),(4332,1920440469,'2020-09-03 23:56:03'),(4333,1920435648,'2020-09-04 00:07:40'),(4334,1920436712,'2020-09-04 02:32:42'),(4335,1920436712,'2020-09-04 03:07:23'),(4336,1920441120,'2020-09-04 03:13:09'),(4337,1920441120,'2020-09-04 03:36:34'),(4338,1920434622,'2020-09-04 04:00:07'),(4339,1920438501,'2020-09-04 04:46:21'),(4340,1920434667,'2020-09-04 05:26:58'),(4341,1920436712,'2020-09-04 06:42:51'),(4342,1920435648,'2020-09-04 07:06:20'),(4343,1920435147,'2020-09-04 07:12:11'),(4344,1920435648,'2020-09-04 07:53:07'),(4345,1920441639,'2020-09-04 08:39:15'),(4346,1920435648,'2020-09-04 09:08:27'),(4347,1920435147,'2020-09-04 10:35:23'),(4348,1920440469,'2020-09-04 11:04:15'),(4349,1920438501,'2020-09-04 11:21:41'),(4350,1920434667,'2020-09-04 11:51:03'),(4351,1920435147,'2020-09-04 11:56:54'),(4352,1920435147,'2020-09-04 12:20:00'),(4353,1920441120,'2020-09-04 13:06:26'),(4354,1920434667,'2020-09-04 14:04:45'),(4355,1834570399,'2020-09-04 14:05:28'),(4356,1920439498,'2020-09-04 14:16:41'),(4357,1920441120,'2020-09-04 14:34:11'),(4358,1920435147,'2020-09-04 14:39:56'),(4359,1920436712,'2020-09-04 14:45:43'),(4360,1920441120,'2020-09-04 15:15:05'),(4361,1920435648,'2020-09-04 15:32:25'),(4362,697046205,'2020-09-15 16:46:41'),(4363,1920439498,'2020-09-04 17:22:33'),(4364,1717855245,'2020-09-04 18:35:18'),(4365,1920434622,'2020-09-04 19:14:24'),(4366,1920436712,'2020-09-04 19:26:07'),(4367,1920440469,'2020-09-04 20:01:05'),(4368,1920440469,'2020-09-04 20:24:57'),(4369,1920435147,'2020-09-04 20:42:28'),(4370,693912853,'2020-09-04 21:17:56'),(4371,1920438501,'2020-09-04 21:45:40'),(4372,1920434667,'2020-09-04 23:11:48'),(4373,1771747958,'2020-09-04 23:21:01'),(4374,1920440469,'2020-09-04 23:23:25'),(4375,1920436712,'2020-09-04 23:40:52'),(4376,1920436712,'2020-09-04 23:58:13'),(4377,1920434622,'2020-09-05 00:33:03'),(4378,1920436712,'2020-09-05 00:38:48'),(4379,1920434622,'2020-09-05 01:19:23'),(4380,1920441120,'2020-09-05 02:05:56'),(4381,1920434622,'2020-09-05 02:11:48'),(4382,1920435648,'2020-09-05 02:29:32'),(4383,1920439498,'2020-09-05 02:47:00'),(4384,1920441120,'2020-09-05 03:33:20'),(4385,1920434622,'2020-09-05 05:06:13'),(4386,1920439498,'2020-09-05 05:12:10'),(4387,1920434622,'2020-09-05 05:59:15'),(4388,1920441639,'2020-09-05 06:11:05'),(4389,1920435147,'2020-09-05 07:32:49'),(4390,1920436712,'2020-09-05 08:19:13'),(4391,1920440469,'2020-09-05 08:25:08'),(4392,1920434667,'2020-09-05 09:01:08'),(4393,1920435147,'2020-09-05 09:48:35'),(4394,1920435648,'2020-09-05 11:15:23'),(4395,1920435648,'2020-09-05 11:21:20'),(4396,1920434667,'2020-09-05 12:02:20'),(4397,1920440469,'2020-09-05 12:31:43'),(4398,1920438501,'2020-09-05 12:49:19'),(4399,1920440469,'2020-09-05 12:55:09'),(4400,1920438501,'2020-09-05 13:42:11'),(4401,1920438501,'2020-09-05 14:23:02'),(4402,1920441639,'2020-09-05 14:40:49'),(4403,1920436712,'2020-09-05 14:57:47'),(4404,1920436712,'2020-09-05 15:15:45'),(4405,1920434667,'2020-09-05 15:27:35'),(4406,1920434667,'2020-09-05 16:08:36'),(4407,1920436712,'2020-09-05 16:26:09'),(4408,1920441120,'2020-09-05 17:07:33'),(4409,1920438501,'2020-09-05 17:19:23'),(4410,1920438501,'2020-09-05 18:06:15'),(4411,1920435648,'2020-09-05 18:23:23'),(4412,1920441639,'2020-09-05 18:28:43'),(4413,1920440469,'2020-09-05 19:46:22'),(4414,1920438501,'2020-09-05 19:56:40'),(4415,1920435648,'2020-09-05 20:27:26'),(4416,1920441639,'2020-09-05 22:14:10'),(4417,1920438501,'2020-09-05 22:39:21'),(4418,1920438501,'2020-09-05 23:09:35'),(4419,1920439498,'2020-09-05 23:19:40'),(4420,1920441639,'2020-09-05 23:44:48'),(4421,1920434622,'2020-09-05 23:49:49'),(4422,1920434622,'2020-09-05 23:59:52'),(4423,1920434667,'2020-09-06 00:55:05'),(4424,1920438501,'2020-09-06 01:25:11'),(4425,1920434667,'2020-09-06 01:40:14'),(4426,1920439498,'2020-09-06 02:00:18'),(4427,1920441639,'2020-09-06 03:00:34'),(4428,1920441639,'2020-09-06 03:05:33'),(4429,1920439498,'2020-09-06 04:25:54'),(4430,1920435147,'2020-09-06 04:41:00'),(4431,1920440469,'2020-09-06 04:56:01'),(4432,1920438501,'2020-09-06 05:20:59'),(4433,1920438501,'2020-09-06 06:01:03'),(4434,1920435147,'2020-09-06 06:21:01'),(4435,1920435147,'2020-09-06 06:46:02'),(4436,1920435648,'2020-09-06 07:31:03'),(4437,1920441639,'2020-09-06 08:01:03'),(4438,1920441639,'2020-09-06 08:06:05'),(4439,1920434667,'2020-09-06 08:36:46'),(4440,1920441120,'2020-09-06 08:42:01'),(4441,1920434622,'2020-09-06 08:47:16'),(4442,1920440846,'2020-09-06 09:08:24'),(4443,1920436712,'2020-09-06 09:18:58'),(4444,-1002020494,'2020-09-06 10:17:22'),(4445,1920441288,'2020-09-06 10:33:26'),(4446,1920436962,'2020-09-06 10:54:41'),(4447,1920439498,'2020-09-06 11:00:01'),(4448,1920439498,'2020-09-06 11:20:56'),(4449,1920435147,'2020-09-06 11:36:58'),(4450,1920441120,'2020-09-06 12:04:28'),(4451,1920436712,'2020-09-06 12:20:57'),(4452,1920435147,'2020-09-06 12:49:06'),(4453,1920438501,'2020-09-06 12:54:38'),(4454,1920434784,'2020-09-06 13:11:19'),(4455,1920441639,'2020-09-06 13:22:22'),(4456,1920439498,'2020-09-06 13:27:56'),(4457,1920436712,'2020-09-06 14:01:32'),(4458,1920440469,'2020-09-06 14:29:08'),(4459,1920435648,'2020-09-06 14:45:53'),(4460,1920435147,'2020-09-06 15:40:29'),(4461,1920441639,'2020-09-06 16:02:46'),(4462,1920439498,'2020-09-06 16:25:09'),(4463,1920435147,'2020-09-06 16:42:07'),(4464,1920440469,'2020-09-06 16:53:25'),(4465,1920434667,'2020-09-06 16:59:05'),(4466,1920434622,'2020-09-06 17:55:42'),(4467,1920436712,'2020-09-06 19:07:26'),(4468,1920438501,'2020-09-06 20:02:07'),(4469,1920435147,'2020-09-06 20:09:02'),(4470,1920441120,'2020-09-06 20:15:49'),(4471,1717932394,'2020-09-06 20:45:47'),(4472,1920441120,'2020-09-06 20:49:47'),(4473,-981429129,'2020-09-24 10:05:24'),(4475,1920435147,'2020-09-06 21:10:12'),(4476,1920440469,'2020-09-06 21:43:49'),(4477,1920438501,'2020-09-06 22:03:39'),(4478,1920440469,'2020-09-06 22:50:25'),(4479,1920438501,'2020-09-06 23:23:17'),(4480,1920434622,'2020-09-06 23:48:49'),(4481,1920439498,'2020-09-07 00:50:44'),(4482,1920435147,'2020-09-07 01:16:01'),(4483,1920436712,'2020-09-07 01:28:55'),(4484,1920434622,'2020-09-07 01:35:22'),(4485,1920435648,'2020-09-07 02:06:25'),(4486,1920441120,'2020-09-07 02:18:56'),(4487,1920434667,'2020-09-07 02:31:01'),(4488,1920439498,'2020-09-07 03:02:24'),(4489,1920434667,'2020-09-07 03:14:50'),(4490,1920439498,'2020-09-07 03:45:36'),(4491,1920440469,'2020-09-07 03:58:00'),(4492,1920434667,'2020-09-07 04:47:01'),(4493,1920439498,'2020-09-07 05:22:58'),(4494,1920436712,'2020-09-07 05:29:10'),(4495,1920441639,'2020-09-07 06:05:44'),(4496,1920441120,'2020-09-07 07:23:27'),(4497,1920440469,'2020-09-07 07:29:14'),(4498,1920441639,'2020-09-07 07:41:09'),(4499,1920440469,'2020-09-07 07:53:06'),(4500,1920441120,'2020-09-07 08:22:50'),(4501,1920435648,'2020-09-07 11:37:49'),(4502,1920435648,'2020-09-07 11:44:01'),(4503,1920435147,'2020-09-07 11:50:13'),(4504,697184587,'2020-09-07 12:08:10'),(4506,1920438501,'2020-09-07 12:37:57'),(4507,1920441120,'2020-09-07 12:43:42'),(4508,1920441120,'2020-09-07 12:55:30'),(4509,1920440469,'2020-09-07 13:07:04'),(4510,1920434622,'2020-09-07 13:24:31'),(4511,1920439498,'2020-09-07 14:11:00'),(4512,1920438501,'2020-09-07 14:39:30'),(4513,1920434667,'2020-09-07 15:02:29'),(4514,1920435147,'2020-09-07 15:48:00'),(4515,1920434622,'2020-09-07 15:59:14'),(4516,1920434667,'2020-09-07 16:10:32'),(4517,1920441639,'2020-09-07 16:27:26'),(4518,1920439498,'2020-09-07 16:38:52'),(4519,1920441120,'2020-09-07 18:40:22'),(4520,1771933817,'2020-09-07 19:42:11'),(4521,1920441639,'2020-09-07 19:44:47'),(4522,1920435147,'2020-09-07 20:12:07'),(4523,1920438501,'2020-09-07 20:22:02'),(4524,1920435648,'2020-09-07 23:10:18'),(4525,1920434667,'2020-09-07 23:48:48'),(4526,1920441120,'2020-09-07 23:54:18'),(4527,1920439498,'2020-09-08 00:10:35'),(4528,1920439498,'2020-09-08 00:49:07'),(4529,1920435648,'2020-09-08 00:54:43'),(4530,1920436712,'2020-09-08 01:16:47'),(4531,1920441639,'2020-09-08 01:22:27'),(4532,1920441120,'2020-09-08 01:27:58'),(4533,1920441639,'2020-09-08 01:39:05'),(4534,1920435648,'2020-09-08 02:56:54'),(4535,1920439498,'2020-09-08 03:58:12'),(4536,1920441120,'2020-09-08 04:03:54'),(4537,1920434667,'2020-09-08 04:54:00'),(4538,1920436712,'2020-09-08 05:49:31'),(4539,1920441120,'2020-09-08 05:54:55'),(4540,1920441639,'2020-09-08 06:39:49'),(4541,1920435648,'2020-09-08 07:24:16'),(4542,1920434622,'2020-09-08 08:20:19'),(4543,1920434667,'2020-09-08 09:04:40'),(4544,1920441639,'2020-09-08 09:15:55'),(4545,1920435147,'2020-09-08 09:32:39'),(4546,1920434667,'2020-09-08 09:49:29'),(4547,1920438501,'2020-09-08 11:19:30'),(4548,1920439498,'2020-09-08 11:36:13'),(4549,-1599023091,'2020-09-08 12:17:26'),(4550,1920440469,'2020-09-08 12:26:05'),(4551,1920436712,'2020-09-08 12:42:39'),(4552,1920434622,'2020-09-08 12:48:12'),(4553,1920434622,'2020-09-08 12:53:49'),(4554,1920441120,'2020-09-08 12:59:16'),(4555,1920435648,'2020-09-08 13:15:49'),(4556,1920441120,'2020-09-08 13:38:01'),(4557,1920435648,'2020-09-08 13:48:59'),(4558,1920436712,'2020-09-08 13:59:52'),(4559,1920435648,'2020-09-08 14:05:29'),(4560,1920441120,'2020-09-08 15:01:06'),(4561,1920434622,'2020-09-08 15:17:54'),(4562,1920435147,'2020-09-08 15:57:16'),(4563,1920434667,'2020-09-08 16:02:41'),(4564,1920434622,'2020-09-08 16:13:56'),(4565,1920435147,'2020-09-08 16:25:43'),(4566,1920439498,'2020-09-08 17:09:18'),(4567,1920441120,'2020-09-08 17:48:14'),(4568,1920434667,'2020-09-08 17:59:00'),(4569,1920435147,'2020-09-08 18:32:13'),(4570,1920441120,'2020-09-08 19:15:01'),(4571,1766265761,'2020-09-08 19:44:01'),(4572,1920441120,'2020-09-08 20:19:11'),(4573,1920434667,'2020-09-08 21:52:22'),(4574,1920438501,'2020-09-08 22:09:05'),(4575,1920434622,'2020-09-08 22:20:03'),(4576,1920440469,'2020-09-08 23:20:50'),(4577,1920438501,'2020-09-08 23:32:48'),(4578,1920434622,'2020-09-09 01:29:31'),(4579,1920434622,'2020-09-09 02:08:25'),(4580,1920441120,'2020-09-09 02:19:37'),(4581,1920438501,'2020-09-09 02:53:00'),(4582,1920435147,'2020-09-09 02:58:39'),(4583,1920439498,'2020-09-09 03:21:07'),(4584,1920434667,'2020-09-09 03:37:56'),(4585,1920435648,'2020-09-09 04:05:49'),(4586,1920434622,'2020-09-09 05:01:45'),(4587,1920436712,'2020-09-09 05:35:38'),(4588,1920440469,'2020-09-09 07:06:17'),(4589,1920434622,'2020-09-09 07:28:37'),(4590,1920440469,'2020-09-09 08:08:01'),(4591,1920435147,'2020-09-09 08:19:07'),(4592,1920441639,'2020-09-09 08:24:45'),(4593,1920439498,'2020-09-09 08:41:50'),(4594,-1788560638,'2020-09-09 08:45:11'),(4595,1920434667,'2020-09-09 08:47:09'),(4596,1920436712,'2020-09-09 09:04:05'),(4597,1920441120,'2020-09-09 10:11:23'),(4598,1920441639,'2020-09-09 10:17:03'),(4599,1920441639,'2020-09-09 10:34:03'),(4600,1920441120,'2020-09-09 10:50:50'),(4601,1451002275,'2020-09-09 11:13:20'),(4602,1920438501,'2020-09-09 11:24:44'),(4603,1920434667,'2020-09-09 11:35:48'),(4604,1920434622,'2020-09-09 12:26:05'),(4605,1920435648,'2020-09-09 12:59:45'),(4606,1920440469,'2020-09-09 13:11:05'),(4607,1920440469,'2020-09-09 13:55:50'),(4608,1920440469,'2020-09-09 15:48:57'),(4609,1920438501,'2020-09-09 16:33:32'),(4610,1920441639,'2020-09-09 17:46:33'),(4611,1920440469,'2020-09-09 18:37:20'),(4612,1920440469,'2020-09-09 18:43:02'),(4613,1920441120,'2020-09-09 18:54:24'),(4614,1920438501,'2020-09-09 19:11:16'),(4615,1920435147,'2020-09-09 19:16:51'),(4616,1920441639,'2020-09-09 19:22:30'),(4617,1920435648,'2020-09-09 20:34:48'),(4618,1920434622,'2020-09-09 20:51:27'),(4619,1920438501,'2020-09-09 20:56:56'),(4620,1920441120,'2020-09-09 21:08:13'),(4621,697081780,'2020-09-09 21:45:45'),(4622,1920434667,'2020-09-09 22:59:44'),(4623,1920441120,'2020-09-09 23:44:32'),(4624,1920441120,'2020-09-10 00:23:15'),(4625,1920441120,'2020-09-10 01:08:33'),(4626,1920435147,'2020-09-10 01:14:13'),(4627,1920438501,'2020-09-10 01:31:18'),(4628,1920436712,'2020-09-10 01:36:56'),(4629,1920435648,'2020-09-10 01:53:48'),(4630,1920434622,'2020-09-10 02:05:06'),(4631,1920435648,'2020-09-10 02:33:09'),(4632,1920434622,'2020-09-10 03:12:51'),(4633,1920439498,'2020-09-10 03:52:33'),(4634,1920438501,'2020-09-10 03:57:56'),(4635,1920440469,'2020-09-10 04:27:32'),(4636,1920434622,'2020-09-10 05:18:59'),(4637,1920438501,'2020-09-10 06:21:56'),(4638,1920435648,'2020-09-10 06:33:06'),(4639,1920441120,'2020-09-10 07:06:54'),(4640,1920438501,'2020-09-10 07:30:27'),(4641,1920436712,'2020-09-10 08:49:08'),(4642,1920441639,'2020-09-10 08:54:46'),(4643,1920435648,'2020-09-10 09:28:22'),(4644,1920439498,'2020-09-10 09:45:09'),(4645,1920434622,'2020-09-10 10:12:56'),(4646,1772003585,'2020-09-10 11:19:25'),(4647,-973655103,'2020-09-10 11:29:17'),(4648,1920434622,'2020-09-10 11:41:39'),(4649,1920434667,'2020-09-10 12:14:33'),(4650,1920434622,'2020-09-10 12:25:15'),(4651,1920441639,'2020-09-10 13:25:22'),(4652,1920440469,'2020-09-10 14:03:44'),(4653,1920434667,'2020-09-10 14:36:49'),(4654,1920434622,'2020-09-10 14:53:20'),(4655,1920435648,'2020-09-10 14:58:48'),(4656,1920434622,'2020-09-10 15:21:17'),(4657,1920436712,'2020-09-10 16:02:06'),(4659,1920434622,'2020-09-10 16:25:08'),(4660,1920434667,'2020-09-10 16:48:25'),(4661,1920441639,'2020-09-10 17:28:43'),(4662,1920436712,'2020-09-10 18:13:26'),(4663,1920439498,'2020-09-10 18:24:21'),(4664,1920440469,'2020-09-10 18:46:40'),(4665,1920441120,'2020-09-10 19:32:30'),(4666,645963665,'2020-09-10 19:58:02'),(4667,1920434667,'2020-09-10 20:40:54'),(4668,1920441639,'2020-09-10 21:03:07'),(4669,1920439498,'2020-09-10 21:44:20'),(4670,704347635,'2020-09-10 22:40:34'),(4671,1920434622,'2020-09-10 22:49:15'),(4672,1920441639,'2020-09-10 22:55:13'),(4673,1920434622,'2020-09-10 23:35:51'),(4674,1920438501,'2020-09-10 23:59:46'),(4675,1920441639,'2020-09-11 00:35:00'),(4676,1920441120,'2020-09-11 01:17:40'),(4677,1920434667,'2020-09-11 01:41:14'),(4678,1920441120,'2020-09-11 01:47:09'),(4679,1920439498,'2020-09-11 01:53:14'),(4680,1920440469,'2020-09-11 02:16:55'),(4681,1920434622,'2020-09-11 02:29:09'),(4682,-1598990457,'2020-09-11 03:24:02'),(4683,1920438501,'2020-09-11 04:56:36'),(4684,1920436712,'2020-09-11 05:20:19'),(4685,1920435147,'2020-09-11 05:55:24'),(4686,1920435648,'2020-09-11 06:01:10'),(4687,1920440469,'2020-09-11 06:07:09'),(4688,1920441120,'2020-09-11 06:30:47'),(4689,1920436712,'2020-09-11 07:23:09'),(4690,1920434667,'2020-09-11 07:46:26'),(4691,1920441639,'2020-09-11 07:52:20'),(4692,1920439498,'2020-09-11 07:58:00'),(4693,1920435648,'2020-09-11 08:09:30'),(4694,1920436712,'2020-09-11 08:49:48'),(4695,1920441120,'2020-09-11 08:55:28'),(4696,1920435147,'2020-09-11 09:01:11'),(4697,1920434667,'2020-09-11 09:06:53'),(4698,1920436712,'2020-09-11 10:57:47'),(4699,1920441639,'2020-09-11 11:19:12'),(4700,1920441120,'2020-09-11 13:27:25'),(4701,1920441639,'2020-09-11 13:33:53'),(4702,1920434622,'2020-09-11 13:40:35'),(4703,1920438501,'2020-09-11 14:38:13'),(4704,1920441120,'2020-09-11 15:23:37'),(4705,1920435147,'2020-09-11 16:02:38'),(4706,1920435147,'2020-09-11 16:54:20'),(4707,1920436712,'2020-09-11 17:06:56'),(4708,1920439498,'2020-09-11 18:22:46'),(4709,1920434622,'2020-09-11 18:59:52'),(4710,1920441120,'2020-09-11 19:05:42'),(4711,1920441120,'2020-09-11 19:11:31'),(4712,1920440469,'2020-09-11 20:09:32'),(4713,1920434622,'2020-09-11 20:15:29'),(4714,-1598929603,'2020-09-19 20:49:15'),(4715,-1002008668,'2020-09-11 21:58:08'),(4716,-973220732,'2020-09-11 21:59:41'),(4717,1920439498,'2020-09-11 22:49:07'),(4718,1920441639,'2020-09-11 23:31:12'),(4719,1920441639,'2020-09-11 23:43:14'),(4720,1920434667,'2020-09-11 23:55:10'),(4721,1920434622,'2020-09-12 00:01:15'),(4722,1920434622,'2020-09-12 00:25:13'),(4723,1920434622,'2020-09-12 00:55:30'),(4724,1920436712,'2020-09-12 01:01:03'),(4725,1920440469,'2020-09-12 01:42:23'),(4726,1920434667,'2020-09-12 01:48:11'),(4727,1771853462,'2020-09-12 01:56:25'),(4728,1920440469,'2020-09-12 02:11:24'),(4729,1920439498,'2020-09-12 02:23:08'),(4730,1920435147,'2020-09-12 02:40:43'),(4731,1920434622,'2020-09-12 02:52:13'),(4732,1920441639,'2020-09-12 03:09:12'),(4733,1920438501,'2020-09-12 04:33:55'),(4734,1920435147,'2020-09-12 05:13:15'),(4735,1920434667,'2020-09-12 05:18:52'),(4736,1920441120,'2020-09-12 05:24:28'),(4737,1920434667,'2020-09-12 05:41:12'),(4738,1920438501,'2020-09-12 06:14:54'),(4739,1920440469,'2020-09-12 06:25:54'),(4740,1920434667,'2020-09-12 06:31:35'),(4741,1920439498,'2020-09-12 06:54:16'),(4742,1920440469,'2020-09-12 07:22:12'),(4743,1920440469,'2020-09-12 07:27:48'),(4744,1920435648,'2020-09-12 07:44:44'),(4745,1920439498,'2020-09-12 08:18:29'),(4746,-1001683972,'2020-09-12 09:21:36'),(4747,1920441120,'2020-09-12 09:42:08'),(4748,1920435648,'2020-09-12 10:15:43'),(4749,-1001683972,'2020-09-12 10:27:36'),(4750,1920434622,'2020-09-12 11:56:18'),(4751,1920438501,'2020-09-12 14:43:24'),(4752,1920440469,'2020-09-12 15:05:49'),(4753,1920434622,'2020-09-12 15:39:01'),(4754,1920441120,'2020-09-12 15:55:47'),(4755,1920435648,'2020-09-12 16:12:21'),(4756,1920441120,'2020-09-12 17:13:55'),(4757,1920438501,'2020-09-12 18:08:26'),(4758,1920434667,'2020-09-12 18:13:53'),(4759,1920435648,'2020-09-12 18:19:11'),(4760,-993112450,'2020-09-12 18:39:28'),(4761,1920434622,'2020-09-12 19:30:18'),(4762,1920441120,'2020-09-12 20:09:35'),(4763,1920434622,'2020-09-12 20:49:04'),(4764,1920439498,'2020-09-12 22:02:44'),(4765,1920441639,'2020-09-12 22:14:07'),(4766,1920434622,'2020-09-12 22:59:43'),(4767,1920434622,'2020-09-12 23:11:23'),(4768,1920435147,'2020-09-12 23:34:25'),(4769,1920441120,'2020-09-12 23:40:14'),(4770,1920435147,'2020-09-13 00:32:00'),(4771,-999266003,'2020-09-13 01:49:15'),(4772,1920434667,'2020-09-13 00:55:24'),(4773,1920435147,'2020-09-13 01:24:32'),(4777,1920441639,'2020-09-13 02:05:09'),(4778,1920434667,'2020-09-13 02:29:11'),(4779,1920434622,'2020-09-13 03:45:28'),(4780,1920441639,'2020-09-13 04:03:03'),(4781,1920441120,'2020-09-13 04:26:31'),(4782,1920434622,'2020-09-13 04:50:03'),(4783,1920435147,'2020-09-13 04:56:01'),(4784,1920434622,'2020-09-13 06:30:06'),(4785,1920436712,'2020-09-13 07:24:05'),(4786,1920439498,'2020-09-13 07:42:04'),(4787,1920435147,'2020-09-13 08:29:28'),(4788,1920440469,'2020-09-13 08:58:43'),(4789,1920435648,'2020-09-13 09:10:40'),(4790,1920435648,'2020-09-13 09:28:23'),(4791,1920439498,'2020-09-13 09:52:26'),(4792,1920434622,'2020-09-13 10:39:31'),(4793,1920439498,'2020-09-13 11:02:57'),(4794,1920436712,'2020-09-13 11:50:29'),(4795,1920436712,'2020-09-13 12:49:18'),(4796,1920434667,'2020-09-13 14:18:51'),(4797,1920436712,'2020-09-13 14:42:45'),(4798,1920438501,'2020-09-13 15:24:43'),(4799,1920438501,'2020-09-13 16:42:33'),(4800,1920434622,'2020-09-13 17:24:08'),(4801,1920441120,'2020-09-13 17:36:23'),(4802,1920441639,'2020-09-13 18:24:32'),(4803,1920435648,'2020-09-13 18:59:37'),(4804,1920440469,'2020-09-13 20:02:34'),(4805,1920441120,'2020-09-13 20:14:24'),(4806,1771910431,'2020-09-13 20:24:16'),(4807,1920440469,'2020-09-13 20:25:59'),(4808,1920434667,'2020-09-13 20:37:38'),(4809,1920435648,'2020-09-13 21:18:18'),(4810,1920434622,'2020-09-13 21:30:12'),(4811,1920439498,'2020-09-13 21:47:45'),(4812,1920435648,'2020-09-13 23:26:46'),(4813,1920439498,'2020-09-13 23:50:09'),(4814,1920435147,'2020-09-14 00:13:49'),(4815,1920441639,'2020-09-14 00:19:37'),(4816,1920440469,'2020-09-14 00:55:11'),(4817,1920435648,'2020-09-14 01:01:12'),(4818,1920441639,'2020-09-14 01:25:13'),(4819,1920440469,'2020-09-14 03:28:20'),(4820,1920441120,'2020-09-14 03:50:57'),(4821,1920434667,'2020-09-14 04:36:39'),(4822,1920438501,'2020-09-14 04:59:14'),(4823,1920440469,'2020-09-14 05:28:03'),(4824,1920441639,'2020-09-14 05:51:34'),(4825,1920434667,'2020-09-14 06:25:52'),(4826,1920439498,'2020-09-14 07:06:54'),(4827,1920436712,'2020-09-14 07:29:55'),(4828,1920441639,'2020-09-14 07:35:48'),(4829,1920434622,'2020-09-14 08:10:55'),(4830,1920434622,'2020-09-14 08:58:39'),(4831,1920441120,'2020-09-14 09:04:36'),(4832,1920434622,'2020-09-14 09:22:11'),(4833,1920435648,'2020-09-14 10:09:50'),(4834,1920436712,'2020-09-14 10:15:42'),(4835,1920436712,'2020-09-14 10:39:27'),(4836,1920438501,'2020-09-14 11:15:53'),(4837,1920435147,'2020-09-14 11:33:36'),(4838,1920434667,'2020-09-14 12:38:05'),(4839,-1000568024,'2020-09-14 12:39:38'),(4840,1920441639,'2020-09-14 14:00:44'),(4841,1920439498,'2020-09-14 14:37:33'),(4842,1920441639,'2020-09-14 15:43:16'),(4843,631673662,'2020-09-14 16:29:57'),(4844,1920435147,'2020-09-14 16:23:45'),(4845,1920441120,'2020-09-14 16:39:05'),(4846,1920438501,'2020-09-14 16:44:05'),(4847,1920438501,'2020-09-14 17:24:35'),(4848,1920441120,'2020-09-14 17:50:11'),(4849,1920435147,'2020-09-14 18:15:22'),(4850,1920439498,'2020-09-14 18:55:35'),(4851,1920440469,'2020-09-14 19:30:46'),(4852,1920441120,'2020-09-14 19:40:52'),(4853,1920436712,'2020-09-14 20:21:24'),(4854,1920438501,'2020-09-14 20:26:17'),(4855,1920438501,'2020-09-14 21:42:18'),(4856,1771907052,'2020-09-14 22:30:43'),(4857,1920441120,'2020-09-14 22:58:19'),(4858,1920441120,'2020-09-14 23:03:24'),(4859,1920436712,'2020-09-15 00:14:39'),(4860,1920434622,'2020-09-15 00:19:31'),(4861,1920435147,'2020-09-15 01:30:31'),(4862,1920438501,'2020-09-15 01:40:45'),(4863,1920441639,'2020-09-15 01:55:49'),(4864,-993119364,'2020-09-15 02:09:31'),(4865,1920436712,'2020-09-15 02:31:15'),(4866,1920435147,'2020-09-15 02:46:29'),(4867,1920441120,'2020-09-15 03:30:09'),(4868,1920441639,'2020-09-15 04:39:12'),(4869,1920436712,'2020-09-15 05:05:27'),(4870,1920434667,'2020-09-15 05:36:50'),(4871,1920439498,'2020-09-15 07:05:21'),(4872,1920435147,'2020-09-15 07:31:16'),(4873,1920440469,'2020-09-15 07:46:48'),(4874,1920441120,'2020-09-15 08:12:49'),(4875,1920441120,'2020-09-15 10:27:23'),(4876,1920436712,'2020-09-15 10:32:21'),(4877,1920441639,'2020-09-15 10:42:38'),(4878,1920436712,'2020-09-15 11:29:03'),(4879,1920441639,'2020-09-15 12:51:06'),(4880,1920436712,'2020-09-15 14:02:50'),(4881,1920441639,'2020-09-15 15:19:05'),(4882,1920435648,'2020-09-15 16:45:53'),(4883,1920441639,'2020-09-15 17:26:32'),(4884,1920434667,'2020-09-15 18:12:15'),(4885,1920434667,'2020-09-15 18:22:27'),(4886,1920434667,'2020-09-15 18:42:52'),(4887,1920434667,'2020-09-15 19:28:32'),(4888,1920436712,'2020-09-15 19:43:41'),(4889,1920441639,'2020-09-15 19:53:47'),(4890,1920435648,'2020-09-15 20:34:32'),(4891,1920439498,'2020-09-15 21:04:51'),(4892,1920434667,'2020-09-15 21:25:03'),(4893,1920439498,'2020-09-15 21:35:15'),(4894,1920438501,'2020-09-15 22:56:31'),(4895,1920439498,'2020-09-15 23:01:35'),(4896,1920439498,'2020-09-15 23:11:58'),(4897,1920438501,'2020-09-15 23:21:55'),(4898,1920436712,'2020-09-15 23:52:14'),(4899,1920438501,'2020-09-15 23:57:18'),(4900,1920438501,'2020-09-16 00:02:21'),(4901,1920435648,'2020-09-16 00:22:29'),(4902,1920438501,'2020-09-16 00:32:36'),(4903,1920435147,'2020-09-16 00:53:02'),(4904,1920438501,'2020-09-16 01:08:09'),(4905,1920438501,'2020-09-16 01:13:13'),(4906,1920435147,'2020-09-16 01:43:42'),(4907,1920441120,'2020-09-16 02:19:23'),(4908,1920441639,'2020-09-16 02:24:16'),(4909,1920439498,'2020-09-16 02:54:39'),(4910,1920438501,'2020-09-16 03:19:52'),(4911,1920440469,'2020-09-16 04:25:46'),(4912,1920434622,'2020-09-16 05:16:19'),(4913,1920441120,'2020-09-16 05:36:37'),(4914,1920439498,'2020-09-16 06:12:00'),(4915,1920435147,'2020-09-16 06:32:26'),(4916,1920439498,'2020-09-16 07:02:41'),(4917,1920440469,'2020-09-16 07:23:01'),(4918,1920434667,'2020-09-16 07:33:15'),(4919,1920441639,'2020-09-16 07:48:31'),(4920,1920441639,'2020-09-16 07:58:40'),(4921,1053986570,'2020-09-16 08:06:37'),(4922,1920434667,'2020-09-16 08:33:38'),(4923,1920435648,'2020-09-16 08:49:27'),(4924,1053986570,'2020-09-16 09:44:34'),(4925,1920435147,'2020-09-16 09:50:49'),(4926,1920434667,'2020-09-16 09:56:02'),(4927,1920439498,'2020-09-16 10:11:23'),(4928,1302313982,'2020-09-16 10:18:32'),(4929,1920435147,'2020-09-16 10:31:34'),(4930,1920436712,'2020-09-16 10:36:59'),(4931,1920438501,'2020-09-16 10:47:01'),(4932,1920436712,'2020-09-16 11:02:10'),(4933,1053986570,'2020-09-16 11:16:07'),(4934,1920439498,'2020-09-16 12:33:02'),(4935,1053986570,'2020-09-16 12:54:04'),(4936,1920438501,'2020-09-16 13:18:38'),(4937,1920439498,'2020-09-16 13:58:58'),(4938,1920441120,'2020-09-16 14:39:16'),(4939,1920434622,'2020-09-16 14:44:18'),(4940,1920434667,'2020-09-16 14:59:25'),(4941,1920441639,'2020-09-16 15:34:38'),(4942,1920441120,'2020-09-16 15:54:46'),(4943,1920434622,'2020-09-16 16:04:51'),(4944,1920435648,'2020-09-16 16:19:51'),(4945,1920441120,'2020-09-16 16:55:11'),(4946,1920436712,'2020-09-16 18:40:28'),(4947,1920441120,'2020-09-16 18:50:14'),(4948,1920439498,'2020-09-16 18:55:14'),(4949,1920441639,'2020-09-16 20:10:21'),(4950,1920441639,'2020-09-16 20:25:16'),(4951,1920436712,'2020-09-16 21:05:26'),(4952,1920435648,'2020-09-16 21:55:37'),(4953,1920435648,'2020-09-16 22:05:35'),(4954,1920439498,'2020-09-16 22:21:07'),(4955,1920434667,'2020-09-16 22:30:37'),(4956,697223108,'2020-09-16 23:04:53'),(4958,1920438501,'2020-09-16 23:25:45'),(4959,1920435147,'2020-09-16 23:40:46'),(4960,1920434667,'2020-09-16 23:50:46'),(4961,1920440469,'2020-09-17 00:00:50'),(4962,1920435648,'2020-09-17 00:35:59'),(4963,1920440469,'2020-09-17 00:41:02'),(4964,693907275,'2020-09-17 01:13:32'),(4965,1920440469,'2020-09-17 01:21:09'),(4966,1920435648,'2020-09-17 01:36:15'),(4967,1920435648,'2020-09-17 01:56:28'),(4968,1920435147,'2020-09-17 02:01:25'),(4969,1920434667,'2020-09-17 02:36:27'),(4970,1920439498,'2020-09-17 02:41:30'),(4971,1920441120,'2020-09-17 02:51:34'),(4972,1920440469,'2020-09-17 03:46:43'),(4973,1920438501,'2020-09-17 03:51:44'),(4974,1920440469,'2020-09-17 04:26:49'),(4975,1920436712,'2020-09-17 04:46:54'),(4976,1920440469,'2020-09-17 05:21:55'),(4977,1920440469,'2020-09-17 06:42:05'),(4978,1920434667,'2020-09-17 07:02:08'),(4979,1920438501,'2020-09-17 07:12:09'),(4980,1920440469,'2020-09-17 07:27:17'),(4981,1920436712,'2020-09-17 07:48:07'),(4982,1920441120,'2020-09-17 08:08:07'),(4983,1920435648,'2020-09-17 08:38:15'),(4984,1920436712,'2020-09-17 08:47:56'),(4985,1920435147,'2020-09-17 08:52:45'),(4986,1920439498,'2020-09-17 08:57:46'),(4987,1920434667,'2020-09-17 09:02:45'),(4988,1920439498,'2020-09-17 09:07:46'),(4989,1920436712,'2020-09-17 09:48:16'),(4990,1920441639,'2020-09-17 10:13:14'),(4991,1920434667,'2020-09-17 10:38:16'),(4992,1920436712,'2020-09-17 11:08:26'),(4993,1920441120,'2020-09-17 11:13:24'),(4994,1920434667,'2020-09-17 12:13:26'),(4995,1920435648,'2020-09-17 12:38:28'),(4996,1920436712,'2020-09-17 13:18:31'),(4997,1920439498,'2020-09-17 13:44:06'),(4998,1920441120,'2020-09-17 14:23:40'),(4999,1920435648,'2020-09-17 14:33:40'),(5000,1920434622,'2020-09-17 14:44:17'),(5001,1920438501,'2020-09-17 14:48:41'),(5002,1920436712,'2020-09-17 15:13:52'),(5003,1920439498,'2020-09-17 15:18:52'),(5004,1920441120,'2020-09-17 15:23:42'),(5005,1920435147,'2020-09-17 15:58:46'),(5006,1920434667,'2020-09-17 16:38:48'),(5007,1920436712,'2020-09-17 17:03:49'),(5008,1920435648,'2020-09-17 17:08:48'),(5009,1920435648,'2020-09-17 17:13:48'),(5010,1920435147,'2020-09-17 17:38:48'),(5011,1920441639,'2020-09-17 17:43:48'),(5012,1920436712,'2020-09-17 18:03:53'),(5013,1920436712,'2020-09-17 18:48:48'),(5014,1920434667,'2020-09-17 18:53:49'),(5015,1920439498,'2020-09-17 20:13:49'),(5016,697066034,'2020-09-17 21:30:36'),(5017,1920435147,'2020-09-17 21:23:49'),(5018,1920439498,'2020-09-17 21:33:49'),(5019,1920435648,'2020-09-17 21:48:49'),(5020,1920439498,'2020-09-17 21:54:13'),(5021,1920435648,'2020-09-17 22:03:49'),(5022,1920435147,'2020-09-17 22:13:49'),(5023,645963645,'2020-09-17 22:20:07'),(5024,1920436712,'2020-09-17 22:28:50'),(5025,1920440469,'2020-09-17 22:38:49'),(5026,1920439498,'2020-09-18 00:23:49'),(5027,1920436712,'2020-09-18 00:53:50'),(5028,1920434667,'2020-09-18 01:03:50'),(5029,1920436712,'2020-09-18 01:58:50'),(5030,1920435648,'2020-09-18 02:08:50'),(5031,1920436712,'2020-09-18 02:38:50'),(5032,1920440469,'2020-09-18 02:53:51'),(5033,1920438501,'2020-09-18 03:18:50'),(5034,1920436712,'2020-09-18 03:28:51'),(5035,1920439498,'2020-09-18 04:13:51'),(5036,1920434622,'2020-09-18 05:28:56'),(5037,1920435648,'2020-09-18 05:33:58'),(5038,1920436712,'2020-09-18 05:48:57'),(5039,1920439498,'2020-09-18 06:34:13'),(5040,1920434667,'2020-09-18 07:09:47'),(5041,1920435147,'2020-09-18 07:24:08'),(5042,1920434667,'2020-09-18 08:49:18'),(5043,1920441120,'2020-09-18 09:04:41'),(5044,1920434622,'2020-09-18 09:09:21'),(5045,1920438501,'2020-09-18 09:14:48'),(5046,1920435147,'2020-09-18 09:54:25'),(5047,1920441639,'2020-09-18 10:24:24'),(5048,1920438501,'2020-09-18 10:29:27'),(5049,1771667286,'2020-09-18 10:36:48'),(5050,1920440469,'2020-09-18 11:24:29'),(5051,1920438501,'2020-09-18 11:34:29'),(5052,1920434622,'2020-09-18 12:09:30'),(5053,1920434622,'2020-09-18 12:44:38'),(5054,1920434622,'2020-09-18 12:54:58'),(5055,1920439498,'2020-09-18 15:07:52'),(5056,1920438501,'2020-09-18 15:18:02'),(5057,1920434667,'2020-09-18 15:38:29'),(5058,1920435147,'2020-09-18 16:23:59'),(5059,1920438501,'2020-09-18 16:29:12'),(5060,-1599006848,'2020-09-18 16:37:04'),(5061,1920434622,'2020-09-18 17:04:35'),(5062,1920440469,'2020-09-18 17:24:48'),(5063,1920441120,'2020-09-18 17:29:53'),(5064,1920436712,'2020-09-18 17:39:59'),(5065,1920435147,'2020-09-18 17:50:08'),(5066,1920440469,'2020-09-18 17:55:11'),(5067,1920434622,'2020-09-18 18:10:23'),(5068,1920434622,'2020-09-18 18:30:50'),(5069,1920438501,'2020-09-18 19:16:20'),(5070,1920435648,'2020-09-18 21:11:53'),(5071,1920439498,'2020-09-18 21:16:55'),(5072,1920436712,'2020-09-18 21:42:09'),(5073,1053986570,'2020-09-18 22:04:10'),(5074,1053986570,'2020-09-18 22:24:01'),(5075,1053986570,'2020-09-18 22:43:23'),(5076,1920434667,'2020-09-18 22:57:50'),(5077,1053986570,'2020-09-18 23:02:33'),(5078,1920434667,'2020-09-18 23:33:16'),(5079,1920441639,'2020-09-19 02:09:16'),(5080,1920439498,'2020-09-19 02:49:36'),(5081,1920435648,'2020-09-19 03:04:35'),(5082,1920435648,'2020-09-19 03:24:37'),(5083,1920441120,'2020-09-19 04:34:47'),(5084,1920441120,'2020-09-19 04:54:46'),(5085,1920436712,'2020-09-19 04:59:48'),(5086,1920438501,'2020-09-19 05:04:50'),(5087,1920440469,'2020-09-19 05:19:50'),(5088,1920441120,'2020-09-19 05:34:52'),(5089,1920435648,'2020-09-19 05:49:51'),(5090,1920438501,'2020-09-19 06:04:56'),(5091,1920434667,'2020-09-19 06:14:57'),(5092,1920441639,'2020-09-19 06:29:59'),(5093,1920435147,'2020-09-19 07:25:18'),(5094,1920438501,'2020-09-19 07:40:14'),(5095,1920441639,'2020-09-19 08:30:27'),(5096,1920435147,'2020-09-19 08:45:22'),(5097,1920441120,'2020-09-19 08:50:33'),(5098,1605800574,'2020-09-19 09:10:34'),(5099,1920436712,'2020-09-19 10:10:31'),(5100,1920439498,'2020-09-19 11:10:34'),(5101,1920435648,'2020-09-19 11:45:38'),(5102,1920441120,'2020-09-19 11:55:38'),(5103,1920435147,'2020-09-19 12:10:37'),(5104,1920436712,'2020-09-19 12:40:39'),(5105,1920440469,'2020-09-19 13:20:49'),(5106,1920439498,'2020-09-19 13:50:44'),(5107,1920434622,'2020-09-19 14:10:45'),(5108,1920439498,'2020-09-19 14:20:56'),(5109,1920434667,'2020-09-19 15:15:53'),(5110,1920434667,'2020-09-19 15:20:57'),(5111,1920440469,'2020-09-19 16:11:08'),(5112,1920440469,'2020-09-19 16:41:08'),(5113,1920434667,'2020-09-19 17:01:11'),(5114,1920438501,'2020-09-19 17:36:12'),(5115,1920441120,'2020-09-19 17:51:30'),(5116,1920434667,'2020-09-19 18:01:15'),(5117,1920434622,'2020-09-19 18:11:26'),(5118,1920439498,'2020-09-19 18:36:17'),(5119,1920434622,'2020-09-19 19:14:09'),(5120,1920440469,'2020-09-19 19:24:02'),(5121,1920441120,'2020-09-19 19:34:30'),(5122,1920436712,'2020-09-19 20:05:55'),(5123,1920436712,'2020-09-19 20:22:04'),(5124,1920441639,'2020-09-19 21:14:17'),(5125,1920435648,'2020-09-19 21:35:21'),(5126,1920435648,'2020-09-19 21:45:57'),(5127,1920435648,'2020-09-19 22:12:04'),(5128,1920435648,'2020-09-19 23:52:00'),(5129,1920434622,'2020-09-20 00:07:40'),(5130,1920436712,'2020-09-20 00:18:03'),(5131,1920435648,'2020-09-20 01:05:12'),(5132,1772055231,'2020-09-20 01:26:46'),(5133,1920435147,'2020-09-20 01:31:38'),(5134,1920441639,'2020-09-20 01:42:05'),(5135,1920441639,'2020-09-20 01:52:29'),(5136,1920435147,'2020-09-20 02:08:10'),(5137,1920439498,'2020-09-20 02:13:33'),(5138,1920434622,'2020-09-20 03:00:39'),(5139,1920436712,'2020-09-20 03:10:56'),(5140,1920434622,'2020-09-20 04:55:16'),(5141,1920439498,'2020-09-20 05:26:42'),(5142,1920435648,'2020-09-20 07:16:06'),(5143,1920438501,'2020-09-20 07:21:09'),(5144,1920439498,'2020-09-20 07:47:11'),(5145,1920438501,'2020-09-20 08:18:25'),(5146,1920441120,'2020-09-20 08:28:48'),(5147,1920434667,'2020-09-20 08:39:11'),(5148,1920438501,'2020-09-20 08:44:25'),(5149,1920434667,'2020-09-20 08:49:37'),(5150,1920434667,'2020-09-20 09:10:23'),(5151,1920438501,'2020-09-20 10:12:52'),(5152,1920435147,'2020-09-20 11:10:01'),(5153,1920438501,'2020-09-20 11:20:35'),(5154,1920434622,'2020-09-20 11:30:55'),(5155,1920441120,'2020-09-20 11:36:03'),(5156,1920438501,'2020-09-20 13:02:11'),(5157,1920436712,'2020-09-20 13:22:13'),(5158,1920441639,'2020-09-20 13:37:21'),(5159,1920441639,'2020-09-20 13:43:21'),(5160,1920435147,'2020-09-20 13:57:26'),(5161,1920434622,'2020-09-20 14:07:31'),(5162,1920441639,'2020-09-20 14:12:32'),(5163,1920434667,'2020-09-20 14:17:32'),(5164,1920440469,'2020-09-20 14:22:36'),(5165,1920441639,'2020-09-20 14:32:42'),(5166,1920436712,'2020-09-20 14:52:44'),(5167,1920441639,'2020-09-20 15:07:47'),(5168,1920436712,'2020-09-20 15:42:54'),(5169,1920436712,'2020-09-20 15:58:01'),(5170,1920441120,'2020-09-20 16:23:14'),(5171,1920441639,'2020-09-20 16:43:10'),(5172,1920435147,'2020-09-20 17:43:20'),(5173,1920435147,'2020-09-20 17:58:25'),(5174,1920441639,'2020-09-20 18:43:25'),(5175,1920441639,'2020-09-20 18:53:20'),(5176,1920438501,'2020-09-20 20:18:24'),(5177,1920440469,'2020-09-20 20:43:26'),(5178,1920434667,'2020-09-20 21:13:30'),(5179,1714718977,'2020-09-20 21:23:10'),(5180,1920441120,'2020-09-20 21:48:35'),(5181,1920435147,'2020-09-20 21:58:45'),(5182,1920434622,'2020-09-20 22:13:40'),(5183,1920440469,'2020-09-20 22:34:05'),(5184,1920434622,'2020-09-20 22:58:48'),(5185,1920435648,'2020-09-20 23:03:49'),(5186,1920438501,'2020-09-21 00:14:05'),(5187,1920441120,'2020-09-21 00:49:12'),(5188,1920439498,'2020-09-21 01:34:27'),(5189,1920435147,'2020-09-21 02:14:38'),(5190,1920441639,'2020-09-21 03:00:01'),(5191,1920435147,'2020-09-21 03:24:52'),(5192,1920438501,'2020-09-21 03:40:01'),(5193,1920434622,'2020-09-21 04:09:59'),(5194,1920436712,'2020-09-21 04:20:05'),(5195,1920441639,'2020-09-21 04:55:03'),(5196,1920438501,'2020-09-21 05:45:14'),(5197,1920441120,'2020-09-21 06:05:09'),(5198,1920439498,'2020-09-21 06:15:11'),(5199,1920439498,'2020-09-21 07:05:21'),(5200,1920435648,'2020-09-21 07:35:26'),(5201,1920439498,'2020-09-21 07:44:24'),(5202,1920436712,'2020-09-21 07:49:34'),(5203,1920438501,'2020-09-21 08:11:39'),(5204,1920438501,'2020-09-21 09:25:07'),(5205,1920435648,'2020-09-21 09:35:46'),(5206,1920441639,'2020-09-21 11:05:28'),(5207,1771965608,'2020-09-21 11:23:49'),(5208,1920441639,'2020-09-21 11:42:31'),(5209,1920441120,'2020-09-21 12:50:43'),(5210,1920436712,'2020-09-21 13:37:48'),(5211,1920440469,'2020-09-21 13:48:26'),(5212,1920434667,'2020-09-21 14:03:52'),(5213,1920436712,'2020-09-21 14:35:18'),(5214,1920438501,'2020-09-21 14:40:45'),(5215,-973663326,'2020-09-21 14:43:46'),(5216,1920435147,'2020-09-21 15:01:36'),(5217,1920434622,'2020-09-21 15:17:15'),(5218,1920439498,'2020-09-21 15:22:25'),(5219,1765967063,'2020-09-21 15:24:02'),(5220,1920434622,'2020-09-21 16:04:24'),(5221,1920434622,'2020-09-21 16:14:58'),(5222,1920435147,'2020-09-21 16:46:10'),(5223,1920436712,'2020-09-21 16:56:42'),(5224,1920435147,'2020-09-21 18:14:14'),(5225,1920434622,'2020-09-21 19:32:09'),(5226,1920434622,'2020-09-21 19:42:27'),(5227,1920434667,'2020-09-21 20:44:43'),(5228,1920440469,'2020-09-21 20:55:04'),(5229,1920434622,'2020-09-21 21:10:45'),(5230,1920440469,'2020-09-21 21:20:57'),(5231,1920435147,'2020-09-21 21:31:22'),(5232,1920436712,'2020-09-21 21:36:31'),(5233,-1599023004,'2020-09-21 21:46:47'),(5234,1920434667,'2020-09-21 22:07:39'),(5235,1920438501,'2020-09-21 22:38:45'),(5236,1920434622,'2020-09-21 22:54:13'),(5237,1920434622,'2020-09-21 22:59:21'),(5238,1920440469,'2020-09-22 00:06:51'),(5239,1920436712,'2020-09-22 00:38:41'),(5240,1920441120,'2020-09-22 02:11:07'),(5241,1920436712,'2020-09-22 02:16:22'),(5242,1920441120,'2020-09-22 02:26:31'),(5243,1920434622,'2020-09-22 02:47:04'),(5244,1920436712,'2020-09-22 02:52:27'),(5245,1920434622,'2020-09-22 03:18:03'),(5246,1920438501,'2020-09-22 03:28:30'),(5247,1920438501,'2020-09-22 03:59:18'),(5248,1920441639,'2020-09-22 04:45:52'),(5249,1920441639,'2020-09-22 04:50:49'),(5250,1920439498,'2020-09-22 05:16:30'),(5251,1920435648,'2020-09-22 05:31:57'),(5252,1920436712,'2020-09-22 05:42:13'),(5253,1920441639,'2020-09-22 05:47:22'),(5254,1920441120,'2020-09-22 06:33:34'),(5255,1920438501,'2020-09-22 06:38:45'),(5256,1920434667,'2020-09-22 07:09:24'),(5257,1920441120,'2020-09-22 07:14:34'),(5258,1920436712,'2020-09-22 07:45:30'),(5259,1920435648,'2020-09-22 08:21:36'),(5260,1920441639,'2020-09-22 08:31:43'),(5261,1920436712,'2020-09-22 08:36:59'),(5262,645963129,'2020-09-22 08:43:34'),(5263,1920439498,'2020-09-22 08:52:33'),(5264,1920439498,'2020-09-22 09:54:11'),(5265,1920436712,'2020-09-22 10:50:29'),(5266,1920440469,'2020-09-22 11:57:23'),(5267,-1614054901,'2020-09-22 12:17:42'),(5268,-1614054901,'2020-09-22 12:17:42'),(5269,-1614054901,'2020-09-22 12:17:43'),(5270,-1614054901,'2020-09-22 12:17:43'),(5271,-1614054901,'2020-09-22 12:17:43'),(5272,-1614054901,'2020-09-22 12:17:43'),(5273,-1614054901,'2020-09-22 12:17:43'),(5274,-1614054901,'2020-09-22 12:17:43'),(5275,-1614054901,'2020-09-22 12:17:43'),(5276,-1614054901,'2020-09-22 12:17:44'),(5277,-1614054901,'2020-09-22 12:17:44'),(5278,-1614054901,'2020-09-22 12:17:44'),(5279,-1614054901,'2020-09-22 12:17:44'),(5280,-1614054901,'2020-09-22 12:17:45'),(5281,-1614054901,'2020-09-22 12:18:08'),(5282,-1614054901,'2020-09-22 12:18:09'),(5283,-1614054901,'2020-09-22 12:18:09'),(5284,-1614054901,'2020-09-22 12:18:09'),(5285,-1614054901,'2020-09-22 12:18:10'),(5286,-1614054901,'2020-09-22 12:18:10'),(5287,-1614054901,'2020-09-22 12:18:10'),(5288,-1614054901,'2020-09-22 12:18:11'),(5289,-1614054901,'2020-09-22 12:18:11'),(5290,-1614054901,'2020-09-22 12:18:12'),(5291,-1614054901,'2020-09-22 12:18:12'),(5292,1920440469,'2020-09-22 12:55:59'),(5293,1920434622,'2020-09-22 13:11:26'),(5294,1920434622,'2020-09-22 13:16:30'),(5295,1920435648,'2020-09-22 13:41:44'),(5296,1920434667,'2020-09-22 14:22:06'),(5297,1920441120,'2020-09-22 14:42:19'),(5298,1920441120,'2020-09-22 14:52:26'),(5299,1920441639,'2020-09-22 15:02:30'),(5300,1920435147,'2020-09-22 15:07:49'),(5301,1920441639,'2020-09-22 16:18:17'),(5302,1920440469,'2020-09-22 16:33:28'),(5303,1920441120,'2020-09-22 16:53:39'),(5304,1920438501,'2020-09-22 17:28:54'),(5305,1920439498,'2020-09-22 17:38:52'),(5306,1920435648,'2020-09-22 17:48:55'),(5307,1920441120,'2020-09-22 17:53:57'),(5308,1920435648,'2020-09-22 18:24:07'),(5309,1920434667,'2020-09-22 18:49:12'),(5310,1920435648,'2020-09-22 18:54:13'),(5311,1920435147,'2020-09-22 18:59:14'),(5312,-781999309,'2020-09-22 19:20:30'),(5313,1920438501,'2020-09-22 19:34:16'),(5314,1920435147,'2020-09-22 19:39:17'),(5315,1920435648,'2020-09-22 20:09:20'),(5316,1920435147,'2020-09-22 21:14:28'),(5317,1920435147,'2020-09-22 22:39:41'),(5318,1920441639,'2020-09-22 22:54:48'),(5319,1920436712,'2020-09-22 23:09:53'),(5320,1920441120,'2020-09-22 23:29:52'),(5321,1920441120,'2020-09-22 23:44:54'),(5322,1920435648,'2020-09-22 23:59:57'),(5323,1920435648,'2020-09-23 00:25:32'),(5324,1920441639,'2020-09-23 00:40:01'),(5325,1920438501,'2020-09-23 00:55:02'),(5326,1920441639,'2020-09-23 01:05:14'),(5327,1920438501,'2020-09-23 01:20:06'),(5328,1920440469,'2020-09-23 01:40:13'),(5329,1920440469,'2020-09-23 03:05:26'),(5330,1920435147,'2020-09-23 03:10:26'),(5331,1920441120,'2020-09-23 03:20:26'),(5332,1920441120,'2020-09-23 04:00:31'),(5333,1920441639,'2020-09-23 04:25:35'),(5334,1920440469,'2020-09-23 04:35:39'),(5335,1920441639,'2020-09-23 04:50:39'),(5336,1920435147,'2020-09-23 05:25:51'),(5337,1920440469,'2020-09-23 05:35:52'),(5338,1920434622,'2020-09-23 06:10:56'),(5339,1920435648,'2020-09-23 07:10:58'),(5340,1920438501,'2020-09-23 07:36:04'),(5341,1920441639,'2020-09-23 08:01:06'),(5342,1920441120,'2020-09-23 08:16:07'),(5343,1920438501,'2020-09-23 08:41:54'),(5344,1920439498,'2020-09-23 08:51:08'),(5345,1920440469,'2020-09-23 09:01:09'),(5346,1920434622,'2020-09-23 09:16:09'),(5347,1920438501,'2020-09-23 09:51:13'),(5348,1920434622,'2020-09-23 10:11:16'),(5349,1920438501,'2020-09-23 10:26:18'),(5350,1772054199,'2020-09-23 10:34:19'),(5351,1920441120,'2020-09-23 12:06:53'),(5352,1920434667,'2020-09-23 12:16:47'),(5353,1920434622,'2020-09-23 12:32:18'),(5354,1920439498,'2020-09-23 12:47:06'),(5355,1920435648,'2020-09-23 13:22:03'),(5356,1920441639,'2020-09-23 13:27:03'),(5357,1920439498,'2020-09-23 14:17:12'),(5358,1920434667,'2020-09-23 14:22:17'),(5359,1920439498,'2020-09-23 14:32:35'),(5360,1920435147,'2020-09-23 14:47:20'),(5361,1920434622,'2020-09-23 15:52:23'),(5362,1920435147,'2020-09-23 16:52:34'),(5363,1920439498,'2020-09-23 16:58:25'),(5364,1920441639,'2020-09-23 17:32:40'),(5365,1920436712,'2020-09-23 17:42:42'),(5366,1920434667,'2020-09-23 18:12:43'),(5367,1920439498,'2020-09-23 18:17:43'),(5368,1920439498,'2020-09-23 18:22:43'),(5369,1920438501,'2020-09-23 18:37:43'),(5370,1920434667,'2020-09-23 18:52:45'),(5371,1920441120,'2020-09-23 19:07:45'),(5372,1920435147,'2020-09-23 19:27:45'),(5373,1920434622,'2020-09-23 19:47:47'),(5374,1920438501,'2020-09-23 20:07:49'),(5375,1920441639,'2020-09-23 20:12:50'),(5376,1920435147,'2020-09-23 20:22:52'),(5377,1053986570,'2020-09-23 20:42:40'),(5378,-973619217,'2020-09-23 21:06:21'),(5379,1920434667,'2020-09-23 21:17:58'),(5380,1920434667,'2020-09-23 22:33:15'),(5381,1920436712,'2020-09-23 23:18:26'),(5382,1920436712,'2020-09-23 23:48:43'),(5383,1920436712,'2020-09-23 23:58:37'),(5384,1920439498,'2020-09-24 00:18:43'),(5385,1920435147,'2020-09-24 00:28:44'),(5386,1920436712,'2020-09-24 01:08:55'),(5387,1920441639,'2020-09-24 03:39:30'),(5388,1920435648,'2020-09-24 03:49:47'),(5389,1920441120,'2020-09-24 04:09:42'),(5390,1920435147,'2020-09-24 04:24:46'),(5391,1920434622,'2020-09-24 05:00:27'),(5392,1920440469,'2020-09-24 05:45:09'),(5393,1920440469,'2020-09-24 05:50:10'),(5394,1920438501,'2020-09-24 06:05:14'),(5395,1920440469,'2020-09-24 06:15:17'),(5396,1920435648,'2020-09-24 06:20:18'),(5397,1920435147,'2020-09-24 08:05:47'),(5398,1920441120,'2020-09-24 08:25:55'),(5399,1920439498,'2020-09-24 08:46:00'),(5400,1920435648,'2020-09-24 09:01:03'),(5401,1920435648,'2020-09-24 09:51:20'),(5402,1920440469,'2020-09-24 10:01:41'),(5403,1920434622,'2020-09-24 11:36:54'),(5404,1920434667,'2020-09-24 12:13:48'),(5405,1920436712,'2020-09-24 13:00:37'),(5406,1920434622,'2020-09-24 14:26:53'),(5407,1920440469,'2020-09-24 14:57:22'),(5408,1920441120,'2020-09-24 15:27:53'),(5409,1920435648,'2020-09-24 15:58:19'),(5410,1920441120,'2020-09-24 16:28:30'),(5411,1920435648,'2020-09-24 16:33:31'),(5412,1920434622,'2020-09-24 17:08:48'),(5413,1920441639,'2020-09-24 18:03:59'),(5414,1920435648,'2020-09-24 18:08:59'),(5415,1920435147,'2020-09-24 18:28:59'),(5416,1920438501,'2020-09-24 19:14:06'),(5417,1920438501,'2020-09-24 19:19:06'),(5418,1920435648,'2020-09-24 19:34:11'),(5419,1920441639,'2020-09-24 19:44:15'),(5420,1920435648,'2020-09-24 20:24:17'),(5421,1920434622,'2020-09-24 20:39:21'),(5422,1920434667,'2020-09-24 20:44:21'),(5423,1920440469,'2020-09-24 21:19:30'),(5424,1920439498,'2020-09-24 21:44:44'),(5425,1920439498,'2020-09-24 22:10:03'),(5426,1920436712,'2020-09-24 22:24:59'),(5427,1920436712,'2020-09-24 23:00:12'),(5428,1920435648,'2020-09-24 23:05:12'),(5429,1920438501,'2020-09-24 23:10:18'),(5430,1920434667,'2020-09-24 23:25:21'),(5431,1920434667,'2020-09-24 23:45:21'),(5432,-1001680989,'2020-09-25 01:36:24'),(5433,1920439498,'2020-09-25 00:40:39'),(5434,1920435648,'2020-09-25 00:50:46'),(5435,1920434667,'2020-09-25 01:05:49'),(5436,1920434622,'2020-09-25 01:25:56'),(5437,1920436712,'2020-09-25 01:30:58'),(5438,1920435147,'2020-09-25 02:01:07'),(5439,1920439498,'2020-09-25 02:36:16'),(5440,1920441639,'2020-09-25 03:21:30'),(5441,1920435147,'2020-09-25 03:51:41'),(5442,1920435147,'2020-09-25 04:06:40'),(5443,1920436712,'2020-09-25 04:11:40'),(5444,1920434622,'2020-09-25 04:21:42'),(5445,1920435648,'2020-09-25 04:56:43'),(5446,1920440469,'2020-09-25 05:26:43'),(5447,1920435147,'2020-09-25 06:26:43'),(5448,1920435147,'2020-09-25 06:51:45'),(5449,1920441120,'2020-09-25 11:04:04'),(5450,1920434667,'2020-09-25 11:14:38'),(5451,1920440469,'2020-09-25 11:40:58'),(5452,1920434622,'2020-09-25 11:56:42'),(5453,704160364,'2020-09-25 11:59:41'),(5454,704160364,'2020-09-25 12:03:22'),(5455,1920441120,'2020-09-25 12:38:50'),(5456,1920434622,'2020-09-25 12:44:02'),(5457,1920441639,'2020-09-25 13:15:46'),(5458,1771942036,'2020-09-25 13:55:03'),(5459,1920441639,'2020-09-25 14:02:52'),(5460,1920441639,'2020-09-25 14:19:17'),(5461,1920434667,'2020-09-25 14:55:22'),(5462,1920439498,'2020-09-25 15:06:01'),(5463,1920434667,'2020-09-25 15:32:12'),(5464,1920434667,'2020-09-25 15:47:52'),(5465,1920439498,'2020-09-25 15:58:33'),(5466,1920439498,'2020-09-25 16:14:24'),(5467,1920439498,'2020-09-25 16:29:53'),(5468,1920434667,'2020-09-25 16:50:52'),(5469,1920438501,'2020-09-25 17:38:07'),(5470,1920435147,'2020-09-25 18:20:08'),(5471,1920438501,'2020-09-25 19:28:23'),(5472,1920434622,'2020-09-25 19:33:38'),(5473,1920436712,'2020-09-25 20:10:23'),(5474,1920435147,'2020-09-25 20:26:10'),(5475,1920434622,'2020-09-25 20:52:17'),(5476,1920434667,'2020-09-25 21:44:37'),(5477,1920436712,'2020-09-25 22:05:33'),(5478,1920435147,'2020-09-25 22:10:47'),(5479,1920434622,'2020-09-25 23:08:23'),(5480,1766266423,'2020-09-25 23:20:22'),(5481,1920441120,'2020-09-26 00:00:42'),(5482,1920439498,'2020-09-26 00:32:07'),(5483,1920441639,'2020-09-26 00:42:34'),(5484,1920434667,'2020-09-26 00:47:49'),(5485,1920439498,'2020-09-26 01:19:15'),(5486,1920435648,'2020-09-26 01:40:09'),(5487,1920434667,'2020-09-26 02:37:44'),(5488,1920436712,'2020-09-26 02:42:57'),(5489,1920434667,'2020-09-26 04:22:22'),(5490,1920436712,'2020-09-26 04:32:50'),(5491,1920441120,'2020-09-26 06:59:15'),(5492,1920435648,'2020-09-26 08:12:22'),(5493,1920435648,'2020-09-26 08:48:52'),(5494,1920434622,'2020-09-26 09:35:50'),(5495,1920435648,'2020-09-26 10:33:14'),(5496,1920435147,'2020-09-26 11:20:18'),(5497,1920441639,'2020-09-26 11:41:02'),(5498,1920441120,'2020-09-26 12:45:23'),(5499,1920441120,'2020-09-26 13:41:09'),(5500,1920435648,'2020-09-26 15:17:28'),(5501,1920439498,'2020-09-26 15:32:42'),(5502,1920434622,'2020-09-26 16:13:14'),(5503,1920439498,'2020-09-26 16:18:19'),(5504,1920438501,'2020-09-26 16:43:40'),(5505,1920435147,'2020-09-26 17:49:32'),(5506,1920441120,'2020-09-26 18:35:08'),(5507,1920441639,'2020-09-26 20:31:48'),(5508,1920435147,'2020-09-26 21:17:18'),(5509,1920436712,'2020-09-26 22:18:07'),(5510,1920441120,'2020-09-26 22:28:14'),(5511,1920438501,'2020-09-26 22:38:23'),(5512,-973216429,'2020-10-01 23:17:51'),(5513,1920436712,'2020-10-02 04:05:04'),(5514,1920436712,'2020-10-02 04:11:04'),(5515,1920435648,'2020-10-02 06:40:50'),(5516,1920434667,'2020-10-02 07:05:03'),(5517,1920434667,'2020-10-02 07:17:01'),(5518,1920439498,'2020-10-02 07:34:56'),(5519,1920440469,'2020-10-02 07:40:59'),(5520,1920439498,'2020-10-02 07:52:58'),(5521,1920434667,'2020-10-02 07:58:55'),(5522,1920436712,'2020-10-02 08:04:52'),(5523,1765966374,'2020-10-02 08:19:17'),(5524,1920440469,'2020-10-02 08:28:51'),(5525,1920435147,'2020-10-02 08:52:50'),(5526,1920440469,'2020-10-02 09:10:55'),(5527,1920435147,'2020-10-02 09:22:56'),(5528,1920441639,'2020-10-02 09:46:54'),(5529,1920436712,'2020-10-02 10:04:52'),(5530,1920434622,'2020-10-02 10:10:47'),(5531,1920440469,'2020-10-02 10:16:56'),(5532,1920434667,'2020-10-02 11:34:28'),(5533,1920435147,'2020-10-02 11:46:27'),(5534,1920435648,'2020-10-02 11:58:32'),(5535,1920435147,'2020-10-02 12:16:38'),(5536,1920435147,'2020-10-02 12:31:56'),(5537,1920439498,'2020-10-02 13:20:42'),(5538,1920439498,'2020-10-02 13:44:16'),(5539,1920434622,'2020-10-02 13:59:31'),(5540,1920436712,'2020-10-02 14:07:11'),(5541,1920441120,'2020-10-02 15:14:46'),(5542,-973615166,'2020-10-02 15:35:52'),(5543,1920441120,'2020-10-02 16:57:01'),(5544,1920435147,'2020-10-02 17:11:23'),(5545,1920441639,'2020-10-02 17:18:31'),(5546,1920440469,'2020-10-02 17:46:00'),(5547,1920434667,'2020-10-02 18:25:28'),(5548,1920440469,'2020-10-02 18:45:35'),(5549,1920434622,'2020-10-02 18:52:30'),(5550,1920440469,'2020-10-02 20:00:14'),(5551,1920441639,'2020-10-02 20:13:49'),(5552,1920436712,'2020-10-02 20:20:28'),(5553,1920436712,'2020-10-02 20:33:46'),(5554,1920438501,'2020-10-02 21:55:37'),(5555,1920436712,'2020-10-02 23:56:39'),(5556,1920441639,'2020-10-03 00:15:47'),(5557,1920441120,'2020-10-03 00:27:44'),(5558,1920435648,'2020-10-03 00:34:08'),(5559,1920436712,'2020-10-03 00:47:49'),(5560,1920438501,'2020-10-03 01:38:47'),(5561,1920438501,'2020-10-03 02:24:04'),(5562,1920441120,'2020-10-03 03:28:52'),(5563,1920434622,'2020-10-03 03:34:57'),(5564,1920434667,'2020-10-03 04:38:38'),(5565,1920435147,'2020-10-03 05:10:18'),(5566,1920438501,'2020-10-03 05:54:20'),(5567,1920434622,'2020-10-03 06:13:08'),(5568,1920435147,'2020-10-03 07:03:12'),(5569,1920438501,'2020-10-03 08:05:10'),(5570,1920439498,'2020-10-03 08:29:51'),(5571,1920441639,'2020-10-03 08:42:04'),(5572,1920435147,'2020-10-03 09:06:56'),(5573,1920441120,'2020-10-03 09:25:28'),(5574,1920435648,'2020-10-03 09:37:45'),(5575,1920440469,'2020-10-03 11:41:27'),(5576,1920441120,'2020-10-03 13:01:08'),(5577,-973217191,'2020-10-03 13:30:52'),(5578,1920434667,'2020-10-03 14:08:40'),(5579,1920440469,'2020-10-03 14:20:38'),(5580,1920441120,'2020-10-03 14:51:14'),(5581,1920435648,'2020-10-03 17:40:24'),(5582,1765966246,'2020-10-03 20:36:59'),(5583,1920435147,'2020-10-03 22:32:31'),(5584,1920434622,'2020-10-03 22:38:25'),(5585,1920441639,'2020-10-03 22:50:23'),(5586,1920436712,'2020-10-03 23:08:20'),(5587,-973222021,'2020-10-03 23:08:52'),(5588,1920435648,'2020-10-03 23:26:07'),(5589,1920434667,'2020-10-03 23:38:07'),(5590,1920438501,'2020-10-04 00:38:22'),(5591,1920440469,'2020-10-04 00:44:23'),(5592,1920438501,'2020-10-04 00:50:34'),(5593,1920435147,'2020-10-04 01:26:30'),(5594,1920435147,'2020-10-04 02:08:17'),(5595,1920440469,'2020-10-04 02:20:27'),(5596,1920434622,'2020-10-04 02:32:18'),(5597,1920441639,'2020-10-04 03:08:16'),(5598,1920435147,'2020-10-04 03:44:07'),(5599,1920440469,'2020-10-04 04:14:03'),(5600,1920438501,'2020-10-04 04:25:43'),(5601,1920438501,'2020-10-04 04:43:24'),(5602,1920440469,'2020-10-04 05:07:18'),(5603,1920434667,'2020-10-04 05:37:16'),(5604,1920441639,'2020-10-04 06:49:43'),(5605,1920440469,'2020-10-04 06:55:42'),(5606,1920438501,'2020-10-04 07:31:53'),(5607,1920436712,'2020-10-04 07:49:56'),(5608,1920435147,'2020-10-04 08:01:55'),(5609,1920436712,'2020-10-04 08:55:50'),(5610,1920436712,'2020-10-04 11:19:25'),(5611,1920435147,'2020-10-04 11:37:10'),(5612,1920436712,'2020-10-04 12:18:23'),(5613,1920440469,'2020-10-04 14:48:05'),(5614,1920434667,'2020-10-04 15:10:22'),(5615,1920434622,'2020-10-04 15:46:58'),(5616,1920438501,'2020-10-04 16:08:33'),(5617,1920441639,'2020-10-04 17:40:55'),(5618,1920441639,'2020-10-04 17:47:28'),(5619,1920434667,'2020-10-04 18:47:09'),(5620,1920434667,'2020-10-04 19:21:18'),(5621,1920434667,'2020-10-04 19:28:11'),(5622,1920441120,'2020-10-04 21:22:40'),(5623,1920441639,'2020-10-04 22:30:10'),(5624,1920435648,'2020-10-04 23:23:14'),(5625,1920435648,'2020-10-04 23:29:51'),(5626,1920438501,'2020-10-04 23:36:28'),(5627,1920435147,'2020-10-05 04:33:56'),(5628,1920435147,'2020-10-05 05:05:29'),(5629,1920441120,'2020-10-05 05:11:44'),(5630,1920441639,'2020-10-05 05:24:30'),(5631,1920439498,'2020-10-05 05:37:11'),(5632,1920435648,'2020-10-05 06:01:13'),(5633,1920438501,'2020-10-05 06:13:55'),(5634,1920440469,'2020-10-05 07:15:24'),(5635,1920440469,'2020-10-05 07:58:55'),(5636,1920434622,'2020-10-05 08:11:26'),(5637,1920434622,'2020-10-05 08:17:43'),(5638,1920438501,'2020-10-05 09:13:25'),(5639,-973655521,'2020-10-05 09:39:42'),(5641,1920439498,'2020-10-05 09:38:12'),(5642,1920434622,'2020-10-05 10:45:36'),(5643,1920438501,'2020-10-05 11:28:58'),(5644,1920434667,'2020-10-05 11:41:33'),(5645,1920436712,'2020-10-05 11:53:41'),(5646,1920434622,'2020-10-05 12:11:54'),(5647,1920439498,'2020-10-05 12:30:06'),(5648,1920435648,'2020-10-05 12:36:14'),(5649,1920439498,'2020-10-05 12:43:02'),(5650,1920435648,'2020-10-05 12:48:24'),(5651,1920441639,'2020-10-05 13:06:39'),(5652,1920439498,'2020-10-05 13:37:19'),(5653,1920440469,'2020-10-05 13:49:38'),(5654,1920435648,'2020-10-05 15:27:22'),(5655,1920441120,'2020-10-05 15:51:21'),(5656,1920435648,'2020-10-05 16:27:37'),(5657,1920435147,'2020-10-05 16:58:03'),(5658,1920434622,'2020-10-05 17:34:29'),(5659,1920434622,'2020-10-05 17:45:46'),(5660,1920441639,'2020-10-05 17:51:20'),(5661,1920434667,'2020-10-05 18:02:39'),(5662,-992407456,'2020-10-05 18:04:54'),(5663,1920439498,'2020-10-05 18:49:22'),(5664,1920434622,'2020-10-05 19:07:22'),(5665,1920436712,'2020-10-05 20:06:32'),(5666,1920434622,'2020-10-05 20:35:34'),(5667,1920436712,'2020-10-05 21:17:09'),(5668,1920435147,'2020-10-05 21:29:04'),(5669,-1833330587,'2020-10-05 21:32:23'),(5671,1920440469,'2020-10-05 22:46:38'),(5672,1920439498,'2020-10-05 23:04:18'),(5673,1920435648,'2020-10-05 23:16:14'),(5674,1920434622,'2020-10-06 00:57:50'),(5675,1920439498,'2020-10-06 01:03:52'),(5676,1920434667,'2020-10-06 01:39:34'),(5677,1920441639,'2020-10-06 02:03:26'),(5678,1920434667,'2020-10-06 02:44:32'),(5679,1920440469,'2020-10-06 03:02:32'),(5680,1920435648,'2020-10-06 03:55:35'),(5681,1920434667,'2020-10-06 04:48:41'),(5682,1920438501,'2020-10-06 05:12:40'),(5683,1920434667,'2020-10-06 05:54:45'),(5684,1920440469,'2020-10-06 06:07:32'),(5685,697131484,'2020-10-06 06:22:27'),(5686,1920439498,'2020-10-06 06:43:07'),(5687,1920435147,'2020-10-06 07:25:37'),(5688,1920435648,'2020-10-06 09:08:36'),(5689,1920436712,'2020-10-06 09:46:34'),(5690,1920439498,'2020-10-06 10:46:23'),(5691,1920434667,'2020-10-06 11:16:03'),(5692,1920434622,'2020-10-06 11:23:25'),(5693,1920434667,'2020-10-06 11:38:01'),(5694,1920441120,'2020-10-06 11:45:18'),(5695,1920440469,'2020-10-06 11:59:54'),(5696,1920441639,'2020-10-06 12:48:15'),(5697,1920440469,'2020-10-06 13:21:40'),(5698,1920435648,'2020-10-06 15:40:37'),(5699,1920435147,'2020-10-06 16:02:44'),(5700,1920438501,'2020-10-06 16:32:12'),(5701,1920441639,'2020-10-06 17:08:43'),(5702,1920435648,'2020-10-06 17:30:31'),(5703,1920435147,'2020-10-06 17:44:35'),(5704,1920436712,'2020-10-06 18:04:36'),(5705,1920439498,'2020-10-06 18:46:08'),(5706,1920441639,'2020-10-06 19:00:07'),(5707,1920439498,'2020-10-06 19:21:02'),(5708,1920438501,'2020-10-06 20:09:54'),(5709,1714699271,'2020-10-06 20:12:24'),(5710,1920439498,'2020-10-06 21:46:07'),(5711,1920438501,'2020-10-06 21:59:55'),(5712,1920439498,'2020-10-06 22:27:08'),(5713,1766033146,'2020-10-06 22:35:03'),(5714,1920436712,'2020-10-06 23:00:52'),(5715,1920435648,'2020-10-06 23:07:38'),(5716,1920435147,'2020-10-06 23:14:27'),(5717,-1599056602,'2020-10-07 00:07:11'),(5718,1920441639,'2020-10-07 00:41:53'),(5719,1920439498,'2020-10-07 00:55:15'),(5720,1920434622,'2020-10-07 01:53:36'),(5721,1920441120,'2020-10-07 02:06:42'),(5722,1920435648,'2020-10-07 02:26:26'),(5723,1920439498,'2020-10-07 03:11:29'),(5724,1920441639,'2020-10-07 03:31:00'),(5725,1920436712,'2020-10-07 03:37:30'),(5726,1920438501,'2020-10-07 04:22:37'),(5727,1920435648,'2020-10-07 04:35:12'),(5728,1920439498,'2020-10-07 04:41:30'),(5729,1920439498,'2020-10-07 05:00:55'),(5730,1920440469,'2020-10-07 05:13:48'),(5731,1920441120,'2020-10-07 05:20:12'),(5732,1920439498,'2020-10-07 05:26:36'),(5733,1920435147,'2020-10-07 05:52:10'),(5734,1920434667,'2020-10-07 06:04:57'),(5735,1920438501,'2020-10-07 06:17:42'),(5736,1920434622,'2020-10-07 06:30:25'),(5737,1920440469,'2020-10-07 06:49:34'),(5738,1920434622,'2020-10-07 07:02:26'),(5739,1920440469,'2020-10-07 07:27:13'),(5740,1920435648,'2020-10-07 07:33:33'),(5741,1920440469,'2020-10-07 08:29:50'),(5742,1920439498,'2020-10-07 08:36:03'),(5743,1920436712,'2020-10-07 08:54:45'),(5744,1920436712,'2020-10-07 09:01:00'),(5745,1920440469,'2020-10-07 10:58:34'),(5746,1920434622,'2020-10-07 11:04:48'),(5747,1920435648,'2020-10-07 11:23:31'),(5748,1920434667,'2020-10-07 12:00:50'),(5749,1053986570,'2020-10-07 12:27:45'),(5750,1053986570,'2020-10-07 12:28:06'),(5751,1053986570,'2020-10-07 12:28:31'),(5752,1920434667,'2020-10-07 12:43:17'),(5753,1920441120,'2020-10-07 12:55:32'),(5754,1920441639,'2020-10-07 13:07:46'),(5755,1920435147,'2020-10-07 13:32:22'),(5756,1920434667,'2020-10-07 15:33:54'),(5757,1920435147,'2020-10-07 15:40:02'),(5758,1920435147,'2020-10-07 16:04:20'),(5759,1920438501,'2020-10-07 16:10:11'),(5760,1920439498,'2020-10-07 16:40:17'),(5761,1920434667,'2020-10-07 17:22:47'),(5762,1920438501,'2020-10-07 17:45:33'),(5763,1920435648,'2020-10-07 17:51:02'),(5764,1920441120,'2020-10-07 18:31:01'),(5765,1920441120,'2020-10-07 19:06:22'),(5766,1920439498,'2020-10-07 19:42:00'),(5767,1920435648,'2020-10-07 20:17:08'),(5768,1920438501,'2020-10-07 20:40:01'),(5769,1920439498,'2020-10-07 20:57:37'),(5770,1920435648,'2020-10-07 21:03:35'),(5771,1920436712,'2020-10-07 21:15:34'),(5772,1920434622,'2020-10-07 21:45:23'),(5773,1920441120,'2020-10-07 22:38:45'),(5774,1920435147,'2020-10-07 23:02:30'),(5775,1920434667,'2020-10-07 23:32:07'),(5776,1920439498,'2020-10-07 23:38:05'),(5777,1920438501,'2020-10-08 00:08:00'),(5778,1920438501,'2020-10-08 01:43:41'),(5779,1920440469,'2020-10-08 02:42:54'),(5780,1920441639,'2020-10-08 03:11:52'),(5781,1920436712,'2020-10-08 03:23:55'),(5782,-1001993437,'2020-10-08 03:47:41'),(5783,1920441120,'2020-10-08 04:47:14'),(5784,1920441639,'2020-10-08 05:59:11'),(5785,1920434667,'2020-10-08 06:11:13'),(5786,1920435648,'2020-10-08 06:23:15'),(5787,1920434667,'2020-10-08 06:47:09'),(5788,1920436712,'2020-10-08 07:17:05'),(5789,1920434667,'2020-10-08 08:53:10'),(5790,1920441639,'2020-10-08 09:11:04'),(5791,1920436712,'2020-10-08 09:23:04'),(5792,1920436712,'2020-10-08 09:29:08'),(5793,1920436712,'2020-10-08 10:05:07'),(5794,1920441639,'2020-10-08 10:35:11'),(5795,1920438501,'2020-10-08 11:05:07'),(5796,1920441639,'2020-10-08 11:40:56'),(5797,1920441120,'2020-10-08 12:22:31'),(5798,1920438501,'2020-10-08 12:43:51'),(5799,1920441120,'2020-10-08 12:52:16'),(5800,1920435648,'2020-10-08 15:28:33'),(5801,1920438501,'2020-10-08 15:43:25'),(5802,1920440469,'2020-10-08 16:05:43'),(5803,1920436712,'2020-10-08 16:12:45'),(5804,1920436712,'2020-10-08 17:24:24'),(5805,1920436712,'2020-10-08 17:38:39'),(5806,1920435147,'2020-10-08 17:51:47'),(5807,1920440469,'2020-10-08 18:38:30'),(5808,1920438501,'2020-10-08 19:46:17'),(5809,1920435648,'2020-10-08 20:06:24'),(5810,-973608320,'2020-10-08 20:32:33'),(5811,1920439498,'2020-10-08 21:41:02'),(5812,1920436712,'2020-10-08 22:38:43'),(5813,1920435648,'2020-10-08 22:45:20'),(5814,1920439498,'2020-10-08 22:51:49'),(5815,1765966874,'2020-10-08 23:25:58'),(5816,1920435147,'2020-10-08 23:24:21'),(5817,1920438501,'2020-10-08 23:55:46'),(5818,1920441120,'2020-10-09 00:08:55'),(5819,1920441639,'2020-10-09 00:34:49'),(5820,1920434622,'2020-10-09 01:00:39'),(5821,-1176976446,'2020-10-09 01:19:02'),(5822,1920435147,'2020-10-09 02:10:34'),(5823,1920441639,'2020-10-09 04:11:34'),(5824,1920436712,'2020-10-09 04:19:58'),(5825,1920435147,'2020-10-09 04:44:43'),(5826,1920435147,'2020-10-09 05:08:59'),(5827,1920441120,'2020-10-09 05:16:53'),(5828,1920436712,'2020-10-09 05:48:48'),(5829,1920441639,'2020-10-09 06:35:39'),(5830,1920434622,'2020-10-09 06:43:24'),(5831,1920440469,'2020-10-09 07:21:22'),(5832,1920441639,'2020-10-09 08:35:59'),(5833,1920441120,'2020-10-09 08:43:16'),(5834,1920441639,'2020-10-09 08:58:00'),(5835,1920434622,'2020-10-09 10:16:51'),(5836,1920440469,'2020-10-09 10:30:49'),(5837,1920435147,'2020-10-09 10:37:46'),(5838,1920436712,'2020-10-09 10:51:35'),(5839,1920435648,'2020-10-09 10:58:34'),(5840,1920440469,'2020-10-09 11:33:41'),(5841,1920441120,'2020-10-09 11:54:16'),(5842,1920435648,'2020-10-09 12:35:07'),(5843,1920435648,'2020-10-09 12:48:46'),(5844,1920435648,'2020-10-09 12:55:34'),(5845,1920438501,'2020-10-09 13:29:35'),(5846,1920435648,'2020-10-09 14:20:55'),(5847,1920435147,'2020-10-09 14:26:00'),(5848,1920439498,'2020-10-09 14:36:11'),(5849,1920439498,'2020-10-09 15:26:49'),(5850,1920435648,'2020-10-09 15:36:56'),(5851,1920439498,'2020-10-09 16:17:29'),(5852,1920441120,'2020-10-09 16:32:40'),(5853,1920435147,'2020-10-09 18:19:02'),(5854,1920439498,'2020-10-09 18:29:08'),(5855,1920441120,'2020-10-09 18:59:30'),(5856,1920435147,'2020-10-09 20:05:20'),(5857,1920435147,'2020-10-09 20:50:42'),(5858,1920434667,'2020-10-09 21:05:50'),(5859,1920440469,'2020-10-09 21:36:09'),(5860,1920441120,'2020-10-09 21:46:16'),(5861,1920439498,'2020-10-09 22:16:34'),(5862,1920439498,'2020-10-09 22:36:47'),(5863,1920441639,'2020-10-09 22:51:56'),(5864,1920435147,'2020-10-09 23:47:29'),(5865,1920434667,'2020-10-10 00:17:48'),(5866,1920434667,'2020-10-10 00:38:00'),(5867,1920434667,'2020-10-10 00:48:06'),(5868,1920439498,'2020-10-10 00:58:13'),(5869,-979784589,'2020-10-10 01:44:33'),(5870,1920439498,'2020-10-10 02:13:58'),(5871,1920435648,'2020-10-10 02:54:24'),(5872,1920434622,'2020-10-10 03:14:36'),(5873,1920435648,'2020-10-10 03:29:45'),(5874,1920440469,'2020-10-10 03:49:56'),(5875,1920434622,'2020-10-10 04:05:05'),(5876,1920434622,'2020-10-10 05:05:42'),(5877,1920435147,'2020-10-10 05:15:48'),(5878,1920438501,'2020-10-10 05:30:57'),(5879,1920440469,'2020-10-10 05:41:04'),(5880,1920439498,'2020-10-10 06:21:27'),(5881,1920440469,'2020-10-10 06:41:40'),(5882,1920440469,'2020-10-10 06:51:45'),(5883,1920441639,'2020-10-10 07:27:08'),(5884,1920441639,'2020-10-10 07:32:10'),(5885,1920435147,'2020-10-10 07:42:15'),(5886,1920435648,'2020-10-10 07:57:25'),(5887,1920438501,'2020-10-10 08:27:43'),(5888,1920441120,'2020-10-10 08:42:52'),(5889,1920440469,'2020-10-10 08:58:02'),(5890,1920440469,'2020-10-10 09:03:05'),(5891,1920434667,'2020-10-10 09:18:15'),(5892,1920439498,'2020-10-10 09:43:29'),(5893,1920440469,'2020-10-10 09:48:33'),(5894,1920436712,'2020-10-10 09:53:36'),(5895,1920435648,'2020-10-10 09:58:38'),(5896,1920441120,'2020-10-10 10:03:41'),(5897,1920439498,'2020-10-10 10:19:56'),(5898,1920434622,'2020-10-10 10:34:01'),(5899,1920434622,'2020-10-10 10:54:13'),(5900,1920434667,'2020-10-10 11:04:20'),(5901,1920439498,'2020-10-10 11:29:37'),(5902,1920440469,'2020-10-10 11:49:49'),(5903,1920435648,'2020-10-10 12:10:02'),(5904,1920439498,'2020-10-10 12:20:07'),(5905,1920435648,'2020-10-10 12:25:10'),(5906,1920434667,'2020-10-10 13:31:14'),(5907,1920434667,'2020-10-10 13:36:21'),(5908,1920439498,'2020-10-10 15:23:40'),(5909,1920439498,'2020-10-10 15:33:52'),(5910,1920435147,'2020-10-10 15:49:03'),(5911,1920439498,'2020-10-10 16:49:52'),(5912,1920436712,'2020-10-10 17:55:17'),(5913,1920435147,'2020-10-10 20:00:46'),(5914,1920439498,'2020-10-10 21:46:10'),(5915,1920438501,'2020-10-10 21:51:12'),(5916,1920436712,'2020-10-10 22:11:18'),(5917,1920441639,'2020-10-10 22:16:17'),(5918,1920434667,'2020-10-10 22:21:20'),(5919,1920435648,'2020-10-10 22:26:20'),(5920,1920434622,'2020-10-10 22:41:22'),(5921,1920441120,'2020-10-10 22:56:25'),(5922,1920435648,'2020-10-11 01:26:58'),(5923,1920434667,'2020-10-11 02:42:18'),(5924,1920438501,'2020-10-11 03:02:24'),(5925,1920435147,'2020-10-11 03:12:29'),(5926,1920441120,'2020-10-11 03:52:31'),(5927,1920434667,'2020-10-11 04:12:36'),(5928,1920435147,'2020-10-11 04:17:38'),(5929,1920438501,'2020-10-11 05:57:58'),(5930,1920436712,'2020-10-11 07:33:20'),(5931,1920436712,'2020-10-11 09:28:44'),(5932,1920440469,'2020-10-11 09:33:46'),(5933,1920434667,'2020-10-11 09:38:47'),(5934,1920435147,'2020-10-11 10:33:59'),(5935,-973625438,'2020-10-11 10:47:52'),(5936,1920435147,'2020-10-11 11:24:09'),(5937,1920436712,'2020-10-11 13:49:41'),(5938,1920440469,'2020-10-11 15:09:58'),(5939,1920435147,'2020-10-11 16:55:19'),(5940,1920436712,'2020-10-11 17:20:24'),(5941,1920435147,'2020-10-11 17:25:24'),(5942,1920438501,'2020-10-11 18:55:43'),(5943,1920436712,'2020-10-11 19:15:55'),(5944,1920434667,'2020-10-11 19:21:53'),(5945,1920434622,'2020-10-11 19:30:51'),(5946,1920440469,'2020-10-11 20:15:59'),(5947,1920436712,'2020-10-11 20:51:07'),(5948,-1002390749,'2020-10-11 21:20:17'),(5949,646432821,'2020-10-11 22:01:00'),(5950,1920434667,'2020-10-11 22:31:29'),(5951,1920435147,'2020-10-11 23:26:44'),(5952,1920434622,'2020-10-11 23:46:48'),(5953,1920434622,'2020-10-12 00:11:55'),(5954,1920434622,'2020-10-12 01:07:05'),(5955,1920441120,'2020-10-12 02:17:23'),(5956,1920441639,'2020-10-12 02:37:24'),(5957,1920436712,'2020-10-12 03:37:38'),(5958,1920441639,'2020-10-12 04:47:56'),(5959,1920434667,'2020-10-12 05:48:08'),(5960,1920434667,'2020-10-12 06:58:24'),(5961,1920439498,'2020-10-12 10:04:04'),(5962,1920436712,'2020-10-12 10:49:23'),(5963,1920434667,'2020-10-12 11:59:28'),(5964,1920436712,'2020-10-12 13:46:33'),(5965,1920434667,'2020-10-12 14:57:11'),(5966,1920440469,'2020-10-12 15:02:15'),(5967,1920438501,'2020-10-12 16:42:58'),(5968,1920436712,'2020-10-12 16:53:01'),(5969,1920436712,'2020-10-12 17:03:06'),(5970,-1001657815,'2020-10-12 17:14:08'),(5971,1920441639,'2020-10-12 17:58:27'),(5972,697296372,'2020-10-12 18:15:31'),(5973,1920438501,'2020-10-12 18:18:31'),(5974,1920441639,'2020-10-12 19:13:43'),(5975,1920434667,'2020-10-12 20:18:56'),(5976,1920434667,'2020-10-12 21:04:07'),(5977,1920441639,'2020-10-12 21:14:08'),(5978,1920434667,'2020-10-13 00:29:55'),(5979,1920436712,'2020-10-13 01:15:04'),(5980,1920441639,'2020-10-13 02:05:20'),(5981,1920436712,'2020-10-13 04:26:01'),(5982,1920436712,'2020-10-13 04:36:02'),(5983,1920434622,'2020-10-13 06:16:24'),(5984,1920434667,'2020-10-13 06:56:29'),(5985,1920434667,'2020-10-13 07:22:16'),(5986,1920441120,'2020-10-13 07:31:38'),(5987,1920436712,'2020-10-13 13:27:57'),(5988,1717956817,'2020-10-14 11:58:20'),(5989,1920436712,'2020-10-13 13:48:02'),(5990,1920441639,'2020-10-13 15:43:28'),(5991,1920438501,'2020-10-13 16:03:32'),(5992,1920434667,'2020-10-13 18:29:01'),(5993,1920436712,'2020-10-13 18:49:23'),(5994,1920441639,'2020-10-13 19:14:11'),(5995,1920441120,'2020-10-13 20:14:23'),(5996,1920435147,'2020-10-13 21:19:36'),(5997,1920436712,'2020-10-13 21:34:40'),(5998,1920441639,'2020-10-13 21:59:45'),(5999,1920434667,'2020-10-13 22:34:52'),(6000,1920436712,'2020-10-13 23:25:05'),(6001,1920436712,'2020-10-13 23:30:06'),(6002,1920439498,'2020-10-14 01:00:25'),(6003,1920436712,'2020-10-14 01:15:28'),(6004,1920434622,'2020-10-14 02:45:47'),(6005,1920441639,'2020-10-14 04:26:08'),(6006,1920436712,'2020-10-14 05:36:37'),(6007,1765999581,'2020-10-14 06:09:29'),(6008,1920434667,'2020-10-14 07:42:06'),(6009,1920434622,'2020-10-14 08:27:36'),(6010,1920436712,'2020-10-14 09:36:52'),(6011,1920439498,'2020-10-14 09:47:18'),(6012,1920436712,'2020-10-14 10:03:50'),(6013,1920441639,'2020-10-14 10:19:21'),(6014,1920440469,'2020-10-14 10:24:47'),(6015,1920436712,'2020-10-14 11:02:09'),(6016,1920434667,'2020-10-14 12:00:13'),(6017,-1002415909,'2020-10-14 12:00:51'),(6018,1920436712,'2020-10-14 13:16:29'),(6019,1920441639,'2020-10-14 13:31:42'),(6020,1920438501,'2020-10-15 01:15:48'),(6021,1920436712,'2020-10-15 02:26:05'),(6022,1920436712,'2020-10-15 03:55:07'),(6023,1920435147,'2020-10-15 04:25:08'),(6024,1920440469,'2020-10-15 05:15:18'),(6025,1920440469,'2020-10-15 05:25:40'),(6026,1920436712,'2020-10-15 06:25:34'),(6027,1920435147,'2020-10-15 07:15:50'),(6028,1920440469,'2020-10-15 09:36:33'),(6029,1920436712,'2020-10-15 10:21:42'),(6030,1920440469,'2020-10-15 10:57:00'),(6031,1053986570,'2020-10-15 11:40:23'),(6032,1920436712,'2020-10-15 11:42:09'),(6033,1053986570,'2020-10-15 11:42:48'),(6034,1053986570,'2020-10-15 11:45:01'),(6035,1053986570,'2020-10-15 11:47:28'),(6036,1920436712,'2020-10-15 12:37:21'),(6037,1920435147,'2020-10-15 13:42:35'),(6038,1920439498,'2020-10-15 14:12:43'),(6039,1920434667,'2020-10-15 14:22:42'),(6040,1920440469,'2020-10-15 14:27:43'),(6041,1920434622,'2020-10-15 14:32:44'),(6042,1920441120,'2020-10-15 14:47:50'),(6043,1920434667,'2020-10-15 16:13:08'),(6044,1920434667,'2020-10-15 16:33:14'),(6045,1920436712,'2020-10-15 18:33:39'),(6046,1920440469,'2020-10-15 19:03:45'),(6047,1920436712,'2020-10-15 19:58:56'),(6048,1920441639,'2020-10-15 20:03:58'),(6049,1920440469,'2020-10-15 20:08:58'),(6050,1920438501,'2020-10-15 21:04:10'),(6051,697258701,'2020-10-15 23:35:08'),(6052,1920434622,'2020-10-15 23:34:43'),(6053,1920438501,'2020-10-15 23:44:45'),(6054,1920441639,'2020-10-15 23:49:46'),(6055,1920440469,'2020-10-16 00:34:59'),(6056,1920436712,'2020-10-16 01:00:00'),(6057,1920435147,'2020-10-16 01:10:23'),(6058,1920441120,'2020-10-16 01:30:08'),(6059,1920441120,'2020-10-16 03:36:03'),(6060,1920440469,'2020-10-16 04:02:58'),(6061,1920441120,'2020-10-16 04:40:16'),(6062,1920436712,'2020-10-16 05:01:35'),(6063,1920441639,'2020-10-16 05:33:09'),(6064,1920438501,'2020-10-16 05:59:58'),(6065,1920435147,'2020-10-16 06:47:44'),(6066,1920439498,'2020-10-16 07:03:12'),(6067,1920436712,'2020-10-16 07:19:23'),(6068,1920438501,'2020-10-16 08:17:23'),(6069,1920438501,'2020-10-16 08:27:51'),(6070,1920440469,'2020-10-16 08:33:16'),(6071,1920441120,'2020-10-16 09:57:34'),(6072,1920438501,'2020-10-16 10:13:24'),(6073,1920436712,'2020-10-16 10:34:29'),(6074,1920441639,'2020-10-16 11:37:43'),(6075,1920438501,'2020-10-16 12:51:46'),(6076,697272987,'2020-10-16 15:32:33'),(6078,1765934305,'2020-10-16 20:47:37'),(6080,1765999418,'2020-10-16 23:46:20'),(6081,1920435147,'2020-10-17 10:58:37'),(6082,1920436712,'2020-10-17 13:09:59'),(6083,1920436712,'2020-10-17 13:14:39'),(6084,1920435147,'2020-10-17 15:35:47'),(6085,1920434667,'2020-10-17 16:06:03'),(6086,1920434667,'2020-10-17 16:31:15'),(6087,1920441639,'2020-10-17 16:51:26'),(6088,1920436712,'2020-10-17 17:56:53'),(6089,1920435147,'2020-10-17 18:01:55'),(6090,1920441120,'2020-10-17 22:23:42'),(6091,697092605,'2020-10-17 23:15:04'),(6092,1920436712,'2020-10-17 22:53:55'),(6093,1920434622,'2020-10-17 23:14:05'),(6094,1920438501,'2020-10-17 23:54:21'),(6095,1920436712,'2020-10-18 00:14:30'),(6096,1920434667,'2020-10-18 00:34:33'),(6097,1920436712,'2020-10-18 01:19:47'),(6098,1920434667,'2020-10-18 01:45:02'),(6099,1920434667,'2020-10-18 04:15:44'),(6100,1920439498,'2020-10-18 05:36:09'),(6101,1920434667,'2020-10-18 06:01:22'),(6102,1920440469,'2020-10-18 07:11:35'),(6103,1920438501,'2020-10-18 07:31:42'),(6104,1920434667,'2020-10-18 08:01:47'),(6105,1920439498,'2020-10-18 08:26:54'),(6106,1920434622,'2020-10-18 10:12:39'),(6107,1920434667,'2020-10-18 10:22:26'),(6108,1920434622,'2020-10-18 11:12:41'),(6109,1920438501,'2020-10-18 11:17:43'),(6110,1920436712,'2020-10-18 14:24:01'),(6111,1920434667,'2020-10-18 16:11:35'),(6112,1920441639,'2020-10-18 17:18:05'),(6113,1920440469,'2020-10-18 19:20:32'),(6114,1765933323,'2020-10-18 19:21:41'),(6115,1920434667,'2020-10-18 20:11:34'),(6116,1770389659,'2020-10-18 20:16:41'),(6117,1920434622,'2020-10-18 20:47:16'),(6118,1920434622,'2020-10-18 21:38:17'),(6119,1920434667,'2020-10-18 22:24:14'),(6120,1920434667,'2020-10-18 23:30:36'),(6121,1920436712,'2020-10-19 01:02:31'),(6122,1920435147,'2020-10-19 02:24:19'),(6123,1920441120,'2020-10-19 05:27:56'),(6124,1920441120,'2020-10-19 06:03:37'),(6125,1920436712,'2020-10-19 06:08:44'),(6126,1920435147,'2020-10-19 06:44:28'),(6127,1920438501,'2020-10-19 06:59:46'),(6128,1920441120,'2020-10-19 10:28:53'),(6129,1920436712,'2020-10-19 13:01:02'),(6130,1920434667,'2020-10-19 13:17:01'),(6131,1920436712,'2020-10-19 13:33:28'),(6132,1920436712,'2020-10-19 16:48:43'),(6133,1920434667,'2020-10-19 17:51:46'),(6134,1920440469,'2020-10-19 18:02:23'),(6135,1765933116,'2020-10-19 18:04:36'),(6136,1920440469,'2020-10-19 18:12:52'),(6137,1920434622,'2020-10-19 18:50:00'),(6138,1920434667,'2020-10-19 19:05:35'),(6139,1920438501,'2020-10-19 19:53:10'),(6140,1920434622,'2020-10-19 20:24:46'),(6141,1920435147,'2020-10-19 21:22:50'),(6142,1920439498,'2020-10-19 21:43:46'),(6143,1920441120,'2020-10-19 22:52:09'),(6144,1920434622,'2020-10-19 23:02:41'),(6145,1920438501,'2020-10-20 00:32:13'),(6146,1920439498,'2020-10-20 01:40:50'),(6147,1920434667,'2020-10-20 02:01:47'),(6148,1920438501,'2020-10-20 02:28:05'),(6149,1920436712,'2020-10-20 02:43:46'),(6150,1920435147,'2020-10-20 03:25:40'),(6151,1920434622,'2020-10-20 04:18:05'),(6152,1920436712,'2020-10-20 04:44:14'),(6153,1920441120,'2020-10-20 05:36:30'),(6154,1920435147,'2020-10-20 07:52:51'),(6155,1920439498,'2020-10-20 08:18:36'),(6156,1920441639,'2020-10-20 08:49:53'),(6157,1920435147,'2020-10-20 09:31:38'),(6158,1920441639,'2020-10-20 09:47:18'),(6159,1920441639,'2020-10-20 16:34:25'),(6160,1920434622,'2020-10-20 16:44:32'),(6161,1920436712,'2020-10-20 16:49:35'),(6162,1920436712,'2020-10-20 16:54:39'),(6163,1920440469,'2020-10-20 17:25:00'),(6164,1920440469,'2020-10-20 18:25:33'),(6165,-992405283,'2020-10-20 20:02:50'),(6166,704368042,'2020-10-20 21:09:36'),(6168,1920441120,'2020-10-20 21:32:39'),(6169,1920434667,'2020-10-20 22:38:12'),(6170,1920441120,'2020-10-21 00:54:35'),(6171,1920436712,'2020-10-21 01:14:48'),(6172,1920435648,'2020-10-21 01:45:09'),(6173,1920439498,'2020-10-21 02:00:21'),(6174,1920434667,'2020-10-21 02:25:39'),(6175,1920434667,'2020-10-21 03:36:29'),(6176,1920439498,'2020-10-21 04:21:36'),(6177,1920436712,'2020-10-21 06:07:22'),(6178,1920439498,'2020-10-21 06:37:39'),(6179,1920434622,'2020-10-21 06:47:43'),(6180,1920436712,'2020-10-21 07:02:50'),(6181,1053986570,'2020-10-21 07:20:44'),(6182,1920434667,'2020-10-21 07:33:04'),(6183,1920434667,'2020-10-21 09:54:06'),(6184,1920436712,'2020-10-21 10:09:15'),(6185,-973219755,'2020-10-21 10:17:15'),(6186,1920436712,'2020-10-21 11:34:50'),(6187,1920438501,'2020-10-21 11:49:56'),(6188,1920435147,'2020-10-21 12:00:01'),(6189,-1001993169,'2020-10-21 14:26:57'),(6190,-1005794551,'2020-10-21 12:58:26'),(6191,1920441639,'2020-10-21 12:50:20'),(6192,1920436712,'2020-10-21 13:00:25'),(6193,-1005794551,'2020-10-21 13:02:16'),(6194,1920434667,'2020-10-21 14:15:56'),(6195,1920439498,'2020-10-21 14:31:02'),(6196,-1001993169,'2020-10-21 14:39:48'),(6197,1920441639,'2020-10-21 14:56:14'),(6198,1920441120,'2020-10-21 15:56:40'),(6199,1920438501,'2020-10-21 16:06:45'),(6200,1920436712,'2020-10-21 17:37:22'),(6201,1920438501,'2020-10-21 18:32:49'),(6202,1920436712,'2020-10-21 18:57:58'),(6203,1920434667,'2020-10-21 19:28:10'),(6204,1920434667,'2020-10-22 03:51:47'),(6205,1920438501,'2020-10-22 05:58:23'),(6206,1920438501,'2020-10-22 07:57:44'),(6207,1920436712,'2020-10-22 08:35:08'),(6208,1920436712,'2020-10-22 09:17:26'),(6209,1920440469,'2020-10-22 10:27:03'),(6210,1920434667,'2020-10-22 11:03:50'),(6211,-1624068570,'2020-10-22 11:35:41'),(6212,1920441120,'2020-10-22 13:33:20'),(6213,1920435648,'2020-10-22 15:54:28'),(6214,1920434667,'2020-10-22 16:04:34'),(6215,1920436712,'2020-10-22 16:09:37'),(6216,1920438501,'2020-10-22 18:15:19'),(6217,693924902,'2020-10-22 19:22:54'),(6218,1920435648,'2020-10-22 20:15:48'),(6219,1920441120,'2020-10-22 20:20:54'),(6220,1920438501,'2020-10-22 20:50:55'),(6221,1920441120,'2020-10-22 21:21:01'),(6222,1920441120,'2020-10-22 21:46:06'),(6223,1920438501,'2020-10-22 22:06:13'),(6224,1920435648,'2020-10-22 23:06:33'),(6225,1920435147,'2020-10-23 00:26:42'),(6226,1920434667,'2020-10-23 01:06:51'),(6227,1770053221,'2020-10-23 01:22:05'),(6228,-1002391386,'2020-10-23 02:28:13'),(6229,1553005865,'2020-10-23 02:35:31'),(6230,1920434667,'2020-10-23 02:57:29'),(6231,1920440469,'2020-10-23 03:07:16'),(6232,1920441639,'2020-10-23 03:37:24'),(6233,1920441120,'2020-10-23 04:42:46'),(6234,1920436712,'2020-10-23 04:52:39'),(6235,1920436712,'2020-10-23 05:22:44'),(6236,1920435648,'2020-10-23 05:52:51'),(6237,1920435648,'2020-10-23 06:03:25'),(6238,1920435648,'2020-10-23 06:07:54'),(6239,1920434622,'2020-10-23 06:37:59'),(6240,1920435648,'2020-10-23 07:03:05'),(6241,1920440469,'2020-10-23 07:43:18'),(6242,1920435648,'2020-10-23 07:53:15'),(6243,1920435648,'2020-10-23 08:03:17'),(6244,1920439498,'2020-10-23 08:08:22'),(6245,1920441120,'2020-10-23 08:18:20'),(6246,1920434622,'2020-10-23 08:28:22'),(6247,1920436712,'2020-10-23 08:33:25'),(6248,1920435147,'2020-10-23 08:43:26'),(6249,1920439498,'2020-10-23 09:13:33'),(6250,1920435648,'2020-10-23 09:18:34'),(6251,1920440469,'2020-10-23 10:24:12'),(6252,-1598867577,'2020-10-23 11:00:49'),(6253,1920441120,'2020-10-23 11:39:04'),(6254,1920439498,'2020-10-23 12:14:30'),(6255,1920435648,'2020-10-23 14:34:43'),(6256,1920441639,'2020-10-23 14:39:43'),(6257,1920434622,'2020-10-23 14:54:55'),(6258,1920440469,'2020-10-23 16:00:00'),(6259,1920439498,'2020-10-23 16:15:03'),(6260,1920436712,'2020-10-23 16:35:07'),(6261,1920441639,'2020-10-23 16:40:09'),(6262,1920440469,'2020-10-23 17:30:19'),(6263,1920435147,'2020-10-23 17:35:20'),(6264,1920435648,'2020-10-23 18:15:28'),(6265,1920439498,'2020-10-23 18:50:39'),(6266,1920435648,'2020-10-23 20:35:57'),(6267,1920434622,'2020-10-23 20:51:00'),(6268,1920435147,'2020-10-23 21:26:07'),(6269,1920436712,'2020-10-23 21:32:02'),(6270,1920435147,'2020-10-23 21:41:11'),(6271,1920436712,'2020-10-23 21:46:11'),(6272,1920441639,'2020-10-23 21:51:12'),(6273,1920441639,'2020-10-23 22:11:16'),(6274,1920438501,'2020-10-23 23:11:29'),(6275,1920434622,'2020-10-23 23:56:39'),(6276,1920438501,'2020-10-24 00:26:52'),(6277,1920436712,'2020-10-24 00:31:48'),(6278,1920434622,'2020-10-24 00:56:54'),(6279,1920434667,'2020-10-24 01:06:55'),(6280,1920434622,'2020-10-24 01:17:23'),(6281,1920438501,'2020-10-24 01:37:01'),(6282,1920440469,'2020-10-24 01:42:02'),(6283,1920435147,'2020-10-24 03:17:21'),(6284,1920439498,'2020-10-24 03:43:00'),(6285,1920440469,'2020-10-24 03:47:27'),(6286,1920434622,'2020-10-24 03:57:29'),(6287,1920435147,'2020-10-24 04:17:36'),(6288,1920435648,'2020-10-24 04:27:36'),(6289,1920439498,'2020-10-24 04:42:40'),(6290,1920441120,'2020-10-24 05:07:53'),(6291,1920438501,'2020-10-24 05:37:51'),(6292,1920441120,'2020-10-24 05:52:54'),(6293,1920441639,'2020-10-24 06:02:56'),(6294,1920434667,'2020-10-24 06:43:04'),(6295,1920435648,'2020-10-24 06:48:41'),(6296,1920438501,'2020-10-24 07:08:09'),(6297,1920434622,'2020-10-24 07:28:15'),(6298,1920434667,'2020-10-24 07:33:32'),(6299,1920434622,'2020-10-24 07:38:38'),(6300,1920440469,'2020-10-24 10:09:31'),(6301,1920441639,'2020-10-24 10:39:36'),(6302,1920434667,'2020-10-24 11:14:43'),(6303,-992404078,'2020-10-24 11:30:03'),(6304,1920441639,'2020-10-24 11:54:53'),(6305,1920436712,'2020-10-24 11:59:54'),(6306,1920441639,'2020-10-24 12:14:58'),(6307,1920439498,'2020-10-24 12:35:08'),(6308,1920441120,'2020-10-24 18:58:35'),(6309,1920435648,'2020-10-24 19:23:54'),(6310,1920441120,'2020-10-24 20:45:12'),(6311,1920441639,'2020-10-24 21:10:49'),(6312,1920435147,'2020-10-24 21:25:54'),(6313,1920440469,'2020-10-24 21:51:21'),(6314,1920436712,'2020-10-24 21:56:24'),(6315,1920441120,'2020-10-24 22:06:35'),(6316,1920441639,'2020-10-24 22:17:44'),(6317,1920441639,'2020-10-24 22:26:54'),(6318,1920435648,'2020-10-24 22:32:01'),(6319,1920441639,'2020-10-24 22:52:23'),(6320,1920441120,'2020-10-24 23:02:33'),(6321,1920439498,'2020-10-24 23:12:51'),(6322,1920440469,'2020-10-24 23:33:02'),(6323,1920435648,'2020-10-24 23:43:12'),(6324,1920434622,'2020-10-24 23:58:26'),(6325,1920440469,'2020-10-25 00:03:31'),(6326,1920438501,'2020-10-25 00:39:16'),(6327,1920438501,'2020-10-25 01:04:32'),(6328,1920434667,'2020-10-25 01:14:42'),(6329,1920434622,'2020-10-25 01:35:02'),(6330,1920440469,'2020-10-25 02:15:51'),(6331,1920435147,'2020-10-25 02:25:55'),(6332,1920440469,'2020-10-25 02:01:33'),(6333,1920435147,'2020-10-25 02:06:48'),(6334,1920436712,'2020-10-25 02:16:48'),(6335,1920435648,'2020-10-25 02:47:18'),(6336,1920435648,'2020-10-25 02:52:22'),(6337,1920440469,'2020-10-25 03:17:46'),(6338,1920441120,'2020-10-25 03:53:39'),(6339,1920441120,'2020-10-25 04:23:50'),(6340,1920435147,'2020-10-25 04:29:07'),(6341,1920438501,'2020-10-25 04:49:19'),(6342,1920436712,'2020-10-25 04:54:22'),(6343,1920441120,'2020-10-25 04:59:26'),(6344,1920435648,'2020-10-25 05:04:31'),(6345,1920441639,'2020-10-25 05:14:50'),(6346,1920436712,'2020-10-25 05:19:44'),(6347,1920441120,'2020-10-25 05:40:05'),(6348,1920435147,'2020-10-25 06:15:40'),(6349,1920438501,'2020-10-25 07:26:52'),(6350,1920441120,'2020-10-25 09:03:27'),(6351,1920435147,'2020-10-25 09:23:49'),(6352,1920434622,'2020-10-25 09:39:05'),(6353,1920441120,'2020-10-25 09:54:20'),(6354,1920441120,'2020-10-25 10:14:42'),(6355,1920435147,'2020-10-25 10:35:08'),(6356,1920434667,'2020-10-25 11:31:07'),(6357,1920435648,'2020-10-25 11:51:34'),(6358,1920441120,'2020-10-25 12:11:58'),(6359,1920441639,'2020-10-25 12:52:29'),(6360,1920436712,'2020-10-25 13:17:58'),(6361,1920441639,'2020-10-25 13:28:13'),(6362,1920439498,'2020-10-25 13:43:55'),(6363,1920441120,'2020-10-25 13:58:43'),(6364,1920435648,'2020-10-25 14:59:59'),(6365,1920440469,'2020-10-25 15:25:29'),(6366,1920440469,'2020-10-25 15:35:38'),(6367,1920434667,'2020-10-25 16:01:08'),(6368,1920441639,'2020-10-25 16:26:42'),(6369,1920436712,'2020-10-25 17:07:26'),(6370,1920435648,'2020-10-25 17:22:46'),(6371,1920440469,'2020-10-25 17:27:56'),(6372,1920441120,'2020-10-25 18:34:09'),(6373,1920435648,'2020-10-25 18:39:15'),(6374,1920440469,'2020-10-25 18:49:28'),(6375,1920435147,'2020-10-25 19:14:58'),(6376,1920434667,'2020-10-25 19:30:16'),(6377,1920441639,'2020-10-25 19:40:29'),(6378,1920441120,'2020-10-25 19:45:34'),(6379,1920434622,'2020-10-25 20:46:47'),(6380,1920434622,'2020-10-25 21:02:13'),(6381,1920441120,'2020-10-25 21:07:10'),(6382,1920434667,'2020-10-25 21:12:17'),(6383,1920441120,'2020-10-25 21:37:46'),(6384,1920434622,'2020-10-25 21:42:52'),(6385,1920434622,'2020-10-25 22:18:34'),(6386,1920440469,'2020-10-25 22:28:47'),(6387,1920440469,'2020-10-25 22:38:59'),(6388,1920436712,'2020-10-25 23:24:54'),(6389,1920436712,'2020-10-25 23:35:10'),(6390,1920434622,'2020-10-25 23:55:29'),(6391,1920438501,'2020-10-26 00:31:12'),(6392,1920435648,'2020-10-26 01:22:11'),(6393,1920439498,'2020-10-26 01:47:41'),(6394,1920435147,'2020-10-26 02:28:36'),(6395,1920435648,'2020-10-26 02:49:07'),(6396,1920440469,'2020-10-26 02:59:38'),(6397,1920441120,'2020-10-26 03:34:54'),(6398,1920436712,'2020-10-26 04:15:38'),(6399,1920435648,'2020-10-26 04:36:01'),(6400,1920441639,'2020-10-26 04:51:25'),(6401,1920441639,'2020-10-26 04:56:26'),(6402,1920434622,'2020-10-26 05:11:50'),(6403,1920441120,'2020-10-26 05:16:57'),(6404,1920435648,'2020-10-26 06:07:50'),(6405,1920439498,'2020-10-26 06:28:15'),(6406,1920441639,'2020-10-26 06:38:26'),(6407,1920436712,'2020-10-26 06:58:51'),(6408,1920441639,'2020-10-26 07:09:03'),(6409,1920434667,'2020-10-26 07:39:39'),(6410,1920440469,'2020-10-26 08:20:27'),(6411,1920438501,'2020-10-26 09:06:22'),(6412,1920441639,'2020-10-26 09:37:25'),(6413,1920440469,'2020-10-26 11:04:03'),(6414,1920440469,'2020-10-26 11:29:30'),(6415,-1005794550,'2020-10-26 16:31:42'),(6416,1920434622,'2020-10-26 19:17:00'),(6417,704215160,'2020-10-26 19:37:49'),(6418,1920434622,'2020-10-26 20:58:25'),(6419,1920435147,'2020-10-26 21:18:22'),(6420,1920434622,'2020-10-26 22:39:01'),(6421,1920440469,'2020-10-26 22:49:08'),(6422,1920436712,'2020-10-26 22:54:10'),(6423,1920434622,'2020-10-26 23:04:22'),(6424,1920440469,'2020-10-27 00:00:06'),(6425,1920435648,'2020-10-27 01:14:43'),(6426,1920435147,'2020-10-27 01:19:50'),(6427,1920434667,'2020-10-27 02:18:50'),(6428,1920441639,'2020-10-27 02:29:18'),(6429,1920441639,'2020-10-27 02:39:45'),(6430,1920441120,'2020-10-27 03:36:58'),(6431,1920434622,'2020-10-27 04:18:18'),(6432,1920441639,'2020-10-27 04:54:29'),(6433,1920441120,'2020-10-27 06:01:32'),(6434,1920438501,'2020-10-27 07:08:31'),(6435,1920441639,'2020-10-27 07:51:46'),(6436,1920435648,'2020-10-27 08:22:33'),(6437,1920441120,'2020-10-27 09:09:10'),(6438,1920434667,'2020-10-27 09:19:26'),(6439,1920441639,'2020-10-27 09:39:54'),(6440,1920436712,'2020-10-27 10:41:31'),(6441,1920435648,'2020-10-27 11:13:29'),(6442,1920436712,'2020-10-27 11:39:16'),(6443,1920438501,'2020-10-27 11:44:24'),(6444,1765935020,'2020-10-27 11:53:34'),(6445,1920441120,'2020-10-27 11:59:45'),(6446,1920434622,'2020-10-27 12:04:55'),(6447,1920435147,'2020-10-27 12:15:10'),(6448,1920435648,'2020-10-27 12:20:18'),(6449,1920440469,'2020-10-27 12:25:26'),(6450,1920435648,'2020-10-27 12:35:44'),(6451,1920438501,'2020-10-27 12:56:16'),(6452,1920434622,'2020-10-27 14:08:09'),(6453,1920439498,'2020-10-27 14:13:15'),(6454,1920439498,'2020-10-27 14:23:30'),(6455,1920434667,'2020-10-27 14:49:11'),(6456,697065973,'2020-10-27 15:15:17'),(6457,1920439498,'2020-10-27 15:40:19'),(6458,1920441639,'2020-10-27 17:07:23'),(6459,1920435147,'2020-10-27 17:43:09'),(6460,1920435147,'2020-10-27 18:49:43'),(6461,1920441639,'2020-10-27 19:05:01'),(6462,-1701468516,'2020-10-27 19:45:02'),(6463,1920434622,'2020-10-27 20:01:15'),(6464,1772089806,'2020-10-27 22:07:25'),(6465,1920434667,'2020-10-27 22:14:04'),(6466,1920439498,'2020-10-28 00:01:16'),(6467,1920434667,'2020-10-28 00:31:50'),(6468,1920441639,'2020-10-28 00:57:20'),(6469,1920438501,'2020-10-28 02:13:51'),(6470,1920435648,'2020-10-28 02:18:56'),(6471,1920440469,'2020-10-28 02:24:04'),(6472,1920441120,'2020-10-28 03:09:58'),(6473,1920435648,'2020-10-28 03:15:06'),(6474,1920436712,'2020-10-28 03:30:21'),(6475,1920434622,'2020-10-28 03:35:28'),(6476,1920438501,'2020-10-28 04:42:00'),(6477,1920438501,'2020-10-28 04:47:03'),(6478,1920441639,'2020-10-28 06:19:03'),(6479,1920438501,'2020-10-28 07:05:06'),(6480,1920440469,'2020-10-28 07:10:10'),(6481,1920435648,'2020-10-28 08:16:10'),(6482,1920439498,'2020-10-28 08:31:33'),(6483,1920440469,'2020-10-28 08:52:02'),(6484,1920440469,'2020-10-28 09:22:38'),(6485,1920434622,'2020-10-28 09:43:02'),(6486,1920440469,'2020-10-28 10:08:32'),(6487,1920441639,'2020-10-28 10:39:11'),(6488,1920434667,'2020-10-28 10:49:26'),(6489,1920441120,'2020-10-28 11:04:44'),(6490,1920434667,'2020-10-28 11:25:08'),(6491,1920435648,'2020-10-28 11:30:15'),(6492,1920440469,'2020-10-28 12:41:15'),(6493,1920441120,'2020-10-28 13:14:59'),(6494,704311013,'2020-10-28 13:17:17'),(6495,-973219617,'2020-10-28 14:24:14'),(6496,1920434667,'2020-10-28 14:29:49'),(6497,1920434622,'2020-10-28 15:32:12'),(6498,1920441639,'2020-10-28 16:37:06'),(6499,1920434622,'2020-10-28 19:41:47'),(6500,-1002415703,'2020-10-28 22:20:07'),(6501,1771836666,'2020-10-29 00:58:52'),(6502,1920441120,'2020-10-29 04:16:16'),(6503,1920439498,'2020-10-29 04:41:16'),(6504,1920441120,'2020-10-29 04:59:55'),(6505,1920439498,'2020-10-29 06:13:39'),(6506,1053988137,'2020-10-29 07:08:29'),(6507,1920436712,'2020-10-29 07:13:44'),(6508,1053988137,'2020-10-29 07:21:55'),(6509,1053988137,'2020-10-29 07:45:59'),(6510,1053988137,'2020-10-29 08:12:15'),(6511,1053988137,'2020-10-29 08:41:31'),(6512,1920441639,'2020-10-29 09:20:56'),(6513,223322271,'2020-10-29 09:37:14'),(6514,693925889,'2020-10-29 11:33:55'),(6515,1920439498,'2020-10-29 14:13:41'),(6516,1920441639,'2020-10-29 16:10:01'),(6517,1920439498,'2020-10-29 20:12:04'),(6518,1920435648,'2020-10-29 20:37:05'),(6519,-1201737636,'2020-10-29 21:38:11'),(6520,1920441120,'2020-10-29 21:46:02'),(6521,1920436712,'2020-10-29 21:56:32'),(6522,1920435648,'2020-10-29 23:48:35'),(6523,1920435147,'2020-10-30 01:02:54'),(6524,1920441120,'2020-10-30 01:07:53'),(6525,-1599200343,'2020-10-30 02:11:50'),(6526,1920435648,'2020-10-30 02:20:01'),(6527,1920435147,'2020-10-30 06:15:37'),(6528,1920440469,'2020-10-30 06:30:36'),(6529,1920439498,'2020-10-30 07:05:48'),(6530,1920435648,'2020-10-30 07:58:51'),(6531,1920435648,'2020-10-30 08:53:23'),(6532,1920435147,'2020-10-30 10:06:04'),(6533,1920435147,'2020-10-30 13:16:59'),(6534,1920440469,'2020-10-30 13:22:04'),(6535,1920439498,'2020-10-30 15:26:30'),(6536,1053988137,'2020-10-30 16:17:50'),(6537,1053988137,'2020-10-30 16:18:13'),(6538,1771624122,'2020-10-30 18:23:52'),(6539,1920439498,'2020-10-30 19:11:04'),(6540,1920441639,'2020-10-30 20:06:07'),(6541,1766298260,'2020-10-30 20:24:23'),(6542,1920434622,'2020-10-30 20:56:06'),(6543,1920435147,'2020-10-30 21:01:06'),(6544,1920435648,'2020-10-30 21:46:07'),(6545,1920439498,'2020-10-30 21:56:08'),(6546,1920434667,'2020-10-30 23:28:12'),(6547,1920435147,'2020-10-30 23:33:12'),(6548,1920435648,'2020-10-31 00:24:24'),(6549,1920439498,'2020-10-31 00:55:19'),(6550,1920435648,'2020-10-31 03:00:11'),(6551,1920434667,'2020-10-31 03:05:09'),(6552,1920441639,'2020-10-31 03:25:10'),(6553,1920436712,'2020-10-31 03:30:10'),(6554,1920441639,'2020-10-31 04:00:11'),(6555,1920441639,'2020-10-31 04:40:11'),(6556,1920435648,'2020-10-31 07:08:56'),(6557,1920438501,'2020-10-31 07:13:56'),(6558,1920439498,'2020-10-31 09:52:21'),(6559,1920434622,'2020-10-31 11:21:44'),(6560,1920439498,'2020-10-31 11:36:43'),(6561,1920441120,'2020-10-31 15:34:35'),(6562,1920435648,'2020-10-31 19:31:27'),(6563,1920440469,'2020-10-31 20:35:45'),(6564,1920440469,'2020-10-31 21:00:46'),(6565,1920435147,'2020-10-31 21:05:46'),(6566,-1126621565,'2020-10-31 21:11:42'),(6567,1053988137,'2020-10-31 21:32:02'),(6568,1053988137,'2020-10-31 21:32:27'),(6569,1053988137,'2020-10-31 21:33:07'),(6570,1053988137,'2020-10-31 21:33:34'),(6571,-1001667806,'2020-11-01 18:37:22'),(6572,1920441639,'2020-10-31 22:30:46'),(6573,-706193467,'2020-10-31 23:17:18'),(6574,1920439498,'2020-10-31 23:26:42'),(6575,1920434667,'2020-10-31 23:33:21'),(6576,1920438501,'2020-10-31 23:39:45'),(6577,1920435147,'2020-10-31 23:44:44'),(6578,1920438501,'2020-11-01 00:54:09'),(6579,1920438501,'2020-11-01 00:59:09'),(6580,1920435147,'2020-11-01 01:44:13'),(6581,1920439498,'2020-11-01 03:16:33'),(6582,1920440469,'2020-11-01 03:21:27'),(6583,1920441639,'2020-11-01 04:06:38'),(6584,1920441639,'2020-11-01 04:21:42'),(6585,1920441639,'2020-11-01 05:06:46'),(6586,1920434667,'2020-11-01 05:46:43'),(6587,1920436712,'2020-11-01 06:06:30'),(6588,1920441639,'2020-11-01 09:56:29'),(6589,1920441120,'2020-11-01 10:08:28'),(6590,1920438501,'2020-11-01 10:40:24'),(6591,1920441639,'2020-11-01 11:15:57'),(6592,1920435147,'2020-11-01 12:13:34'),(6593,1920434667,'2020-11-01 12:23:43'),(6594,1920436712,'2020-11-01 13:15:34'),(6595,1920434667,'2020-11-01 13:25:54'),(6596,1920436712,'2020-11-01 13:30:50'),(6597,1920439498,'2020-11-01 13:57:05'),(6598,1920434667,'2020-11-01 14:29:10'),(6599,1920436712,'2020-11-01 16:55:16'),(6601,1920440469,'2020-11-01 20:48:12'),(6602,1920438501,'2020-11-01 21:13:17'),(6603,1920434622,'2020-11-01 21:28:17'),(6604,1920440469,'2020-11-01 21:43:20'),(6605,1920439498,'2020-11-01 22:15:39'),(6606,1920435648,'2020-11-01 23:05:49'),(6607,1920438501,'2020-11-01 23:20:51'),(6608,697292135,'2020-11-02 00:18:57'),(6609,1920439498,'2020-11-02 02:06:26'),(6610,1920441120,'2020-11-02 02:21:31'),(6611,1920434622,'2020-11-02 02:46:41'),(6612,1920441120,'2020-11-02 04:05:25'),(6613,1920436712,'2020-11-02 04:30:34'),(6614,1920436712,'2020-11-02 04:50:29'),(6615,1920434622,'2020-11-02 05:10:36'),(6616,1920441120,'2020-11-02 12:31:22'),(6617,1920435648,'2020-11-02 14:43:06'),(6618,340234777,'2020-11-02 17:05:01'),(6619,-998679304,'2020-11-02 17:58:27'),(6620,1920441120,'2020-11-02 20:24:48'),(6621,1920438501,'2020-11-02 21:04:48'),(6622,1920441639,'2020-11-02 21:59:47'),(6623,1920434622,'2020-11-02 22:24:47'),(6624,1920436712,'2020-11-02 22:49:47'),(6625,693924175,'2020-11-02 23:10:02'),(6626,1920441639,'2020-11-02 23:09:49'),(6627,1920435648,'2020-11-02 23:34:50'),(6628,1920440469,'2020-11-02 23:44:50'),(6629,1920434622,'2020-11-03 00:39:51'),(6630,1920435147,'2020-11-03 01:09:52'),(6631,1920434622,'2020-11-03 02:04:53'),(6632,1920438501,'2020-11-03 02:59:53'),(6633,1920441639,'2020-11-03 03:29:57'),(6634,1920436712,'2020-11-03 04:49:55'),(6635,1920436712,'2020-11-03 05:29:54'),(6636,1920436712,'2020-11-03 05:44:56'),(6637,1920435648,'2020-11-03 06:09:57'),(6638,1920435648,'2020-11-03 06:36:53'),(6639,1920440469,'2020-11-03 07:31:11'),(6640,1920436712,'2020-11-03 09:04:16'),(6641,1920434667,'2020-11-03 09:44:15'),(6642,1920435648,'2020-11-03 09:59:14'),(6643,1920441639,'2020-11-03 11:09:38'),(6644,1920434622,'2020-11-03 11:56:40'),(6645,-1002373581,'2020-11-03 13:27:38'),(6646,1920435147,'2020-11-03 14:08:28'),(6647,1920435648,'2020-11-03 14:13:28'),(6648,1920441639,'2020-11-03 15:09:56'),(6649,1920434667,'2020-11-03 16:21:30'),(6650,-1599810422,'2020-11-03 17:51:49'),(6651,1920434622,'2020-11-03 19:03:40'),(6652,1920441639,'2020-11-03 20:58:41'),(6653,1920434667,'2020-11-03 21:08:41'),(6654,1920435648,'2020-11-03 21:33:40'),(6655,1920434622,'2020-11-03 21:58:40'),(6656,1920434667,'2020-11-03 22:18:40'),(6657,1920439498,'2020-11-03 22:23:41'),(6658,1920441639,'2020-11-03 22:28:40'),(6659,1920438501,'2020-11-03 23:48:41'),(6660,1920434622,'2020-11-03 23:53:41'),(6661,1920435147,'2020-11-04 00:38:43'),(6662,1920441639,'2020-11-04 03:39:42'),(6663,1920434622,'2020-11-04 03:49:42'),(6664,1920439498,'2020-11-04 06:25:02'),(6665,1920435147,'2020-11-04 06:35:01'),(6666,1920440469,'2020-11-04 07:05:02'),(6667,1920440469,'2020-11-04 07:30:03'),(6668,1920436712,'2020-11-04 08:00:03'),(6669,1920441639,'2020-11-04 09:25:22'),(6670,1920435648,'2020-11-04 09:35:27'),(6671,1920435147,'2020-11-04 10:22:06'),(6672,1920435648,'2020-11-04 11:51:45'),(6673,1920435147,'2020-11-04 12:01:44'),(6674,1920439498,'2020-11-04 12:51:17'),(6675,1920434667,'2020-11-04 12:56:17'),(6676,1920435648,'2020-11-04 13:01:17'),(6677,1765966585,'2020-11-04 13:09:21'),(6678,-973219474,'2020-11-04 15:29:46'),(6680,1920440469,'2020-11-04 15:30:38'),(6681,-973216658,'2020-11-05 14:05:52'),(6682,1920439498,'2020-11-04 16:52:35'),(6683,1920438501,'2020-11-04 19:14:53'),(6684,1920439498,'2020-11-04 20:09:35'),(6685,1765967365,'2020-11-04 20:39:52'),(6686,1920436712,'2020-11-04 21:14:36'),(6687,1920436712,'2020-11-04 21:19:36'),(6688,1920434622,'2020-11-04 21:39:35'),(6689,1920438501,'2020-11-04 22:04:36'),(6690,1920439498,'2020-11-04 22:09:43'),(6691,1920439498,'2020-11-04 22:24:36'),(6692,1920434667,'2020-11-04 22:34:38'),(6693,1920441639,'2020-11-04 22:39:37'),(6694,-973213244,'2020-11-04 22:46:45'),(6695,1920436712,'2020-11-04 23:04:36'),(6696,1920434622,'2020-11-04 23:54:37'),(6697,1920441120,'2020-11-05 00:24:37'),(6698,1920436712,'2020-11-05 01:49:39'),(6699,1920435648,'2020-11-05 01:59:50'),(6700,1920434667,'2020-11-05 02:19:40'),(6701,1920434622,'2020-11-05 02:24:40'),(6702,1920434667,'2020-11-05 02:29:42'),(6703,1920438501,'2020-11-05 02:49:39'),(6704,1920440469,'2020-11-05 03:29:40'),(6705,-1186831070,'2020-11-05 04:16:18'),(6706,-1186831070,'2020-11-05 04:16:19'),(6707,-1186831070,'2020-11-05 04:16:19'),(6708,-1186831070,'2020-11-05 04:16:20'),(6709,-1186831070,'2020-11-05 04:16:20'),(6710,-1186831070,'2020-11-05 04:16:20'),(6711,-1186831070,'2020-11-05 04:16:21'),(6712,-1186831070,'2020-11-05 04:16:21'),(6713,-1186831070,'2020-11-05 04:16:21'),(6714,-1186831070,'2020-11-05 04:16:22'),(6715,-1186831070,'2020-11-05 04:16:22'),(6716,-1186831070,'2020-11-05 04:16:23'),(6717,-1186831070,'2020-11-05 04:16:24'),(6718,-1186831070,'2020-11-05 04:16:25'),(6719,-1186831070,'2020-11-05 04:16:25'),(6720,-1186831070,'2020-11-05 04:16:26'),(6721,-1186831070,'2020-11-05 04:16:27'),(6722,-1186831070,'2020-11-05 04:16:27'),(6723,-1186831070,'2020-11-05 04:16:27'),(6724,-1186831070,'2020-11-05 04:16:28'),(6725,1920440469,'2020-11-05 04:29:42'),(6726,1920439498,'2020-11-05 04:34:41'),(6727,1920440469,'2020-11-05 04:49:40'),(6728,1920434622,'2020-11-05 04:59:40'),(6729,1920435648,'2020-11-05 06:04:42'),(6730,1920441120,'2020-11-05 06:24:39'),(6731,1920440469,'2020-11-05 06:29:44'),(6732,1920436712,'2020-11-05 06:34:40'),(6733,1920441639,'2020-11-05 06:49:41'),(6734,1920434622,'2020-11-05 07:09:40'),(6735,1920436712,'2020-11-05 07:14:44'),(6736,1920435147,'2020-11-05 07:24:42'),(6737,1920435648,'2020-11-05 07:29:43'),(6738,1920438501,'2020-11-05 08:09:42'),(6739,1920441639,'2020-11-05 08:34:44'),(6740,1920434667,'2020-11-05 09:09:44'),(6741,1920440469,'2020-11-05 09:19:44'),(6742,1920435147,'2020-11-05 09:29:43'),(6743,1920439498,'2020-11-05 10:19:43'),(6744,1920439498,'2020-11-05 10:34:45'),(6745,1920441120,'2020-11-05 11:19:46'),(6746,1920436712,'2020-11-05 11:25:04'),(6747,1920440469,'2020-11-05 11:54:48'),(6748,1920439498,'2020-11-05 12:24:42'),(6749,1920434667,'2020-11-05 13:14:43'),(6750,1920436712,'2020-11-05 13:29:43'),(6751,1920436712,'2020-11-05 13:44:45'),(6752,1920435147,'2020-11-05 13:49:44'),(6753,1920435147,'2020-11-05 13:59:45'),(6754,1920434622,'2020-11-05 14:19:45'),(6755,1920438501,'2020-11-05 14:54:44'),(6756,-1598835265,'2020-11-05 16:06:40'),(6757,1920439498,'2020-11-05 17:04:48'),(6758,1920441639,'2020-11-05 17:19:47'),(6759,1920435147,'2020-11-05 17:29:48'),(6760,769337752,'2020-11-05 17:50:38'),(6761,1920440469,'2020-11-05 18:09:46'),(6762,1716497226,'2020-11-05 18:11:52'),(6763,1920439498,'2020-11-05 18:19:46'),(6764,1920441639,'2020-11-05 18:29:46'),(6765,1920435648,'2020-11-05 18:34:46'),(6766,1920441120,'2020-11-05 19:19:48'),(6767,1920436712,'2020-11-05 19:39:46'),(6768,1920440469,'2020-11-05 19:54:46'),(6769,1920441120,'2020-11-05 20:14:47'),(6770,1920434622,'2020-11-05 21:39:47'),(6771,1920438501,'2020-11-05 22:19:47'),(6772,1920435648,'2020-11-05 22:24:48'),(6773,1920441120,'2020-11-05 22:59:48'),(6774,1920441639,'2020-11-05 23:54:48'),(6775,-979808862,'2020-11-06 00:04:25'),(6776,1920435147,'2020-11-06 00:09:48'),(6777,1920434667,'2020-11-06 00:14:49'),(6778,1920440469,'2020-11-06 00:24:49'),(6779,1920436712,'2020-11-06 04:42:00'),(6780,1920434667,'2020-11-06 04:52:00'),(6781,1920435147,'2020-11-06 05:00:37'),(6782,1920435648,'2020-11-06 05:10:36'),(6783,1920435648,'2020-11-06 05:57:33'),(6784,1920434667,'2020-11-06 06:19:52'),(6785,1920434622,'2020-11-06 06:27:10'),(6786,1920440469,'2020-11-06 06:37:09'),(6787,1920441639,'2020-11-06 07:46:58'),(6788,1920434667,'2020-11-06 08:35:09'),(6789,1920440469,'2020-11-06 10:21:31'),(6790,1920436712,'2020-11-06 11:26:37'),(6791,1920434667,'2020-11-06 13:21:32'),(6792,1920440469,'2020-11-06 14:06:35'),(6793,1920438501,'2020-11-06 14:21:31'),(6794,1920439498,'2020-11-06 15:06:35'),(6795,1920439498,'2020-11-06 15:56:39'),(6796,1920438501,'2020-11-06 16:51:34'),(6797,1920441120,'2020-11-06 17:11:34'),(6798,1920434667,'2020-11-06 17:16:33'),(6799,-1001618556,'2020-11-06 19:48:30'),(6800,1920436712,'2020-11-06 22:01:10'),(6801,1920441639,'2020-11-06 22:16:09'),(6802,1920434667,'2020-11-06 22:56:10'),(6803,1920440469,'2020-11-06 23:31:09'),(6804,1920440469,'2020-11-07 00:06:10'),(6805,1920441639,'2020-11-07 00:16:10'),(6806,1920436712,'2020-11-07 01:06:11'),(6807,1920441639,'2020-11-07 01:11:10'),(6808,1920440469,'2020-11-07 01:21:10'),(6809,1920435648,'2020-11-07 01:46:12'),(6810,1920434667,'2020-11-07 02:26:13'),(6811,1920436712,'2020-11-07 02:41:11'),(6812,1920436712,'2020-11-07 02:46:12'),(6813,1920434622,'2020-11-07 03:36:12'),(6814,1920440469,'2020-11-07 04:06:13'),(6815,1920441120,'2020-11-07 04:36:12'),(6816,1920440469,'2020-11-07 06:06:12'),(6817,1920441639,'2020-11-07 06:26:14'),(6818,1765934507,'2020-11-07 06:48:27'),(6819,1920441120,'2020-11-07 07:36:14'),(6820,1920441120,'2020-11-07 08:06:16'),(6821,1920435147,'2020-11-07 09:01:17'),(6822,1920441639,'2020-11-07 10:01:15'),(6823,-1132834158,'2020-11-07 10:16:33'),(6824,1920434667,'2020-11-07 10:31:28'),(6825,1920435648,'2020-11-07 10:51:15'),(6826,1920438501,'2020-11-07 11:56:16'),(6827,1920441120,'2020-11-07 12:51:24'),(6828,1920441639,'2020-11-07 13:21:19'),(6829,1920435147,'2020-11-07 15:16:17'),(6830,1920434667,'2020-11-07 15:21:17'),(6831,1920436712,'2020-11-07 16:06:18'),(6832,1920434667,'2020-11-07 16:56:18'),(6833,1920434667,'2020-11-07 17:41:18'),(6834,1920441120,'2020-11-07 21:57:03'),(6835,1920434622,'2020-11-07 22:27:03'),(6836,1920434622,'2020-11-07 23:17:02'),(6837,1920439498,'2020-11-07 23:27:02'),(6838,1920439498,'2020-11-07 23:47:02'),(6839,1920434667,'2020-11-08 00:27:05'),(6840,1920435147,'2020-11-08 02:07:07'),(6841,1920435147,'2020-11-08 02:37:12'),(6842,1920439498,'2020-11-08 02:47:12'),(6843,1920434622,'2020-11-08 03:27:13'),(6844,1920440469,'2020-11-08 04:47:09'),(6845,1920435147,'2020-11-08 05:02:07'),(6846,1920441120,'2020-11-08 05:32:11'),(6847,1920434667,'2020-11-08 05:42:10'),(6848,1920438501,'2020-11-08 05:57:56'),(6849,1920435147,'2020-11-08 06:22:10'),(6850,1920439498,'2020-11-08 07:17:08'),(6851,1920439498,'2020-11-08 08:27:08'),(6852,1920439498,'2020-11-08 08:47:19'),(6853,1920439498,'2020-11-08 09:32:10'),(6854,1920434667,'2020-11-08 09:42:22'),(6855,1920435147,'2020-11-08 10:27:08'),(6856,1920436712,'2020-11-08 10:32:09'),(6857,1920436712,'2020-11-08 10:52:11'),(6858,1920441639,'2020-11-08 11:17:09'),(6859,1920440469,'2020-11-08 12:32:11'),(6860,1920438501,'2020-11-08 14:27:08'),(6861,1920439498,'2020-11-08 15:02:09'),(6862,1920436712,'2020-11-08 15:12:09'),(6863,1920439498,'2020-11-08 15:47:09'),(6864,1920436712,'2020-11-08 15:52:09'),(6865,1920434667,'2020-11-08 16:42:09'),(6866,1920439498,'2020-11-08 17:17:09'),(6867,1920441120,'2020-11-08 18:59:41'),(6868,1920435648,'2020-11-08 19:39:44'),(6869,1920441120,'2020-11-08 19:54:40'),(6870,1920436712,'2020-11-08 20:49:39'),(6871,1920438501,'2020-11-08 21:04:43'),(6872,1920438501,'2020-11-08 22:54:40'),(6873,1920441639,'2020-11-09 00:04:41'),(6874,1920435648,'2020-11-09 00:50:09'),(6875,1920439498,'2020-11-09 02:13:17'),(6876,1920440469,'2020-11-09 02:18:21'),(6877,1920441639,'2020-11-09 02:45:00'),(6878,1920434667,'2020-11-09 02:54:23'),(6879,1920441120,'2020-11-09 03:15:11'),(6880,1920441639,'2020-11-09 03:19:55'),(6881,1920436712,'2020-11-09 03:40:24'),(6882,1920440469,'2020-11-09 03:45:34'),(6883,1920435147,'2020-11-09 03:50:31'),(6884,1920435648,'2020-11-09 04:56:40'),(6885,1920435648,'2020-11-09 05:12:01'),(6886,1920439498,'2020-11-09 06:54:04'),(6887,1920441120,'2020-11-09 07:34:46'),(6888,1920441639,'2020-11-09 09:16:39'),(6889,1920441639,'2020-11-09 09:47:10'),(6890,-979771426,'2020-11-09 09:48:38'),(6891,1920434667,'2020-11-09 10:07:32'),(6892,1920435648,'2020-11-09 12:25:58'),(6893,1920435648,'2020-11-09 12:30:59'),(6894,1920439498,'2020-11-09 12:36:06'),(6895,1920436712,'2020-11-09 14:53:49'),(6896,1920440469,'2020-11-09 15:39:36'),(6897,1920434622,'2020-11-09 15:44:43'),(6898,1920435147,'2020-11-09 16:05:03'),(6899,1920435147,'2020-11-09 17:06:03'),(6900,1920440469,'2020-11-09 17:16:13'),(6901,-1001733879,'2020-11-09 19:47:05'),(6902,1920435648,'2020-11-09 21:09:57'),(6903,1920439498,'2020-11-09 22:00:45'),(6904,1920439498,'2020-11-09 22:26:09'),(6905,1920440469,'2020-11-09 22:36:18'),(6906,1920441120,'2020-11-09 22:51:32'),(6907,1920439498,'2020-11-09 23:14:38'),(6908,1920441639,'2020-11-09 23:38:03'),(6909,1920434667,'2020-11-09 23:48:13'),(6910,1053988137,'2020-11-10 00:23:07'),(6911,1920435648,'2020-11-10 01:06:47'),(6912,1920434667,'2020-11-10 01:53:15'),(6913,1920438501,'2020-11-10 02:50:55'),(6914,1920434622,'2020-11-10 03:01:04'),(6915,1920435147,'2020-11-10 03:18:02'),(6916,1920438501,'2020-11-10 03:23:25'),(6917,1920441639,'2020-11-10 05:14:49'),(6918,1920434667,'2020-11-10 05:35:04'),(6919,1920438501,'2020-11-10 07:01:11'),(6920,1920439498,'2020-11-10 07:06:16'),(6921,1920439498,'2020-11-10 07:16:23'),(6922,1920434667,'2020-11-10 07:31:35'),(6923,-1201737636,'2020-11-10 08:00:16'),(6924,1920441120,'2020-11-10 08:07:04'),(6925,1920435147,'2020-11-10 08:17:11'),(6926,1920441120,'2020-11-10 08:42:32'),(6927,704167042,'2020-11-10 09:01:05'),(6928,1920436712,'2020-11-10 09:23:04'),(6929,-979767563,'2020-11-10 10:43:03'),(6930,1920440469,'2020-11-10 13:06:07'),(6931,1920438501,'2020-11-10 13:41:52'),(6932,1920435648,'2020-11-10 14:07:15'),(6933,1920441639,'2020-11-10 14:17:20'),(6934,1716386791,'2020-11-10 17:36:43'),(6935,1920434667,'2020-11-10 20:55:30'),(6936,1920434622,'2020-11-10 21:05:38'),(6937,1920440469,'2020-11-10 21:10:42'),(6938,1920439498,'2020-11-10 21:15:46'),(6939,1920435648,'2020-11-10 22:26:43'),(6940,1920441639,'2020-11-10 22:36:50'),(6941,1920434667,'2020-11-10 22:57:06'),(6942,1920434622,'2020-11-10 23:07:16'),(6943,1920435147,'2020-11-10 23:22:18'),(6944,1920436712,'2020-11-11 00:20:58'),(6945,704164428,'2020-11-13 01:23:40'),(6946,1920440469,'2020-11-11 01:21:49'),(6947,1920438501,'2020-11-11 01:42:03'),(6948,1920439498,'2020-11-11 02:31:34'),(6949,1920436712,'2020-11-11 02:51:46'),(6950,1920439498,'2020-11-11 05:01:11'),(6951,1920434667,'2020-11-11 05:51:39'),(6952,1920438501,'2020-11-11 06:42:09'),(6953,1920441639,'2020-11-11 07:12:27'),(6954,1920435648,'2020-11-11 10:08:52'),(6955,1920440469,'2020-11-11 10:24:01'),(6956,1920438501,'2020-11-11 10:57:29'),(6957,1920441120,'2020-11-11 11:02:32'),(6958,1920434622,'2020-11-11 12:04:06'),(6959,1920441120,'2020-11-11 12:09:08'),(6960,1920438501,'2020-11-11 13:38:20'),(6961,1920441120,'2020-11-11 14:23:48'),(6962,1920441639,'2020-11-11 15:34:30'),(6963,1920441639,'2020-11-11 16:14:56'),(6964,1920439498,'2020-11-11 17:10:28'),(6965,1920439498,'2020-11-11 17:25:37'),(6966,1920434667,'2020-11-11 20:03:48'),(6967,1920435147,'2020-11-11 20:29:03'),(6968,1920435648,'2020-11-11 20:39:10'),(6969,1920439498,'2020-11-11 21:44:48'),(6970,1771705214,'2020-11-11 22:24:52'),(6971,1920441120,'2020-11-11 22:40:22'),(6972,1920436712,'2020-11-12 00:01:10'),(6973,1920434622,'2020-11-12 01:16:55'),(6974,1920434622,'2020-11-12 01:32:04'),(6975,1920436712,'2020-11-12 01:37:50'),(6976,1920434622,'2020-11-12 01:47:13'),(6977,1920441120,'2020-11-12 03:38:25'),(6978,1053988137,'2020-11-12 04:10:46'),(6979,1920441639,'2020-11-12 04:23:47'),(6980,1920441120,'2020-11-12 04:44:00'),(6981,1920435147,'2020-11-12 05:19:21'),(6982,1920436712,'2020-11-12 06:04:48'),(6983,1920434667,'2020-11-12 06:30:03'),(6984,1920434667,'2020-11-12 06:55:17'),(6985,1920441120,'2020-11-12 07:30:40'),(6986,1920441120,'2020-11-12 10:12:16'),(6987,1920435147,'2020-11-12 10:17:20'),(6988,1920436712,'2020-11-12 11:58:20'),(6989,1920439498,'2020-11-12 12:44:19'),(6990,1920434667,'2020-11-12 13:04:01'),(6991,693911918,'2020-11-12 18:02:41'),(6994,693911918,'2020-11-12 18:05:06'),(6995,1920441639,'2020-11-12 21:44:54'),(6996,1920434622,'2020-11-12 22:20:15'),(6997,1920441120,'2020-11-12 22:30:21'),(6998,-1001675450,'2020-11-12 22:58:56'),(6999,1920434622,'2020-11-12 23:00:39'),(7000,1920441639,'2020-11-12 23:30:58'),(7001,1920434667,'2020-11-12 23:41:04'),(7002,1920441639,'2020-11-13 00:16:26'),(7003,1920435648,'2020-11-13 00:26:32'),(7004,1920438501,'2020-11-13 01:17:01'),(7005,1920440469,'2020-11-13 01:42:17'),(7006,1920434667,'2020-11-13 01:47:20'),(7007,1920441120,'2020-11-13 03:34:21'),(7008,1920435147,'2020-11-13 03:47:47'),(7009,1920441639,'2020-11-13 05:08:33'),(7010,1920441639,'2020-11-13 05:28:17'),(7011,1920436712,'2020-11-13 06:56:47'),(7012,1920439498,'2020-11-13 08:18:13'),(7013,1920441639,'2020-11-13 08:23:18'),(7014,1920435648,'2020-11-13 08:43:40'),(7015,1920439498,'2020-11-13 08:58:56'),(7016,1920441120,'2020-11-13 09:04:01'),(7017,1920438501,'2020-11-13 11:06:04'),(7018,1920439498,'2020-11-13 11:11:08'),(7019,1920436712,'2020-11-13 11:31:31'),(7020,1920435648,'2020-11-13 11:36:34'),(7021,1920441639,'2020-11-13 11:51:49'),(7022,1920436712,'2020-11-13 12:52:50'),(7023,1920440469,'2020-11-13 13:09:03'),(7024,1920434667,'2020-11-13 13:42:23'),(7025,1920434667,'2020-11-13 14:36:35'),(7026,1920438501,'2020-11-13 15:23:53'),(7027,1920441120,'2020-11-13 15:51:19'),(7028,-1001834778,'2020-11-13 16:30:35'),(7029,1920436712,'2020-11-13 17:06:44'),(7030,1920440469,'2020-11-13 18:55:06'),(7031,1920436712,'2020-11-13 19:27:41'),(7032,1920434667,'2020-11-13 19:32:46'),(7033,1920440469,'2020-11-13 19:42:53'),(7034,1920440469,'2020-11-13 20:21:58'),(7035,1920436712,'2020-11-13 21:02:20'),(7036,1920440469,'2020-11-13 21:18:53'),(7037,1920436712,'2020-11-13 22:27:33'),(7038,1920434667,'2020-11-13 22:47:49'),(7039,1920440469,'2020-11-13 22:57:57'),(7040,1920435147,'2020-11-14 00:03:52'),(7041,1920434622,'2020-11-14 00:49:25'),(7042,1920438501,'2020-11-14 01:19:49'),(7043,1053988137,'2020-11-14 02:01:01'),(7044,1053988137,'2020-11-14 02:09:54'),(7045,1053988137,'2020-11-14 02:22:07'),(7046,1053988137,'2020-11-14 02:33:50'),(7047,1053988137,'2020-11-14 02:44:42'),(7048,1053988137,'2020-11-14 02:54:13'),(7049,1053988137,'2020-11-14 03:04:00'),(7050,1053988137,'2020-11-14 03:16:14'),(7051,1053988137,'2020-11-14 03:27:28'),(7052,1053988137,'2020-11-14 03:43:31'),(7053,1920439498,'2020-11-14 04:23:56'),(7054,1920434667,'2020-11-14 04:44:08'),(7055,1920435147,'2020-11-14 05:24:39'),(7056,1920436712,'2020-11-14 05:29:43'),(7057,1920435648,'2020-11-14 07:17:26'),(7058,1920436712,'2020-11-14 07:32:38'),(7059,1920439498,'2020-11-14 08:33:28'),(7060,1920435648,'2020-11-14 08:54:38'),(7061,1920441120,'2020-11-14 09:04:45'),(7062,1920440469,'2020-11-14 09:34:12'),(7063,1920434622,'2020-11-14 10:40:49'),(7064,-973219128,'2020-11-14 11:34:44'),(7065,693914282,'2020-11-14 12:32:08'),(7067,1920439498,'2020-11-14 13:26:34'),(7068,1920435648,'2020-11-14 13:33:57'),(7069,1920436712,'2020-11-14 13:46:29'),(7070,1920434667,'2020-11-14 13:56:36'),(7071,1920438501,'2020-11-14 14:28:54'),(7072,1920435147,'2020-11-14 14:55:16'),(7073,1920441639,'2020-11-14 15:37:55'),(7074,1920434667,'2020-11-14 16:34:00'),(7075,1920435648,'2020-11-14 16:39:04'),(7076,1920439498,'2020-11-14 17:05:49'),(7077,1766298243,'2020-11-14 17:49:09'),(7078,1920436712,'2020-11-14 19:42:38'),(7079,-998679549,'2020-11-14 20:30:41'),(7080,1920436712,'2020-11-14 20:32:43'),(7081,1920438501,'2020-11-14 20:52:20'),(7082,704347460,'2020-11-14 23:31:45'),(7085,1920438501,'2020-11-14 23:33:32'),(7086,-973220099,'2020-11-14 23:36:09'),(7087,1920439498,'2020-11-14 23:38:35'),(7088,1920441639,'2020-11-14 23:54:42'),(7089,1920440469,'2020-11-14 23:59:45'),(7090,1920435648,'2020-11-15 00:14:55'),(7091,1920434667,'2020-11-15 00:35:09'),(7092,1920434622,'2020-11-15 01:00:25'),(7093,1920435648,'2020-11-15 03:01:52'),(7094,1920441120,'2020-11-15 05:44:46'),(7095,1920439498,'2020-11-15 07:58:08'),(7096,1920441120,'2020-11-15 10:15:47'),(7097,1920435648,'2020-11-15 12:00:26'),(7098,1920436712,'2020-11-15 12:24:02'),(7099,1920439498,'2020-11-15 13:53:22'),(7100,1920441639,'2020-11-15 14:38:49'),(7101,1920440469,'2020-11-15 14:43:53'),(7102,1920438501,'2020-11-15 14:48:56'),(7103,1920441120,'2020-11-15 15:42:20'),(7104,1920441639,'2020-11-15 15:47:24'),(7105,1920434667,'2020-11-15 17:04:48'),(7106,1920441639,'2020-11-15 19:11:47'),(7107,1053988137,'2020-11-15 19:39:48'),(7108,1920441639,'2020-11-15 19:47:46'),(7109,1920438501,'2020-11-15 19:57:53'),(7110,1920439498,'2020-11-15 23:19:54'),(7111,1920441639,'2020-11-15 23:30:00'),(7112,1920440469,'2020-11-16 00:25:33'),(7113,1920434667,'2020-11-16 01:21:06'),(7114,1920436712,'2020-11-16 01:41:30'),(7115,1920441120,'2020-11-16 03:07:12'),(7116,1920440469,'2020-11-16 03:32:28'),(7117,1920441120,'2020-11-16 03:37:30'),(7118,1920436712,'2020-11-16 03:52:38'),(7119,1920435648,'2020-11-16 04:12:52'),(7120,1920436712,'2020-11-16 05:39:43'),(7121,1920435648,'2020-11-16 06:03:57'),(7122,1920440469,'2020-11-16 06:09:01'),(7123,1920441120,'2020-11-16 06:14:03'),(7124,1920438501,'2020-11-16 06:39:19'),(7125,1920441120,'2020-11-16 07:24:45'),(7126,1920440469,'2020-11-16 08:15:16'),(7127,1920440469,'2020-11-16 08:40:33'),(7128,1920438501,'2020-11-16 09:41:10'),(7129,1920439498,'2020-11-16 09:56:16'),(7130,1920434667,'2020-11-16 10:06:27'),(7131,1920440469,'2020-11-16 10:16:33'),(7132,1920434622,'2020-11-16 12:12:48'),(7133,1920436712,'2020-11-16 12:48:13'),(7134,1920435648,'2020-11-16 13:18:26'),(7135,1920436712,'2020-11-16 13:43:39'),(7136,1920440469,'2020-11-16 14:03:54'),(7137,1920434622,'2020-11-16 14:29:07'),(7138,1920435147,'2020-11-16 14:49:19'),(7139,704156549,'2020-11-16 15:58:19'),(7140,1920436712,'2020-11-16 16:15:11'),(7141,1920440469,'2020-11-16 17:10:45'),(7142,1920435147,'2020-11-16 17:30:57'),(7143,1920436712,'2020-11-16 17:36:00'),(7144,1920438501,'2020-11-16 17:41:03'),(7145,1920435648,'2020-11-16 17:51:09'),(7146,1920435147,'2020-11-16 18:21:28'),(7147,1920441639,'2020-11-16 19:52:21'),(7148,1920441120,'2020-11-16 20:12:34'),(7149,1920438501,'2020-11-16 20:32:46'),(7150,1920435648,'2020-11-16 20:37:49'),(7151,1920440469,'2020-11-16 20:42:52'),(7152,1920441639,'2020-11-16 20:52:58'),(7153,1920435147,'2020-11-16 21:03:04'),(7154,1920440469,'2020-11-16 21:08:07'),(7155,1920435147,'2020-11-16 21:13:10'),(7156,1920440469,'2020-11-16 21:23:16'),(7157,1920435147,'2020-11-16 21:43:29'),(7158,1920436712,'2020-11-16 21:48:31'),(7159,-1002313828,'2020-11-16 23:47:20'),(7160,1920438501,'2020-11-16 23:54:47'),(7161,1920441639,'2020-11-16 23:59:50'),(7162,1920436712,'2020-11-17 01:35:48'),(7163,1920440469,'2020-11-17 01:40:51'),(7164,1920438501,'2020-11-17 03:06:47'),(7165,1920438501,'2020-11-17 03:11:47'),(7166,1920435147,'2020-11-17 04:42:41'),(7167,1920434667,'2020-11-17 06:13:36'),(7168,1920435147,'2020-11-17 06:23:41'),(7169,1920438501,'2020-11-17 07:44:36'),(7170,1920434667,'2020-11-17 09:40:45'),(7171,1920434622,'2020-11-17 10:26:13'),(7172,1920435648,'2020-11-17 10:51:28'),(7173,1920441120,'2020-11-17 10:56:30'),(7174,1920435147,'2020-11-17 11:01:34'),(7175,1920436712,'2020-11-17 11:21:46'),(7176,1920441120,'2020-11-17 11:31:52'),(7177,1920434622,'2020-11-17 12:27:27'),(7178,1920435147,'2020-11-17 12:37:33'),(7179,1920439498,'2020-11-17 13:48:16'),(7180,1920439498,'2020-11-17 14:38:44'),(7181,1920440469,'2020-11-17 15:09:03'),(7182,1920438501,'2020-11-17 15:19:09'),(7183,1920440469,'2020-11-17 15:34:19'),(7184,1920438501,'2020-11-17 15:59:34'),(7185,1920435648,'2020-11-17 16:19:48'),(7186,1920434667,'2020-11-17 17:00:11'),(7187,1920441120,'2020-11-17 17:10:16'),(7188,1920435648,'2020-11-17 17:55:44'),(7189,1920441639,'2020-11-17 19:16:31'),(7190,1920441120,'2020-11-17 19:21:34'),(7191,1920434667,'2020-11-17 21:48:03'),(7192,1920441120,'2020-11-17 22:13:18'),(7193,1920441639,'2020-11-17 22:38:33'),(7194,1920438501,'2020-11-17 23:18:57'),(7195,1920436712,'2020-11-17 23:23:59'),(7196,1920434622,'2020-11-18 00:44:48'),(7197,1920441120,'2020-11-18 01:10:04'),(7198,1920441639,'2020-11-18 01:25:14'),(7199,1920435648,'2020-11-18 01:55:34'),(7200,1920434622,'2020-11-18 02:25:53'),(7201,1920435147,'2020-11-18 02:30:57'),(7202,1920436712,'2020-11-18 03:46:44'),(7203,1920436712,'2020-11-18 06:27:23'),(7204,1920440469,'2020-11-18 06:52:38'),(7205,1920434622,'2020-11-18 07:07:48'),(7206,1920435147,'2020-11-18 08:08:22'),(7207,1920440469,'2020-11-18 08:38:43'),(7208,1920438501,'2020-11-18 08:48:48'),(7209,1920439498,'2020-11-18 10:04:32'),(7210,1920434667,'2020-11-18 11:35:27'),(7211,-1002140893,'2020-11-18 12:26:50'),(7212,1920440469,'2020-11-18 12:31:01'),(7213,1920438501,'2020-11-18 12:36:03'),(7214,1920439498,'2020-11-18 13:21:30'),(7215,1920441639,'2020-11-18 14:42:18'),(7216,1920434622,'2020-11-18 14:52:25'),(7217,1920436712,'2020-11-18 14:57:28'),(7218,1920438501,'2020-11-18 15:07:34'),(7219,1920439498,'2020-11-18 15:22:43'),(7220,1765967733,'2020-11-18 15:26:40'),(7221,1920441120,'2020-11-18 15:32:49'),(7222,1920435147,'2020-11-18 15:37:52'),(7223,1920436712,'2020-11-18 15:42:55'),(7224,1920440469,'2020-11-18 16:03:07'),(7225,1920441639,'2020-11-18 16:33:25'),(7226,1920438501,'2020-11-18 16:38:28'),(7227,1920435648,'2020-11-18 17:28:58'),(7228,1771322102,'2020-11-18 18:02:53'),(7229,1920434622,'2020-11-18 18:29:35'),(7230,1920441120,'2020-11-18 18:39:40'),(7231,1920436712,'2020-11-18 18:49:46'),(7232,1920441120,'2020-11-18 19:09:59'),(7233,1920435147,'2020-11-18 19:20:05'),(7234,1920434622,'2020-11-18 19:25:08'),(7235,1920434667,'2020-11-18 19:35:14'),(7236,1920436712,'2020-11-18 19:40:16'),(7237,1920438501,'2020-11-18 20:10:36'),(7238,1920440469,'2020-11-18 20:45:56'),(7239,1920438501,'2020-11-18 21:41:30'),(7240,1920441639,'2020-11-18 22:52:14'),(7241,1920440469,'2020-11-18 22:57:17'),(7242,1920435147,'2020-11-18 23:02:22'),(7243,1920436712,'2020-11-18 23:42:47'),(7244,1920435147,'2020-11-19 00:33:19'),(7245,1920440469,'2020-11-19 00:43:26'),(7246,1920434622,'2020-11-19 01:39:00'),(7247,1920441120,'2020-11-19 02:24:28'),(7248,1920434622,'2020-11-19 02:59:48'),(7249,1920435648,'2020-11-19 03:04:51'),(7250,1920435147,'2020-11-19 03:20:00'),(7251,1920438501,'2020-11-19 03:25:02'),(7252,1920441120,'2020-11-19 03:35:08'),(7253,1920435147,'2020-11-19 04:15:34'),(7254,1920441639,'2020-11-19 04:20:38'),(7255,1920434667,'2020-11-19 05:16:11'),(7256,1920434622,'2020-11-19 06:26:53'),(7257,1920435648,'2020-11-19 06:37:00'),(7258,1920438501,'2020-11-19 06:47:05'),(7259,1920438501,'2020-11-19 07:02:16'),(7260,1920438501,'2020-11-19 07:07:18'),(7261,1920439498,'2020-11-19 08:12:58'),(7262,1920434667,'2020-11-19 08:18:00'),(7263,1920435648,'2020-11-19 08:23:03'),(7264,1920436712,'2020-11-19 08:48:21'),(7265,1920434667,'2020-11-19 08:53:22'),(7266,1920435648,'2020-11-19 09:08:31'),(7267,1714713293,'2020-11-19 10:28:31'),(7268,1920438501,'2020-11-19 10:39:25'),(7269,1920435648,'2020-11-19 10:44:28'),(7270,1920441120,'2020-11-19 12:25:30'),(7271,1920436712,'2020-11-19 12:35:35'),(7272,1920435147,'2020-11-19 13:10:57'),(7273,1920439498,'2020-11-19 13:31:08'),(7274,1920435147,'2020-11-19 14:11:33'),(7275,1920440469,'2020-11-19 16:43:03'),(7276,1920439498,'2020-11-19 16:48:05'),(7277,1920435648,'2020-11-19 16:53:09'),(7278,1053988137,'2020-11-19 17:25:03'),(7279,1920441639,'2020-11-19 17:43:39'),(7280,1920440469,'2020-11-19 17:48:42'),(7281,1920436712,'2020-11-19 17:53:45'),(7282,1920440469,'2020-11-19 18:08:55'),(7283,1920440469,'2020-11-19 18:14:03'),(7284,1920434622,'2020-11-19 18:34:18'),(7285,1920435147,'2020-11-19 18:39:15'),(7286,1920440469,'2020-11-19 18:44:18'),(7287,1920436712,'2020-11-19 18:59:28'),(7288,1920441639,'2020-11-19 21:05:42'),(7289,1920440469,'2020-11-19 21:21:08'),(7290,1920438501,'2020-11-19 22:11:22'),(7291,1920434622,'2020-11-19 22:31:33'),(7292,1920435648,'2020-11-19 22:46:42'),(7293,1920438501,'2020-11-19 23:01:51'),(7294,-1599006380,'2020-11-19 23:05:02'),(7295,1920434622,'2020-11-19 23:42:15'),(7296,1920439498,'2020-11-20 00:23:06'),(7297,1920440469,'2020-11-20 01:53:34'),(7298,1920438501,'2020-11-20 02:08:46'),(7299,1920441639,'2020-11-20 02:54:20'),(7300,1920440469,'2020-11-20 03:24:40'),(7301,-1000789854,'2020-11-20 03:42:44'),(7302,1920434667,'2020-11-20 04:10:00'),(7303,1920435147,'2020-11-20 04:55:22'),(7304,1920434667,'2020-11-20 05:15:31'),(7305,1920440469,'2020-11-20 06:36:10'),(7306,1920438501,'2020-11-20 06:41:13'),(7307,1920435648,'2020-11-20 07:56:51'),(7308,1920436712,'2020-11-20 08:06:55'),(7309,1920439498,'2020-11-20 09:02:21'),(7310,1082951298,'2020-11-20 09:04:49'),(7311,1920440469,'2020-11-20 10:33:07'),(7312,1920441120,'2020-11-20 10:38:05'),(7313,1920434622,'2020-11-20 10:43:08'),(7314,1920435648,'2020-11-20 10:53:13'),(7315,1920435648,'2020-11-20 11:33:33'),(7316,1920441120,'2020-11-20 11:38:35'),(7317,1920435147,'2020-11-20 11:58:43'),(7318,1920441639,'2020-11-20 12:29:39'),(7319,1920441120,'2020-11-20 13:19:28'),(7320,1765967422,'2020-11-20 13:56:58'),(7321,1920441639,'2020-11-20 14:10:00'),(7322,1920439498,'2020-11-20 14:25:08'),(7323,1920440469,'2020-11-20 17:31:53'),(7324,1920439498,'2020-11-20 17:36:55'),(7325,1920434667,'2020-11-20 18:02:11'),(7326,1920441120,'2020-11-20 18:32:25'),(7327,1920441639,'2020-11-20 18:47:31'),(7328,1920441639,'2020-11-20 18:57:38'),(7329,1920436712,'2020-11-20 20:53:31'),(7330,1920434622,'2020-11-20 22:04:02'),(7331,1920436712,'2020-11-20 22:49:24'),(7332,1920436712,'2020-11-21 00:00:04'),(7333,1920440469,'2020-11-21 01:56:13'),(7334,1920434667,'2020-11-21 02:11:20'),(7335,1920439498,'2020-11-21 02:41:36'),(7336,1920438501,'2020-11-21 03:42:09'),(7337,1920441120,'2020-11-21 03:57:15'),(7338,1920439498,'2020-11-21 04:17:24'),(7339,1920435648,'2020-11-21 04:32:32'),(7340,1920441120,'2020-11-21 05:02:51'),(7341,1920434667,'2020-11-21 05:48:21'),(7342,1920441639,'2020-11-21 06:49:12'),(7343,1920439498,'2020-11-21 06:53:50'),(7344,1920435147,'2020-11-21 07:03:56'),(7345,1920436712,'2020-11-21 07:09:01'),(7346,1920441120,'2020-11-21 09:15:15'),(7347,1920441639,'2020-11-21 12:17:04'),(7348,1920439498,'2020-11-21 15:08:46'),(7349,1920441639,'2020-11-21 15:39:03'),(7350,1920434667,'2020-11-21 17:30:08'),(7351,1920440469,'2020-11-21 17:35:11'),(7352,1920435147,'2020-11-21 18:00:42'),(7353,1920441639,'2020-11-21 18:20:34'),(7354,1920434622,'2020-11-21 18:30:40'),(7355,1920435147,'2020-11-21 19:16:06'),(7356,-1002019462,'2020-11-21 19:37:15'),(7357,-1002315543,'2020-11-21 19:45:55'),(7358,1920440469,'2020-11-21 20:21:45'),(7359,1920441120,'2020-11-21 20:41:57'),(7360,1920435147,'2020-11-21 20:52:03'),(7361,1920436712,'2020-11-21 21:12:13'),(7362,1920436712,'2020-11-21 21:17:17'),(7363,1920441120,'2020-11-21 23:13:26'),(7364,1920435147,'2020-11-21 23:28:35'),(7365,1920438501,'2020-11-21 23:33:39'),(7366,1920435147,'2020-11-21 23:53:50'),(7367,1920435147,'2020-11-22 00:03:57'),(7368,1920436712,'2020-11-22 00:09:00'),(7369,1920440469,'2020-11-22 01:24:40'),(7370,1920440469,'2020-11-22 01:34:46'),(7371,1920439498,'2020-11-22 01:39:49'),(7372,1920435648,'2020-11-22 02:10:11'),(7373,1920441639,'2020-11-22 02:35:24'),(7374,1920441639,'2020-11-22 03:10:50'),(7375,1920440469,'2020-11-22 04:16:32'),(7376,1920441120,'2020-11-22 05:32:13'),(7377,1920441120,'2020-11-22 06:02:32'),(7378,1920438501,'2020-11-22 06:22:40'),(7379,1920441120,'2020-11-22 06:42:53'),(7380,1920434622,'2020-11-22 06:47:54'),(7381,1920440469,'2020-11-22 07:28:20'),(7382,1920434622,'2020-11-22 07:38:27'),(7383,1920441120,'2020-11-22 07:53:35'),(7384,1920435147,'2020-11-22 08:14:12'),(7385,1920441639,'2020-11-22 08:33:59'),(7386,1765934633,'2020-11-22 09:21:41'),(7387,1920440469,'2020-11-22 10:14:59'),(7388,1920434667,'2020-11-22 10:45:16'),(7389,1920435648,'2020-11-22 11:35:47'),(7390,1920434667,'2020-11-22 12:01:02'),(7391,1920435147,'2020-11-22 12:26:17'),(7392,-1598928019,'2020-11-22 13:52:06'),(7393,1920439498,'2020-11-22 14:07:18'),(7394,1920438501,'2020-11-22 14:12:22'),(7395,1920435648,'2020-11-22 14:17:23'),(7396,1920436712,'2020-11-22 15:33:08'),(7397,1920439498,'2020-11-22 15:53:21'),(7398,1920439498,'2020-11-22 16:08:29'),(7399,1920439498,'2020-11-22 16:33:45'),(7400,1920434622,'2020-11-22 17:19:12'),(7401,1920441639,'2020-11-22 17:24:15'),(7402,1920436712,'2020-11-22 17:34:22'),(7403,1920441639,'2020-11-22 17:44:27'),(7404,1920441120,'2020-11-22 18:04:39'),(7405,1920441639,'2020-11-22 18:24:52'),(7406,1920438501,'2020-11-22 18:50:07'),(7407,1920440469,'2020-11-22 20:41:14'),(7408,1920441120,'2020-11-22 20:56:24'),(7409,-1001570766,'2020-11-22 22:04:10'),(7410,1920438501,'2020-11-22 23:37:57'),(7411,1920434622,'2020-11-22 23:58:10'),(7412,1920435648,'2020-11-23 00:13:19'),(7413,1920441120,'2020-11-23 00:48:40'),(7414,1920439498,'2020-11-23 01:08:52'),(7415,1920435147,'2020-11-23 01:24:01'),(7416,1920439498,'2020-11-23 02:50:11'),(7417,1920435648,'2020-11-23 03:25:33'),(7418,1920436712,'2020-11-23 03:30:36'),(7419,1920435147,'2020-11-23 03:35:41'),(7420,1920438501,'2020-11-23 03:55:51'),(7421,1920434667,'2020-11-23 04:05:56'),(7422,1920440469,'2020-11-23 04:21:06'),(7423,1920441639,'2020-11-23 05:06:32'),(7424,1920440469,'2020-11-23 05:26:44'),(7425,1920434667,'2020-11-23 05:46:56'),(7426,1920436712,'2020-11-23 05:51:59'),(7427,1765934466,'2020-11-30 13:38:09'),(7428,1920441639,'2020-11-23 08:08:20'),(7429,1920438501,'2020-11-23 08:18:26'),(7430,1920434622,'2020-11-23 08:33:37'),(7431,1920440469,'2020-11-23 09:44:18'),(7432,1920434622,'2020-11-23 09:59:28'),(7433,1920435648,'2020-11-23 11:20:17'),(7434,1920435147,'2020-11-23 11:40:59'),(7435,1920441639,'2020-11-23 12:20:50'),(7436,1920435147,'2020-11-23 12:30:56'),(7437,-973214819,'2020-11-23 12:31:09'),(7438,1920441639,'2020-11-23 12:35:59'),(7439,1920434667,'2020-11-23 15:52:53'),(7440,1920436712,'2020-11-23 16:08:04'),(7441,1920441639,'2020-11-23 16:13:07'),(7442,1920434667,'2020-11-23 16:33:18'),(7443,1920434622,'2020-11-23 18:04:12'),(7444,1920434667,'2020-11-23 18:14:19'),(7445,1920439498,'2020-11-23 19:35:07'),(7446,1920435648,'2020-11-23 19:45:12'),(7447,1920436712,'2020-11-23 19:50:14'),(7448,1920438501,'2020-11-23 21:26:10'),(7449,1920438501,'2020-11-23 21:46:23'),(7450,1765966331,'2020-11-23 22:05:59'),(7452,1920435147,'2020-11-23 22:16:41'),(7453,1920436712,'2020-11-23 22:21:44'),(7454,1920439498,'2020-11-23 22:36:52'),(7455,1920435147,'2020-11-23 22:57:04'),(7456,1920441120,'2020-11-23 23:27:21'),(7457,700213978,'2020-11-24 00:16:59'),(7458,1920434667,'2020-11-24 01:18:27'),(7459,1920439498,'2020-11-24 01:28:34'),(7460,1920439498,'2020-11-24 02:26:48'),(7461,1920440469,'2020-11-24 02:52:31'),(7462,1920440469,'2020-11-24 03:23:13'),(7463,1920434622,'2020-11-24 04:09:19'),(7464,1920438501,'2020-11-24 04:24:39'),(7465,1920435147,'2020-11-24 05:05:36'),(7466,1920434622,'2020-11-24 05:15:58'),(7467,1920435648,'2020-11-24 05:31:10'),(7468,1920440469,'2020-11-24 05:46:31'),(7469,1920436712,'2020-11-24 07:18:38'),(7470,1920435147,'2020-11-24 08:15:13'),(7471,1920441639,'2020-11-24 08:20:20'),(7472,1920435648,'2020-11-24 08:30:50'),(7473,1920439498,'2020-11-24 08:35:49'),(7474,1920434667,'2020-11-24 11:22:30'),(7475,1920438501,'2020-11-24 13:09:36'),(7476,1920440469,'2020-11-24 13:35:06'),(7477,1920440469,'2020-11-24 13:55:29'),(7478,1920435648,'2020-11-24 14:00:35'),(7479,1920438501,'2020-11-24 14:10:48'),(7480,1920438501,'2020-11-24 14:36:17'),(7481,1920440469,'2020-11-24 15:08:13'),(7482,1920435147,'2020-11-24 15:12:00'),(7483,1920440469,'2020-11-24 15:27:17'),(7484,1920435648,'2020-11-24 15:32:24'),(7485,1920434622,'2020-11-24 15:52:48'),(7486,704260431,'2020-11-24 15:55:20'),(7487,1920438501,'2020-11-24 16:03:02'),(7488,704191834,'2020-11-24 18:14:26'),(7489,1920435147,'2020-11-24 18:15:36'),(7490,1920441120,'2020-11-24 19:21:54'),(7491,1920434667,'2020-11-24 19:32:04'),(7492,1537855910,'2020-11-24 20:17:31'),(7493,-1001585550,'2020-11-24 20:33:31'),(7494,-1000790728,'2020-11-24 21:06:19'),(7495,-1001698622,'2020-11-24 21:39:14'),(7496,1771765115,'2020-11-24 22:51:16'),(7497,1920441120,'2020-11-24 23:21:33'),(7498,1920439498,'2020-11-24 23:31:45'),(7499,1920434622,'2020-11-25 02:09:34'),