-- Table structure for table `ps_log_email`
--

CREATE TABLE `ps_log_email` (
  `id_log_email` int(10) unsigned NOT NULL AUTO_INCREMENT,
  `id_email_type` int(10) unsigned NOT NULL,
  `id_cart_rule` int(10) unsigned NOT NULL,
  `id_customer` int(10) unsigned DEFAULT NULL,
  `id_cart` int(10) unsigned DEFAULT NULL,
  `date_add` datetime NOT NULL,
  PRIMARY KEY (`id_log_email`),
  KEY `date_add` (`date_add`),
  KEY `id_cart` (`id_cart`)
) ENGINE=InnoDB DEFAULT CHARSET=latin1;

--
-- Dumping data for table `ps_log_email`
--


--
-- Table structure for table `ps_loyalty`
--

CREATE TABLE `ps_loyalty` (
  `id_loyalty` int(10) unsigned NOT NULL AUTO_INCREMENT,
  `id_loyalty_state` int(10) unsigned NOT NULL DEFAULT '1',
  `id_customer` int(10) unsigned NOT NULL,
  `id_order` int(10) unsigned DEFAULT NULL,
  `id_cart_rule` int(10) unsigned DEFAULT NULL,
  `points` int(11) NOT NULL DEFAULT '0',
  `date_add` datetime NOT NULL,
  `date_upd` datetime NOT NULL,
  PRIMARY KEY (`id_loyalty`),
  KEY `index_loyalty_loyalty_state` (`id_loyalty_state`),
  KEY `index_loyalty_order` (`id_order`),
  KEY `index_loyalty_discount` (`id_cart_rule`),
  KEY `index_loyalty_customer` (`id_customer`)
) ENGINE=InnoDB DEFAULT CHARSET=utf8;

--
-- Dumping data for table `ps_loyalty`
--


--
-- Table structure for table `ps_loyalty_history`
--

CREATE TABLE `ps_loyalty_history` (
  `id_loyalty_history` int(10) unsigned NOT NULL AUTO_INCREMENT,
  `id_loyalty` int(10) unsigned DEFAULT NULL,
  `id_loyalty_state` int(10) unsigned NOT NULL DEFAULT '1',
  `points` int(11) NOT NULL DEFAULT '0',
  `date_add` datetime NOT NULL,
  PRIMARY KEY (`id_loyalty_history`),
  KEY `index_loyalty_history_loyalty` (`id_loyalty`),
  KEY `index_loyalty_history_loyalty_state` (`id_loyalty_state`)
) ENGINE=InnoDB DEFAULT CHARSET=utf8;

--
-- Dumping data for table `ps_loyalty_history`
--


--
-- Table structure for table `ps_loyalty_state`
--

CREATE TABLE `ps_loyalty_state` (
  `id_loyalty_state` int(10) unsigned NOT NULL AUTO_INCREMENT,
  `id_order_state` int(10) unsigned DEFAULT NULL,
  PRIMARY KEY (`id_loyalty_state`),
  KEY `index_loyalty_state_order_state` (`id_order_state`)
) ENGINE=InnoDB AUTO_INCREMENT=6 DEFAULT CHARSET=utf8;

--
-- Dumping data for table `ps_loyalty_state`
--

INSERT INTO `ps_loyalty_state` VALUES (1,0),(4,0),(5,0),(2,5),(3,6);

--
-- Table structure for table `ps_loyalty_state_lang`
--

CREATE TABLE `ps_loyalty_state_lang` (
  `id_loyalty_state` int(10) unsigned NOT NULL AUTO_INCREMENT,
  `id_lang` int(10) unsigned NOT NULL,
  `name` varchar(64) NOT NULL,
  UNIQUE KEY `index_unique_loyalty_state_lang` (`id_loyalty_state`,`id_lang`)
) ENGINE=InnoDB AUTO_INCREMENT=6 DEFAULT CHARSET=utf8;

--
-- Dumping data for table `ps_loyalty_state_lang`
--

INSERT INTO `ps_loyalty_state_lang` VALUES (1,1,'En attente de validation'),(1,2,'En attente de validation'),(2,1,'Disponible'),(2,2,'Disponible'),(3,1,'Annulés'),(3,2,'Annulés'),(4,1,'Déjà convertis'),(4,2,'Déjà convertis'),(5,1,'Non disponbile sur produits remisés'),(5,2,'Non disponbile sur produits remisés');

--
-- Table structure for table `ps_manufacturer`
--

CREATE TABLE `ps_manufacturer` (
  `id_manufacturer` int(10) unsigned NOT NULL AUTO_INCREMENT,
  `name` varchar(64) NOT NULL,
  `date_add` datetime NOT NULL,
  `date_upd` datetime NOT NULL,
  `active` tinyint(1) NOT NULL DEFAULT '0',
  PRIMARY KEY (`id_manufacturer`)
) ENGINE=InnoDB AUTO_INCREMENT=34 DEFAULT CHARSET=utf8;

--
-- Dumping data for table `ps_manufacturer`
--

INSERT INTO `ps_manufacturer` VALUES (2,'Yamaha ','2018-09-11 14:03:51','2018-09-12 09:23:13',1),(3,'Ringway','2018-09-11 14:11:12','2018-09-12 09:22:43',1),(4,'Boss','2018-09-11 14:14:35','2018-09-12 09:22:22',1),(5,'Roland','2018-09-11 14:17:26','2018-09-12 09:22:56',1),(6,'Artesia','2018-09-11 14:22:32','2019-11-02 13:30:16',1),(7,'Fender','2018-09-12 10:32:54','2019-12-05 19:28:45',1),(8,'Montarbo','2018-09-12 10:33:55','2018-09-12 10:33:55',1),(9,'JTS','2018-09-12 13:23:39','2018-10-10 17:33:11',1),(10,'Jinbao','2018-09-13 17:44:58','2018-10-10 17:33:14',1),(11,'Ibanez','2018-10-11 15:09:45','2018-10-11 15:09:45',1),(12,'Lp','2018-10-11 15:14:32','2018-10-11 15:14:32',1),(13,'Line 6','2018-10-11 15:24:46','2018-10-11 15:24:46',1),(14,'Shure','2018-10-11 15:30:31','2018-10-11 15:30:31',1),(15,'Manuel Rodriguez','2018-10-11 15:41:24','2020-05-13 18:47:52',1),(16,'Evans','2018-10-11 15:47:41','2018-10-11 15:47:41',1),(17,'Clevan','2018-10-11 15:49:02','2019-12-05 18:52:13',1),(18,'Remo','2018-10-11 15:49:11','2018-10-11 15:50:43',1),(19,'Pioneer','2020-01-15 02:13:40','2020-01-15 02:13:40',1),(20,'Behringer','2020-01-15 02:18:15','2020-01-15 02:18:15',1),(21,'Midas','2020-01-15 02:18:39','2020-01-15 02:18:39',1),(22,'Adam Hall','2020-01-15 02:19:06','2020-01-15 02:19:06',1),(23,'Meinl','2020-03-02 23:47:51','2020-03-02 23:47:51',1),(24,'Audio-technica','2020-03-03 00:59:15','2020-03-03 01:01:31',1),(25,'JBL','2020-06-25 14:03:51','2020-06-25 14:03:51',1),(26,'Rode','2020-09-01 13:20:07','2020-09-01 13:20:07',1),(27,'Guild','2020-09-01 13:25:49','2020-09-01 13:25:49',1),(28,'Godin','2020-09-01 13:31:05','2020-09-01 13:31:05',1),(29,'NEKTAR','2020-11-12 00:19:59','2020-11-12 00:19:59',1),(30,'AUDAC','2020-11-12 00:21:38','2020-11-12 00:21:38',1),(31,'BOYA','2020-11-16 19:19:55','2020-11-16 19:19:55',1),(32,'Casio','2020-12-08 22:32:52','2020-12-08 22:32:52',1),(33,'SENNHEISER','2021-01-22 22:06:34','2021-01-22 22:06:34',1);

--
-- Table structure for table `ps_manufacturer_lang`
--

CREATE TABLE `ps_manufacturer_lang` (
  `id_manufacturer` int(10) unsigned NOT NULL,
  `id_lang` int(10) unsigned NOT NULL,
  `description` text,
  `short_description` text,
  `meta_title` varchar(128) DEFAULT NULL,
  `meta_keywords` varchar(255) DEFAULT NULL,
  `meta_description` varchar(255) DEFAULT NULL,
  PRIMARY KEY (`id_manufacturer`,`id_lang`)
) ENGINE=InnoDB DEFAULT CHARSET=utf8;

--
-- Dumping data for table `ps_manufacturer_lang`
--

INSERT INTO `ps_manufacturer_lang` VALUES (2,1,'','<p>Toutes les familles d\'instruments destin&eacute;es aux amateurs comme aux professionnels : pianos, claviers, instruments &agrave; vent, cordes, guitares, batteries et plus encore&hellip;</p>\r\n<p> </p>','','',''),(2,2,'','','','',''),(3,1,'','<p>Ringway Tech Co., Ltd. est un concepteur et fabricant renomm&eacute; d\'instruments de musique &eacute;lectroniques professionnels et de leurs produits connexes. Ils comprennent un clavier &eacute;lectronique, un clavier midi, un piano num&eacute;rique, une batterie &eacute;lectronique, un clavier &agrave; deux voies et un syst&egrave;me d&rsquo;enseignement de la musique.</p>','','',''),(3,2,'','','','',''),(4,1,'','<p>BOSS a atteint un statut l&eacute;gendaire parmi les guitaristes en offrant une gamme de produits diversifi&eacute;e et de premier plan au niveau mondial, comprenant des processeurs d\'effets compacts, des effets multiples</p>','','',''),(4,2,'','','','',''),(5,1,'','<p>Roland Corporation est un important fabricant et distributeur d\'instruments de musique &eacute;lectroniques, notamment des claviers et des synth&eacute;tiseurs, des produits pour guitare, des percussions &eacute;lectroniques, des &eacute;quipements d\'enregistrement num&eacute;riques, des amplificateurs et des dispositifs de traitement audio</p>','','',''),(5,2,'','','','',''),(6,1,'','<p>Artesia propose une gamme complète de pianos numériques pour le style de vie d\'aujourd\'hui</p>','','',''),(6,2,'','','','',''),(7,1,'','','Fender','','Fender'),(7,2,'','','','',''),(8,1,'','','','',''),(8,2,'','','','',''),(9,1,'','','','',''),(9,2,'','','','',''),(10,1,'','','','',''),(10,2,'','','','',''),(11,1,'','','','',''),(11,2,'','','','',''),(12,1,'','','','',''),(12,2,'','','','',''),(13,1,'','','','',''),(13,2,'','','','',''),(14,1,'','','','',''),(14,2,'','','','',''),(15,1,'','','','manuel,rodriguez',''),(15,2,'','','','',''),(16,1,'','','','',''),(16,2,'','','','',''),(17,1,'','','Clevan','','Clevan'),(17,2,'','','','',''),(18,1,'','','','',''),(18,2,'','','','',''),(19,1,'','','','',''),(19,2,'','','','',''),(20,1,'','','','',''),(20,2,'','','','',''),(21,1,'','','','',''),(21,2,'','','','',''),(22,1,'','','','',''),(22,2,'','','','',''),(23,1,'','','meinl','meinl,percussion,cajon,conga,djembe',''),(23,2,'','','','',''),(24,1,'','','','micro,audio,casque',''),(24,2,'','','','',''),(25,1,'','','','',''),(25,2,'','','','',''),(26,1,'','','','',''),(26,2,'','','','',''),(27,1,'','','','',''),(27,2,'','','','',''),(28,1,'','','','',''),(28,2,'','','','',''),(29,1,'','','','',''),(29,2,'','','','',''),(30,1,'','','','',''),(30,2,'','','','',''),(31,1,'','','','',''),(31,2,'','','','',''),(32,1,'','','','',''),(32,2,'','','','',''),(33,1,'','','','',''),(33,2,'','','','','');

--
-- Table structure for table `ps_manufacturer_shop`
--

CREATE TABLE `ps_manufacturer_shop` (
  `id_manufacturer` int(11) unsigned NOT NULL,
  `id_shop` int(11) unsigned NOT NULL,
  PRIMARY KEY (`id_manufacturer`,`id_shop`),
  KEY `id_shop` (`id_shop`)
) ENGINE=InnoDB DEFAULT CHARSET=utf8;

--
-- Dumping data for table `ps_manufacturer_shop`
--

INSERT INTO `ps_manufacturer_shop` VALUES (2,1),(3,1),(4,1),(5,1),(6,1),(7,1),(8,1),(9,1),(10,1),(11,1),(12,1),(13,1),(14,1),(15,1),(16,1),(17,1),(18,1),(19,1),(20,1),(21,1),(22,1),(23,1),(24,1),(25,1),(26,1),(27,1),(28,1),(29,1),(30,1),(31,1),(32,1),(33,1);

--
-- Table structure for table `ps_memcached_servers`
--

CREATE TABLE `ps_memcached_servers` (
  `id_memcached_server` int(11) unsigned NOT NULL AUTO_INCREMENT,
  `ip` varchar(254) NOT NULL,
  `port` int(11) unsigned NOT NULL,
  `weight` int(11) unsigned NOT NULL,
  PRIMARY KEY (`id_memcached_server`)
) ENGINE=InnoDB DEFAULT CHARSET=utf8;

--
-- Dumping data for table `ps_memcached_servers`
--


--
-- Table structure for table `ps_message`
--

CREATE TABLE `ps_message` (
  `id_message` int(10) unsigned NOT NULL AUTO_INCREMENT,
  `id_cart` int(10) unsigned DEFAULT NULL,
  `id_customer` int(10) unsigned NOT NULL,
  `id_employee` int(10) unsigned DEFAULT NULL,
  `id_order` int(10) unsigned NOT NULL,
  `message` text NOT NULL,
  `private` tinyint(1) unsigned NOT NULL DEFAULT '1',
  `date_add` datetime NOT NULL,
  PRIMARY KEY (`id_message`),
  KEY `message_order` (`id_order`),
  KEY `id_cart` (`id_cart`),
  KEY `id_customer` (`id_customer`),
  KEY `id_employee` (`id_employee`)
) ENGINE=InnoDB AUTO_INCREMENT=52 DEFAULT CHARSET=utf8;

--
-- Dumping data for table `ps_message`
--

INSERT INTO `ps_message` VALUES (1,130,20,0,0,'Je precise je veux anche saxophone alto force 2.5',0,'2019-05-24 20:00:09'),(2,816,28,0,13,'c\'est un cadeau , je vous prie de ne pas envoyer aucune facture avec la commande ',0,'2019-12-27 23:19:05'),(3,830,29,0,0,'اريد جيتار 44 جديد في علبته الاصلية مرفقة بهدية',0,'2020-01-05 06:16:39'),(4,1281,35,0,16,'Guitare C40',0,'2020-01-29 09:12:09'),(5,2741,59,0,0,'Le payment par carte. Si ça ne passe pas et la commande continue je ne vais pas la payer cash!!!',0,'2020-04-11 05:59:39'),(6,2752,61,0,27,'ne pas me livrer le mardi et le vendredi',0,'2020-04-12 16:17:33'),(7,2788,65,0,32,'Est que la carte son 192khz??',0,'2020-04-16 18:19:22'),(8,2846,79,0,0,'Délai de livraison svp ',0,'2020-04-21 20:20:42'),(9,2886,82,0,44,'SVP date de livraison ',0,'2020-04-26 09:31:58'),(10,2945,103,0,50,'Paiement á la livraison ',0,'2020-05-05 09:34:42'),(11,2944,102,0,51,'est ce que je doit allez a la poste ou je reçois ma commande a domicile?\r\nje prefere que vous m\'appeler pour me dire que ma commande est arrivée,\r\n\r\nmerci ',0,'2020-05-06 02:48:36'),(12,2937,105,0,0,'je voudrais recevoir la vesion noire du pack',0,'2020-05-09 01:38:25'),(13,3035,117,0,59,'ASSIYA ASSURANCES AV EL OUCHARIAAT A COTE DE PHARMACIE EL WAHDA . \r\nLA VILLE : DAKHLA ',0,'2020-05-16 19:37:07'),(14,3118,128,0,68,'S il vous plait je veux bien que cette commande je la reçois avant le 06 jui et merci .. c est tres important ',0,'2020-05-25 21:48:35'),(15,3142,134,0,0,'Merci de bien me donner le numéro du service livraison et le responsable des ventes ',0,'2020-05-27 22:03:37'),(16,3188,143,0,76,'Y a t-il possibilité de pré-accorder la guitare? Merci.',0,'2020-06-01 17:55:20'),(17,3232,147,0,79,'Piano Yamaha YDP 164 (version noir)',0,'2020-06-06 23:15:21'),(18,3266,150,0,0,'Appeler avant la livraison ',0,'2020-06-09 13:03:20'),(19,3751,174,0,97,'Appelez moi avant la livraison. Merci',0,'2020-07-24 12:52:51'),(20,3755,177,0,0,'Par quel moyen je recevrai  macommande ?\r\nest ce que le casque est inclus ?',0,'2020-07-25 20:31:00'),(21,3813,186,0,105,'Mon telephone  fixe marche pas merci de m appeler sur mon telephone mobile',0,'2020-08-19 10:58:16'),(22,4023,188,0,107,'priere de bien protéger le colis afin d\'éviter tout risque d\'etre endommagé lors de son transport',0,'2020-08-25 12:18:19'),(23,6051,209,0,0,'pourriez vous livrer le produit le  plus vite possible puisque nous avons un temps tres limitè merci',0,'2020-10-15 23:35:08'),(24,6650,217,0,0,'This is my post box address so you can send it by amana.\r\nThank you.',0,'2020-11-03 17:51:32'),(25,8154,241,0,0,'Livraison avant le 24 sinon annulation',0,'2020-12-22 10:30:57'),(26,8156,243,0,0,'Numero téléphone pour livraison: 0625957069\r\nCommande cadeau, merci de ne pas inclure une facture ou prix d’achat.',0,'2020-12-23 21:14:58'),(27,8162,244,0,0,'Je n\'ai pas trouvé l\'option pour sélectionner la taille du violon.\r\nJe voudrais un violon 3/4.\r\nMerci',0,'2020-12-24 09:42:19'),(28,8415,847,0,0,'L\'adresse n\'est pas vraiment très claire, veuillez me contacter lors de la livraison. Merci',0,'2021-02-07 14:31:01'),(29,9476,1901,0,179,'j\'espère être livrer dans les délais.',0,'2021-04-08 20:49:50'),(30,10005,2000,0,0,'Je voudrais les melodicas en roses',0,'2021-04-18 01:35:20'),(31,11017,2429,0,197,'Si ce n\'est pas clair appelez pour l\'adresse',0,'2021-05-06 21:57:18'),(32,12936,2853,0,203,'الاتصال بي',0,'2021-06-06 06:48:09'),(33,13219,2945,0,0,'bouskoura dakhama 2 imm 13 ',0,'2021-07-06 12:37:12'),(34,13330,2967,0,0,'délai de livraison à préciser merci. ',0,'2021-07-11 12:22:49'),(35,13426,3267,0,0,'Je veux recevoir ma commande avant vendredi. \r\nSalutations.\r\n',0,'2021-07-27 17:39:32'),(36,13430,3267,0,209,'Je souhaite recevoir ma commande avant le vendredi .\r\nMerci.',0,'2021-07-27 18:00:50'),(37,13877,4291,0,0,'Nom de jeune fille de la personne : Bennouna.\r\nNom sur la boîte aux lettres de l\'immeuble : Diouri. \r\n\r\nLivraison asap please',0,'2021-11-15 06:54:44'),(38,13911,4295,0,250,'Darori Tkun La Couleur Du Casque Noir Kamla (Audio Technica m40X) .',0,'2021-11-24 20:56:04'),(39,13977,4073,0,0,'+212 607-503737 mon numéro whatzap si besoin de localisation',0,'2021-12-03 22:05:21'),(40,14074,4387,0,262,'Je voudrais juste que le livreur me contacte pour que j’envoie la localisation exacte le jour de la livraison ',0,'2021-12-27 11:29:58'),(41,14076,4387,0,0,'Prière de me contacter le jour de la livraison pour que je puisse envoyer la localisation exacte au livreur.',0,'2021-12-27 11:34:11'),(42,14970,4470,0,315,'Merci de nous envoyer une facture vie email',0,'2022-06-12 15:54:18'),(43,15050,4478,0,326,'J\'ai besoin de ma commande en urgence. Merci!',0,'2022-06-26 23:25:39'),(44,15088,4497,0,329,'Casque en bluetooth.',0,'2022-07-07 15:54:02'),(45,15124,4353,0,331,'Veuillez me contacter un jour avant la livraison de mon produit Merci.',0,'2022-07-16 17:28:28'),(46,15161,4509,0,337,'Merci de donner le numéro de suivi par sms ou whatsapp ',0,'2022-07-31 21:20:51'),(47,15273,4526,0,348,'J’aurais aimé prendre le contrôleur maître Nektar impact LX88 au lieux  de GX88 ',0,'2022-08-29 12:55:51'),(48,15377,4537,0,356,'? Y a-t-il une garantie pour ce produit',0,'2022-09-23 00:27:17'),(49,15513,4553,0,370,'veuiller m\'appeler pour les coordonnées exactes.\r\nMerci',0,'2022-10-19 20:50:29'),(50,15567,4559,0,375,'J\'ai besoin de la commande très rapidement pour un cadeau, je suis disponible à casablanca jusqu\'a samedi soi ( au cas si c\'est possible de me l\'envoyer d\'ici la ) sinon je serai à tanger à partir de dimanche ',0,'2022-10-28 00:06:57'),(51,15664,4588,0,0,'kkkkkkkkkkkkkkkk',0,'2022-12-17 16:23:50');

--
-- Table structure for table `ps_message_readed`
--

CREATE TABLE `ps_message_readed` (
  `id_message` int(10) unsigned NOT NULL,
  `id_employee` int(10) unsigned NOT NULL,
  `date_add` datetime NOT NULL,
  PRIMARY KEY (`id_message`,`id_employee`)
) ENGINE=InnoDB DEFAULT CHARSET=utf8;

--
-- Dumping data for table `ps_message_readed`
--


--
-- Table structure for table `ps_meta`
--

CREATE TABLE `ps_meta` (
  `id_meta` int(10) unsigned NOT NULL AUTO_INCREMENT,
  `page` varchar(64) NOT NULL,
  `configurable` tinyint(1) unsigned NOT NULL DEFAULT '1',
  PRIMARY KEY (`id_meta`),
  UNIQUE KEY `page` (`page`),
  KEY `meta_name` (`page`)
) ENGINE=InnoDB AUTO_INCREMENT=37 DEFAULT CHARSET=utf8;

--
-- Dumping data for table `ps_meta`
--

INSERT INTO `ps_meta` VALUES (1,'404',1),(2,'best-sales',1),(3,'contact',1),(4,'index',1),(5,'manufacturer',1),(6,'new-products',1),(7,'password',1),(8,'prices-drop',1),(9,'sitemap',1),(10,'supplier',1),(11,'address',1),(12,'addresses',1),(13,'authentication',1),(14,'cart',1),(15,'discount',1),(16,'history',1),(17,'identity',1),(18,'my-account',1),(19,'order-follow',1),(20,'order-slip',1),(21,'order',1),(22,'search',1),(23,'stores',1),(24,'order-opc',1),(25,'guest-tracking',1),(26,'order-confirmation',1),(27,'product',0),(28,'category',0),(29,'cms',0),(30,'module-cheque-payment',0),(31,'module-cheque-validation',0),(32,'module-bankwire-validation',0),(33,'module-bankwire-payment',0),(34,'products-comparison',1),(35,'module-loyalty-default',0),(36,'module-cashondelivery-validation',0);

--
-- Table structure for table `ps_meta_lang`
--

CREATE TABLE `ps_meta_lang` (
  `id_meta` int(10) unsigned NOT NULL,
  `id_shop` int(11) unsigned NOT NULL DEFAULT '1',
  `id_lang` int(10) unsigned NOT NULL,
  `title` varchar(128) DEFAULT NULL,
  `description` varchar(255) DEFAULT NULL,
  `keywords` varchar(255) DEFAULT NULL,
  `url_rewrite` varchar(254) NOT NULL,
  PRIMARY KEY (`id_meta`,`id_shop`,`id_lang`),
  KEY `id_shop` (`id_shop`),
  KEY `id_lang` (`id_lang`)
) ENGINE=InnoDB DEFAULT CHARSET=utf8;

--
-- Dumping data for table `ps_meta_lang`
--

INSERT INTO `ps_meta_lang` VALUES (1,1,1,'Erreur 404','Cette page est introuvable','','page-non-trouvee'),(1,1,2,'Erreur 404','Cette page est introuvable','','page-non-trouvee'),(2,1,1,'Meilleures ventes','Liste de nos produits les mieux vendus','','meilleures-ventes'),(2,1,2,'Meilleures ventes','Liste de nos produits les mieux vendus','','meilleures-ventes'),(3,1,1,'SAV 7j/7','Utilisez notre formulaire pour nous contacter','','contactez-nous'),(3,1,2,'Contactez-nous','Utilisez notre formulaire pour nous contacter','','contactez-nous'),(4,1,1,'Vente des instruments de musique','Vente des instruments de musique','Instruments de musique,guitares,pianos,sonorisation,Maroc,Prix,Yamaha,Fender,Artesia,instruments,musique,instrument',''),(4,1,2,'','Boutique propulsée par PrestaShop','',''),(5,1,1,'Fabricants','Liste de nos fabricants','','fabricants'),(5,1,2,'Fabricants','Liste de nos fabricants','','fabricants'),(6,1,1,'Nouveaux produits','Liste de nos nouveaux produits','','nouveaux-produits'),(6,1,2,'Nouveaux produits','Liste de nos nouveaux produits','','nouveaux-produits'),(7,1,1,'Mot de passe oublié','Renseignez votre adresse e-mail afin de recevoir votre nouveau mot de passe.','','mot-de-passe-oublie'),(7,1,2,'Mot de passe oublié','Renseignez votre adresse e-mail afin de recevoir votre nouveau mot de passe.','','mot-de-passe-oublie'),(8,1,1,'Promotions','Nos produits en promotion','','promotions'),(8,1,2,'Promotions','Nos produits en promotion','','promotions'),(9,1,1,'Plan du site','Perdu ? Trouvez ce que vous cherchez','','plan-du-site'),(9,1,2,'Plan du site','Perdu ? Trouvez ce que vous cherchez','','plan-du-site'),(10,1,1,'Fournisseurs','Liste de nos fournisseurs','','fournisseurs'),(10,1,2,'Fournisseurs','Liste de nos fournisseurs','','fournisseurs'),(11,1,1,'Adresse','','','adresse'),(11,1,2,'Adresse','','','adresse'),(12,1,1,'Adresses','','','adresses'),(12,1,2,'Adresses','','','adresses'),(13,1,1,'Authentification','','','authentification'),(13,1,2,'Authentification','','','authentification'),(14,1,1,'Panier','','','panier'),(14,1,2,'Panier','','','panier'),(15,1,1,'Bons de réduction','','','bons-de-reduction'),(15,1,2,'Bons de réduction','','','bons-de-reduction'),(16,1,1,'Historique des commandes','','','historique-des-commandes'),(16,1,2,'Historique des commandes','','','historique-des-commandes'),(17,1,1,'Identité','','','identite'),(17,1,2,'Identité','','','identite'),(18,1,1,'Mon compte','','','mon-compte'),(18,1,2,'Mon compte','','','mon-compte'),(19,1,1,'Détails de la commande','','','details-de-la-commande'),(19,1,2,'Détails de la commande','','','details-de-la-commande'),(20,1,1,'Avoirs','','','avoirs'),(20,1,2,'Avoirs','','','avoirs'),(21,1,1,'Commande','','','commande'),(21,1,2,'Commande','','','commande'),(22,1,1,'Recherche','','','recherche'),(22,1,2,'Recherche','','','recherche'),(23,1,1,'Magasins','','','magasins'),(23,1,2,'Magasins','','','magasins'),(24,1,1,'Commande','','','commande-rapide'),(24,1,2,'Commande','','','commande-rapide'),(25,1,1,'Suivi de commande invité','','','suivi-commande-invite'),(25,1,2,'Suivi de commande invité','','','suivi-commande-invite'),(26,1,1,'Confirmation de commande','','','confirmation-commande'),(26,1,2,'Confirmation de commande','','','confirmation-commande'),(27,0,1,NULL,NULL,NULL,''),(27,0,2,NULL,NULL,NULL,''),(28,0,1,NULL,NULL,NULL,''),(28,0,2,NULL,NULL,NULL,''),(29,0,1,NULL,NULL,NULL,''),(29,0,2,NULL,NULL,NULL,''),(30,0,1,NULL,NULL,NULL,''),(30,0,2,NULL,NULL,NULL,''),(31,0,1,NULL,NULL,NULL,''),(31,0,2,NULL,NULL,NULL,''),(32,0,1,NULL,NULL,NULL,''),(32,0,2,NULL,NULL,NULL,''),(33,0,1,NULL,NULL,NULL,''),(33,0,2,NULL,NULL,NULL,''),(34,1,1,'Comparaison de produits','','','comparaison-de-produits'),(34,1,2,'Comparaison de produits','','','comparaison-de-produits'),(35,1,1,'','','',''),(35,1,2,'','','',''),(36,1,1,'','','',''),(36,1,2,'','','','');

--
-- Table structure for table `ps_module`
--

CREATE TABLE `ps_module` (
  `id_module` int(10) unsigned NOT NULL AUTO_INCREMENT,
  `name` varchar(64) NOT NULL,
  `active` tinyint(1) unsigned NOT NULL DEFAULT '0',
  `version` varchar(8) NOT NULL,
  PRIMARY KEY (`id_module`),
  KEY `name` (`name`)
) ENGINE=InnoDB AUTO_INCREMENT=92 DEFAULT CHARSET=utf8;

--
-- Dumping data for table `ps_module`
--

INSERT INTO `ps_module` VALUES (1,'socialsharing',1,'1.4.3'),(2,'blockbanner',1,'1.4.1'),(3,'bankwire',1,'1.1.2'),(4,'blockbestsellers',1,'1.8.1'),(6,'blocksocial',1,'1.2.2'),(7,'blockcategories',1,'2.9.4'),(8,'blockcurrencies',1,'0.4.1'),(9,'blockfacebook',1,'1.4.1'),(10,'blocklanguages',1,'1.5.1'),(11,'blocklayered',1,'2.2.1'),(12,'blockcms',1,'1.9'),(13,'blockcmsinfo',1,'1.6.1'),(14,'blockcontact',1,'1.4.1'),(15,'blockcontactinfos',1,'1.2.1'),(16,'blockmanufacturer',1,'1.4.1'),(17,'blockmyaccount',1,'1.4.1'),(18,'blockmyaccountfooter',1,'1.6.1'),(19,'blocknewproducts',1,'1.10.1'),(20,'blocknewsletter',1,'2.4.0'),(21,'blockpaymentlogo',1,'0.3.1'),(22,'blocksearch',1,'1.7.1'),(23,'blockspecials',1,'1.3.1'),(24,'blockstore',1,'1.3.1'),(25,'blocksupplier',1,'1.2.1'),(26,'blocktags',1,'1.3.1'),(27,'blocktopmenu',1,'2.2.4'),(28,'blockuserinfo',1,'0.4.1'),(29,'blockviewed',1,'1.2'),(30,'cheque',1,'2.7.2'),(31,'dashactivity',1,'1.0.0'),(32,'dashtrends',1,'1.0.0'),(33,'dashgoals',1,'1.0.0'),(34,'dashproducts',1,'1.0.0'),(35,'graphnvd3',1,'1.5.1'),(36,'gridhtml',1,'1.3.1'),(37,'homeslider',1,'1.6.1'),(38,'homefeatured',1,'1.8.1'),(39,'productpaymentlogos',1,'1.4.1'),(40,'pagesnotfound',1,'1.5.1'),(41,'sekeywords',1,'1.4.1'),(42,'statsbestcategories',1,'1.5.1'),(43,'statsbestcustomers',1,'1.5.1'),(44,'statsbestproducts',1,'1.5.1'),(45,'statsbestsuppliers',1,'1.4.1'),(46,'statsbestvouchers',1,'1.5.1'),(47,'statscarrier',1,'1.4.1'),(48,'statscatalog',1,'1.4.0'),(49,'statscheckup',1,'1.5.0'),(50,'statsdata',1,'1.6.2'),(51,'statsequipment',1,'1.3.1'),(52,'statsforecast',1,'1.4.1'),(53,'statslive',1,'1.3.1'),(54,'statsnewsletter',1,'1.4.2'),(55,'statsorigin',1,'1.4.1'),(56,'statspersonalinfos',1,'1.4.1'),(57,'statsproduct',1,'1.5.0'),(59,'statssales',1,'1.3.1'),(60,'statssearch',1,'1.4.1'),(61,'statsstock',1,'1.3'),(62,'statsvisits',1,'1.6.1'),(63,'themeconfigurator',1,'2.1.3'),(64,'editorial',1,'2.6.0'),(65,'storecommander',1,'2.0.0'),(66,'carriercompare',1,'2.3.1'),(68,'gapi',1,'1.2.2'),(69,'oneandonehosting',1,'1.0.3'),(70,'ekomiratingsandreviews',1,'1.5.1'),(71,'loyalty',1,'1.2.9'),(72,'prestafraud',1,'1.1.7'),(73,'cobiro',1,'1.4.0'),(74,'cleverppc',1,'1.4.4'),(75,'paypal',1,'3.16.2'),(76,'paypal',1,'3.16.2'),(77,'psaddonsconnect',1,'1.0.1'),(78,'productcomments',1,'3.6.1'),(79,'leomanagewidgets',1,'4.0.0'),(81,'leocustomajax',1,'1.0.0'),(82,'leosliderlayer',1,'1.0.0'),(83,'leotempcp',1,'3.0.0'),(84,'sendtoafriend',1,'1.9.0'),(85,'productscategory',1,'1.8.1'),(86,'cashondelivery',1,'1.0.0'),(87,'touchize',1,'1.1.5'),(88,'leobootstrapmenu',1,'3.0.0'),(89,'followup',1,'1.7.1'),(90,'securitypatch',1,'1.0.2'),(91,'smartsupp',1,'2.1.8');

--
-- Table structure for table `ps_module_access`
--

CREATE TABLE `ps_module_access` (
  `id_profile` int(10) unsigned NOT NULL,
  `id_module` int(10) unsigned NOT NULL,
  `view` tinyint(1) NOT NULL,
  `configure` tinyint(1) NOT NULL,
  PRIMARY KEY (`id_profile`,`id_module`)
) ENGINE=InnoDB DEFAULT CHARSET=utf8;

--
-- Dumping data for table `ps_module_access`
--

INSERT INTO `ps_module_access` VALUES (2,1,1,1),(2,2,1,1),(2,3,1,1),(2,4,1,1),(2,6,1,1),(2,7,1,1),(2,8,1,1),(2,9,1,1),(2,10,1,1),(2,11,1,1),(2,12,1,1),(2,13,1,1),(2,14,1,1),(2,15,1,1),(2,16,1,1),(2,17,1,1),(2,18,1,1),(2,19,1,1),(2,20,1,1),(2,21,1,1),(2,22,1,1),(2,23,1,1),(2,24,1,1),(2,25,1,1),(2,26,1,1),(2,27,1,1),(2,28,1,1),(2,29,1,1),(2,30,1,1),(2,31,1,1),(2,32,1,1),(2,33,1,1),(2,34,1,1),(2,35,1,1),(2,36,1,1),(2,37,1,1),(2,38,1,1),(2,39,1,1),(2,40,1,1),(2,41,1,1),(2,42,1,1),(2,43,1,1),(2,44,1,1),(2,45,1,1),(2,46,1,1),(2,47,1,1),(2,48,1,1),(2,49,1,1),(2,50,1,1),(2,51,1,1),(2,52,1,1),(2,53,1,1),(2,54,1,1),(2,55,1,1),(2,56,1,1),(2,57,1,1),(2,59,1,1),(2,60,1,1),(2,61,1,1),(2,62,1,1),(2,63,1,1),(2,64,1,1),(2,65,1,1),(2,66,1,1),(2,68,1,1),(2,69,1,1),(2,70,1,1),(2,71,1,1),(2,72,1,1),(2,73,1,1),(2,74,1,1),(2,75,1,1),(2,76,1,1),(2,77,1,1),(2,78,1,1),(2,79,1,1),(2,81,1,1),(2,82,1,1),(2,83,1,1),(2,84,1,1),(2,85,1,1),(2,86,1,1),(2,87,1,1),(2,88,1,1),(2,89,1,1),(2,90,1,1),(2,91,1,1),(3,1,1,0),(3,2,1,0),(3,3,1,0),(3,4,1,0),(3,6,1,0),(3,7,1,0),(3,8,1,0),(3,9,1,0),(3,10,1,0),(3,11,1,0),(3,12,1,0),(3,13,1,0),(3,14,1,0),(3,15,1,0),(3,16,1,0),(3,17,1,0),(3,18,1,0),(3,19,1,0),(3,20,1,0),(3,21,1,0),(3,22,1,0),(3,23,1,0),(3,24,1,0),(3,25,1,0),(3,26,1,0),(3,27,1,0),(3,28,1,0),(3,29,1,0),(3,30,1,0),(3,31,1,0),(3,32,1,0),(3,33,1,0),(3,34,1,0),(3,35,1,0),(3,36,1,0),(3,37,1,0),(3,38,1,0),(3,39,1,0),(3,40,1,0),(3,41,1,0),(3,42,1,0),(3,43,1,0),(3,44,1,0),(3,45,1,0),(3,46,1,0),(3,47,1,0),(3,48,1,0),(3,49,1,0),(3,50,1,0),(3,51,1,0),(3,52,1,0),(3,53,1,0),(3,54,1,0),(3,55,1,0),(3,56,1,0),(3,57,1,0),(3,59,1,0),(3,60,1,0),(3,61,1,0),(3,62,1,0),(3,63,1,0),(3,64,1,0),(3,65,1,0),(3,66,1,0),(3,68,1,0),(3,69,1,0),(3,70,1,0),(3,71,1,0),(3,72,1,0),(3,73,1,0),(3,74,1,0),(3,75,1,0),(3,76,1,0),(3,77,1,0),(3,78,1,0),(3,79,1,0),(3,81,1,0),(3,82,1,0),(3,83,1,0),(3,84,1,0),(3,85,1,0),(3,86,1,0),(3,87,1,0),(3,88,1,0),(3,89,1,0),(3,90,1,0),(3,91,1,0),(4,1,1,1),(4,2,1,1),(4,3,1,1),(4,4,1,1),(4,6,1,1),(4,7,1,1),(4,8,1,1),(4,9,1,1),(4,10,1,1),(4,11,1,1),(4,12,1,1),(4,13,1,1),(4,14,1,1),(4,15,1,1),(4,16,1,1),(4,17,1,1),(4,18,1,1),(4,19,1,1),(4,20,1,1),(4,21,1,1),(4,22,1,1),(4,23,1,1),(4,24,1,1),(4,25,1,1),(4,26,1,1),(4,27,1,1),(4,28,1,1),(4,29,1,1),(4,30,1,1),(4,31,1,1),(4,32,1,1),(4,33,1,1),(4,34,1,1),(4,35,1,1),(4,36,1,1),(4,37,1,1),(4,38,1,1),(4,39,1,1),(4,40,1,1),(4,41,1,1),(4,42,1,1),(4,43,1,1),(4,44,1,1),(4,45,1,1),(4,46,1,1),(4,47,1,1),(4,48,1,1),(4,49,1,1),(4,50,1,1),(4,51,1,1),(4,52,1,1),(4,53,1,1),(4,54,1,1),(4,55,1,1),(4,56,1,1),(4,57,1,1),(4,59,1,1),(4,60,1,1),(4,61,1,1),(4,62,1,1),(4,63,1,1),(4,64,1,1),(4,65,1,1),(4,66,1,1),(4,68,1,1),(4,69,1,1),(4,70,1,1),(4,71,1,1),(4,72,1,1),(4,73,1,1),(4,74,1,1),(4,75,1,1),(4,76,1,1),(4,77,1,1),(4,78,1,1),(4,79,1,1),(4,81,1,1),(4,82,1,1),(4,83,1,1),(4,84,1,1),(4,85,1,1),(4,86,1,1),(4,87,1,1),(4,88,1,1),(4,89,1,1),(4,90,1,1),(4,91,1,1);

--
-- Table structure for table `ps_module_country`
--

CREATE TABLE `ps_module_country` (
  `id_module` int(10) unsigned NOT NULL,
  `id_shop` int(11) unsigned NOT NULL DEFAULT '1',
  `id_country` int(10) unsigned NOT NULL,
  PRIMARY KEY (`id_module`,`id_shop`,`id_country`)
) ENGINE=InnoDB DEFAULT CHARSET=utf8;

--
-- Dumping data for table `ps_module_country`
--

INSERT INTO `ps_module_country` VALUES (3,1,152),(30,1,152),(75,1,152),(76,1,152),(86,1,152);

--
-- Table structure for table `ps_module_currency`
--

CREATE TABLE `ps_module_currency` (
  `id_module` int(10) unsigned NOT NULL,
  `id_shop` int(11) unsigned NOT NULL DEFAULT '1',
  `id_currency` int(11) NOT NULL,
  PRIMARY KEY (`id_module`,`id_shop`,`id_currency`),
  KEY `id_module` (`id_module`)
) ENGINE=InnoDB DEFAULT CHARSET=utf8;

--
-- Dumping data for table `ps_module_currency`
--

INSERT INTO `ps_module_currency` VALUES (3,1,1),(30,1,1),(75,1,-2),(76,1,-2),(86,1,1);

--
-- Table structure for table `ps_module_group`
--

CREATE TABLE `ps_module_group` (
  `id_module` int(10) unsigned NOT NULL,
  `id_shop` int(11) unsigned NOT NULL DEFAULT '1',
  `id_group` int(11) unsigned NOT NULL,
  PRIMARY KEY (`id_module`,`id_shop`,`id_group`)
) ENGINE=InnoDB DEFAULT CHARSET=utf8;

--
-- Dumping data for table `ps_module_group`
--

INSERT INTO `ps_module_group` VALUES (1,1,1),(1,1,2),(1,1,3),(2,1,1),(2,1,2),(2,1,3),(3,1,1),(3,1,2),(3,1,3),(4,1,1),(4,1,2),(4,1,3),(6,1,1),(6,1,2),(6,1,3),(7,1,1),(7,1,2),(7,1,3),(8,1,1),(8,1,2),(8,1,3),(9,1,1),(9,1,2),(9,1,3),(10,1,1),(10,1,2),(10,1,3),(11,1,1),(11,1,2),(11,1,3),(12,1,1),(12,1,2),(12,1,3),(13,1,1),(13,1,2),(13,1,3),(14,1,1),(14,1,2),(14,1,3),(15,1,1),(15,1,2),(15,1,3),(16,1,1),(16,1,2),(16,1,3),(17,1,1),(17,1,2),(17,1,3),(18,1,1),(18,1,2),(18,1,3),(19,1,1),(19,1,2),(19,1,3),(20,1,1),(20,1,2),(20,1,3),(21,1,1),(21,1,2),(21,1,3),(22,1,1),(22,1,2),(22,1,3),(23,1,1),(23,1,2),(23,1,3),(24,1,1),(24,1,2),(24,1,3),(25,1,1),(25,1,2),(25,1,3),(26,1,1),(26,1,2),(26,1,3),(27,1,1),(27,1,2),(27,1,3),(28,1,1),(28,1,2),(28,1,3),(29,1,1),(29,1,2),(29,1,3),(30,1,1),(30,1,2),(30,1,3),(31,1,1),(31,1,2),(31,1,3),(32,1,1),(32,1,2),(32,1,3),(33,1,1),(33,1,2),(33,1,3),(34,1,1),(34,1,2),(34,1,3),(35,1,1),(35,1,2),(35,1,3),(36,1,1),(36,1,2),(36,1,3),(37,1,1),(37,1,2),(37,1,3),(38,1,1),(38,1,2),(38,1,3),(39,1,1),(39,1,2),(39,1,3),(40,1,1),(40,1,2),(40,1,3),(41,1,1),(41,1,2),(41,1,3),(42,1,1),(42,1,2),(42,1,3),(43,1,1),(43,1,2),(43,1,3),(44,1,1),(44,1,2),(44,1,3),(45,1,1),(45,1,2),(45,1,3),(46,1,1),(46,1,2),(46,1,3),(47,1,1),(47,1,2),(47,1,3),(48,1,1),(48,1,2),(48,1,3),(49,1,1),(49,1,2),(49,1,3),(50,1,1),(50,1,2),(50,1,3),(51,1,1),(51,1,2),(51,1,3),(52,1,1),(52,1,2),(52,1,3),(53,1,1),(53,1,2),(53,1,3),(54,1,1),(54,1,2),(54,1,3),(55,1,1),(55,1,2),(55,1,3),(56,1,1),(56,1,2),(56,1,3),(57,1,1),(57,1,2),(57,1,3),(59,1,1),(59,1,2),(59,1,3),(60,1,1),(60,1,2),(60,1,3),(61,1,1),(61,1,2),(61,1,3),(62,1,1),(62,1,2),(62,1,3),(63,1,1),(63,1,2),(63,1,3),(64,1,1),(64,1,2),(64,1,3),(65,1,1),(65,1,2),(65,1,3),(66,1,1),(66,1,2),(66,1,3),(68,1,1),(68,1,2),(68,1,3),(69,1,1),(69,1,2),(69,1,3),(70,1,1),(70,1,2),(70,1,3),(71,1,1),(71,1,2),(71,1,3),(72,1,1),(72,1,2),(72,1,3),(73,1,1),(73,1,2),(73,1,3),(74,1,1),(74,1,2),(74,1,3),(75,1,1),(75,1,2),(75,1,3),(76,1,1),(76,1,2),(76,1,3),(77,1,1),(77,1,2),(77,1,3),(78,1,1),(78,1,2),(78,1,3),(79,1,1),(79,1,2),(79,1,3),(81,1,1),(81,1,2),(81,1,3),(82,1,1),(82,1,2),(82,1,3),(83,1,1),(83,1,2),(83,1,3),(84,1,1),(84,1,2),(84,1,3),(85,1,1),(85,1,2),(85,1,3),(86,1,1),(86,1,2),(86,1,3),(87,1,1),(87,1,2),(87,1,3),(88,1,1),(88,1,2),(88,1,3),(89,1,1),(89,1,2),(89,1,3),(90,1,1),(90,1,2),(90,1,3),(91,1,1),(91,1,2),(91,1,3);

--
-- Table structure for table `ps_module_preference`
--

CREATE TABLE `ps_module_preference` (
  `id_module_preference` int(11) NOT NULL AUTO_INCREMENT,
  `id_employee` int(11) NOT NULL,
  `module` varchar(255) NOT NULL,
  `interest` tinyint(1) DEFAULT NULL,
  `favorite` tinyint(1) DEFAULT NULL,
  PRIMARY KEY (`id_module_preference`),
  UNIQUE KEY `employee_module` (`id_employee`,`module`)
) ENGINE=InnoDB DEFAULT CHARSET=utf8;

--
-- Dumping data for table `ps_module_preference`
--


--
-- Table structure for table `ps_module_shop`
--

CREATE TABLE `ps_module_shop` (
  `id_module` int(11) unsigned NOT NULL,
  `id_shop` int(11) unsigned NOT NULL,
  `enable_device` tinyint(1) NOT NULL DEFAULT '7',
  PRIMARY KEY (`id_module`,`id_shop`),
  KEY `id_shop` (`id_shop`)
) ENGINE=InnoDB DEFAULT CHARSET=utf8;

--
-- Dumping data for table `ps_module_shop`
--

INSERT INTO `ps_module_shop` VALUES (1,1,7),(2,1,7),(3,1,7),(6,1,7),(7,1,7),(8,1,7),(9,1,7),(10,1,7),(11,1,7),(12,1,7),(13,1,7),(14,1,7),(15,1,7),(16,1,7),(17,1,7),(18,1,7),(19,1,7),(20,1,7),(21,1,7),(22,1,7),(23,1,7),(24,1,7),(25,1,7),(26,1,7),(27,1,7),(28,1,7),(29,1,7),(30,1,7),(31,1,7),(32,1,7),(33,1,7),(34,1,7),(35,1,7),(36,1,7),(37,1,7),(38,1,7),(39,1,7),(40,1,7),(41,1,7),(42,1,7),(43,1,7),(45,1,7),(46,1,7),(47,1,7),(48,1,7),(49,1,7),(50,1,7),(51,1,7),(52,1,7),(53,1,7),(54,1,7),(55,1,7),(56,1,7),(57,1,7),(59,1,7),(60,1,7),(61,1,7),(62,1,7),(63,1,7),(64,1,7),(65,1,7),(66,1,7),(68,1,7),(69,1,7),(70,1,7),(72,1,7),(73,1,7),(74,1,7),(75,1,7),(76,1,7),(77,1,7),(78,1,7),(84,1,7),(85,1,7),(86,1,7),(87,1,7),(88,1,7),(89,1,7),(90,1,7),(91,1,7);

--
-- Table structure for table `ps_newsletter`
--

CREATE TABLE `ps_newsletter` (
  `id` int(6) NOT NULL AUTO_INCREMENT,
  `id_shop` int(10) unsigned NOT NULL DEFAULT '1',
  `id_shop_group` int(10) unsigned NOT NULL DEFAULT '1',
  `email` varchar(255) NOT NULL,
  `newsletter_date_add` datetime DEFAULT NULL,
  `ip_registration_newsletter` varchar(15) NOT NULL,
  `http_referer` varchar(255) DEFAULT NULL,
  `active` tinyint(1) NOT NULL DEFAULT '0',
  PRIMARY KEY (`id`)
) ENGINE=InnoDB AUTO_INCREMENT=13 DEFAULT CHARSET=utf8;

--
-- Dumping data for table `ps_newsletter`
--

INSERT INTO `ps_newsletter` VALUES (1,1,1,'aelkarafi@icloud.com','2020-04-07 12:17:02','160.176.115.139','',1),(2,1,1,'Mohamedidy2003@gmail.com','2020-06-10 19:20:47','160.178.224.122',NULL,1),(3,1,1,'michetguy@wanadoo.fr','2020-11-30 16:06:23','90.20.152.43',NULL,1),(4,1,1,'m.aghris@casema.nl','2021-03-25 10:39:03','83.87.113.12',NULL,1),(5,1,1,'hubert.bordiergarnier@gmail.com','2021-07-13 17:45:11','196.67.249.66',NULL,1),(6,1,1,'gemoriontal2000@gmail.com','2021-07-25 18:39:27','41.140.62.190',NULL,1),(7,1,1,'w-abdel@hotmail.com','2021-12-13 11:17:40','197.253.197.190',NULL,1),(8,1,1,'eqmcdcfiyz@jeqpd.com','2022-03-01 22:42:50','63.32.54.86',NULL,1),(9,1,1,'ouaalimustapha@gmail.com','2022-03-17 01:13:37','197.253.217.177',NULL,1),(10,1,1,'nouredine.alami@live.fr','2022-07-04 20:35:48','102.101.175.87','',1),(11,1,1,'roikot@gmail.com','2022-08-02 16:03:05','37.30.45.158',NULL,1),(12,1,1,'cajo3qqgeuu@hubmail.info','2022-09-15 07:16:31','203.155.221.253',NULL,1);

--
-- Table structure for table `ps_operating_system`
--

CREATE TABLE `ps_operating_system` (
  `id_operating_system` int(10) unsigned NOT NULL AUTO_INCREMENT,
  `name` varchar(64) DEFAULT NULL,
  PRIMARY KEY (`id_operating_system`)
) ENGINE=InnoDB AUTO_INCREMENT=8 DEFAULT CHARSET=utf8;

--
-- Dumping data for table `ps_operating_system`
--

INSERT INTO `ps_operating_system` VALUES (1,'Windows XP'),(2,'Windows Vista'),(3,'Windows 7'),(4,'Windows 8'),(5,'MacOsX'),(6,'Linux'),(7,'Android');

--
-- Table structure for table `ps_order_carrier`
--

CREATE TABLE `ps_order_carrier` (
  `id_order_carrier` int(11) NOT NULL AUTO_INCREMENT,
  `id_order` int(11) unsigned NOT NULL,
  `id_carrier` int(11) unsigned NOT NULL,
  `id_order_invoice` int(11) unsigned DEFAULT NULL,
  `weight` decimal(20,6) DEFAULT NULL,
  `shipping_cost_tax_excl` decimal(20,6) DEFAULT NULL,
  `shipping_cost_tax_incl` decimal(20,6) DEFAULT NULL,
  `tracking_number` varchar(64) DEFAULT NULL,
  `date_add` datetime NOT NULL,
  PRIMARY KEY (`id_order_carrier`),
  KEY `id_order` (`id_order`),
  KEY `id_carrier` (`id_carrier`),
  KEY `id_order_invoice` (`id_order_invoice`)
) ENGINE=InnoDB AUTO_INCREMENT=387 DEFAULT CHARSET=utf8;

--
-- Dumping data for table `ps_order_carrier`
--

INSERT INTO `ps_order_carrier` VALUES (1,1,2,0,0.000000,2.000000,2.000000,'','2018-08-31 09:33:30'),(2,2,2,0,0.000000,2.000000,2.000000,'','2018-08-31 09:33:30'),(3,3,2,0,0.000000,2.000000,2.000000,'','2018-08-31 09:33:30'),(4,4,2,0,0.000000,2.000000,2.000000,'','2018-08-31 09:33:30'),(5,5,2,0,0.000000,2.000000,2.000000,'','2018-08-31 09:33:30'),(6,6,3,0,0.000000,59.500000,71.400000,'','2018-10-03 12:04:23'),(7,7,3,0,0.000000,59.500000,71.400000,'','2018-12-31 10:52:29'),(8,8,3,0,0.000000,59.500000,71.400000,'','2019-01-09 12:18:17'),(9,9,3,0,0.000000,59.500000,71.400000,'','2019-01-20 01:54:19'),(10,10,3,0,0.000000,59.500000,71.400000,'','2019-04-24 10:04:01'),(11,11,3,0,0.000000,59.500000,71.400000,'','2019-05-18 09:22:09'),(12,12,3,0,0.000000,59.500000,71.400000,'','2019-09-17 23:21:55'),(13,13,3,0,0.000000,59.500000,71.400000,'','2019-12-27 23:23:19'),(14,14,3,1,0.000000,59.500000,71.400000,'','2020-01-12 09:53:42'),(15,15,3,2,0.000000,59.500000,71.400000,'','2020-01-17 16:44:29'),(16,16,3,3,0.000000,59.500000,71.400000,'','2020-01-29 09:15:09'),(17,17,3,4,0.000000,59.500000,71.400000,'','2020-02-02 20:05:09'),(18,18,3,5,0.000000,59.500000,71.400000,'','2020-02-06 11:44:17'),(19,19,3,6,3.000000,59.500000,71.400000,'','2020-02-12 03:37:18'),(20,20,3,7,0.000000,59.500000,71.400000,'','2020-04-01 18:37:41'),(21,21,3,8,6.000000,50.330000,60.400000,'','2020-04-03 19:59:57'),(22,22,3,9,0.000000,59.500000,71.400000,'','2020-04-07 11:16:35'),(23,23,3,10,0.000000,59.500000,71.400000,'','2020-04-10 18:20:15'),(24,24,3,11,0.000000,59.500000,71.400000,'','2020-04-10 23:29:47'),(25,25,3,12,0.000000,59.500000,71.400000,'','2020-04-11 16:38:04'),(26,26,3,13,0.000000,59.500000,71.400000,'','2020-04-12 06:34:16'),(27,27,3,14,0.000000,59.500000,71.400000,'','2020-04-12 16:18:52'),(28,28,3,15,0.000000,59.500000,71.400000,'','2020-04-13 16:04:44'),(29,29,3,16,0.500000,40.330000,48.400000,'','2020-04-13 18:56:06'),(30,30,3,17,0.000000,59.500000,71.400000,'','2020-04-13 19:38:57'),(31,31,3,18,0.000000,59.500000,71.400000,'','2020-04-13 19:48:40'),(32,32,3,19,0.000000,59.500000,71.400000,'','2020-04-16 18:22:15'),(33,33,3,20,0.000000,59.500000,71.400000,'','2020-04-17 18:28:24'),(34,34,3,21,0.000000,59.500000,71.400000,'','2020-04-18 13:37:41'),(35,35,3,22,0.000000,59.500000,71.400000,'','2020-04-18 23:34:59'),(36,36,3,23,0.000000,59.500000,71.400000,'','2020-04-19 07:46:16'),(37,37,3,24,0.500000,40.330000,48.400000,'','2020-04-19 18:37:02'),(38,38,3,25,0.000000,59.500000,71.400000,'','2020-04-20 21:50:52'),(39,39,3,26,0.500000,40.330000,48.400000,'','2020-04-21 12:08:29'),(40,40,3,27,0.000000,59.500000,71.400000,'','2020-04-21 18:15:36'),(41,41,3,28,0.000000,59.500000,71.400000,'','2020-04-22 15:43:03'),(42,42,3,29,0.500000,40.330000,48.400000,'','2020-04-25 14:04:29'),(43,43,3,30,0.500000,40.330000,48.400000,'','2020-04-25 23:27:39'),(44,44,3,31,0.000000,59.500000,71.400000,'','2020-04-26 09:33:44'),(45,45,3,32,0.000000,59.500000,71.400000,'','2020-04-26 11:33:07'),(46,46,3,33,0.000000,59.500000,71.400000,'','2020-04-28 16:52:43'),(47,47,3,34,0.000000,59.500000,71.400000,'','2020-04-28 18:40:33'),(48,48,3,35,0.000000,59.500000,71.400000,'','2020-04-30 14:43:13'),(49,49,3,36,0.000000,59.500000,71.400000,'','2020-04-30 19:22:26'),(50,50,3,37,0.000000,59.500000,71.400000,'','2020-05-05 09:38:22'),(51,51,3,38,0.000000,59.500000,71.400000,'','2020-05-06 03:31:34'),(52,52,3,39,0.000000,59.500000,71.400000,'','2020-05-06 03:31:53'),(53,53,3,40,0.000000,59.500000,71.400000,'','2020-05-06 23:00:32'),(54,54,3,41,0.500000,40.330000,48.400000,'','2020-05-10 11:28:56'),(55,55,3,0,6.000000,50.330000,60.400000,'','2020-05-12 15:04:44'),(56,56,3,42,0.500000,40.330000,48.400000,'','2020-05-14 12:59:38'),(57,57,3,43,0.000000,59.500000,71.400000,'','2020-05-16 16:26:35'),(58,58,3,44,0.000000,59.500000,71.400000,'','2020-05-16 17:18:31'),(59,59,3,45,0.000000,59.500000,71.400000,'','2020-05-16 19:47:16'),(60,60,3,46,0.000000,59.500000,71.400000,'','2020-05-16 21:27:47'),(61,61,3,47,3.000000,59.500000,71.400000,'','2020-05-18 02:51:16'),(62,62,3,48,0.000000,59.500000,71.400000,'','2020-05-19 21:35:09'),(63,63,3,49,0.000000,59.500000,71.400000,'','2020-05-20 02:21:44'),(64,64,3,50,0.000000,59.500000,71.400000,'','2020-05-22 15:08:23'),(65,65,3,51,0.000000,59.500000,71.400000,'','2020-05-23 04:37:24'),(66,66,3,52,0.000000,59.500000,71.400000,'','2020-05-23 14:24:41'),(67,67,3,53,0.000000,59.500000,71.400000,'','2020-05-23 20:55:05'),(68,68,3,54,0.000000,59.500000,71.400000,'','2020-05-25 21:52:27'),(69,69,3,55,6.000000,50.330000,60.400000,'','2020-05-27 00:40:19'),(70,70,3,56,0.000000,59.500000,71.400000,'','2020-05-27 12:16:28'),(71,71,3,57,0.000000,59.500000,71.400000,'','2020-05-27 20:43:47'),(72,72,3,58,0.000000,59.500000,71.400000,'','2020-05-28 23:01:00'),(73,73,3,59,0.000000,59.500000,71.400000,'','2020-05-29 20:41:10'),(74,74,3,60,0.500000,40.330000,48.400000,'','2020-05-30 18:14:47'),(75,75,3,61,0.000000,59.500000,71.400000,'','2020-05-31 19:10:18'),(76,76,3,62,0.000000,59.500000,71.400000,'','2020-06-01 18:00:45'),(77,77,3,63,0.000000,59.500000,71.400000,'','2020-06-02 12:39:47'),(78,78,3,64,0.000000,59.500000,71.400000,'','2020-06-03 21:40:48'),(79,79,3,65,0.000000,59.500000,71.400000,'','2020-06-06 23:28:02'),(80,80,3,66,0.500000,40.330000,48.400000,'','2020-06-07 12:31:56'),(81,81,3,67,0.000000,59.500000,71.400000,'','2020-06-08 14:28:02'),(82,82,3,68,0.000000,59.500000,71.400000,'','2020-06-15 00:21:28'),(83,83,3,69,0.500000,40.330000,48.400000,'','2020-06-15 12:02:43'),(84,84,3,70,0.000000,59.500000,71.400000,'','2020-06-17 16:42:37'),(85,85,3,71,0.500000,40.330000,48.400000,'','2020-06-19 18:02:50'),(86,86,3,72,0.000000,59.500000,71.400000,'','2020-07-01 19:56:47'),(87,87,3,73,3.000000,59.500000,71.400000,'','2020-07-02 00:38:39'),(88,88,3,74,6.000000,50.330000,60.400000,'','2020-07-07 21:18:36'),(89,89,3,75,0.000000,59.500000,71.400000,'','2020-07-08 22:33:25'),(90,90,3,76,0.000000,59.500000,71.400000,'','2020-07-08 22:39:38'),(91,91,3,77,6.000000,50.330000,60.400000,'','2020-07-12 00:03:28'),(92,92,3,78,6.000000,50.330000,60.400000,'','2020-07-12 00:08:46'),(93,93,3,79,6.000000,50.330000,60.400000,'','2020-07-12 10:23:45'),(94,94,3,80,0.500000,40.330000,48.400000,'','2020-07-20 10:39:04'),(95,95,3,81,0.000000,59.500000,71.400000,'','2020-07-22 12:11:28'),(96,96,3,82,6.000000,50.330000,60.400000,'','2020-07-24 12:52:35'),(97,97,3,83,6.000000,50.330000,60.400000,'','2020-07-24 12:53:15'),(98,98,3,84,6.000000,50.330000,60.400000,'','2020-07-24 13:04:58'),(99,99,3,85,0.000000,59.500000,71.400000,'','2020-07-24 19:14:03'),(100,100,3,86,6.000000,50.330000,60.400000,'','2020-07-31 17:22:50'),(101,101,3,87,0.000000,59.500000,71.400000,'','2020-08-01 18:51:38'),(102,102,3,88,0.000000,59.500000,71.400000,'','2020-08-05 23:26:00'),(103,103,3,89,6.000000,50.330000,60.400000,'','2020-08-09 12:22:58'),(104,104,3,90,6.000000,50.330000,60.400000,'','2020-08-14 16:16:41'),(105,105,3,91,0.000000,59.500000,71.400000,'','2020-08-19 11:04:37'),(106,106,3,92,0.000000,59.500000,71.400000,'','2020-08-20 16:58:36'),(107,107,3,93,0.000000,59.500000,71.400000,'','2020-08-25 12:52:01'),(108,108,3,94,0.000000,59.500000,71.400000,'','2020-08-30 14:35:47'),(109,109,3,95,6.000000,50.330000,60.400000,'','2020-09-02 13:37:13'),(110,110,3,96,6.000000,50.330000,60.400000,'','2020-09-08 19:46:11'),(111,111,3,97,0.000000,59.500000,71.400000,'','2020-09-10 16:11:37'),(112,112,3,98,6.000000,50.330000,60.400000,'','2020-09-17 01:15:52'),(113,114,3,99,6.000000,50.330000,60.400000,'','2020-09-25 12:03:32'),(114,115,3,100,0.000000,59.500000,71.400000,'','2020-10-05 09:41:00'),(115,116,3,101,0.000000,59.500000,71.400000,'','2020-10-07 00:08:23'),(116,117,3,102,0.500000,40.330000,48.400000,'','2020-10-16 15:34:21'),(117,118,3,103,0.000000,59.500000,71.400000,'','2020-10-21 12:59:22'),(118,119,3,104,0.000000,59.500000,71.400000,'','2020-10-21 13:02:25'),(119,120,3,105,0.500000,40.330000,48.400000,'','2020-10-21 14:30:43'),(120,121,3,106,0.500000,40.330000,48.400000,'','2020-10-21 14:40:16'),(121,122,3,107,0.000000,59.500000,71.400000,'','2020-10-26 19:40:10'),(122,123,3,108,0.000000,59.500000,71.400000,'','2020-11-02 23:12:36'),(123,125,3,109,0.000000,59.500000,71.400000,'','2020-11-04 15:30:36'),(124,126,3,110,0.000000,59.500000,71.400000,'','2020-11-06 00:09:33'),(125,127,3,111,0.000000,59.500000,71.400000,'','2020-11-09 19:48:26'),(126,128,3,112,0.000000,59.500000,71.400000,'','2020-11-12 18:05:06'),(127,129,3,113,0.000000,59.500000,71.400000,'','2020-11-12 18:05:26'),(128,130,3,114,0.000000,59.500000,71.400000,'','2020-11-13 16:33:58'),(129,131,3,115,0.000000,59.500000,71.400000,'','2020-11-14 23:36:54'),(130,132,3,116,0.000000,59.500000,71.400000,'','2020-11-25 02:25:08'),(131,133,3,117,0.000000,59.500000,71.400000,'','2020-11-29 21:34:21'),(132,134,3,0,0.000000,59.500000,71.400000,'','2020-12-02 16:11:43'),(133,135,3,0,0.000000,59.500000,71.400000,'','2020-12-06 15:43:27'),(134,136,3,118,0.000000,59.500000,71.400000,'','2020-12-06 19:18:53'),(135,137,3,119,0.000000,59.500000,71.400000,'','2020-12-13 19:11:35'),(136,138,3,120,0.000000,59.500000,71.400000,'','2020-12-16 01:00:38'),(137,139,3,121,0.000000,59.500000,71.400000,'','2020-12-17 10:13:52'),(138,140,3,122,0.000000,59.500000,71.400000,'','2020-12-20 09:55:49'),(139,141,3,123,0.000000,59.500000,71.400000,'','2020-12-20 09:59:24'),(140,143,3,124,0.000000,59.500000,71.400000,'','2020-12-23 16:42:52'),(141,145,3,125,0.000000,59.500000,71.400000,'','2020-12-28 09:41:53'),(142,146,3,0,6.000000,50.330000,60.400000,'','2020-12-28 23:11:38'),(143,147,3,126,0.000000,59.500000,71.400000,'','2020-12-29 10:21:20'),(144,149,3,127,0.000000,59.500000,71.400000,'','2021-01-19 22:16:03'),(145,150,3,128,0.000000,59.500000,71.400000,'','2021-01-20 13:48:41'),(146,151,3,129,0.500000,40.330000,48.400000,'','2021-01-25 03:27:18'),(147,152,3,130,0.000000,59.500000,71.400000,'','2021-01-26 11:52:25'),(148,153,3,131,0.000000,59.500000,71.400000,'','2021-01-26 11:52:42'),(149,154,3,132,0.000000,59.500000,71.400000,'','2021-01-26 20:31:57'),(150,155,3,133,0.000000,59.500000,71.400000,'','2021-01-27 13:20:59'),(151,156,3,134,0.000000,59.500000,71.400000,'','2021-01-31 18:34:36'),(152,157,3,0,6.000000,50.330000,60.400000,'','2021-02-02 17:07:02'),(153,158,3,135,1.500000,41.170000,49.400000,'','2021-02-07 23:27:18'),(154,159,3,136,0.000000,59.500000,71.400000,'','2021-02-08 23:50:02'),(155,160,3,137,8.000000,52.000000,62.400000,'','2021-02-09 22:03:28'),(156,162,3,138,0.000000,59.500000,71.400000,'','2021-02-11 22:42:23'),(157,163,3,139,0.000000,59.500000,71.400000,'','2021-02-12 17:56:37'),(158,164,3,0,0.000000,59.500000,71.400000,'','2021-02-15 17:16:52'),(159,165,3,140,0.000000,59.500000,71.400000,'','2021-02-15 17:18:47'),(160,166,3,141,0.000000,59.500000,71.400000,'','2021-02-19 14:31:38'),(161,167,3,142,0.000000,59.500000,71.400000,'','2021-02-26 17:59:08'),(162,168,3,143,0.000000,59.500000,71.400000,'','2021-03-01 16:36:51'),(163,169,3,144,0.000000,59.500000,71.400000,'','2021-03-20 11:01:03'),(164,170,3,145,0.000000,59.500000,71.400000,'','2021-03-20 12:23:21'),(165,171,3,146,0.000000,59.500000,71.400000,'','2021-03-20 12:35:10'),(166,172,3,147,0.000000,59.500000,71.400000,'','2021-03-26 09:40:42'),(167,173,3,148,0.000000,59.500000,71.400000,'','2021-03-29 17:52:33'),(168,174,3,149,6.000000,50.330000,60.400000,'','2021-03-31 13:13:21'),(169,175,3,150,0.000000,59.500000,71.400000,'','2021-03-31 14:03:05'),(170,176,3,151,6.000000,50.330000,60.400000,'','2021-04-04 21:05:29'),(171,177,3,152,6.000000,50.330000,60.400000,'','2021-04-04 21:09:17'),(172,178,3,153,0.000000,59.500000,71.400000,'','2021-04-05 14:41:41'),(173,179,3,154,0.000000,59.500000,71.400000,'','2021-04-08 20:52:46'),(174,180,3,155,0.000000,59.500000,71.400000,'','2021-04-13 19:26:33'),(175,181,3,156,1.000000,59.500000,71.400000,'','2021-04-13 23:11:47'),(176,182,3,157,0.000000,59.500000,71.400000,'','2021-04-14 01:16:34'),(177,183,3,0,0.000000,59.500000,71.400000,'','2021-04-14 15:34:28'),(178,184,3,158,0.000000,59.500000,71.400000,'','2021-04-14 15:34:48'),(179,185,3,159,0.000000,59.500000,71.400000,'','2021-04-19 12:40:58'),(180,186,3,160,0.000000,59.500000,71.400000,'','2021-04-19 17:48:06'),(181,187,3,161,0.000000,59.500000,71.400000,'','2021-04-22 23:29:37'),(182,188,3,162,0.000000,59.500000,71.400000,'','2021-04-25 10:34:27'),(183,189,3,163,0.000000,59.500000,71.400000,'','2021-04-27 13:14:11'),(184,190,3,164,0.000000,59.500000,71.400000,'','2021-04-30 18:13:47'),(185,191,3,165,0.000000,59.500000,71.400000,'','2021-05-01 21:13:27'),(186,192,3,166,6.000000,50.330000,60.400000,'','2021-05-02 09:32:30'),(187,193,3,167,0.000000,59.500000,71.400000,'','2021-05-02 13:37:57'),(188,194,3,168,0.000000,59.500000,71.400000,'','2021-05-02 19:07:51'),(189,195,3,169,0.000000,59.500000,71.400000,'','2021-05-06 15:22:33'),(190,196,3,170,0.000000,59.500000,71.400000,'','2021-05-06 18:56:53'),(191,197,3,171,0.000000,59.500000,71.400000,'','2021-05-06 23:05:17'),(192,198,3,172,12.000000,59.500000,71.400000,'','2021-05-07 11:11:40'),(193,200,3,173,0.000000,59.500000,71.400000,'','2021-05-10 16:10:08'),(194,201,3,174,0.000000,59.500000,71.400000,'','2021-05-15 12:53:53'),(195,202,3,175,0.000000,59.500000,71.400000,'','2021-06-05 16:30:34'),(196,203,3,176,0.000000,59.500000,71.400000,'','2021-06-06 06:50:58'),(197,204,3,177,0.000000,59.500000,71.400000,'','2021-06-08 22:44:20'),(198,205,3,178,0.000000,59.500000,71.400000,'','2021-07-06 01:10:48'),(199,206,3,179,6.000000,50.330000,60.400000,'','2021-07-08 14:15:50'),(200,207,3,180,0.000000,59.500000,71.400000,'','2021-07-12 18:04:34'),(201,208,3,0,0.000000,59.500000,71.400000,'','2021-07-26 20:11:58'),(202,209,3,181,0.000000,59.500000,71.400000,'','2021-07-27 18:42:01'),(203,210,3,182,0.000000,59.500000,71.400000,'','2021-07-27 18:44:43'),(204,211,3,183,0.500000,40.330000,48.400000,'','2021-07-28 00:43:08'),(205,212,3,184,0.000000,59.500000,71.400000,'','2021-08-01 12:30:40'),(206,213,3,185,0.000000,59.500000,71.400000,'','2021-08-05 11:26:11'),(207,214,3,186,0.000000,59.500000,71.400000,'','2021-08-05 15:16:27'),(208,215,3,187,0.000000,59.500000,71.400000,'','2021-08-07 16:50:28'),(209,216,3,188,0.000000,59.500000,71.400000,'','2021-08-08 03:29:12'),(210,217,3,189,0.000000,59.500000,71.400000,'','2021-08-10 20:49:00'),(211,218,3,190,0.500000,40.330000,48.400000,'','2021-08-14 21:59:07'),(212,219,3,191,0.000000,59.500000,71.400000,'','2021-08-16 21:39:25'),(213,220,3,192,0.500000,40.330000,48.400000,'','2021-08-20 09:53:08'),(214,221,3,193,0.500000,40.330000,48.400000,'','2021-08-20 09:59:24'),(215,222,3,194,0.000000,59.500000,71.400000,'','2021-08-20 14:33:30'),(216,223,3,195,0.000000,59.500000,71.400000,'','2021-08-20 14:38:36'),(217,224,3,196,0.000000,59.500000,71.400000,'','2021-09-01 20:24:57'),(218,225,3,197,0.000000,59.500000,71.400000,'','2021-09-06 15:58:04'),(219,226,3,198,0.000000,59.500000,71.400000,'','2021-09-22 22:47:46'),(220,227,3,199,0.000000,59.500000,71.400000,'','2021-09-30 06:45:40'),(221,228,3,200,0.000000,59.500000,71.400000,'','2021-10-04 14:37:33'),(222,229,3,201,0.000000,59.500000,71.400000,'','2021-10-05 15:09:44'),(223,230,3,202,0.000000,59.500000,71.400000,'','2021-10-07 13:04:48'),(224,231,3,203,0.000000,59.500000,71.400000,'','2021-10-10 19:51:00'),(225,232,3,204,0.000000,59.500000,71.400000,'','2021-10-11 11:21:35'),(226,233,3,205,0.000000,59.500000,71.400000,'','2021-10-20 18:18:21'),(227,234,3,206,0.000000,59.500000,71.400000,'','2021-10-22 00:32:35'),(228,235,3,207,0.000000,59.500000,71.400000,'','2021-10-23 17:28:50'),(229,236,3,208,0.000000,59.500000,71.400000,'','2021-10-24 20:57:34'),(230,237,3,209,0.000000,59.500000,71.400000,'','2021-10-25 16:49:06'),(231,238,3,210,0.000000,59.500000,71.400000,'','2021-10-28 13:22:47'),(232,239,3,211,0.000000,59.500000,71.400000,'','2021-10-28 17:24:02'),(233,240,3,212,6.000000,50.330000,60.400000,'','2021-10-29 14:24:00'),(234,241,3,213,10.600000,59.500000,71.400000,'','2021-10-31 08:21:55'),(235,242,3,214,0.000000,59.500000,71.400000,'','2021-11-02 19:58:50'),(236,243,3,215,0.000000,59.500000,71.400000,'','2021-11-02 20:01:56'),(237,244,3,216,0.000000,59.500000,71.400000,'','2021-11-04 17:58:22'),(238,245,3,217,0.000000,59.500000,71.400000,'','2021-11-08 11:09:48'),(239,246,3,218,0.000000,59.500000,71.400000,'','2021-11-08 16:32:32'),(240,247,3,219,0.000000,59.500000,71.400000,'','2021-11-13 04:51:57'),(241,248,3,220,0.000000,59.500000,71.400000,'','2021-11-17 19:53:17'),(242,249,3,221,0.000000,59.500000,71.400000,'','2021-11-22 20:37:10'),(243,250,3,222,0.000000,59.500000,71.400000,'','2021-11-24 20:59:04'),(244,251,3,223,0.000000,59.500000,71.400000,'','2021-11-26 09:55:36'),(245,252,3,224,0.000000,59.500000,71.400000,'','2021-11-28 13:48:55'),(246,253,3,225,0.000000,59.500000,71.400000,'','2021-11-29 16:10:47'),(247,254,3,226,0.000000,59.500000,71.400000,'','2021-12-05 13:18:56'),(248,255,3,227,0.000000,59.500000,71.400000,'','2021-12-05 14:10:46'),(249,256,3,228,0.000000,59.500000,71.400000,'','2021-12-16 12:10:30'),(250,257,3,229,0.000000,59.500000,71.400000,'','2021-12-17 14:10:55'),(251,258,3,230,0.000000,59.500000,71.400000,'','2021-12-17 21:42:51'),(252,259,3,231,0.000000,59.500000,71.400000,'','2021-12-19 21:09:31'),(253,260,3,232,0.000000,59.500000,71.400000,'','2021-12-22 17:59:28'),(254,261,3,233,0.000000,59.500000,71.400000,'','2021-12-25 18:04:38'),(255,262,3,0,0.000000,59.500000,71.400000,'','2021-12-27 11:31:37'),(256,263,3,234,0.000000,59.500000,71.400000,'','2021-12-27 21:06:50'),(257,264,3,235,0.500000,40.330000,48.400000,'','2021-12-29 15:26:58'),(258,265,3,236,0.000000,59.500000,71.400000,'','2021-12-30 14:41:06'),(259,266,3,237,0.000000,59.500000,71.400000,'','2022-01-01 20:34:13'),(260,267,3,238,0.000000,59.500000,71.400000,'','2022-01-06 08:42:57'),(261,268,3,239,6.000000,50.330000,60.400000,'','2022-01-07 00:14:13'),(262,269,3,240,0.500000,40.330000,48.400000,'','2022-01-07 21:36:34'),(263,270,3,241,0.000000,59.500000,71.400000,'','2022-01-09 22:42:41'),(264,271,3,242,0.000000,59.500000,71.400000,'','2022-01-10 09:37:41'),(265,272,3,243,0.000000,59.500000,71.400000,'','2022-01-20 22:32:51'),(266,273,3,244,0.000000,59.500000,71.400000,'','2022-01-20 22:39:35'),(267,274,3,245,0.000000,59.500000,71.400000,'','2022-01-21 17:49:26'),(268,275,3,246,0.000000,59.500000,71.400000,'','2022-02-01 20:59:53'),(269,276,3,247,6.000000,50.330000,60.400000,'','2022-02-02 19:24:55'),(270,277,3,248,6.000000,50.330000,60.400000,'','2022-02-09 08:05:49'),(271,278,3,249,0.500000,40.330000,48.400000,'','2022-02-10 19:25:54'),(272,279,3,250,0.000000,59.500000,71.400000,'','2022-02-11 13:28:37'),(273,280,3,251,6.000000,50.330000,60.400000,'','2022-02-13 11:41:24'),(274,281,3,252,0.000000,59.500000,71.400000,'','2022-02-14 20:31:46'),(275,282,3,253,0.000000,59.500000,71.400000,'','2022-02-20 00:11:31'),(276,283,3,254,0.000000,59.500000,71.400000,'','2022-02-20 18:18:37'),(277,284,3,255,0.000000,59.500000,71.400000,'','2022-02-21 23:21:14'),(278,285,3,256,0.000000,59.500000,71.400000,'','2022-02-25 16:42:58'),(279,286,3,257,0.000000,59.500000,71.400000,'','2022-02-26 15:37:08'),(280,287,3,258,0.000000,59.500000,71.400000,'','2022-02-28 12:10:59'),(281,288,3,259,0.000000,59.500000,71.400000,'','2022-03-01 16:37:32'),(282,289,3,260,0.000000,59.500000,71.400000,'','2022-03-11 19:41:28'),(283,290,3,263,0.000000,59.500000,71.400000,'','2022-03-12 09:19:48'),(284,291,3,261,0.000000,59.500000,71.400000,'','2022-03-13 21:19:02'),(285,292,3,262,0.000000,59.500000,71.400000,'','2022-03-14 13:51:58'),(286,293,3,264,0.000000,59.500000,71.400000,'','2022-03-21 18:58:01'),(287,294,3,265,0.000000,59.500000,71.400000,'','2022-03-25 01:06:50'),(288,295,3,266,0.000000,59.500000,71.400000,'','2022-03-27 12:49:18'),(289,296,3,267,0.000000,59.500000,71.400000,'','2022-03-27 23:57:53'),(290,297,3,268,0.000000,59.500000,71.400000,'','2022-03-31 20:07:46'),(291,298,3,269,0.000000,59.500000,71.400000,'','2022-04-04 21:28:57'),(292,299,3,270,0.000000,59.500000,71.400000,'','2022-04-07 03:04:01'),(293,300,3,271,2.500000,42.000000,50.400000,'','2022-04-08 05:13:42'),(294,301,3,272,0.000000,59.500000,71.400000,'','2022-04-10 22:58:31'),(295,302,3,273,0.000000,59.500000,71.400000,'','2022-04-19 11:53:55'),(296,303,3,274,0.000000,59.500000,71.400000,'','2022-04-23 00:49:43'),(297,304,3,275,0.000000,59.500000,71.400000,'','2022-05-03 16:57:55'),(298,305,3,276,0.000000,59.500000,71.400000,'','2022-05-09 15:09:25'),(299,306,3,277,0.000000,59.500000,71.400000,'','2022-05-12 09:59:14'),(300,307,3,0,0.000000,59.500000,71.400000,'','2022-05-13 19:10:30'),(301,308,3,278,0.000000,59.500000,71.400000,'','2022-05-13 19:14:25'),(302,309,3,279,0.000000,59.500000,71.400000,'','2022-05-20 04:11:47'),(303,310,3,280,0.000000,59.500000,71.400000,'','2022-05-20 16:05:11'),(304,311,3,281,6.000000,50.330000,60.400000,'','2022-05-23 14:18:56'),(305,312,3,282,0.000000,59.500000,71.400000,'','2022-05-31 17:47:53'),(306,313,3,283,0.000000,59.500000,71.400000,'','2022-05-31 17:49:45'),(307,314,3,284,0.000000,59.500000,71.400000,'','2022-05-31 21:21:42'),(308,315,3,285,0.000000,59.500000,71.400000,'','2022-06-12 15:55:19'),(309,316,3,286,0.000000,59.500000,71.400000,'','2022-06-13 21:54:30'),(310,317,3,287,0.000000,59.500000,71.400000,'','2022-06-13 22:52:25'),(311,318,3,288,0.000000,59.500000,71.400000,'','2022-06-13 23:22:39'),(312,319,3,289,0.000000,59.500000,71.400000,'','2022-06-17 22:01:46'),(313,320,3,0,0.000000,59.500000,71.400000,'','2022-06-21 17:36:21'),(314,321,3,0,0.000000,59.500000,71.400000,'','2022-06-21 17:39:56'),(315,322,3,0,0.000000,59.500000,71.400000,'','2022-06-21 17:59:10'),(316,323,3,0,0.000000,59.500000,71.400000,'','2022-06-21 18:04:34'),(317,324,3,290,0.000000,59.500000,71.400000,'','2022-06-22 17:11:05'),(318,325,3,291,0.000000,59.500000,71.400000,'','2022-06-23 17:41:59'),(319,326,3,292,0.000000,59.500000,71.400000,'','2022-06-26 23:27:49'),(320,327,3,293,0.000000,59.500000,71.400000,'','2022-07-04 00:09:23'),(321,328,3,294,0.000000,59.500000,71.400000,'','2022-07-04 22:05:01'),(322,329,3,295,0.000000,59.500000,71.400000,'','2022-07-07 15:54:59'),(323,330,3,296,0.000000,59.500000,71.400000,'','2022-07-12 21:20:21'),(324,331,3,297,6.000000,50.330000,60.400000,'','2022-07-16 17:29:46'),(325,332,3,298,0.000000,59.500000,71.400000,'','2022-07-19 12:19:39'),(326,333,3,299,0.000000,59.500000,71.400000,'','2022-07-21 12:48:10'),(327,334,3,300,0.000000,59.500000,71.400000,'','2022-07-21 12:53:43'),(328,335,3,0,0.000000,59.500000,71.400000,'','2022-07-24 16:48:12'),(329,336,3,301,0.000000,59.500000,71.400000,'','2022-07-30 17:11:05'),(330,337,3,302,0.500000,40.330000,48.400000,'','2022-07-31 21:21:51'),(331,338,3,0,0.000000,59.500000,71.400000,'','2022-08-01 14:58:50'),(332,339,3,303,0.000000,59.500000,71.400000,'','2022-08-05 17:27:27'),(333,340,3,304,0.000000,59.500000,71.400000,'','2022-08-08 18:21:06'),(334,341,3,305,6.000000,50.330000,60.400000,'','2022-08-11 19:48:15'),(335,342,3,306,6.000000,50.330000,60.400000,'','2022-08-11 19:49:30'),(336,343,3,307,0.000000,59.500000,71.400000,'','2022-08-18 20:40:50'),(337,344,3,308,0.000000,59.500000,71.400000,'','2022-08-21 10:22:28'),(338,345,3,309,6.000000,50.330000,60.400000,'','2022-08-21 23:57:54'),(339,346,3,310,6.000000,50.330000,60.400000,'','2022-08-22 12:24:30'),(340,347,3,311,0.000000,59.500000,71.400000,'','2022-08-23 01:04:14'),(341,348,3,312,0.000000,59.500000,71.400000,'','2022-08-29 12:59:18'),(342,349,3,313,0.000000,59.500000,71.400000,'','2022-09-03 13:39:54'),(343,350,3,314,0.000000,59.500000,71.400000,'','2022-09-03 15:05:41'),(344,351,3,315,0.000000,59.500000,71.400000,'','2022-09-06 19:19:35'),(345,352,3,316,0.000000,59.500000,71.400000,'','2022-09-14 23:49:33'),(346,353,3,317,0.000000,59.500000,71.400000,'','2022-09-15 19:56:02'),(347,354,3,0,0.000000,59.500000,71.400000,'','2022-09-16 18:22:54'),(348,355,3,0,0.000000,59.500000,71.400000,'','2022-09-16 18:26:15'),(349,356,3,318,6.000000,50.330000,60.400000,'','2022-09-23 00:29:58'),(350,357,3,319,6.000000,50.330000,60.400000,'','2022-09-23 01:12:50'),(351,358,3,320,0.000000,59.500000,71.400000,'','2022-09-27 16:08:52'),(352,359,3,321,0.000000,59.500000,71.400000,'','2022-09-29 14:39:51'),(353,360,3,322,0.000000,59.500000,71.400000,'','2022-10-04 00:19:20'),(354,361,3,323,0.000000,59.500000,71.400000,'','2022-10-05 16:45:17'),(355,362,3,324,0.000000,59.500000,71.400000,'','2022-10-06 11:08:50'),(356,363,3,325,0.500000,40.330000,48.400000,'','2022-10-08 23:06:08'),(357,364,3,326,0.000000,59.500000,71.400000,'','2022-10-12 18:09:12'),(358,365,3,327,0.000000,59.500000,71.400000,'','2022-10-13 21:39:26'),(359,366,3,328,6.000000,50.330000,60.400000,'','2022-10-14 13:49:16'),(360,367,3,329,0.500000,40.330000,48.400000,'','2022-10-14 16:24:33'),(361,368,3,330,0.500000,40.330000,48.400000,'','2022-10-16 14:25:29'),(362,369,3,331,0.500000,40.330000,48.400000,'','2022-10-18 11:22:46'),(363,370,3,332,0.000000,59.500000,71.400000,'','2022-10-20 16:25:46'),(364,371,3,333,0.500000,40.330000,48.400000,'','2022-10-21 12:03:06'),(365,372,3,334,0.000000,59.500000,71.400000,'','2022-10-23 22:04:17'),(366,373,3,335,1.000000,59.500000,71.400000,'','2022-10-24 20:03:46'),(367,374,3,336,0.500000,40.330000,48.400000,'','2022-10-26 16:59:48'),(368,375,3,337,0.000000,59.500000,71.400000,'','2022-10-28 00:07:55'),(369,376,3,338,6.000000,50.330000,60.400000,'','2022-10-30 23:04:23'),(370,377,3,339,6.000000,50.330000,60.400000,'','2022-10-31 11:22:35'),(371,378,3,340,0.000000,59.500000,71.400000,'','2022-11-03 15:02:20'),(372,379,3,341,0.000000,59.500000,71.400000,'','2022-11-04 06:13:06'),(373,380,3,342,0.000000,59.500000,71.400000,'','2022-11-10 19:55:19'),(374,381,3,0,0.000000,59.500000,71.400000,'','2022-11-12 12:04:29'),(375,382,3,343,0.000000,59.500000,71.400000,'','2022-11-12 15:38:37'),(376,383,3,344,0.000000,59.500000,71.400000,'','2022-11-14 19:01:19'),(377,384,3,345,0.000000,59.500000,71.400000,'','2022-11-15 16:25:27'),(378,385,3,346,1.000000,59.500000,71.400000,'','2022-11-16 07:08:27'),(379,386,3,347,0.000000,59.500000,71.400000,'','2022-11-17 21:40:31'),(380,387,3,348,0.500000,40.330000,48.400000,'','2022-11-21 09:47:28'),(381,388,3,0,6.000000,50.330000,60.400000,'','2022-12-01 01:24:45'),(382,389,3,349,0.000000,59.500000,71.400000,'','2022-12-03 16:59:40'),(383,390,3,350,6.000000,50.330000,60.400000,'','2022-12-06 23:32:35'),(384,391,3,352,0.000000,59.500000,71.400000,'','2022-12-09 22:45:00'),(385,392,3,0,0.000000,59.500000,71.400000,'','2022-12-13 00:02:45'),(386,393,3,351,0.000000,59.500000,71.400000,'','2022-12-14 18:44:00');

--
-- Table structure for table `ps_order_cart_rule`
--

CREATE TABLE `ps_order_cart_rule` (
  `id_order_cart_rule` int(10) unsigned NOT NULL AUTO_INCREMENT,
  `id_order` int(10) unsigned NOT NULL,
  `id_cart_rule` int(10) unsigned NOT NULL,
  `id_order_invoice` int(10) unsigned DEFAULT '0',
  `name` varchar(254) NOT NULL,
  `value` decimal(17,2) NOT NULL DEFAULT '0.00',
  `value_tax_excl` decimal(17,2) NOT NULL DEFAULT '0.00',
  `free_shipping` tinyint(1) NOT NULL DEFAULT '0',
  PRIMARY KEY (`id_order_cart_rule`),
  KEY `id_order` (`id_order`),
  KEY `id_cart_rule` (`id_cart_rule`)
) ENGINE=InnoDB DEFAULT CHARSET=utf8;

--
-- Dumping data for table `ps_order_cart_rule`
--


--
-- Table structure for table `ps_order_detail`
--

CREATE TABLE `ps_order_detail` (
  `id_order_detail` int(10) unsigned NOT NULL AUTO_INCREMENT,
  `id_order` int(10) unsigned NOT NULL,
  `id_order_invoice` int(11) DEFAULT NULL,
  `id_warehouse` int(10) unsigned DEFAULT '0',
  `id_shop` int(11) unsigned NOT NULL,
  `product_id` int(10) unsigned NOT NULL,
  `product_attribute_id` int(10) unsigned DEFAULT NULL,
  `product_name` varchar(255) NOT NULL,
  `product_quantity` int(10) unsigned NOT NULL DEFAULT '0',
  `product_quantity_in_stock` int(10) NOT NULL DEFAULT '0',
  `product_quantity_refunded` int(10) unsigned NOT NULL DEFAULT '0',
  `product_quantity_return` int(10) unsigned NOT NULL DEFAULT '0',
  `product_quantity_reinjected` int(10) unsigned NOT NULL DEFAULT '0',
  `product_price` decimal(20,6) NOT NULL DEFAULT '0.000000',
  `reduction_percent` decimal(10,2) NOT NULL DEFAULT '0.00',
  `reduction_amount` decimal(20,6) NOT NULL DEFAULT '0.000000',
  `reduction_amount_tax_incl` decimal(20,6) NOT NULL DEFAULT '0.000000',
  `reduction_amount_tax_excl` decimal(20,6) NOT NULL DEFAULT '0.000000',
  `group_reduction` decimal(10,2) NOT NULL DEFAULT '0.00',
  `product_quantity_discount` decimal(20,6) NOT NULL DEFAULT '0.000000',
  `product_ean13` varchar(13) DEFAULT NULL,
  `product_upc` varchar(12) DEFAULT NULL,
  `product_reference` varchar(32) DEFAULT NULL,
  `product_supplier_reference` varchar(32) DEFAULT NULL,
  `product_weight` decimal(20,6) NOT NULL,
  `tax_computation_method` tinyint(1) unsigned NOT NULL DEFAULT '0',
  `tax_name` varchar(16) NOT NULL,
  `tax_rate` decimal(10,3) NOT NULL DEFAULT '0.000',
  `ecotax` decimal(21,6) NOT NULL DEFAULT '0.000000',
  `ecotax_tax_rate` decimal(5,3) NOT NULL DEFAULT '0.000',
  `discount_quantity_applied` tinyint(1) NOT NULL DEFAULT '0',
  `download_hash` varchar(255) DEFAULT NULL,
  `download_nb` int(10) unsigned DEFAULT '0',
  `download_deadline` datetime DEFAULT NULL,
  `total_price_tax_incl` decimal(20,6) NOT NULL DEFAULT '0.000000',
  `total_price_tax_excl` decimal(20,6) NOT NULL DEFAULT '0.000000',
  `unit_price_tax_incl` decimal(20,6) NOT NULL DEFAULT '0.000000',
  `unit_price_tax_excl` decimal(20,6) NOT NULL DEFAULT '0.000000',
  `total_shipping_price_tax_incl` decimal(20,6) NOT NULL DEFAULT '0.000000',
  `total_shipping_price_tax_excl` decimal(20,6) NOT NULL DEFAULT '0.000000',
  `purchase_supplier_price` decimal(20,6) NOT NULL DEFAULT '0.000000',
  `original_product_price` decimal(20,6) NOT NULL DEFAULT '0.000000',
  PRIMARY KEY (`id_order_detail`),
  KEY `order_detail_order` (`id_order`),
  KEY `product_id` (`product_id`),
  KEY `product_attribute_id` (`product_attribute_id`),
  KEY `id_order_id_order_detail` (`id_order`,`id_order_detail`)
) ENGINE=InnoDB AUTO_INCREMENT=484 DEFAULT CHARSET=utf8;

--
-- Dumping data for table `ps_order_detail`
--

INSERT INTO `ps_order_detail` VALUES (1,1,0,0,1,2,10,'Blouse - Color : White, Size : M',1,1,0,0,0,26.999852,0.00,0.000000,0.000000,0.000000,0.00,0.000000,'','','demo_2','',0.000000,0,'',0.000,0.000000,0.000,0,'',0,'0000-00-00 00:00:00',27.000000,27.000000,27.000000,27.000000,0.000000,0.000000,0.000000,26.999852),(2,1,0,0,1,3,13,'Printed Dress - Color : Orange, Size : S',1,1,0,0,0,25.999852,0.00,0.000000,0.000000,0.000000,0.00,0.000000,'','','demo_3','',0.000000,0,'',0.000,0.000000,0.000,0,'',0,'0000-00-00 00:00:00',26.000000,26.000000,26.000000,26.000000,0.000000,0.000000,0.000000,25.999852),(3,2,0,0,1,2,10,'Blouse - Color : White, Size : M',1,1,0,0,0,26.999852,0.00,0.000000,0.000000,0.000000,0.00,0.000000,'','','demo_2','',0.000000,0,'',0.000,0.000000,0.000,0,'',0,'0000-00-00 00:00:00',27.000000,27.000000,27.000000,27.000000,0.000000,0.000000,0.000000,26.999852),(4,2,0,0,1,6,32,'Printed Summer Dress - Color : Yellow, Size : M',1,1,0,0,0,30.502569,0.00,0.000000,0.000000,0.000000,0.00,0.000000,'','','demo_6','',0.000000,0,'',0.000,0.000000,0.000,0,'',0,'0000-00-00 00:00:00',30.500000,30.500000,30.500000,30.500000,0.000000,0.000000,0.000000,30.502569),(5,2,0,0,1,7,34,'Printed Chiffon Dress - Color : Yellow, Size : S',1,1,0,0,0,20.501236,20.00,0.000000,0.000000,0.000000,0.00,17.400000,'','','demo_7','',0.000000,0,'',0.000,0.000000,0.000,0,'',0,'0000-00-00 00:00:00',16.400000,16.400000,16.400000,16.400000,0.000000,0.000000,0.000000,20.501236),(6,3,0,0,1,1,1,'Faded Short Sleeve T-shirts - Color : Orange, Size : S',1,1,0,0,0,16.510000,0.00,0.000000,0.000000,0.000000,0.00,0.000000,'','','demo_1','',0.000000,0,'',0.000,0.000000,0.000,0,'',0,'0000-00-00 00:00:00',16.510000,16.510000,16.510000,16.510000,0.000000,0.000000,0.000000,16.510000),(7,3,0,0,1,2,10,'Blouse - Color : White, Size : M',1,1,0,0,0,26.999852,0.00,0.000000,0.000000,0.000000,0.00,0.000000,'','','demo_2','',0.000000,0,'',0.000,0.000000,0.000,0,'',0,'0000-00-00 00:00:00',27.000000,27.000000,27.000000,27.000000,0.000000,0.000000,0.000000,26.999852),(8,3,0,0,1,6,32,'Printed Summer Dress - Color : Yellow, Size : M',1,1,0,0,0,30.502569,0.00,0.000000,0.000000,0.000000,0.00,0.000000,'','','demo_6','',0.000000,0,'',0.000,0.000000,0.000,0,'',0,'0000-00-00 00:00:00',30.500000,30.500000,30.500000,30.500000,0.000000,0.000000,0.000000,30.502569),(9,4,0,0,1,1,1,'Faded Short Sleeve T-shirts - Color : Orange, Size : S',1,1,0,0,0,16.510000,0.00,0.000000,0.000000,0.000000,0.00,0.000000,'','','demo_1','',0.000000,0,'',0.000,0.000000,0.000,0,'',0,'0000-00-00 00:00:00',16.510000,16.510000,16.510000,16.510000,0.000000,0.000000,0.000000,16.510000),(10,4,0,0,1,3,13,'Printed Dress - Color : Orange, Size : S',1,1,0,0,0,25.999852,0.00,0.000000,0.000000,0.000000,0.00,0.000000,'','','demo_3','',0.000000,0,'',0.000,0.000000,0.000,0,'',0,'0000-00-00 00:00:00',26.000000,26.000000,26.000000,26.000000,0.000000,0.000000,0.000000,25.999852),(11,4,0,0,1,5,19,'Printed Summer Dress - Color : Yellow, Size : S',1,1,0,0,0,30.506321,5.00,0.000000,0.000000,0.000000,0.00,29.980000,'','','demo_5','',0.000000,0,'',0.000,0.000000,0.000,0,'',0,'0000-00-00 00:00:00',28.980000,28.980000,28.980000,28.980000,0.000000,0.000000,0.000000,30.506321),(12,4,0,0,1,7,34,'Printed Chiffon Dress - Color : Yellow, Size : S',1,1,0,0,0,20.501236,20.00,0.000000,0.000000,0.000000,0.00,17.400000,'','','demo_7','',0.000000,0,'',0.000,0.000000,0.000,0,'',0,'0000-00-00 00:00:00',16.400000,16.400000,16.400000,16.400000,0.000000,0.000000,0.000000,20.501236),(13,5,0,0,1,1,1,'Faded Short Sleeve T-shirts - Color : Orange, Size : S',1,1,0,0,0,16.510000,0.00,0.000000,0.000000,0.000000,0.00,0.000000,'','','demo_1','',0.000000,0,'',0.000,0.000000,0.000,0,'',0,'0000-00-00 00:00:00',16.510000,16.510000,16.510000,16.510000,0.000000,0.000000,0.000000,16.510000),(14,5,0,0,1,2,7,'Blouse - Color : Black, Size : S',1,1,0,0,0,26.999852,0.00,0.000000,0.000000,0.000000,0.00,0.000000,'','','demo_2','',0.000000,0,'',0.000,0.000000,0.000,0,'',0,'0000-00-00 00:00:00',27.000000,27.000000,27.000000,27.000000,0.000000,0.000000,0.000000,26.999852),(15,5,0,0,1,3,13,'Printed Dress - Color : Orange, Size : S',1,1,0,0,0,25.999852,0.00,0.000000,0.000000,0.000000,0.00,0.000000,'','','demo_3','',0.000000,0,'',0.000,0.000000,0.000,0,'',0,'0000-00-00 00:00:00',26.000000,26.000000,26.000000,26.000000,0.000000,0.000000,0.000000,25.999852),(16,6,0,0,1,792,0,'D\'orazio  basse électique',1,1,0,0,0,180.000000,0.00,0.000000,0.000000,0.000000,0.00,0.000000,'','','','',0.000000,0,'',0.000,0.000000,0.000,0,'',0,'0000-00-00 00:00:00',216.000000,180.000000,216.000000,180.000000,0.000000,0.000000,0.000000,180.000000),(17,7,0,0,1,931,0,'Success Amplifier GX-10',1,1,0,0,0,416.666667,0.00,0.000000,0.000000,0.000000,0.00,0.000000,'','','','',0.000000,0,'',0.000,0.000000,0.000,0,'',0,'0000-00-00 00:00:00',500.000000,416.670000,500.000000,416.670000,0.000000,0.000000,0.000000,416.666667),(18,8,0,0,1,639,0,'Piano Ringway RP220',1,1,0,0,0,4583.333333,0.00,0.000000,0.000000,0.000000,0.00,0.000000,'','','','',0.000000,0,'',0.000,0.000000,0.000,0,'',0,'0000-00-00 00:00:00',5500.000000,4583.330000,5500.000000,4583.330000,0.000000,0.000000,0.000000,4583.333333),(19,9,0,0,1,912,0,'Mendole',1,1,0,0,0,1666.666667,0.00,0.000000,0.000000,0.000000,0.00,0.000000,'','','','',0.000000,0,'',0.000,0.000000,0.000,0,'',0,'0000-00-00 00:00:00',2000.000000,1666.670000,2000.000000,1666.670000,0.000000,0.000000,0.000000,1666.666667),(20,10,0,0,1,1655,0,'Stagg Guitare électrique ',1,1,0,0,0,0.000000,0.00,0.000000,0.000000,0.000000,0.00,0.000000,'','','','',0.000000,0,'',0.000,0.000000,0.000,0,'',0,'0000-00-00 00:00:00',0.000000,0.000000,0.000000,0.000000,0.000000,0.000000,0.000000,0.000000),(21,11,0,0,1,944,0,'Multi effet Line 6',1,1,0,0,0,1916.666667,0.00,0.000000,0.000000,0.000000,0.00,0.000000,'','','','',0.000000,0,'',0.000,0.000000,0.000,0,'',0,'0000-00-00 00:00:00',2300.000000,1916.670000,2300.000000,1916.670000,0.000000,0.000000,0.000000,1916.666667),(22,12,0,0,1,1440,0,'Pack Mcgrey',1,1,0,0,0,1458.333333,0.00,0.000000,0.000000,0.000000,0.00,0.000000,'','','','',0.000000,0,'',0.000,0.000000,0.000,0,'',0,'0000-00-00 00:00:00',1750.000000,1458.330000,1750.000000,1458.330000,0.000000,0.000000,0.000000,1458.333333),(23,13,0,0,1,1490,0,'Médiateur pyramide',1,1,0,0,0,8.333333,0.00,0.000000,0.000000,0.000000,0.00,0.000000,'','','','',0.000000,0,'',0.000,0.000000,0.000,0,'',0,'0000-00-00 00:00:00',10.000000,8.330000,10.000000,8.330000,0.000000,0.000000,0.000000,8.333333),(24,13,0,0,1,1473,0,'Capo noir',1,1,0,0,0,41.666667,0.00,0.000000,0.000000,0.000000,0.00,0.000000,'','','','',0.000000,0,'',0.000,0.000000,0.000,0,'',0,'0000-00-00 00:00:00',50.000000,41.670000,50.000000,41.670000,0.000000,0.000000,0.000000,41.666667),(25,13,0,0,1,1479,0,'Ceinture guitare noire',1,1,0,0,0,41.666667,0.00,0.000000,0.000000,0.000000,0.00,0.000000,'','','','',0.000000,0,'',0.000,0.000000,0.000,0,'',0,'0000-00-00 00:00:00',50.000000,41.670000,50.000000,41.670000,0.000000,0.000000,0.000000,41.666667),(26,13,0,0,1,1492,0,'Médiateurs',3,3,0,0,0,4.166667,0.00,0.000000,0.000000,0.000000,0.00,0.000000,'','','','',0.000000,0,'',0.000,0.000000,0.000,0,'',0,'0000-00-00 00:00:00',15.000000,12.510000,5.000000,4.170000,0.000000,0.000000,0.000000,4.166667),(27,14,1,0,1,1685,0,'Djembe Meinl',1,1,0,0,0,0.000000,0.00,0.000000,0.000000,0.000000,0.00,0.000000,'','','','',0.000000,0,'',0.000,0.000000,0.000,0,'',0,'0000-00-00 00:00:00',0.000000,0.000000,0.000000,0.000000,0.000000,0.000000,0.000000,0.000000),(28,14,1,0,1,1686,0,'Pédale à effet Flanger BF-2 Boss',2,2,0,0,0,0.000000,0.00,0.000000,0.000000,0.000000,0.00,0.000000,'','','','',0.000000,0,'',0.000,0.000000,0.000,0,'',0,'0000-00-00 00:00:00',0.000000,0.000000,0.000000,0.000000,0.000000,0.000000,0.000000,0.000000),(29,15,2,0,1,1750,0,'Enceinte Behringer C200 SYSTEME A COLONNE',1,1,0,0,0,0.000000,0.00,0.000000,0.000000,0.000000,0.00,0.000000,'','','','',0.000000,0,'',0.000,0.000000,0.000,0,'',0,'0000-00-00 00:00:00',0.000000,0.000000,0.000000,0.000000,0.000000,0.000000,0.000000,0.000000),(30,16,3,0,1,901,0,'Guitare yamaha C40 vernis',1,1,0,0,0,1000.000000,0.00,0.000000,0.000000,0.000000,0.00,0.000000,'','','','',0.000000,0,'',0.000,0.000000,0.000,0,'',0,'0000-00-00 00:00:00',1200.000000,1000.000000,1200.000000,1000.000000,0.000000,0.000000,0.000000,1000.000000),(31,17,4,0,1,1639,0,'Guitare Fender Squier',1,1,0,0,0,1291.666667,0.00,0.000000,0.000000,0.000000,0.00,0.000000,'','','','',0.000000,0,'',0.000,0.000000,0.000,0,'',0,'0000-00-00 00:00:00',1550.000000,1291.670000,1550.000000,1291.670000,0.000000,0.000000,0.000000,1291.666667),(32,18,5,0,1,768,0,'Pied Micro D-111',2,2,0,0,0,70.833333,0.00,0.000000,0.000000,0.000000,0.00,0.000000,'','','','',0.000000,0,'',0.000,0.000000,0.000,0,'',0,'0000-00-00 00:00:00',170.000000,141.660000,85.000000,70.830000,0.000000,0.000000,0.000000,70.833333),(33,19,6,0,1,1522,0,'ADAPTATEUR JACK femelle',3,3,0,0,0,8.000000,0.00,0.000000,0.000000,0.000000,0.00,0.000000,'','','','',0.500000,0,'',0.000,0.000000,0.000,0,'',0,'0000-00-00 00:00:00',24.000000,24.000000,8.000000,8.000000,0.000000,0.000000,85.000000,8.000000),(34,19,6,0,1,1520,0,'ADAPTATEUR JACK 3.5 mm',3,3,0,0,0,12.000000,0.00,0.000000,0.000000,0.000000,0.00,0.000000,'','','','',0.500000,0,'',0.000,0.000000,0.000,0,'',0,'0000-00-00 00:00:00',36.000000,36.000000,12.000000,12.000000,0.000000,0.000000,65.000000,12.000000),(35,20,7,0,1,1609,0,'Violon 4/4',1,1,0,0,0,541.666667,0.00,0.000000,0.000000,0.000000,0.00,0.000000,'','','','',0.000000,0,'',0.000,0.000000,0.000,0,'',0,'0000-00-00 00:00:00',650.000000,541.670000,650.000000,541.670000,0.000000,0.000000,0.000000,541.666667),(36,21,8,0,1,1,0,'Table de mixage Pioneer DJ DDJ-400 - Controleur DJ 2 voies pour Rekordbox DJ',1,1,0,0,0,3500.000000,0.00,400.000000,400.000000,333.330000,0.00,3801.200000,'','','','',6.000000,0,'',0.000,0.000000,0.000,0,'',0,'0000-00-00 00:00:00',3800.000000,3166.670000,3800.000000,3166.670000,0.000000,0.000000,2562.000000,3500.000000),(37,22,9,0,1,984,0,'Trompette Jinbao 400L',1,1,0,0,0,2000.000000,0.00,0.000000,0.000000,0.000000,0.00,0.000000,'','','','',0.000000,0,'',0.000,0.000000,0.000,0,'',0,'0000-00-00 00:00:00',2400.000000,2000.000000,2400.000000,2000.000000,0.000000,0.000000,0.000000,2000.000000),(38,23,10,0,1,1665,0,'Guitare Fender Squier gaucher avec ampli Frontman ',1,1,0,0,0,1458.333333,0.00,0.000000,0.000000,0.000000,0.00,0.000000,'','','','',0.000000,0,'',0.000,0.000000,0.000,0,'',0,'0000-00-00 00:00:00',1750.000000,1458.330000,1750.000000,1458.330000,0.000000,0.000000,0.000000,1458.333333),(39,24,11,0,1,1769,0,'Guitare Fender Squier SA-105CE',1,1,0,0,0,1166.666667,0.00,0.000000,0.000000,0.000000,0.00,0.000000,'','','','',0.000000,0,'',0.000,0.000000,0.000,0,'',0,'0000-00-00 00:00:00',1400.000000,1166.670000,1400.000000,1166.670000,0.000000,0.000000,0.000000,1166.666667),(40,25,12,0,1,1755,0,'Guitare FA125 CE Dreadnought Electro-Acoustique',1,1,0,0,0,2083.333333,0.00,300.000000,300.000000,250.000000,0.00,2201.200000,'','','','',0.000000,0,'',0.000,0.000000,0.000,0,'',0,'0000-00-00 00:00:00',2200.000000,1833.330000,2200.000000,1833.330000,0.000000,0.000000,0.000000,2083.333333),(41,26,13,0,1,900,0,'Guitare Yamaha C40 Matte',1,1,0,0,0,1000.000000,0.00,0.000000,0.000000,0.000000,0.00,0.000000,'','','','',0.000000,0,'',0.000,0.000000,0.000,0,'',0,'0000-00-00 00:00:00',1200.000000,1000.000000,1200.000000,1000.000000,0.000000,0.000000,0.000000,1000.000000),(42,27,14,0,1,1479,0,'Ceinture guitare noire',1,1,0,0,0,41.666667,0.00,0.000000,0.000000,0.000000,0.00,0.000000,'','','','',0.000000,0,'',0.000,0.000000,0.000,0,'',0,'0000-00-00 00:00:00',50.000000,41.670000,50.000000,41.670000,0.000000,0.000000,0.000000,41.666667),(43,27,14,0,1,1490,0,'Médiateur pyramide',1,1,0,0,0,8.333333,0.00,0.000000,0.000000,0.000000,0.00,0.000000,'','','','',0.000000,0,'',0.000,0.000000,0.000,0,'',0,'0000-00-00 00:00:00',10.000000,8.330000,10.000000,8.330000,0.000000,0.000000,0.000000,8.333333),(44,27,14,0,1,1475,0,'Capo GY',1,1,0,0,0,100.000000,0.00,0.000000,0.000000,0.000000,0.00,0.000000,'','','','',0.000000,0,'',0.000,0.000000,0.000,0,'',0,'0000-00-00 00:00:00',120.000000,100.000000,120.000000,100.000000,0.000000,0.000000,0.000000,100.000000),(45,27,14,0,1,1642,0,'Guitare électro-classique Fitness',1,1,0,0,0,1208.333333,0.00,0.000000,0.000000,0.000000,0.00,0.000000,'','','','',0.000000,0,'',0.000,0.000000,0.000,0,'',0,'0000-00-00 00:00:00',1450.000000,1208.330000,1450.000000,1208.330000,0.000000,0.000000,0.000000,1208.333333),(46,27,14,0,1,1492,0,'Médiateurs',5,5,0,0,0,4.166667,0.00,0.000000,0.000000,0.000000,0.00,0.000000,'','','','',0.000000,0,'',0.000,0.000000,0.000,0,'',0,'0000-00-00 00:00:00',25.000000,20.850000,5.000000,4.170000,0.000000,0.000000,0.000000,4.166667),(47,28,15,0,1,639,0,'Piano  Ringway avec tabouret',1,1,0,0,0,4833.333333,0.00,300.000000,300.000000,250.000000,0.00,5501.200000,'','','','',0.000000,0,'',0.000,0.000000,0.000,0,'',0,'0000-00-00 00:00:00',5500.000000,4583.330000,5500.000000,4583.330000,0.000000,0.000000,0.000000,4833.333333),(48,29,16,0,1,1550,0,'D\'addario Classical guitar Normal tension',1,1,0,0,0,66.666667,0.00,0.000000,0.000000,0.000000,0.00,0.000000,'','','','',0.500000,0,'',0.000,0.000000,0.000,0,'',0,'0000-00-00 00:00:00',80.000000,66.670000,80.000000,66.670000,0.000000,0.000000,145.000000,66.666667),(49,29,16,0,1,1473,0,'Capo noir',1,1,0,0,0,41.666667,0.00,0.000000,0.000000,0.000000,0.00,0.000000,'','','','',0.000000,0,'',0.000,0.000000,0.000,0,'',0,'0000-00-00 00:00:00',50.000000,41.670000,50.000000,41.670000,0.000000,0.000000,0.000000,41.666667),(50,30,17,0,1,1863,0,'Casque Audio Technica ATHM20X',1,1,0,0,0,458.333333,0.00,0.000000,0.000000,0.000000,0.00,0.000000,'','','','',0.000000,0,'',0.000,0.000000,0.000,0,'',0,'0000-00-00 00:00:00',550.000000,458.330000,550.000000,458.330000,0.000000,0.000000,0.000000,458.333333),(51,31,18,0,1,1654,0,'Piano Ringway RP220',1,1,0,0,0,4833.333333,0.00,0.000000,0.000000,0.000000,0.00,0.000000,'','','','',0.000000,0,'',0.000,0.000000,0.000,0,'',0,'0000-00-00 00:00:00',5800.000000,4833.330000,5800.000000,4833.330000,0.000000,0.000000,0.000000,4833.333333),(52,32,19,0,1,1687,0,'Carte son M-audio Midisport 2x2',1,1,0,0,0,1041.666667,0.00,200.000000,200.000000,166.670000,0.00,1051.200000,'','','','',0.000000,0,'',0.000,0.000000,0.000,0,'',0,'0000-00-00 00:00:00',1050.000000,875.000000,1050.000000,875.000000,0.000000,0.000000,0.000000,1041.666667),(53,33,20,0,1,647,0,'Yamaha F-51 avec adaptateur',1,1,0,0,0,1333.333333,0.00,0.000000,0.000000,0.000000,0.00,0.000000,'','','','',0.000000,0,'',0.000,0.000000,0.000,0,'',0,'0000-00-00 00:00:00',1600.000000,1333.330000,1600.000000,1333.330000,0.000000,0.000000,0.000000,1333.333333),(54,34,21,0,1,900,0,'Guitare Yamaha C40 Matte',1,1,0,0,0,1000.000000,0.00,0.000000,0.000000,0.000000,0.00,0.000000,'','','','',0.000000,0,'',0.000,0.000000,0.000,0,'',0,'0000-00-00 00:00:00',1200.000000,1000.000000,1200.000000,1000.000000,0.000000,0.000000,0.000000,1000.000000),(55,35,22,0,1,988,0,'Flûte à   bec Aulos 303A-E',1,1,0,0,0,200.000000,0.00,0.000000,0.000000,0.000000,0.00,0.000000,'','','','',0.000000,0,'',0.000,0.000000,0.000,0,'',0,'0000-00-00 00:00:00',240.000000,200.000000,240.000000,200.000000,0.000000,0.000000,0.000000,200.000000),(56,35,22,0,1,993,0,'Flûte à  bec soprano Yamaha',2,2,0,0,0,75.000000,0.00,0.000000,0.000000,0.000000,0.00,0.000000,'','','','',0.000000,0,'',0.000,0.000000,0.000,0,'',0,'0000-00-00 00:00:00',180.000000,150.000000,90.000000,75.000000,0.000000,0.000000,0.000000,75.000000),(57,36,23,0,1,1770,0,'Guitare folk Yamaha F310',1,1,0,0,0,1250.000000,0.00,0.000000,0.000000,0.000000,0.00,0.000000,'','','','',0.000000,0,'',0.000,0.000000,0.000,0,'',0,'0000-00-00 00:00:00',1500.000000,1250.000000,1500.000000,1250.000000,0.000000,0.000000,0.000000,1250.000000),(58,37,24,0,1,1549,0,'D\'addario Classical guitar Hard tension',1,1,0,0,0,83.333333,0.00,0.000000,0.000000,0.000000,0.00,0.000000,'','','','',0.500000,0,'',0.000,0.000000,0.000,0,'',0,'0000-00-00 00:00:00',100.000000,83.330000,100.000000,83.330000,0.000000,0.000000,145.000000,83.333333),(59,38,25,0,1,1643,0,'FA 115 PK Fender',1,1,0,0,0,1250.000000,0.00,0.000000,0.000000,0.000000,0.00,0.000000,'','','','',0.000000,0,'',0.000,0.000000,0.000,0,'',0,'0000-00-00 00:00:00',1500.000000,1250.000000,1500.000000,1250.000000,0.000000,0.000000,0.000000,1250.000000),(60,39,26,0,1,1557,0,'Pyramid  electric guitar nickel plated steel',1,1,0,0,0,66.666667,0.00,0.000000,0.000000,0.000000,0.00,0.000000,'','','','',0.500000,0,'',0.000,0.000000,0.000,0,'',0,'0000-00-00 00:00:00',80.000000,66.670000,80.000000,66.670000,0.000000,0.000000,145.000000,66.666667),(61,39,26,0,1,1492,0,'Médiateurs',1,1,0,0,0,4.166667,0.00,0.000000,0.000000,0.000000,0.00,0.000000,'','','','',0.000000,0,'',0.000,0.000000,0.000,0,'',0,'0000-00-00 00:00:00',5.000000,4.170000,5.000000,4.170000,0.000000,0.000000,0.000000,4.166667),(62,40,27,0,1,1755,0,'Guitare FA125 CE Dreadnought Electro-Acoustique',1,1,0,0,0,2083.333333,0.00,300.000000,300.000000,250.000000,0.00,2201.200000,'','','','',0.000000,0,'',0.000,0.000000,0.000,0,'',0,'0000-00-00 00:00:00',2200.000000,1833.330000,2200.000000,1833.330000,0.000000,0.000000,0.000000,2083.333333),(63,41,28,0,1,895,0,'Guitare classique Sonata',1,1,0,0,0,625.000000,0.00,0.000000,0.000000,0.000000,0.00,0.000000,'','','','',0.000000,0,'',0.000,0.000000,0.000,0,'',0,'0000-00-00 00:00:00',750.000000,625.000000,750.000000,625.000000,0.000000,0.000000,0.000000,625.000000),(64,42,29,0,1,1535,0,'Fiche canon micro 5 mètres',1,1,0,0,0,120.000000,0.00,0.000000,0.000000,0.000000,0.00,0.000000,'','','','',0.500000,0,'',0.000,0.000000,0.000,0,'',0,'0000-00-00 00:00:00',120.000000,120.000000,120.000000,120.000000,0.000000,0.000000,140.000000,120.000000),(65,43,30,0,1,1565,0,'Pyramid guitare classique',1,1,0,0,0,66.666667,0.00,0.000000,0.000000,0.000000,0.00,0.000000,'','','','',0.500000,0,'',0.000,0.000000,0.000,0,'',0,'0000-00-00 00:00:00',80.000000,66.670000,80.000000,66.670000,0.000000,0.000000,145.000000,66.666667),(66,44,31,0,1,1646,0,'Orgue Ringway  TB820',1,1,0,0,0,2416.666667,0.00,0.000000,0.000000,0.000000,0.00,0.000000,'','','','',0.000000,0,'',0.000,0.000000,0.000,0,'',0,'0000-00-00 00:00:00',2900.000000,2416.670000,2900.000000,2416.670000,0.000000,0.000000,0.000000,2416.666667),(67,45,32,0,1,647,0,'Yamaha F-51 avec adaptateur',1,1,0,0,0,1333.333333,0.00,0.000000,0.000000,0.000000,0.00,0.000000,'','','','',0.000000,0,'',0.000,0.000000,0.000,0,'',0,'0000-00-00 00:00:00',1600.000000,1333.330000,1600.000000,1333.330000,0.000000,0.000000,0.000000,1333.333333),(68,46,33,0,1,988,0,'Flûte à   bec Aulos 303A-E',1,1,0,0,0,200.000000,0.00,0.000000,0.000000,0.000000,0.00,0.000000,'','','','',0.000000,0,'',0.000,0.000000,0.000,0,'',0,'0000-00-00 00:00:00',240.000000,200.000000,240.000000,200.000000,0.000000,0.000000,0.000000,200.000000),(69,47,34,0,1,647,0,'Yamaha F-51 avec adaptateur',1,1,0,0,0,1333.333333,0.00,0.000000,0.000000,0.000000,0.00,0.000000,'','','','',0.000000,0,'',0.000,0.000000,0.000,0,'',0,'0000-00-00 00:00:00',1600.000000,1333.330000,1600.000000,1333.330000,0.000000,0.000000,0.000000,1333.333333),(70,47,34,0,1,1773,0,'PACIFICA PAC112J',1,1,0,0,0,2416.666667,0.00,0.000000,0.000000,0.000000,0.00,0.000000,'','','','',0.000000,0,'',0.000,0.000000,0.000,0,'',0,'0000-00-00 00:00:00',2900.000000,2416.670000,2900.000000,2416.670000,0.000000,0.000000,0.000000,2416.666667),(71,48,35,0,1,1678,0,'Pack Guitare Basse Squier Affinity ',1,1,0,0,0,3000.000000,0.00,0.000000,0.000000,0.000000,0.00,0.000000,'','','','',0.000000,0,'',0.000,0.000000,0.000,0,'',0,'0000-00-00 00:00:00',3600.000000,3000.000000,3600.000000,3000.000000,0.000000,0.000000,0.000000,3000.000000),(72,49,36,0,1,936,0,'Boss Looper',1,1,0,0,0,1200.000000,0.00,0.000000,0.000000,0.000000,0.00,0.000000,'','','','',0.000000,0,'',0.000,0.000000,0.000,0,'',0,'0000-00-00 00:00:00',1440.000000,1200.000000,1440.000000,1200.000000,0.000000,0.000000,0.000000,1200.000000),(73,50,37,0,1,901,0,'Guitare yamaha C40 vernis',1,1,0,0,0,1000.000000,0.00,0.000000,0.000000,0.000000,0.00,0.000000,'','','','',0.000000,0,'',0.000,0.000000,0.000,0,'',0,'0000-00-00 00:00:00',1200.000000,1000.000000,1200.000000,1000.000000,0.000000,0.000000,0.000000,1000.000000),(74,50,37,0,1,1861,0,'Casque Audio Technica ATH-M50',1,1,0,0,0,1333.333333,0.00,0.000000,0.000000,0.000000,0.00,0.000000,'','','','',0.000000,0,'',0.000,0.000000,0.000,0,'',0,'0000-00-00 00:00:00',1600.000000,1333.330000,1600.000000,1333.330000,0.000000,0.000000,0.000000,1333.333333),(75,51,38,0,1,1467,0,'PSR-E363 Yamaha avec adaptateur ',1,1,0,0,0,2333.333333,0.00,0.000000,0.000000,0.000000,0.00,0.000000,'','','','',0.000000,0,'',0.000,0.000000,0.000,0,'',0,'0000-00-00 00:00:00',2800.000000,2333.330000,2800.000000,2333.330000,0.000000,0.000000,0.000000,2333.333333),(76,52,39,0,1,1467,0,'PSR-E363 Yamaha avec adaptateur ',1,1,0,0,0,2333.333333,0.00,0.000000,0.000000,0.000000,0.00,0.000000,'','','','',0.000000,0,'',0.000,0.000000,0.000,0,'',0,'0000-00-00 00:00:00',2800.000000,2333.330000,2800.000000,2333.330000,0.000000,0.000000,0.000000,2333.333333),(77,53,40,0,1,1637,0,'Guitare Folk acoustique Clevan ',1,1,0,0,0,783.333333,0.00,0.000000,0.000000,0.000000,0.00,0.000000,'','','','',0.000000,0,'',0.000,0.000000,0.000,0,'',0,'0000-00-00 00:00:00',940.000000,783.330000,940.000000,783.330000,0.000000,0.000000,0.000000,783.333333),(78,53,40,0,1,1492,0,'Médiateurs',1,1,0,0,0,4.166667,0.00,0.000000,0.000000,0.000000,0.00,0.000000,'','','','',0.000000,0,'',0.000,0.000000,0.000,0,'',0,'0000-00-00 00:00:00',5.000000,4.170000,5.000000,4.170000,0.000000,0.000000,0.000000,4.166667),(79,54,41,0,1,1085,0,'Casque Sound Friend',1,1,0,0,0,195.833333,0.00,0.000000,0.000000,0.000000,0.00,0.000000,'','','PROD-TEST6','',0.500000,0,'',0.000,0.000000,0.000,0,'',0,'0000-00-00 00:00:00',235.000000,195.830000,235.000000,195.830000,0.000000,0.000000,125.000000,195.833333),(80,55,0,0,1,1,0,'Table de mixage Pioneer DJ DDJ-400 - Controleur DJ 2 voies pour Rekordbox DJ',1,1,0,0,0,3500.000000,0.00,400.000000,400.000000,333.330000,0.00,3801.200000,'','','','',6.000000,0,'',0.000,0.000000,0.000,0,'',0,'0000-00-00 00:00:00',3800.000000,3166.670000,3800.000000,3166.670000,0.000000,0.000000,2562.000000,3500.000000),(81,56,42,0,1,1196,0,'Débutant Guitare Acoustique',1,1,0,0,0,187.500000,0.00,0.000000,0.000000,0.000000,0.00,0.000000,'','','','',0.500000,0,'',0.000,0.000000,0.000,0,'',0,'0000-00-00 00:00:00',225.000000,187.500000,225.000000,187.500000,0.000000,0.000000,135.000000,187.500000),(82,57,43,0,1,1770,0,'Guitare folk Yamaha F310',1,1,0,0,0,1250.000000,0.00,0.000000,0.000000,0.000000,0.00,0.000000,'','','','',0.000000,0,'',0.000,0.000000,0.000,0,'',0,'0000-00-00 00:00:00',1500.000000,1250.000000,1500.000000,1250.000000,0.000000,0.000000,0.000000,1250.000000),(83,58,44,0,1,913,0,'Pack Parrot electric',1,1,0,0,0,1458.333333,0.00,0.000000,0.000000,0.000000,0.00,0.000000,'','','','',0.000000,0,'',0.000,0.000000,0.000,0,'',0,'0000-00-00 00:00:00',1750.000000,1458.330000,1750.000000,1458.330000,0.000000,0.000000,0.000000,1458.333333),(84,59,45,0,1,913,0,'Pack Parrot electric',1,1,0,0,0,1458.333333,0.00,0.000000,0.000000,0.000000,0.00,0.000000,'','','','',0.000000,0,'',0.000,0.000000,0.000,0,'',0,'0000-00-00 00:00:00',1750.000000,1458.330000,1750.000000,1458.330000,0.000000,0.000000,0.000000,1458.333333),(85,60,46,0,1,900,0,'Guitare Yamaha C40 Matte',1,1,0,0,0,1000.000000,0.00,0.000000,0.000000,0.000000,0.00,0.000000,'','','','',0.000000,0,'',0.000,0.000000,0.000,0,'',0,'0000-00-00 00:00:00',1200.000000,1000.000000,1200.000000,1000.000000,0.000000,0.000000,0.000000,1000.000000),(86,61,47,0,1,919,0,'Guitare  C11 cutaway Manuel Rodriguez',1,1,0,0,0,2166.666667,0.00,0.000000,0.000000,0.000000,0.00,0.000000,'','','','',0.000000,0,'',0.000,0.000000,0.000,0,'',0,'0000-00-00 00:00:00',2600.000000,2166.670000,2600.000000,2166.670000,0.000000,0.000000,0.000000,2166.666667),(87,61,47,0,1,995,0,'Nays kawala',1,1,0,0,0,416.666667,0.00,0.000000,0.000000,0.000000,0.00,0.000000,'','','','',0.000000,0,'',0.000,0.000000,0.000,0,'',0,'0000-00-00 00:00:00',500.000000,416.670000,500.000000,416.670000,0.000000,0.000000,0.000000,416.666667),(88,61,47,0,1,1865,0,'YAMAHA VENOVA YVS-100',1,1,0,0,0,1075.000000,0.00,0.000000,0.000000,0.000000,0.00,0.000000,'','','','',0.000000,0,'',0.000,0.000000,0.000,0,'',0,'0000-00-00 00:00:00',1290.000000,1075.000000,1290.000000,1075.000000,0.000000,0.000000,0.000000,1075.000000),(89,61,47,0,1,1543,0,'D\'orazio acoustique',1,1,0,0,0,66.666667,0.00,0.000000,0.000000,0.000000,0.00,0.000000,'','','','',0.500000,0,'',0.000,0.000000,0.000,0,'',0,'0000-00-00 00:00:00',80.000000,66.670000,80.000000,66.670000,0.000000,0.000000,140.000000,66.666667),(90,61,47,0,1,1548,0,'D\'addario acoustic',1,1,0,0,0,83.333333,0.00,0.000000,0.000000,0.000000,0.00,0.000000,'','','','',0.500000,0,'',0.000,0.000000,0.000,0,'',0,'0000-00-00 00:00:00',100.000000,83.330000,100.000000,83.330000,0.000000,0.000000,145.000000,83.333333),(91,61,47,0,1,1549,0,'D\'addario Classical guitar Hard tension',1,1,0,0,0,83.333333,0.00,0.000000,0.000000,0.000000,0.00,0.000000,'','','','',0.500000,0,'',0.000,0.000000,0.000,0,'',0,'0000-00-00 00:00:00',100.000000,83.330000,100.000000,83.330000,0.000000,0.000000,145.000000,83.333333),(92,61,47,0,1,1550,0,'D\'addario Classical guitar Normal tension',1,1,0,0,0,66.666667,0.00,0.000000,0.000000,0.000000,0.00,0.000000,'','','','',0.500000,0,'',0.000,0.000000,0.000,0,'',0,'0000-00-00 00:00:00',80.000000,66.670000,80.000000,66.670000,0.000000,0.000000,145.000000,66.666667),(93,61,47,0,1,1481,0,'Chevaliet Aubert',1,1,0,0,0,83.333333,0.00,0.000000,0.000000,0.000000,0.00,0.000000,'','','','',0.000000,0,'',0.000,0.000000,0.000,0,'',0,'0000-00-00 00:00:00',100.000000,83.330000,100.000000,83.330000,0.000000,0.000000,0.000000,83.333333),(94,61,47,0,1,751,0,'Ahuja UTP 30',1,1,0,0,0,208.333333,0.00,0.000000,0.000000,0.000000,0.00,0.000000,'','','','',0.000000,0,'',0.000,0.000000,0.000,0,'',0,'0000-00-00 00:00:00',250.000000,208.330000,250.000000,208.330000,0.000000,0.000000,0.000000,208.333333),(95,61,47,0,1,1530,0,'Câble jack jack',1,1,0,0,0,120.000000,0.00,0.000000,0.000000,0.000000,0.00,0.000000,'','','','',0.500000,0,'',0.000,0.000000,0.000,0,'',0,'0000-00-00 00:00:00',120.000000,120.000000,120.000000,120.000000,0.000000,0.000000,115.000000,120.000000),(96,61,47,0,1,1522,0,'ADAPTATEUR JACK femelle',1,1,0,0,0,8.000000,0.00,0.000000,0.000000,0.000000,0.00,0.000000,'','','','',0.500000,0,'',0.000,0.000000,0.000,0,'',0,'0000-00-00 00:00:00',8.000000,8.000000,8.000000,8.000000,0.000000,0.000000,85.000000,8.000000),(97,62,48,0,1,1488,0,'Leto colophane',1,1,0,0,0,12.500000,0.00,0.000000,0.000000,0.000000,0.00,0.000000,'','','','',0.000000,0,'',0.000,0.000000,0.000,0,'',0,'0000-00-00 00:00:00',15.000000,12.500000,15.000000,12.500000,0.000000,0.000000,0.000000,12.500000),(98,63,49,0,1,647,0,'Yamaha F-51 avec adaptateur',1,1,0,0,0,1333.333333,0.00,0.000000,0.000000,0.000000,0.00,0.000000,'','','','',0.000000,0,'',0.000,0.000000,0.000,0,'',0,'0000-00-00 00:00:00',1600.000000,1333.330000,1600.000000,1333.330000,0.000000,0.000000,0.000000,1333.333333),(99,64,50,0,1,1440,0,'Pack guitare électrique Sonata',1,1,0,0,0,1541.666667,0.00,0.000000,0.000000,0.000000,0.00,0.000000,'','','','',0.000000,0,'',0.000,0.000000,0.000,0,'',0,'0000-00-00 00:00:00',1850.000000,1541.670000,1850.000000,1541.670000,0.000000,0.000000,0.000000,1541.666667),(100,65,51,0,1,901,0,'Guitare yamaha C40 vernis',1,1,0,0,0,1000.000000,0.00,0.000000,0.000000,0.000000,0.00,0.000000,'','','','',0.000000,0,'',0.000,0.000000,0.000,0,'',0,'0000-00-00 00:00:00',1200.000000,1000.000000,1200.000000,1000.000000,0.000000,0.000000,0.000000,1000.000000),(101,66,52,0,1,901,0,'Guitare yamaha C40 vernis',1,1,0,0,0,1000.000000,0.00,0.000000,0.000000,0.000000,0.00,0.000000,'','','','',0.000000,0,'',0.000,0.000000,0.000,0,'',0,'0000-00-00 00:00:00',1200.000000,1000.000000,1200.000000,1000.000000,0.000000,0.000000,0.000000,1000.000000),(102,67,53,0,1,1486,0,'Mécaniques (Jeu de clés ) guitare folk separée',1,1,0,0,0,66.666667,0.00,0.000000,0.000000,0.000000,0.00,0.000000,'','','','',0.000000,0,'',0.000,0.000000,0.000,0,'',0,'0000-00-00 00:00:00',80.000000,66.670000,80.000000,66.670000,0.000000,0.000000,0.000000,66.666667),(103,68,54,0,1,1770,0,'Guitare folk Yamaha F310',1,1,0,0,0,1250.000000,0.00,0.000000,0.000000,0.000000,0.00,0.000000,'','','','',0.000000,0,'',0.000,0.000000,0.000,0,'',0,'0000-00-00 00:00:00',1500.000000,1250.000000,1500.000000,1250.000000,0.000000,0.000000,0.000000,1250.000000),(104,69,55,0,1,1698,0,'PIONEER DJ DDJ-400 - CONTRÔLEUR DJ 2 VOIES POUR REKORDBOX DJ',1,1,0,0,0,3166.666667,0.00,0.000000,0.000000,0.000000,0.00,0.000000,'','','','',6.000000,0,'',0.000,0.000000,0.000,0,'',0,'0000-00-00 00:00:00',3800.000000,3166.670000,3800.000000,3166.670000,0.000000,0.000000,2562.000000,3166.666667),(105,70,56,0,1,901,0,'Guitare yamaha C40 vernis',1,1,0,0,0,1000.000000,0.00,0.000000,0.000000,0.000000,0.00,0.000000,'','','','',0.000000,0,'',0.000,0.000000,0.000,0,'',0,'0000-00-00 00:00:00',1200.000000,1000.000000,1200.000000,1000.000000,0.000000,0.000000,0.000000,1000.000000),(106,71,57,0,1,901,0,'Guitare yamaha C40 vernis',1,1,0,0,0,1000.000000,0.00,0.000000,0.000000,0.000000,0.00,0.000000,'','','','',0.000000,0,'',0.000,0.000000,0.000,0,'',0,'0000-00-00 00:00:00',1200.000000,1000.000000,1200.000000,1000.000000,0.000000,0.000000,0.000000,1000.000000),(107,72,58,0,1,900,0,'Guitare Yamaha C40 Matte',1,1,0,0,0,1000.000000,0.00,0.000000,0.000000,0.000000,0.00,0.000000,'','','','',0.000000,0,'',0.000,0.000000,0.000,0,'',0,'0000-00-00 00:00:00',1200.000000,1000.000000,1200.000000,1000.000000,0.000000,0.000000,0.000000,1000.000000),(108,73,59,0,1,1585,0,'Guitare classique Sonata Cutway',1,1,0,0,0,875.000000,0.00,0.000000,0.000000,0.000000,0.00,0.000000,'','','','',0.000000,0,'',0.000,0.000000,0.000,0,'',0,'0000-00-00 00:00:00',1050.000000,875.000000,1050.000000,875.000000,0.000000,0.000000,0.000000,875.000000),(109,74,60,0,1,1548,0,'D\'addario acoustic',1,1,0,0,0,83.333333,0.00,0.000000,0.000000,0.000000,0.00,0.000000,'','','','',0.500000,0,'',0.000,0.000000,0.000,0,'',0,'0000-00-00 00:00:00',100.000000,83.330000,100.000000,83.330000,0.000000,0.000000,145.000000,83.333333),(110,75,61,0,1,901,0,'Guitare yamaha C40 vernis',1,1,0,0,0,1000.000000,0.00,0.000000,0.000000,0.000000,0.00,0.000000,'','','','',0.000000,0,'',0.000,0.000000,0.000,0,'',0,'0000-00-00 00:00:00',1200.000000,1000.000000,1200.000000,1000.000000,0.000000,0.000000,0.000000,1000.000000),(111,76,62,0,1,1643,0,'FA 115 PK Fender',1,1,0,0,0,1333.333333,0.00,0.000000,0.000000,0.000000,0.00,0.000000,'','','','',0.000000,0,'',0.000,0.000000,0.000,0,'',0,'0000-00-00 00:00:00',1600.000000,1333.330000,1600.000000,1333.330000,0.000000,0.000000,0.000000,1333.333333),(112,76,62,0,1,1757,0,'Accordeur & Tuner Fender',1,1,0,0,0,150.000000,0.00,0.000000,0.000000,0.000000,0.00,0.000000,'','','','',0.000000,0,'',0.000,0.000000,0.000,0,'',0,'0000-00-00 00:00:00',180.000000,150.000000,180.000000,150.000000,0.000000,0.000000,0.000000,150.000000),(113,76,62,0,1,1476,0,'Ceinture guitare Fender',1,1,0,0,0,83.333333,0.00,0.000000,0.000000,0.000000,0.00,0.000000,'','','','',0.000000,0,'',0.000,0.000000,0.000,0,'',0,'0000-00-00 00:00:00',100.000000,83.330000,100.000000,83.330000,0.000000,0.000000,0.000000,83.333333),(114,76,62,0,1,1490,0,'Médiateur pyramide',1,1,0,0,0,8.333333,0.00,0.000000,0.000000,0.000000,0.00,0.000000,'','','','',0.000000,0,'',0.000,0.000000,0.000,0,'',0,'0000-00-00 00:00:00',10.000000,8.330000,10.000000,8.330000,0.000000,0.000000,0.000000,8.333333),(115,77,63,0,1,901,0,'Guitare yamaha C40 vernis',1,1,0,0,0,1000.000000,0.00,0.000000,0.000000,0.000000,0.00,0.000000,'','','','',0.000000,0,'',0.000,0.000000,0.000,0,'',0,'0000-00-00 00:00:00',1200.000000,1000.000000,1200.000000,1000.000000,0.000000,0.000000,0.000000,1000.000000),(116,78,64,0,1,1575,0,'Acorn PS-61',1,1,0,0,0,1416.666667,0.00,0.000000,0.000000,0.000000,0.00,0.000000,'','','','',0.000000,0,'',0.000,0.000000,0.000,0,'',0,'0000-00-00 00:00:00',1700.000000,1416.670000,1700.000000,1416.670000,0.000000,0.000000,0.000000,1416.666667),(117,79,65,0,1,1696,0,'Piano Yamaha YDP 164 WH',1,1,0,0,0,12500.000000,0.00,1500.000000,1500.000000,1250.000000,0.00,13501.200000,'','','','',0.000000,0,'',0.000,0.000000,0.000,0,'',0,'0000-00-00 00:00:00',13500.000000,11250.000000,13500.000000,11250.000000,0.000000,0.000000,0.000000,12500.000000),(118,80,66,0,1,1548,0,'D\'addario acoustic',1,1,0,0,0,83.333333,0.00,0.000000,0.000000,0.000000,0.00,0.000000,'','','','',0.500000,0,'',0.000,0.000000,0.000,0,'',0,'0000-00-00 00:00:00',100.000000,83.330000,100.000000,83.330000,0.000000,0.000000,145.000000,83.333333),(119,81,67,0,1,646,0,'Yamaha e-263 avec adaptateur ',1,1,0,0,0,1833.333333,0.00,0.000000,0.000000,0.000000,0.00,0.000000,'','','','',0.000000,0,'',0.000,0.000000,0.000,0,'',0,'0000-00-00 00:00:00',2200.000000,1833.330000,2200.000000,1833.330000,0.000000,0.000000,0.000000,1833.333333),(120,82,68,0,1,647,0,'Yamaha F-51 avec adaptateur',1,1,0,0,0,1333.333333,0.00,0.000000,0.000000,0.000000,0.00,0.000000,'','','','',0.000000,0,'',0.000,0.000000,0.000,0,'',0,'0000-00-00 00:00:00',1600.000000,1333.330000,1600.000000,1333.330000,0.000000,0.000000,0.000000,1333.333333),(121,83,69,0,1,1097,0,'Support Alctron ma614',1,1,0,0,0,708.333333,0.00,0.000000,0.000000,0.000000,0.00,0.000000,'','','PROD-TEST29','',0.500000,0,'',0.000,0.000000,0.000,0,'',0,'0000-00-00 00:00:00',850.000000,708.330000,850.000000,708.330000,0.000000,0.000000,566.660000,708.333333),(122,84,70,0,1,1627,0,'Carte son a22 xt',1,1,0,0,0,1166.666667,0.00,0.000000,0.000000,0.000000,0.00,0.000000,'','','','',0.000000,0,'',0.000,0.000000,0.000,0,'',0,'0000-00-00 00:00:00',1400.000000,1166.670000,1400.000000,1166.670000,0.000000,0.000000,0.000000,1166.666667),(123,85,71,0,1,1475,0,'Capo GY',1,1,0,0,0,100.000000,0.00,0.000000,0.000000,0.000000,0.00,0.000000,'','','','',0.000000,0,'',0.000,0.000000,0.000,0,'',0,'0000-00-00 00:00:00',120.000000,100.000000,120.000000,100.000000,0.000000,0.000000,0.000000,100.000000),(124,85,71,0,1,1548,0,'D\'addario acoustic',1,1,0,0,0,83.333333,0.00,0.000000,0.000000,0.000000,0.00,0.000000,'','','','',0.500000,0,'',0.000,0.000000,0.000,0,'',0,'0000-00-00 00:00:00',100.000000,83.330000,100.000000,83.330000,0.000000,0.000000,145.000000,83.333333),(125,86,72,0,1,901,0,'Guitare yamaha C40 vernis',1,1,0,0,0,1000.000000,0.00,0.000000,0.000000,0.000000,0.00,0.000000,'','','','',0.000000,0,'',0.000,0.000000,0.000,0,'',0,'0000-00-00 00:00:00',1200.000000,1000.000000,1200.000000,1000.000000,0.000000,0.000000,0.000000,1000.000000),(126,87,73,0,1,1242,0,'Saxo facile vol 1,2,4',1,1,0,0,0,220.833333,0.00,0.000000,0.000000,0.000000,0.00,0.000000,'','','','',0.500000,0,'',0.000,0.000000,0.000,0,'',0,'0000-00-00 00:00:00',265.000000,220.830000,265.000000,220.830000,0.000000,0.000000,200.000000,220.833333),(127,87,73,0,1,1218,0,'Les magiciens',1,1,0,0,0,341.666667,0.00,0.000000,0.000000,0.000000,0.00,0.000000,'','','','',0.500000,0,'',0.000,0.000000,0.000,0,'',0,'0000-00-00 00:00:00',410.000000,341.670000,410.000000,341.670000,0.000000,0.000000,200.000000,341.666667),(128,87,73,0,1,1217,0,'Les lutins',1,1,0,0,0,341.666667,0.00,0.000000,0.000000,0.000000,0.00,0.000000,'','','','',0.500000,0,'',0.000,0.000000,0.000,0,'',0,'0000-00-00 00:00:00',410.000000,341.670000,410.000000,341.670000,0.000000,0.000000,200.000000,341.666667),(129,87,73,0,1,1211,0,'La flûte à  bec plus de 50 morceaux à  jouer',1,1,0,0,0,41.666667,0.00,0.000000,0.000000,0.000000,0.00,0.000000,'','','','',0.500000,0,'',0.000,0.000000,0.000,0,'',0,'0000-00-00 00:00:00',50.000000,41.670000,50.000000,41.670000,0.000000,0.000000,195.000000,41.666667),(130,87,73,0,1,1239,0,'Ami-violon 1 et 2',1,1,0,0,0,245.833333,0.00,0.000000,0.000000,0.000000,0.00,0.000000,'','','','',0.500000,0,'',0.000,0.000000,0.000,0,'',0,'0000-00-00 00:00:00',295.000000,245.830000,295.000000,245.830000,0.000000,0.000000,85.000000,245.833333),(131,87,73,0,1,1203,0,'Grande méthode complète de guitare',1,1,0,0,0,279.166667,0.00,0.000000,0.000000,0.000000,0.00,0.000000,'','','','',0.500000,0,'',0.000,0.000000,0.000,0,'',0,'0000-00-00 00:00:00',335.000000,279.170000,335.000000,279.170000,0.000000,0.000000,155.000000,279.166667),(132,88,74,0,1,1,0,'Table de mixage Pioneer DJ DDJ-400 - Controleur DJ 2 voies pour Rekordbox DJ',1,1,0,0,0,3500.000000,0.00,400.000000,400.000000,333.330000,0.00,3801.200000,'','','','',6.000000,0,'',0.000,0.000000,0.000,0,'',0,'0000-00-00 00:00:00',3800.000000,3166.670000,3800.000000,3166.670000,0.000000,0.000000,2562.000000,3500.000000),(133,89,75,0,1,936,0,'Boss Looper',1,1,0,0,0,1200.000000,0.00,0.000000,0.000000,0.000000,0.00,0.000000,'','','','',0.000000,0,'',0.000,0.000000,0.000,0,'',0,'0000-00-00 00:00:00',1440.000000,1200.000000,1440.000000,1200.000000,0.000000,0.000000,0.000000,1200.000000),(134,90,76,0,1,936,0,'Boss Looper',1,1,0,0,0,1200.000000,0.00,0.000000,0.000000,0.000000,0.00,0.000000,'','','','',0.000000,0,'',0.000,0.000000,0.000,0,'',0,'0000-00-00 00:00:00',1440.000000,1200.000000,1440.000000,1200.000000,0.000000,0.000000,0.000000,1200.000000),(135,91,77,0,1,1698,0,'PIONEER DJ DDJ-400 - CONTRÔLEUR DJ 2 VOIES POUR REKORDBOX DJ',1,1,0,0,0,3166.666667,0.00,0.000000,0.000000,0.000000,0.00,0.000000,'','','','',6.000000,0,'',0.000,0.000000,0.000,0,'',0,'0000-00-00 00:00:00',3800.000000,3166.670000,3800.000000,3166.670000,0.000000,0.000000,2562.000000,3166.666667),(136,92,78,0,1,1698,0,'PIONEER DJ DDJ-400 - CONTRÔLEUR DJ 2 VOIES POUR REKORDBOX DJ',1,1,0,0,0,3166.666667,0.00,0.000000,0.000000,0.000000,0.00,0.000000,'','','','',6.000000,0,'',0.000,0.000000,0.000,0,'',0,'0000-00-00 00:00:00',3800.000000,3166.670000,3800.000000,3166.670000,0.000000,0.000000,2562.000000,3166.666667),(137,93,79,0,1,1698,0,'PIONEER DJ DDJ-400 - CONTRÔLEUR DJ 2 VOIES POUR REKORDBOX DJ',1,1,0,0,0,3166.666667,0.00,0.000000,0.000000,0.000000,0.00,0.000000,'','','','',6.000000,0,'',0.000,0.000000,0.000,0,'',0,'0000-00-00 00:00:00',3800.000000,3166.670000,3800.000000,3166.670000,0.000000,0.000000,2562.000000,3166.666667),(138,94,80,0,1,1566,0,'Pyramid oud zhite nylon',1,1,0,0,0,100.000000,0.00,0.000000,0.000000,0.000000,0.00,0.000000,'','','','',0.500000,0,'',0.000,0.000000,0.000,0,'',0,'0000-00-00 00:00:00',120.000000,100.000000,120.000000,100.000000,0.000000,0.000000,145.000000,100.000000),(139,95,81,0,1,1666,0,'Piano DGX-660 Yamaha',1,1,0,0,0,7500.000000,0.00,0.000000,0.000000,0.000000,0.00,0.000000,'','','','',0.000000,0,'',0.000,0.000000,0.000,0,'',0,'0000-00-00 00:00:00',9000.000000,7500.000000,9000.000000,7500.000000,0.000000,0.000000,0.000000,7500.000000),(140,96,82,0,1,1698,0,'PIONEER DJ DDJ-400 - CONTRÔLEUR DJ 2 VOIES POUR REKORDBOX DJ',1,1,0,0,0,3166.666667,0.00,0.000000,0.000000,0.000000,0.00,0.000000,'','','','',6.000000,0,'',0.000,0.000000,0.000,0,'',0,'0000-00-00 00:00:00',3800.000000,3166.670000,3800.000000,3166.670000,0.000000,0.000000,2562.000000,3166.666667),(141,97,83,0,1,1,0,'Table de mixage Pioneer DJ DDJ-400 - Controleur DJ 2 voies pour Rekordbox DJ',1,1,0,0,0,3500.000000,0.00,400.000000,400.000000,333.330000,0.00,3801.200000,'','','','',6.000000,0,'',0.000,0.000000,0.000,0,'',0,'0000-00-00 00:00:00',3800.000000,3166.670000,3800.000000,3166.670000,0.000000,0.000000,2562.000000,3500.000000),(142,98,84,0,1,1,0,'Table de mixage Pioneer DJ DDJ-400 - Controleur DJ 2 voies pour Rekordbox DJ',1,1,0,0,0,3500.000000,0.00,400.000000,400.000000,333.330000,0.00,3801.200000,'','','','',6.000000,0,'',0.000,0.000000,0.000,0,'',0,'0000-00-00 00:00:00',3800.000000,3166.670000,3800.000000,3166.670000,0.000000,0.000000,2562.000000,3500.000000),(143,99,85,0,1,901,0,'Guitare yamaha C40 vernis',1,1,0,0,0,1000.000000,0.00,0.000000,0.000000,0.000000,0.00,0.000000,'','','','',0.000000,0,'',0.000,0.000000,0.000,0,'',0,'0000-00-00 00:00:00',1200.000000,1000.000000,1200.000000,1000.000000,0.000000,0.000000,0.000000,1000.000000),(144,100,86,0,1,1698,0,'PIONEER DJ DDJ-400 - CONTRÔLEUR DJ 2 VOIES POUR REKORDBOX DJ',1,1,0,0,0,3166.666667,0.00,0.000000,0.000000,0.000000,0.00,0.000000,'','','','',6.000000,0,'',0.000,0.000000,0.000,0,'',0,'0000-00-00 00:00:00',3800.000000,3166.670000,3800.000000,3166.670000,0.000000,0.000000,2562.000000,3166.666667),(145,101,87,0,1,1609,0,'Violon 4/4',1,1,0,0,0,541.666667,0.00,0.000000,0.000000,0.000000,0.00,0.000000,'','','','',0.000000,0,'',0.000,0.000000,0.000,0,'',0,'0000-00-00 00:00:00',650.000000,541.670000,650.000000,541.670000,0.000000,0.000000,0.000000,541.666667),(146,102,88,0,1,845,0,'Egg Shakers',2,2,0,0,0,16.666667,0.00,0.000000,0.000000,0.000000,0.00,0.000000,'','','','',0.000000,0,'',0.000,0.000000,0.000,0,'',0,'0000-00-00 00:00:00',40.000000,33.340000,20.000000,16.670000,0.000000,0.000000,0.000000,16.666667),(147,102,88,0,1,1667,0,'Cajon Snarecraft Meinl',1,1,0,0,0,875.000000,0.00,0.000000,0.000000,0.000000,0.00,0.000000,'','','','',0.000000,0,'',0.000,0.000000,0.000,0,'',0,'0000-00-00 00:00:00',1050.000000,875.000000,1050.000000,875.000000,0.000000,0.000000,0.000000,875.000000),(148,103,89,0,1,1,0,'Table de mixage Pioneer DJ DDJ-400 - Controleur DJ 2 voies pour Rekordbox DJ',1,1,0,0,0,3500.000000,0.00,400.000000,400.000000,333.330000,0.00,3801.200000,'','','','',6.000000,0,'',0.000,0.000000,0.000,0,'',0,'0000-00-00 00:00:00',3800.000000,3166.670000,3800.000000,3166.670000,0.000000,0.000000,2562.000000,3500.000000),(149,104,90,0,1,1714,0,'Table de mixage Pioneer XDJ-RX2',1,1,0,0,0,18750.000000,0.00,600.000000,600.000000,500.000000,0.00,21901.200000,'','','','',6.000000,0,'',0.000,0.000000,0.000,0,'',0,'0000-00-00 00:00:00',21900.000000,18250.000000,21900.000000,18250.000000,0.000000,0.000000,18410.000000,18750.000000),(150,105,91,0,1,1603,0,'Ukulele Sonata Soprano',1,1,0,0,0,458.333333,0.00,0.000000,0.000000,0.000000,0.00,0.000000,'','','','',0.000000,0,'',0.000,0.000000,0.000,0,'',0,'0000-00-00 00:00:00',550.000000,458.330000,550.000000,458.330000,0.000000,0.000000,0.000000,458.333333),(151,106,92,0,1,645,0,'Yamaha A350 avec adaptateur',1,1,0,0,0,3250.000000,0.00,0.000000,0.000000,0.000000,0.00,0.000000,'','','','',0.000000,0,'',0.000,0.000000,0.000,0,'',0,'0000-00-00 00:00:00',3900.000000,3250.000000,3900.000000,3250.000000,0.000000,0.000000,0.000000,3250.000000),(152,107,93,0,1,1762,0,'Guitare électro-classique Yamaha CX40',1,1,0,0,0,1541.666667,0.00,0.000000,0.000000,0.000000,0.00,0.000000,'','','','',0.000000,0,'',0.000,0.000000,0.000,0,'',0,'0000-00-00 00:00:00',1850.000000,1541.670000,1850.000000,1541.670000,0.000000,0.000000,0.000000,1541.666667),(153,108,94,0,1,1440,0,'Pack guitare électrique Sonata',1,1,0,0,0,1458.333333,0.00,0.000000,0.000000,0.000000,0.00,0.000000,'','','','',0.000000,0,'',0.000,0.000000,0.000,0,'',0,'0000-00-00 00:00:00',1750.000000,1458.330000,1750.000000,1458.330000,0.000000,0.000000,0.000000,1458.333333),(154,109,95,0,1,1698,0,'PIONEER DJ DDJ-400 - CONTRÔLEUR DJ 2 VOIES POUR REKORDBOX DJ',1,1,0,0,0,3166.666667,0.00,0.000000,0.000000,0.000000,0.00,0.000000,'','','','',6.000000,0,'',0.000,0.000000,0.000,0,'',0,'0000-00-00 00:00:00',3800.000000,3166.670000,3800.000000,3166.670000,0.000000,0.000000,2562.000000,3166.666667),(155,110,96,0,1,1698,0,'PIONEER DJ DDJ-400 - CONTRÔLEUR DJ 2 VOIES POUR REKORDBOX DJ',1,1,0,0,0,3166.666667,0.00,0.000000,0.000000,0.000000,0.00,0.000000,'','','','',6.000000,0,'',0.000,0.000000,0.000,0,'',0,'0000-00-00 00:00:00',3800.000000,3166.670000,3800.000000,3166.670000,0.000000,0.000000,2562.000000,3166.666667),(156,111,97,0,1,1928,0,'Guitare basse Marcus Miller M2 4strings Black ',1,1,0,0,0,3250.000000,0.00,0.000000,0.000000,0.000000,0.00,0.000000,'','','','',0.000000,0,'',0.000,0.000000,0.000,0,'',0,'0000-00-00 00:00:00',3900.000000,3250.000000,3900.000000,3250.000000,0.000000,0.000000,0.000000,3250.000000),(157,112,98,0,1,1710,0,'Pioneer DDJ800 ',1,1,0,0,0,9833.333333,0.00,600.000000,600.000000,500.000000,0.00,11201.200000,'','','','',6.000000,0,'',0.000,0.000000,0.000,0,'',0,'0000-00-00 00:00:00',11200.000000,9333.330000,11200.000000,9333.330000,0.000000,0.000000,9635.000000,9833.333333),(158,114,99,0,1,1698,0,'PIONEER DJ DDJ-400 - CONTRÔLEUR DJ 2 VOIES POUR REKORDBOX DJ',1,1,0,0,0,3166.666667,0.00,0.000000,0.000000,0.000000,0.00,0.000000,'','','','',6.000000,0,'',0.000,0.000000,0.000,0,'',0,'0000-00-00 00:00:00',3800.000000,3166.670000,3800.000000,3166.670000,0.000000,0.000000,2562.000000,3166.666667),(159,115,100,0,1,1654,0,'Piano Ringway RP220',1,1,0,0,0,4833.333333,0.00,0.000000,0.000000,0.000000,0.00,0.000000,'','','','',0.000000,0,'',0.000,0.000000,0.000,0,'',0,'0000-00-00 00:00:00',5800.000000,4833.330000,5800.000000,4833.330000,0.000000,0.000000,0.000000,4833.333333),(160,116,101,0,1,1938,0,'RODE NT-USB Mini',1,1,0,0,0,1241.666667,0.00,0.000000,0.000000,0.000000,0.00,0.000000,'','','','',0.000000,0,'',0.000,0.000000,0.000,0,'',0,'0000-00-00 00:00:00',1490.000000,1241.670000,1490.000000,1241.670000,0.000000,0.000000,0.000000,1241.666667),(161,117,102,0,1,1096,0,'Support Alctron ma 601\"',1,1,0,0,0,458.333333,0.00,0.000000,0.000000,0.000000,0.00,0.000000,'','','PROD-TEST28','',0.500000,0,'',0.000,0.000000,0.000,0,'',0,'0000-00-00 00:00:00',550.000000,458.330000,550.000000,458.330000,0.000000,0.000000,291.670000,458.333333),(162,118,103,0,1,895,0,'Guitare classique Sonata',1,1,0,0,0,541.666667,0.00,0.000000,0.000000,0.000000,0.00,0.000000,'','','','',0.000000,0,'',0.000,0.000000,0.000,0,'',0,'0000-00-00 00:00:00',650.000000,541.670000,650.000000,541.670000,0.000000,0.000000,0.000000,541.666667),(163,119,104,0,1,895,0,'Guitare classique Sonata',1,1,0,0,0,541.666667,0.00,0.000000,0.000000,0.000000,0.00,0.000000,'','','','',0.000000,0,'',0.000,0.000000,0.000,0,'',0,'0000-00-00 00:00:00',650.000000,541.670000,650.000000,541.670000,0.000000,0.000000,0.000000,541.666667),(164,120,105,0,1,1560,0,'Pyramid Aoud  Black nylon',1,1,0,0,0,125.000000,0.00,0.000000,0.000000,0.000000,0.00,0.000000,'','','','',0.500000,0,'',0.000,0.000000,0.000,0,'',0,'0000-00-00 00:00:00',150.000000,125.000000,150.000000,125.000000,0.000000,0.000000,145.000000,125.000000),(165,121,106,0,1,1560,0,'Pyramid Aoud  Black nylon',1,1,0,0,0,125.000000,0.00,0.000000,0.000000,0.000000,0.00,0.000000,'','','','',0.500000,0,'',0.000,0.000000,0.000,0,'',0,'0000-00-00 00:00:00',150.000000,125.000000,150.000000,125.000000,0.000000,0.000000,145.000000,125.000000),(166,122,107,0,1,1753,0,'Ampli Fender Mustang I',1,1,0,0,0,1416.666667,0.00,0.000000,0.000000,0.000000,0.00,0.000000,'','','','',0.000000,0,'',0.000,0.000000,0.000,0,'',0,'0000-00-00 00:00:00',1700.000000,1416.670000,1700.000000,1416.670000,0.000000,0.000000,0.000000,1416.666667),(167,123,108,0,1,1762,0,'Guitare électro-classique Yamaha CX40',1,1,0,0,0,1541.666667,0.00,0.000000,0.000000,0.000000,0.00,0.000000,'','','','',0.000000,0,'',0.000,0.000000,0.000,0,'',0,'0000-00-00 00:00:00',1850.000000,1541.670000,1850.000000,1541.670000,0.000000,0.000000,0.000000,1541.666667),(168,125,109,0,1,1862,0,'Casque Audio Technica ATHM40X',1,1,0,0,0,916.666667,0.00,0.000000,0.000000,0.000000,0.00,0.000000,'','','','',0.000000,0,'',0.000,0.000000,0.000,0,'',0,'0000-00-00 00:00:00',1100.000000,916.670000,1100.000000,916.670000,0.000000,0.000000,0.000000,916.666667),(169,126,110,0,1,1609,0,'Violon 4/4',1,1,0,0,0,541.666667,0.00,0.000000,0.000000,0.000000,0.00,0.000000,'','','','',0.000000,0,'',0.000,0.000000,0.000,0,'',0,'0000-00-00 00:00:00',650.000000,541.670000,650.000000,541.670000,0.000000,0.000000,0.000000,541.666667),(170,127,111,0,1,1776,0,'Guitare basse Yamaha RBX170 ',1,1,0,0,0,2000.000000,0.00,0.000000,0.000000,0.000000,0.00,0.000000,'','','','',0.000000,0,'',0.000,0.000000,0.000,0,'',0,'0000-00-00 00:00:00',2400.000000,2000.000000,2400.000000,2000.000000,0.000000,0.000000,0.000000,2000.000000),(171,128,112,0,1,936,0,'Boss Looper',1,1,0,0,0,1200.000000,0.00,0.000000,0.000000,0.000000,0.00,0.000000,'','','','',0.000000,0,'',0.000,0.000000,0.000,0,'',0,'0000-00-00 00:00:00',1440.000000,1200.000000,1440.000000,1200.000000,0.000000,0.000000,0.000000,1200.000000),(172,129,113,0,1,936,0,'Boss Looper',1,1,0,0,0,1200.000000,0.00,0.000000,0.000000,0.000000,0.00,0.000000,'','','','',0.000000,0,'',0.000,0.000000,0.000,0,'',0,'0000-00-00 00:00:00',1440.000000,1200.000000,1440.000000,1200.000000,0.000000,0.000000,0.000000,1200.000000),(173,130,114,0,1,2006,0,'Oud & Luth marocain pour enfant 3/4',1,1,0,0,0,1416.666667,0.00,0.000000,0.000000,0.000000,0.00,0.000000,'','','','',0.000000,0,'',0.000,0.000000,0.000,0,'',0,'0000-00-00 00:00:00',1700.000000,1416.670000,1700.000000,1416.670000,0.000000,0.000000,0.000000,1416.666667),(174,131,115,0,1,1762,0,'Guitare électro-classique Yamaha CX40',1,1,0,0,0,1541.666667,0.00,0.000000,0.000000,0.000000,0.00,0.000000,'','','','',0.000000,0,'',0.000,0.000000,0.000,0,'',0,'0000-00-00 00:00:00',1850.000000,1541.670000,1850.000000,1541.670000,0.000000,0.000000,0.000000,1541.666667),(175,132,116,0,1,645,0,'Yamaha A350 avec adaptateur',1,1,0,0,0,3250.000000,0.00,0.000000,0.000000,0.000000,0.00,0.000000,'','','','',0.000000,0,'',0.000,0.000000,0.000,0,'',0,'0000-00-00 00:00:00',3900.000000,3250.000000,3900.000000,3250.000000,0.000000,0.000000,0.000000,3250.000000),(176,133,117,0,1,1755,0,'Guitare FA125 CE Dreadnought Electro-Acoustique',1,1,0,0,0,2083.333333,0.00,200.000000,200.000000,166.670000,0.00,2301.200000,'','','','',0.000000,0,'',0.000,0.000000,0.000,0,'',0,'0000-00-00 00:00:00',2300.000000,1916.670000,2300.000000,1916.670000,0.000000,0.000000,0.000000,2083.333333),(177,134,0,0,1,2012,0,'Casque DJ Superlux HD631',1,1,0,0,0,0.000000,0.00,0.000000,0.000000,0.000000,0.00,0.000000,'','','','',0.000000,0,'',0.000,0.000000,0.000,0,'',0,'0000-00-00 00:00:00',0.000000,0.000000,0.000000,0.000000,0.000000,0.000000,0.000000,0.000000),(178,135,0,0,1,901,0,'Guitare yamaha C40 vernis',1,1,0,0,0,1000.000000,0.00,0.000000,0.000000,0.000000,0.00,0.000000,'','','','',0.000000,0,'',0.000,0.000000,0.000,0,'',0,'0000-00-00 00:00:00',1200.000000,1000.000000,1200.000000,1000.000000,0.000000,0.000000,0.000000,1000.000000),(179,136,118,0,1,2006,0,'Oud & Luth marocain pour enfant 3/4',1,1,0,0,0,1416.666667,0.00,0.000000,0.000000,0.000000,0.00,0.000000,'','','','',0.000000,0,'',0.000,0.000000,0.000,0,'',0,'0000-00-00 00:00:00',1700.000000,1416.670000,1700.000000,1416.670000,0.000000,0.000000,0.000000,1416.666667),(180,137,119,0,1,1646,0,'Orgue Ringway  TB820',1,1,0,0,0,2416.666667,0.00,0.000000,0.000000,0.000000,0.00,0.000000,'','','','',0.000000,0,'',0.000,0.000000,0.000,0,'',0,'0000-00-00 00:00:00',2900.000000,2416.670000,2900.000000,2416.670000,0.000000,0.000000,0.000000,2416.666667),(181,138,120,0,1,640,0,'Piano Yamaha Arius YDP 103',1,1,0,0,0,7916.666667,0.00,280.000000,280.000000,233.330000,0.00,9221.200000,'','','','',0.000000,0,'',0.000,0.000000,0.000,0,'',0,'0000-00-00 00:00:00',9220.000000,7683.330000,9220.000000,7683.330000,0.000000,0.000000,0.000000,7916.666667),(182,139,121,0,1,641,0,'Piano Yamaha Arius YDP 142 avec adaptateur',1,1,0,0,0,9166.666667,0.00,0.000000,0.000000,0.000000,0.00,0.000000,'','','','',0.000000,0,'',0.000,0.000000,0.000,0,'',0,'0000-00-00 00:00:00',11000.000000,9166.670000,11000.000000,9166.670000,0.000000,0.000000,0.000000,9166.666667),(183,140,122,0,1,936,0,'Boss Looper',1,1,0,0,0,1200.000000,0.00,0.000000,0.000000,0.000000,0.00,0.000000,'','','','',0.000000,0,'',0.000,0.000000,0.000,0,'',0,'0000-00-00 00:00:00',1440.000000,1200.000000,1440.000000,1200.000000,0.000000,0.000000,0.000000,1200.000000),(184,141,123,0,1,936,0,'Boss Looper',1,1,0,0,0,1200.000000,0.00,0.000000,0.000000,0.000000,0.00,0.000000,'','','','',0.000000,0,'',0.000,0.000000,0.000,0,'',0,'0000-00-00 00:00:00',1440.000000,1200.000000,1440.000000,1200.000000,0.000000,0.000000,0.000000,1200.000000),(185,143,124,0,1,1969,0,'Carte son Behringer UMC404',1,1,0,0,0,1458.333333,0.00,0.000000,0.000000,0.000000,0.00,0.000000,'','','','',0.000000,0,'',0.000,0.000000,0.000,0,'',0,'0000-00-00 00:00:00',1750.000000,1458.330000,1750.000000,1458.330000,0.000000,0.000000,0.000000,1458.333333),(186,145,125,0,1,1696,0,'Piano Yamaha YDP 164 WH',1,1,0,0,0,12500.000000,0.00,1500.000000,1500.000000,1250.000000,0.00,13501.200000,'','','','',0.000000,0,'',0.000,0.000000,0.000,0,'',0,'0000-00-00 00:00:00',13500.000000,11250.000000,13500.000000,11250.000000,0.000000,0.000000,0.000000,12500.000000),(187,146,0,0,1,1711,0,'Pioneer DDJ200 CONTROLEUR DJ INTELIGENT',1,1,0,0,0,2000.000000,0.00,0.000000,0.000000,0.000000,0.00,0.000000,'','','','',6.000000,0,'',0.000,0.000000,0.000,0,'',0,'0000-00-00 00:00:00',2400.000000,2000.000000,2400.000000,2000.000000,0.000000,0.000000,1708.000000,2000.000000),(188,147,126,0,1,1960,0,'Enceinte Murale ENCASTRABLE  Yamaha NS-IC600',2,2,0,0,0,1250.000000,0.00,0.000000,0.000000,0.000000,0.00,0.000000,'','','','',0.000000,0,'',0.000,0.000000,0.000,0,'',0,'0000-00-00 00:00:00',3000.000000,2500.000000,1500.000000,1250.000000,0.000000,0.000000,0.000000,1250.000000),(189,149,127,0,1,643,0,'Piano Yamaha P-45 avec adaptateur',1,1,0,0,0,4166.666667,0.00,0.000000,0.000000,0.000000,0.00,0.000000,'','','','',0.000000,0,'',0.000,0.000000,0.000,0,'',0,'0000-00-00 00:00:00',5000.000000,4166.670000,5000.000000,4166.670000,0.000000,0.000000,0.000000,4166.666667),(190,150,128,0,1,2021,0,'Ampli Fender Mustang LT25',1,1,0,0,0,1583.333333,0.00,0.000000,0.000000,0.000000,0.00,0.000000,'','','','',0.000000,0,'',0.000,0.000000,0.000,0,'',0,'0000-00-00 00:00:00',1900.000000,1583.330000,1900.000000,1583.330000,0.000000,0.000000,0.000000,1583.333333),(191,151,129,0,1,1191,0,'Je deviens guitariste',1,1,0,0,0,62.500000,0.00,0.000000,0.000000,0.000000,0.00,0.000000,'','','','',0.500000,0,'',0.000,0.000000,0.000,0,'',0,'0000-00-00 00:00:00',75.000000,62.500000,75.000000,62.500000,0.000000,0.000000,185.000000,62.500000),(192,152,130,0,1,1995,0,'Clavier maître GX61 Nektar',1,1,0,0,0,1083.333333,0.00,0.000000,0.000000,0.000000,0.00,0.000000,'','','','',0.000000,0,'',0.000,0.000000,0.000,0,'',0,'0000-00-00 00:00:00',1300.000000,1083.330000,1300.000000,1083.330000,0.000000,0.000000,0.000000,1083.333333),(193,153,131,0,1,1995,0,'Clavier maître GX61 Nektar',1,1,0,0,0,1083.333333,0.00,0.000000,0.000000,0.000000,0.00,0.000000,'','','','',0.000000,0,'',0.000,0.000000,0.000,0,'',0,'0000-00-00 00:00:00',1300.000000,1083.330000,1300.000000,1083.330000,0.000000,0.000000,0.000000,1083.333333),(194,154,132,0,1,901,0,'Guitare yamaha C40 vernis',1,1,0,0,0,1000.000000,0.00,0.000000,0.000000,0.000000,0.00,0.000000,'','','','',0.000000,0,'',0.000,0.000000,0.000,0,'',0,'0000-00-00 00:00:00',1200.000000,1000.000000,1200.000000,1000.000000,0.000000,0.000000,0.000000,1000.000000),(195,155,133,0,1,790,0,'Violon Eberhard Meinel 3/4',1,1,0,0,0,1375.000000,0.00,0.000000,0.000000,0.000000,0.00,0.000000,'','','','',0.000000,0,'',0.000,0.000000,0.000,0,'',0,'0000-00-00 00:00:00',1650.000000,1375.000000,1650.000000,1375.000000,0.000000,0.000000,0.000000,1375.000000),(196,156,134,0,1,1670,0,'Guitare acoustique Fender FA-125  Sunburst avec pochette',1,1,0,0,0,1333.333333,0.00,0.000000,0.000000,0.000000,0.00,0.000000,'','','','',0.000000,0,'',0.000,0.000000,0.000,0,'',0,'0000-00-00 00:00:00',1600.000000,1333.330000,1600.000000,1333.330000,0.000000,0.000000,0.000000,1333.333333),(197,157,0,0,1,1,0,'Table de mixage Pioneer DJ DDJ-400 - Controleur DJ 2 voies pour Rekordbox DJ',1,1,0,0,0,3500.000000,0.00,400.000000,400.000000,333.330000,0.00,3801.200000,'','','','',6.000000,0,'',0.000,0.000000,0.000,0,'',0,'0000-00-00 00:00:00',3800.000000,3166.670000,3800.000000,3166.670000,0.000000,0.000000,2562.000000,3500.000000),(198,158,135,0,1,1189,0,'Je deviens guitariste débutant',1,1,0,0,0,195.833333,0.00,0.000000,0.000000,0.000000,0.00,0.000000,'','','','',0.500000,0,'',0.000,0.000000,0.000,0,'',0,'0000-00-00 00:00:00',235.000000,195.830000,235.000000,195.830000,0.000000,0.000000,175.000000,195.833333),(199,158,135,0,1,1191,0,'Je deviens guitariste',1,1,0,0,0,62.500000,0.00,0.000000,0.000000,0.000000,0.00,0.000000,'','','','',0.500000,0,'',0.000,0.000000,0.000,0,'',0,'0000-00-00 00:00:00',75.000000,62.500000,75.000000,62.500000,0.000000,0.000000,185.000000,62.500000),(200,158,135,0,1,1190,0,'je deviens guitariste vol 2',1,1,0,0,0,194.166667,0.00,0.000000,0.000000,0.000000,0.00,0.000000,'','','','',0.500000,0,'',0.000,0.000000,0.000,0,'',0,'0000-00-00 00:00:00',233.000000,194.170000,233.000000,194.170000,0.000000,0.000000,180.000000,194.166667),(201,159,136,0,1,1916,0,'Godin Progression Plus Trans Cream HG RN',1,1,0,0,0,8083.333333,0.00,0.000000,0.000000,0.000000,0.00,0.000000,'','','','',0.000000,0,'',0.000,0.000000,0.000,0,'',0,'0000-00-00 00:00:00',9700.000000,8083.330000,9700.000000,8083.330000,0.000000,0.000000,0.000000,8083.333333),(202,160,137,0,1,1550,0,'D\'addario Classical guitar Normal tension',8,8,0,0,0,66.666667,0.00,0.000000,0.000000,0.000000,0.00,0.000000,'','','','',0.500000,0,'',0.000,0.000000,0.000,0,'',0,'0000-00-00 00:00:00',640.000000,533.360000,80.000000,66.670000,0.000000,0.000000,145.000000,66.666667),(203,160,137,0,1,1212,0,'La guitare plus de 40 morceaux à  jouer',1,1,0,0,0,41.666667,0.00,0.000000,0.000000,0.000000,0.00,0.000000,'','','','',0.500000,0,'',0.000,0.000000,0.000,0,'',0,'0000-00-00 00:00:00',50.000000,41.670000,50.000000,41.670000,0.000000,0.000000,200.000000,41.666667),(204,160,137,0,1,1214,0,'Prélude à la guitare  Hugues Chaffardon',1,1,0,0,0,108.333333,0.00,0.000000,0.000000,0.000000,0.00,0.000000,'','','','',0.500000,0,'',0.000,0.000000,0.000,0,'',0,'0000-00-00 00:00:00',130.000000,108.330000,130.000000,108.330000,0.000000,0.000000,200.000000,108.333333),(205,160,137,0,1,1553,0,'Dadi classique',5,5,0,0,0,33.333333,0.00,0.000000,0.000000,0.000000,0.00,0.000000,'','','','',0.500000,0,'',0.000,0.000000,0.000,0,'',0,'0000-00-00 00:00:00',200.000000,166.650000,40.000000,33.330000,0.000000,0.000000,145.000000,33.333333),(206,160,137,0,1,1213,0,'Méthode de guitare',1,1,0,0,0,179.166667,0.00,0.000000,0.000000,0.000000,0.00,0.000000,'','','','',0.500000,0,'',0.000,0.000000,0.000,0,'',0,'0000-00-00 00:00:00',215.000000,179.170000,215.000000,179.170000,0.000000,0.000000,200.000000,179.166667),(207,162,138,0,1,1769,0,'Guitare Fender Squier SA-105CE',1,1,0,0,0,1166.666667,0.00,0.000000,0.000000,0.000000,0.00,0.000000,'','','','',0.000000,0,'',0.000,0.000000,0.000,0,'',0,'0000-00-00 00:00:00',1400.000000,1166.670000,1400.000000,1166.670000,0.000000,0.000000,0.000000,1166.666667),(208,163,139,0,1,1756,0,'Guitare Redondo Folk Fender',1,1,0,0,0,3750.000000,0.00,350.000000,350.000000,291.670000,0.00,4151.200000,'','','','',0.000000,0,'',0.000,0.000000,0.000,0,'',0,'0000-00-00 00:00:00',4150.000000,3458.330000,4150.000000,3458.330000,0.000000,0.000000,0.000000,3750.000000),(209,163,139,0,1,1474,0,'Capo D\'addario',1,1,0,0,0,208.333333,0.00,0.000000,0.000000,0.000000,0.00,0.000000,'','','','',0.000000,0,'',0.000,0.000000,0.000,0,'',0,'0000-00-00 00:00:00',250.000000,208.330000,250.000000,208.330000,0.000000,0.000000,0.000000,208.333333),(210,163,139,0,1,1490,0,'Médiateur pyramide',5,5,0,0,0,8.333333,0.00,0.000000,0.000000,0.000000,0.00,0.000000,'','','','',0.000000,0,'',0.000,0.000000,0.000,0,'',0,'0000-00-00 00:00:00',50.000000,41.650000,10.000000,8.330000,0.000000,0.000000,0.000000,8.333333),(211,164,0,0,1,1933,0,'RODE NT1A Microphone de studio',1,1,0,0,0,2158.333333,0.00,0.000000,0.000000,0.000000,0.00,0.000000,'','','','',0.000000,0,'',0.000,0.000000,0.000,0,'',0,'0000-00-00 00:00:00',2590.000000,2158.330000,2590.000000,2158.330000,0.000000,0.000000,0.000000,2158.333333),(212,165,140,0,1,1933,0,'RODE NT1A Microphone de studio',1,1,0,0,0,2158.333333,0.00,0.000000,0.000000,0.000000,0.00,0.000000,'','','','',0.000000,0,'',0.000,0.000000,0.000,0,'',0,'0000-00-00 00:00:00',2590.000000,2158.330000,2590.000000,2158.330000,0.000000,0.000000,0.000000,2158.333333),(213,166,141,0,1,1934,0,'Rode PSA-1 Bras articulé pour micro',1,1,0,0,0,1158.333333,0.00,0.000000,0.000000,0.000000,0.00,0.000000,'','','','',0.000000,0,'',0.000,0.000000,0.000,0,'',0,'0000-00-00 00:00:00',1390.000000,1158.330000,1390.000000,1158.330000,0.000000,0.000000,0.000000,1158.333333),(214,166,141,0,1,1861,0,'Casque Audio Technica ATH-M50',1,1,0,0,0,1333.333333,0.00,0.000000,0.000000,0.000000,0.00,0.000000,'','','','',0.000000,0,'',0.000,0.000000,0.000,0,'',0,'0000-00-00 00:00:00',1600.000000,1333.330000,1600.000000,1333.330000,0.000000,0.000000,0.000000,1333.333333),(215,167,142,0,1,1882,0,'DJ DDJ-XP2 Pioneer',1,1,0,0,0,3750.000000,0.00,600.000000,600.000000,500.000000,0.00,3901.200000,'','','','',0.000000,0,'',0.000,0.000000,0.000,0,'',0,'0000-00-00 00:00:00',3900.000000,3250.000000,3900.000000,3250.000000,0.000000,0.000000,0.000000,3750.000000),(216,168,143,0,1,900,0,'Guitare Yamaha C40 Matte',1,1,0,0,0,1075.000000,0.00,0.000000,0.000000,0.000000,0.00,0.000000,'','','','',0.000000,0,'',0.000,0.000000,0.000,0,'',0,'0000-00-00 00:00:00',1290.000000,1075.000000,1290.000000,1075.000000,0.000000,0.000000,0.000000,1075.000000),(217,169,144,0,1,1946,0,'Yamaha PSR-S670',1,1,0,0,0,5825.000000,0.00,0.000000,0.000000,0.000000,0.00,0.000000,'','','','',0.000000,0,'',0.000,0.000000,0.000,0,'',0,'0000-00-00 00:00:00',6990.000000,5825.000000,6990.000000,5825.000000,0.000000,0.000000,0.000000,5825.000000),(218,170,145,0,1,992,0,'Flûte à  bec soprano Dadi',10,10,0,0,0,41.666667,0.00,0.000000,0.000000,0.000000,0.00,0.000000,'','','','',0.000000,0,'',0.000,0.000000,0.000,0,'',0,'0000-00-00 00:00:00',500.000000,416.700000,50.000000,41.670000,0.000000,0.000000,0.000000,41.666667),(219,171,146,0,1,1639,0,'Guitare Fender Squier',1,1,0,0,0,1291.666667,0.00,0.000000,0.000000,0.000000,0.00,0.000000,'','','','',0.000000,0,'',0.000,0.000000,0.000,0,'',0,'0000-00-00 00:00:00',1550.000000,1291.670000,1550.000000,1291.670000,0.000000,0.000000,0.000000,1291.666667),(220,172,147,0,1,1467,0,'PSR-E363 Yamaha avec adaptateur ',1,1,0,0,0,2333.333333,0.00,0.000000,0.000000,0.000000,0.00,0.000000,'','','','',0.000000,0,'',0.000,0.000000,0.000,0,'',0,'0000-00-00 00:00:00',2800.000000,2333.330000,2800.000000,2333.330000,0.000000,0.000000,0.000000,2333.333333),(221,173,148,0,1,1861,0,'Casque Audio Technica ATH-M50',1,1,0,0,0,1333.333333,0.00,0.000000,0.000000,0.000000,0.00,0.000000,'','','','',0.000000,0,'',0.000,0.000000,0.000,0,'',0,'0000-00-00 00:00:00',1600.000000,1333.330000,1600.000000,1333.330000,0.000000,0.000000,0.000000,1333.333333),(222,174,149,0,1,1711,0,'Pioneer DDJ200 CONTROLEUR DJ INTELIGENT',1,1,0,0,0,2000.000000,0.00,0.000000,0.000000,0.000000,0.00,0.000000,'','','','',6.000000,0,'',0.000,0.000000,0.000,0,'',0,'0000-00-00 00:00:00',2400.000000,2000.000000,2400.000000,2000.000000,0.000000,0.000000,1708.000000,2000.000000),(223,175,150,0,1,1669,0,'Guitare Yamaha C80',1,1,0,0,0,1958.333333,17.00,0.000000,0.000000,0.000000,0.00,1951.700000,'','','','',0.000000,0,'',0.000,0.000000,0.000,0,'',0,'0000-00-00 00:00:00',1950.500000,1625.420000,1950.500000,1625.420000,0.000000,0.000000,0.000000,1958.333333),(224,176,151,0,1,1711,0,'Pioneer DDJ200 CONTROLEUR DJ INTELIGENT',1,1,0,0,0,2000.000000,0.00,0.000000,0.000000,0.000000,0.00,0.000000,'','','','',6.000000,0,'',0.000,0.000000,0.000,0,'',0,'0000-00-00 00:00:00',2400.000000,2000.000000,2400.000000,2000.000000,0.000000,0.000000,1708.000000,2000.000000),(225,177,152,0,1,1711,0,'Pioneer DDJ200 CONTROLEUR DJ INTELIGENT',1,1,0,0,0,2000.000000,0.00,0.000000,0.000000,0.000000,0.00,0.000000,'','','','',6.000000,0,'',0.000,0.000000,0.000,0,'',0,'0000-00-00 00:00:00',2400.000000,2000.000000,2400.000000,2000.000000,0.000000,0.000000,1708.000000,2000.000000),(226,178,153,0,1,1604,0,'Ukulele U.K flag',1,1,0,0,0,291.666667,0.00,0.000000,0.000000,0.000000,0.00,0.000000,'','','','',0.000000,0,'',0.000,0.000000,0.000,0,'',0,'0000-00-00 00:00:00',350.000000,291.670000,350.000000,291.670000,0.000000,0.000000,0.000000,291.666667),(227,179,154,0,1,643,0,'Piano Yamaha P-45 avec adaptateur',1,1,0,0,0,4166.666667,0.00,0.000000,0.000000,0.000000,0.00,0.000000,'','','','',0.000000,0,'',0.000,0.000000,0.000,0,'',0,'0000-00-00 00:00:00',5000.000000,4166.670000,5000.000000,4166.670000,0.000000,0.000000,0.000000,4166.666667),(228,180,155,0,1,1973,0,'Micro Behringer C-3',1,1,0,0,0,1083.333333,0.00,0.000000,0.000000,0.000000,0.00,0.000000,'','','','',0.000000,0,'',0.000,0.000000,0.000,0,'',0,'0000-00-00 00:00:00',1300.000000,1083.330000,1300.000000,1083.330000,0.000000,0.000000,0.000000,1083.333333),(229,181,156,0,1,1533,0,'Canon mini jack 1.5 mètre',2,2,0,0,0,110.000000,0.00,0.000000,0.000000,0.000000,0.00,0.000000,'','','','',0.500000,0,'',0.000,0.000000,0.000,0,'',0,'0000-00-00 00:00:00',220.000000,220.000000,110.000000,110.000000,0.000000,0.000000,130.000000,110.000000),(230,182,157,0,1,1992,0,'Contrôleur USB MIDI Nektar SE25',1,1,0,0,0,541.666667,0.00,0.000000,0.000000,0.000000,0.00,0.000000,'','','','',0.000000,0,'',0.000,0.000000,0.000,0,'',0,'0000-00-00 00:00:00',650.000000,541.670000,650.000000,541.670000,0.000000,0.000000,0.000000,541.666667),(231,183,0,0,1,1681,0,'Piano Arius YDP 144 Yamaha',1,1,0,0,0,9833.333333,0.00,300.000000,300.000000,250.000000,0.00,11501.200000,'','','','',0.000000,0,'',0.000,0.000000,0.000,0,'',0,'0000-00-00 00:00:00',11500.000000,9583.330000,11500.000000,9583.330000,0.000000,0.000000,0.000000,9833.333333),(232,184,158,0,1,1681,0,'Piano Arius YDP 144 Yamaha',1,1,0,0,0,9833.333333,0.00,300.000000,300.000000,250.000000,0.00,11501.200000,'','','','',0.000000,0,'',0.000,0.000000,0.000,0,'',0,'0000-00-00 00:00:00',11500.000000,9583.330000,11500.000000,9583.330000,0.000000,0.000000,0.000000,9833.333333),(233,185,159,0,1,1770,0,'Guitare folk Yamaha F310',1,1,0,0,0,1500.000000,0.00,0.000000,0.000000,0.000000,0.00,0.000000,'','','','',0.000000,0,'',0.000,0.000000,0.000,0,'',0,'0000-00-00 00:00:00',1800.000000,1500.000000,1800.000000,1500.000000,0.000000,0.000000,0.000000,1500.000000),(234,186,160,0,1,1907,0,'Carte son Steinberg UR22C',1,1,0,0,0,2750.000000,0.00,0.000000,0.000000,0.000000,0.00,0.000000,'','','','',0.000000,0,'',0.000,0.000000,0.000,0,'',0,'0000-00-00 00:00:00',3300.000000,2750.000000,3300.000000,2750.000000,0.000000,0.000000,0.000000,2750.000000),(235,187,161,0,1,1637,0,'Guitare Folk acoustique Clevan ',1,1,0,0,0,783.333333,0.00,0.000000,0.000000,0.000000,0.00,0.000000,'','','','',0.000000,0,'',0.000,0.000000,0.000,0,'',0,'0000-00-00 00:00:00',940.000000,783.330000,940.000000,783.330000,0.000000,0.000000,0.000000,783.333333),(236,188,162,0,1,1773,0,'PACIFICA PAC112J',1,1,0,0,0,2416.666667,0.00,0.000000,0.000000,0.000000,0.00,0.000000,'','','','',0.000000,0,'',0.000,0.000000,0.000,0,'',0,'0000-00-00 00:00:00',2900.000000,2416.670000,2900.000000,2416.670000,0.000000,0.000000,0.000000,2416.666667),(237,189,163,0,1,645,0,'Yamaha A350 avec adaptateur',1,1,0,0,0,3583.333333,0.00,0.000000,0.000000,0.000000,0.00,0.000000,'','','','',0.000000,0,'',0.000,0.000000,0.000,0,'',0,'0000-00-00 00:00:00',4300.000000,3583.330000,4300.000000,3583.330000,0.000000,0.000000,0.000000,3583.333333),(238,190,164,0,1,901,0,'Guitare yamaha C40 vernis',1,1,0,0,0,1075.000000,0.00,0.000000,0.000000,0.000000,0.00,0.000000,'','','','',0.000000,0,'',0.000,0.000000,0.000,0,'',0,'0000-00-00 00:00:00',1290.000000,1075.000000,1290.000000,1075.000000,0.000000,0.000000,0.000000,1075.000000),(239,191,165,0,1,1442,0,'Peau Evans 10',1,1,0,0,0,150.000000,0.00,0.000000,0.000000,0.000000,0.00,0.000000,'','','','',0.000000,0,'',0.000,0.000000,0.000,0,'',0,'0000-00-00 00:00:00',180.000000,150.000000,180.000000,150.000000,0.000000,0.000000,0.000000,150.000000),(240,192,166,0,1,1,0,'Table de mixage Pioneer DJ DDJ-400 - Controleur DJ 2 voies pour Rekordbox DJ',1,1,0,0,0,3500.000000,0.00,400.000000,400.000000,333.330000,0.00,3801.200000,'','','','',6.000000,0,'',0.000,0.000000,0.000,0,'',0,'0000-00-00 00:00:00',3800.000000,3166.670000,3800.000000,3166.670000,0.000000,0.000000,2562.000000,3500.000000),(241,193,167,0,1,643,0,'Piano Yamaha P-45 avec adaptateur',1,1,0,0,0,4166.666667,0.00,0.000000,0.000000,0.000000,0.00,0.000000,'','','','',0.000000,0,'',0.000,0.000000,0.000,0,'',0,'0000-00-00 00:00:00',5000.000000,4166.670000,5000.000000,4166.670000,0.000000,0.000000,0.000000,4166.666667),(242,194,168,0,1,1678,0,'Pack Guitare Basse Squier Affinity ',1,1,0,0,0,3000.000000,0.00,0.000000,0.000000,0.000000,0.00,0.000000,'','','','',0.000000,0,'',0.000,0.000000,0.000,0,'',0,'0000-00-00 00:00:00',3600.000000,3000.000000,3600.000000,3000.000000,0.000000,0.000000,0.000000,3000.000000),(243,194,168,0,1,1490,0,'Médiateur pyramide',2,2,0,0,0,8.333333,0.00,0.000000,0.000000,0.000000,0.00,0.000000,'','','','',0.000000,0,'',0.000,0.000000,0.000,0,'',0,'0000-00-00 00:00:00',20.000000,16.660000,10.000000,8.330000,0.000000,0.000000,0.000000,8.333333),(244,195,169,0,1,1892,0,'Piano portable Korg B2N',1,1,0,0,0,4083.333333,0.00,0.000000,0.000000,0.000000,0.00,0.000000,'','','','',0.000000,0,'',0.000,0.000000,0.000,0,'',0,'0000-00-00 00:00:00',4900.000000,4083.330000,4900.000000,4083.330000,0.000000,0.000000,0.000000,4083.333333),(245,196,170,0,1,2016,0,'Piano Casio CDP-S100',1,1,0,0,0,5250.000000,0.00,0.000000,0.000000,0.000000,0.00,0.000000,'','','','',0.000000,0,'',0.000,0.000000,0.000,0,'',0,'0000-00-00 00:00:00',6300.000000,5250.000000,6300.000000,5250.000000,0.000000,0.000000,0.000000,5250.000000),(246,197,171,0,1,1668,0,'Guitare Yamaha C70',1,1,0,0,0,1416.666667,0.00,0.000000,0.000000,0.000000,0.00,0.000000,'','','','',0.000000,0,'',0.000,0.000000,0.000,0,'',0,'0000-00-00 00:00:00',1700.000000,1416.670000,1700.000000,1416.670000,0.000000,0.000000,0.000000,1416.666667),(247,198,172,0,1,1711,0,'Pioneer DDJ200 CONTROLEUR DJ INTELIGENT',1,1,0,0,0,2000.000000,0.00,0.000000,0.000000,0.000000,0.00,0.000000,'','','','',6.000000,0,'',0.000,0.000000,0.000,0,'',0,'0000-00-00 00:00:00',2400.000000,2000.000000,2400.000000,2000.000000,0.000000,0.000000,1708.000000,2000.000000),(248,198,172,0,1,1728,0,'Table de mixage Midas DM16 TABLE DE MIXAGE (12MONO+2STEREO)',1,1,0,0,0,3666.666667,0.00,0.000000,0.000000,0.000000,0.00,0.000000,'','','','',6.000000,0,'',0.000,0.000000,0.000,0,'',0,'0000-00-00 00:00:00',4400.000000,3666.670000,4400.000000,3666.670000,0.000000,0.000000,3570.000000,3666.666667),(249,200,173,0,1,2038,0,'Ampli Line 6 Spider V 20',1,1,0,0,0,1000.000000,0.00,0.000000,0.000000,0.000000,0.00,0.000000,'','','','',0.000000,0,'',0.000,0.000000,0.000,0,'',0,'0000-00-00 00:00:00',1200.000000,1000.000000,1200.000000,1000.000000,0.000000,0.000000,0.000000,1000.000000),(250,201,174,0,1,1689,0,'Chevalet électrique Violin Pickup',1,1,0,0,0,1041.666667,0.00,0.000000,0.000000,0.000000,0.00,0.000000,'','','','',0.000000,0,'',0.000,0.000000,0.000,0,'',0,'0000-00-00 00:00:00',1250.000000,1041.670000,1250.000000,1041.670000,0.000000,0.000000,0.000000,1041.666667),(251,202,175,0,1,1643,0,'FA 115 PK Fender',1,1,0,0,0,1333.333333,0.00,0.000000,0.000000,0.000000,0.00,0.000000,'','','','',0.000000,0,'',0.000,0.000000,0.000,0,'',0,'0000-00-00 00:00:00',1600.000000,1333.330000,1600.000000,1333.330000,0.000000,0.000000,0.000000,1333.333333),(252,203,176,0,1,1934,0,'Rode PSA-1 Bras articulé pour micro',1,1,0,0,0,1158.333333,0.00,0.000000,0.000000,0.000000,0.00,0.000000,'','','','',0.000000,0,'',0.000,0.000000,0.000,0,'',0,'0000-00-00 00:00:00',1390.000000,1158.330000,1390.000000,1158.330000,0.000000,0.000000,0.000000,1158.333333),(253,204,177,0,1,1682,0,'Guitare acoustique Folk EKO bleue',1,1,0,0,0,1208.333333,0.00,0.000000,0.000000,0.000000,0.00,0.000000,'','','','',0.000000,0,'',0.000,0.000000,0.000,0,'',0,'0000-00-00 00:00:00',1450.000000,1208.330000,1450.000000,1208.330000,0.000000,0.000000,0.000000,1208.333333),(254,205,178,0,1,767,0,'Pied micro d-5',1,1,0,0,0,158.333333,0.00,0.000000,0.000000,0.000000,0.00,0.000000,'','','','',0.000000,0,'',0.000,0.000000,0.000,0,'',0,'0000-00-00 00:00:00',190.000000,158.330000,190.000000,158.330000,0.000000,0.000000,0.000000,158.333333),(255,206,179,0,1,1711,0,'Pioneer DDJ200 CONTROLEUR DJ INTELIGENT',1,1,0,0,0,2000.000000,0.00,0.000000,0.000000,0.000000,0.00,0.000000,'','','','',6.000000,0,'',0.000,0.000000,0.000,0,'',0,'0000-00-00 00:00:00',2400.000000,2000.000000,2400.000000,2000.000000,0.000000,0.000000,1708.000000,2000.000000),(256,207,180,0,1,1767,0,'Guitare Folk Yamaha F370',1,1,0,0,0,2041.666667,0.00,0.000000,0.000000,0.000000,0.00,0.000000,'','','','',0.000000,0,'',0.000,0.000000,0.000,0,'',0,'0000-00-00 00:00:00',2450.000000,2041.670000,2450.000000,2041.670000,0.000000,0.000000,0.000000,2041.666667),(257,208,0,0,1,1683,0,'Guitare électro classique Florencia ',1,1,0,0,0,1250.000000,0.00,0.000000,0.000000,0.000000,0.00,0.000000,'','','','',0.000000,0,'',0.000,0.000000,0.000,0,'',0,'0000-00-00 00:00:00',1500.000000,1250.000000,1500.000000,1250.000000,0.000000,0.000000,0.000000,1250.000000),(258,209,181,0,1,901,0,'Guitare yamaha C40 vernis',1,1,0,0,0,1075.000000,0.00,0.000000,0.000000,0.000000,0.00,0.000000,'','','','',0.000000,0,'',0.000,0.000000,0.000,0,'',0,'0000-00-00 00:00:00',1290.000000,1075.000000,1290.000000,1075.000000,0.000000,0.000000,0.000000,1075.000000),(259,209,181,0,1,631,0,'Orgue Yamaha PSRE273',1,1,0,0,0,1900.000000,0.00,0.000000,0.000000,0.000000,0.00,0.000000,'','','','',0.000000,0,'',0.000,0.000000,0.000,0,'',0,'0000-00-00 00:00:00',2280.000000,1900.000000,2280.000000,1900.000000,0.000000,0.000000,0.000000,1900.000000),(260,210,182,0,1,901,0,'Guitare yamaha C40 vernis',1,1,0,0,0,1075.000000,0.00,0.000000,0.000000,0.000000,0.00,0.000000,'','','','',0.000000,0,'',0.000,0.000000,0.000,0,'',0,'0000-00-00 00:00:00',1290.000000,1075.000000,1290.000000,1075.000000,0.000000,0.000000,0.000000,1075.000000),(261,210,182,0,1,631,0,'Orgue Yamaha PSRE273',1,1,0,0,0,1900.000000,0.00,0.000000,0.000000,0.000000,0.00,0.000000,'','','','',0.000000,0,'',0.000,0.000000,0.000,0,'',0,'0000-00-00 00:00:00',2280.000000,1900.000000,2280.000000,1900.000000,0.000000,0.000000,0.000000,1900.000000),(262,211,183,0,1,643,0,'Piano Yamaha P-45 avec adaptateur',1,1,0,0,0,4166.666667,0.00,0.000000,0.000000,0.000000,0.00,0.000000,'','','','',0.000000,0,'',0.000,0.000000,0.000,0,'',0,'0000-00-00 00:00:00',5000.000000,4166.670000,5000.000000,4166.670000,0.000000,0.000000,0.000000,4166.666667),(263,211,183,0,1,1520,0,'ADAPTATEUR JACK 3.5 mm',1,1,0,0,0,12.000000,0.00,0.000000,0.000000,0.000000,0.00,0.000000,'','','','',0.500000,0,'',0.000,0.000000,0.000,0,'',0,'0000-00-00 00:00:00',12.000000,12.000000,12.000000,12.000000,0.000000,0.000000,65.000000,12.000000),(264,212,184,0,1,1942,0,'Piano Artesia DP3 Plus',1,1,0,0,0,5333.333333,0.00,0.000000,0.000000,0.000000,0.00,0.000000,'','','','',0.000000,0,'',0.000,0.000000,0.000,0,'',0,'0000-00-00 00:00:00',6400.000000,5333.330000,6400.000000,5333.330000,0.000000,0.000000,0.000000,5333.333333),(265,213,185,0,1,643,0,'Piano Yamaha P-45 avec adaptateur',1,1,0,0,0,4166.666667,0.00,0.000000,0.000000,0.000000,0.00,0.000000,'','','','',0.000000,0,'',0.000,0.000000,0.000,0,'',0,'0000-00-00 00:00:00',5000.000000,4166.670000,5000.000000,4166.670000,0.000000,0.000000,0.000000,4166.666667),(266,214,186,0,1,1903,0,'Guembri Hajhouj électrique ',1,1,0,0,0,1583.333333,0.00,0.000000,0.000000,0.000000,0.00,0.000000,'','','','',0.000000,0,'',0.000,0.000000,0.000,0,'',0,'0000-00-00 00:00:00',1900.000000,1583.330000,1900.000000,1583.330000,0.000000,0.000000,0.000000,1583.333333),(267,215,187,0,1,647,0,'Yamaha F-51 avec adaptateur',1,1,0,0,0,1433.333333,0.00,0.000000,0.000000,0.000000,0.00,0.000000,'','','','',0.000000,0,'',0.000,0.000000,0.000,0,'',0,'0000-00-00 00:00:00',1720.000000,1433.330000,1720.000000,1433.330000,0.000000,0.000000,0.000000,1433.333333),(268,216,188,0,1,901,0,'Guitare yamaha C40 vernis',1,1,0,0,0,1075.000000,0.00,0.000000,0.000000,0.000000,0.00,0.000000,'','','','',0.000000,0,'',0.000,0.000000,0.000,0,'',0,'0000-00-00 00:00:00',1290.000000,1075.000000,1290.000000,1075.000000,0.000000,0.000000,0.000000,1075.000000),(269,217,189,0,1,643,0,'Piano Yamaha P-45 avec adaptateur',1,1,0,0,0,4166.666667,0.00,0.000000,0.000000,0.000000,0.00,0.000000,'','','','',0.000000,0,'',0.000,0.000000,0.000,0,'',0,'0000-00-00 00:00:00',5000.000000,4166.670000,5000.000000,4166.670000,0.000000,0.000000,0.000000,4166.666667),(270,218,190,0,1,1549,0,'D\'addario Classical guitar Hard tension',1,1,0,0,0,83.333333,0.00,0.000000,0.000000,0.000000,0.00,0.000000,'','','','',0.500000,0,'',0.000,0.000000,0.000,0,'',0,'0000-00-00 00:00:00',100.000000,83.330000,100.000000,83.330000,0.000000,0.000000,145.000000,83.333333),(271,219,191,0,1,1630,0,'Guitare classique C40 Black',1,1,0,0,0,1250.000000,0.00,0.000000,0.000000,0.000000,0.00,0.000000,'','','','',0.000000,0,'',0.000,0.000000,0.000,0,'',0,'0000-00-00 00:00:00',1500.000000,1250.000000,1500.000000,1250.000000,0.000000,0.000000,0.000000,1250.000000),(272,220,192,0,1,1081,0,'Anti vent Micro',1,1,0,0,0,16.666667,0.00,0.000000,0.000000,0.000000,0.00,0.000000,'','','PROD-TEST4','',0.500000,0,'',0.000,0.000000,0.000,0,'',0,'0000-00-00 00:00:00',20.000000,16.670000,20.000000,16.670000,0.000000,0.000000,7.000000,16.666667),(273,221,193,0,1,1081,0,'Anti vent Micro',1,1,0,0,0,16.666667,0.00,0.000000,0.000000,0.000000,0.00,0.000000,'','','PROD-TEST4','',0.500000,0,'',0.000,0.000000,0.000,0,'',0,'0000-00-00 00:00:00',20.000000,16.670000,20.000000,16.670000,0.000000,0.000000,7.000000,16.666667),(274,222,194,0,1,1654,0,'Piano Ringway RP220',1,1,0,0,0,4833.333333,0.00,0.000000,0.000000,0.000000,0.00,0.000000,'','','','',0.000000,0,'',0.000,0.000000,0.000,0,'',0,'0000-00-00 00:00:00',5800.000000,4833.330000,5800.000000,4833.330000,0.000000,0.000000,0.000000,4833.333333),(275,223,195,0,1,1654,0,'Piano Ringway RP220',1,1,0,0,0,4833.333333,0.00,0.000000,0.000000,0.000000,0.00,0.000000,'','','','',0.000000,0,'',0.000,0.000000,0.000,0,'',0,'0000-00-00 00:00:00',5800.000000,4833.330000,5800.000000,4833.330000,0.000000,0.000000,0.000000,4833.333333),(276,224,196,0,1,2021,0,'Ampli Fender Mustang LT25',1,1,0,0,0,1583.333333,0.00,0.000000,0.000000,0.000000,0.00,0.000000,'','','','',0.000000,0,'',0.000,0.000000,0.000,0,'',0,'0000-00-00 00:00:00',1900.000000,1583.330000,1900.000000,1583.330000,0.000000,0.000000,0.000000,1583.333333),(277,225,197,0,1,2011,0,'Micro Sans fil BOYA BY WM8 Pro-K3',1,1,0,0,0,2000.000000,0.00,0.000000,0.000000,0.000000,0.00,0.000000,'','','','',0.000000,0,'',0.000,0.000000,0.000,0,'',0,'0000-00-00 00:00:00',2400.000000,2000.000000,2400.000000,2000.000000,0.000000,0.000000,0.000000,2000.000000),(278,226,198,0,1,995,0,'Nays kawala',1,1,0,0,0,416.666667,0.00,0.000000,0.000000,0.000000,0.00,0.000000,'','','','',0.000000,0,'',0.000,0.000000,0.000,0,'',0,'0000-00-00 00:00:00',500.000000,416.670000,500.000000,416.670000,0.000000,0.000000,0.000000,416.666667),(279,227,199,0,1,1571,0,'Power Stack',1,1,0,0,0,791.666667,0.00,0.000000,0.000000,0.000000,0.00,0.000000,'','','','',0.000000,0,'',0.000,0.000000,0.000,0,'',0,'0000-00-00 00:00:00',950.000000,791.670000,950.000000,791.670000,0.000000,0.000000,0.000000,791.666667),(280,227,199,0,1,2046,0,'Clavier maître NATIVE INSTRUMENTS KOMPLETE KONTROLE A61',1,1,0,0,0,2958.333333,0.00,0.000000,0.000000,0.000000,0.00,0.000000,'','','','',0.000000,0,'',0.000,0.000000,0.000,0,'',0,'0000-00-00 00:00:00',3550.000000,2958.330000,3550.000000,2958.330000,0.000000,0.000000,0.000000,2958.333333),(281,227,199,0,1,1621,0,'Yamaha PDX-11',1,1,0,0,0,833.333333,30.00,0.000000,0.000000,0.000000,0.00,701.200000,'','','','',0.000000,0,'',0.000,0.000000,0.000,0,'',0,'0000-00-00 00:00:00',700.000000,583.330000,700.000000,583.330000,0.000000,0.000000,0.000000,833.333333),(282,227,199,0,1,942,0,'Equalizer Boss',1,1,0,0,0,916.666667,0.00,0.000000,0.000000,0.000000,0.00,0.000000,'','','','',0.000000,0,'',0.000,0.000000,0.000,0,'',0,'0000-00-00 00:00:00',1100.000000,916.670000,1100.000000,916.670000,0.000000,0.000000,0.000000,916.666667),(283,227,199,0,1,1686,0,'Pédale à effet Flanger BF-2 Boss',1,1,0,0,0,1041.666667,0.00,0.000000,0.000000,0.000000,0.00,0.000000,'','','','',0.000000,0,'',0.000,0.000000,0.000,0,'',0,'0000-00-00 00:00:00',1250.000000,1041.670000,1250.000000,1041.670000,0.000000,0.000000,0.000000,1041.666667),(284,227,199,0,1,949,0,'Shifter PS5',1,1,0,0,0,1625.000000,0.00,0.000000,0.000000,0.000000,0.00,0.000000,'','','','',0.000000,0,'',0.000,0.000000,0.000,0,'',0,'0000-00-00 00:00:00',1950.000000,1625.000000,1950.000000,1625.000000,0.000000,0.000000,0.000000,1625.000000),(285,227,199,0,1,1574,0,'Boss Digital delay ',1,1,0,0,0,1125.000000,0.00,0.000000,0.000000,0.000000,0.00,0.000000,'','','','',0.000000,0,'',0.000,0.000000,0.000,0,'',0,'0000-00-00 00:00:00',1350.000000,1125.000000,1350.000000,1125.000000,0.000000,0.000000,0.000000,1125.000000),(286,228,200,0,1,1692,0,'Guitare classique Manuel Rodriguez C1 Cadette',1,1,0,0,0,1541.666667,0.00,100.000000,100.000000,83.330000,0.00,1751.200000,'','','','',0.000000,0,'',0.000,0.000000,0.000,0,'',0,'0000-00-00 00:00:00',1750.000000,1458.330000,1750.000000,1458.330000,0.000000,0.000000,0.000000,1541.666667),(287,229,201,0,1,764,0,'Micro studio JTS 1T',1,1,0,0,0,1125.000000,0.00,0.000000,0.000000,0.000000,0.00,0.000000,'','','','',0.000000,0,'',0.000,0.000000,0.000,0,'',0,'0000-00-00 00:00:00',1350.000000,1125.000000,1350.000000,1125.000000,0.000000,0.000000,1110.000000,1125.000000),(288,230,202,0,1,1575,0,'Acorn PS-61',1,1,0,0,0,1416.666667,0.00,0.000000,0.000000,0.000000,0.00,0.000000,'','','','',0.000000,0,'',0.000,0.000000,0.000,0,'',0,'0000-00-00 00:00:00',1700.000000,1416.670000,1700.000000,1416.670000,0.000000,0.000000,0.000000,1416.666667),(289,231,203,0,1,2017,0,'Clavier Casio LK-135',1,1,0,0,0,1541.666667,0.00,0.000000,0.000000,0.000000,0.00,0.000000,'','','','',0.000000,0,'',0.000,0.000000,0.000,0,'',0,'0000-00-00 00:00:00',1850.000000,1541.670000,1850.000000,1541.670000,0.000000,0.000000,0.000000,1541.666667),(290,232,204,0,1,1994,0,'clavier USB/MIDI SE 49 touches',1,1,0,0,0,708.333333,0.00,0.000000,0.000000,0.000000,0.00,0.000000,'','','','',0.000000,0,'',0.000,0.000000,0.000,0,'',0,'0000-00-00 00:00:00',850.000000,708.330000,850.000000,708.330000,0.000000,0.000000,0.000000,708.333333),(291,233,205,0,1,1875,0,'Guitare classique Sonata',1,1,0,0,0,500.000000,0.00,0.000000,0.000000,0.000000,0.00,0.000000,'','','','',0.000000,0,'',0.000,0.000000,0.000,0,'',0,'0000-00-00 00:00:00',600.000000,500.000000,600.000000,500.000000,0.000000,0.000000,0.000000,500.000000),(292,234,206,0,1,930,0,'Frontman 10G',1,1,0,0,0,750.000000,0.00,0.000000,0.000000,0.000000,0.00,0.000000,'','','','',0.000000,0,'',0.000,0.000000,0.000,0,'',0,'0000-00-00 00:00:00',900.000000,750.000000,900.000000,750.000000,0.000000,0.000000,0.000000,750.000000),(293,235,207,0,1,647,0,'Yamaha F-51 avec adaptateur',1,1,0,0,0,1433.333333,0.00,0.000000,0.000000,0.000000,0.00,0.000000,'','','','',0.000000,0,'',0.000,0.000000,0.000,0,'',0,'0000-00-00 00:00:00',1720.000000,1433.330000,1720.000000,1433.330000,0.000000,0.000000,0.000000,1433.333333),(294,236,208,0,1,1765,0,'Guitalélé Yamaha GL1',1,1,0,0,0,1083.333333,0.00,0.000000,0.000000,0.000000,0.00,0.000000,'','','','',0.000000,0,'',0.000,0.000000,0.000,0,'',0,'0000-00-00 00:00:00',1300.000000,1083.330000,1300.000000,1083.330000,0.000000,0.000000,0.000000,1083.333333),(295,237,209,0,1,1781,0,'Batterie électronique Yamaha DTX402',1,1,0,0,0,4916.666667,0.00,0.000000,0.000000,0.000000,0.00,0.000000,'','','','',0.000000,0,'',0.000,0.000000,0.000,0,'',0,'0000-00-00 00:00:00',5900.000000,4916.670000,5900.000000,4916.670000,0.000000,0.000000,0.000000,4916.666667),(296,238,210,0,1,1696,0,'Piano Yamaha YDP 164 avec adaptateur',1,1,0,0,0,12500.000000,0.00,500.000000,500.000000,416.670000,0.00,14501.200000,'','','','',0.000000,0,'',0.000,0.000000,0.000,0,'',0,'0000-00-00 00:00:00',14500.000000,12083.330000,14500.000000,12083.330000,0.000000,0.000000,0.000000,12500.000000),(297,239,211,0,1,2015,0,'Clavier Casiotone CT-200',1,1,0,0,0,1625.000000,0.00,0.000000,0.000000,0.000000,0.00,0.000000,'','','','',0.000000,0,'',0.000,0.000000,0.000,0,'',0,'0000-00-00 00:00:00',1950.000000,1625.000000,1950.000000,1625.000000,0.000000,0.000000,0.000000,1625.000000),(298,240,212,0,1,1,0,'Table de mixage Pioneer DJ DDJ-400 - Controleur DJ 2 voies pour Rekordbox DJ',1,1,0,0,0,3500.000000,0.00,400.000000,400.000000,333.330000,0.00,3801.200000,'','','','',6.000000,0,'',0.000,0.000000,0.000,0,'',0,'0000-00-00 00:00:00',3800.000000,3166.670000,3800.000000,3166.670000,0.000000,0.000000,2562.000000,3500.000000),(299,241,213,0,1,1877,0,'HS8',2,2,0,0,0,3250.000000,0.00,0.000000,0.000000,0.000000,0.00,0.000000,'','','PROD-TEST8','',5.300000,0,'',0.000,0.000000,0.000,0,'',0,'0000-00-00 00:00:00',7800.000000,6500.000000,3900.000000,3250.000000,0.000000,0.000000,2333.330000,3250.000000),(300,242,214,0,1,901,0,'Guitare yamaha C40 vernis',1,1,0,0,0,1075.000000,0.00,0.000000,0.000000,0.000000,0.00,0.000000,'','','','',0.000000,0,'',0.000,0.000000,0.000,0,'',0,'0000-00-00 00:00:00',1290.000000,1075.000000,1290.000000,1075.000000,0.000000,0.000000,0.000000,1075.000000),(301,243,215,0,1,901,0,'Guitare yamaha C40 vernis',1,1,0,0,0,1075.000000,0.00,0.000000,0.000000,0.000000,0.00,0.000000,'','','','',0.000000,0,'',0.000,0.000000,0.000,0,'',0,'0000-00-00 00:00:00',1290.000000,1075.000000,1290.000000,1075.000000,0.000000,0.000000,0.000000,1075.000000),(302,244,216,0,1,1467,0,'PSR-E363 Yamaha avec adaptateur ',1,1,0,0,0,2333.333333,0.00,0.000000,0.000000,0.000000,0.00,0.000000,'','','','',0.000000,0,'',0.000,0.000000,0.000,0,'',0,'0000-00-00 00:00:00',2800.000000,2333.330000,2800.000000,2333.330000,0.000000,0.000000,0.000000,2333.333333),(303,245,217,0,1,928,0,'Ampli  LINE6 spider V60',1,1,0,0,0,2708.333333,0.00,0.000000,0.000000,0.000000,0.00,0.000000,'','','','',0.000000,0,'',0.000,0.000000,0.000,0,'',0,'0000-00-00 00:00:00',3250.000000,2708.330000,3250.000000,2708.330000,0.000000,0.000000,0.000000,2708.333333),(304,246,218,0,1,2063,0,'Batterie électronique AROMA TDX-10',1,1,0,0,0,4500.000000,0.00,0.000000,0.000000,0.000000,0.00,0.000000,'','','','',0.000000,0,'',0.000,0.000000,0.000,0,'',0,'0000-00-00 00:00:00',5400.000000,4500.000000,5400.000000,4500.000000,0.000000,0.000000,0.000000,4500.000000),(305,247,219,0,1,637,0,'Piano à queue ag-30',1,1,0,0,0,22083.333333,0.00,2000.000000,2000.000000,1666.670000,0.00,24501.200000,'','','','',0.000000,0,'',0.000,0.000000,0.000,0,'',0,'0000-00-00 00:00:00',24500.000000,20416.670000,24500.000000,20416.670000,0.000000,0.000000,0.000000,22083.333333),(306,248,220,0,1,1468,0,'Archet violon 3/4',1,1,0,0,0,75.000000,0.00,0.000000,0.000000,0.000000,0.00,0.000000,'','','','',0.000000,0,'',0.000,0.000000,0.000,0,'',0,'0000-00-00 00:00:00',90.000000,75.000000,90.000000,75.000000,0.000000,0.000000,0.000000,75.000000),(307,248,220,0,1,1483,0,'Coussin violon',1,1,0,0,0,100.000000,0.00,0.000000,0.000000,0.000000,0.00,0.000000,'','','','',0.000000,0,'',0.000,0.000000,0.000,0,'',0,'0000-00-00 00:00:00',120.000000,100.000000,120.000000,100.000000,0.000000,0.000000,0.000000,100.000000),(308,248,220,0,1,1495,0,'Tendeur Violon',2,2,0,0,0,12.500000,0.00,0.000000,0.000000,0.000000,0.00,0.000000,'','','','',0.000000,0,'',0.000,0.000000,0.000,0,'',0,'0000-00-00 00:00:00',30.000000,25.000000,15.000000,12.500000,0.000000,0.000000,0.000000,12.500000),(309,249,221,0,1,631,0,'Orgue Yamaha PSRE373 avec adaptateur',1,1,0,0,0,2666.666667,0.00,300.000000,300.000000,250.000000,0.00,2901.200000,'','','','',0.000000,0,'',0.000,0.000000,0.000,0,'',0,'0000-00-00 00:00:00',2900.000000,2416.670000,2900.000000,2416.670000,0.000000,0.000000,0.000000,2666.666667),(310,250,222,0,1,1862,0,'Casque Audio Technica ATHM40X',1,1,0,0,0,916.666667,0.00,0.000000,0.000000,0.000000,0.00,0.000000,'','','','',0.000000,0,'',0.000,0.000000,0.000,0,'',0,'0000-00-00 00:00:00',1100.000000,916.670000,1100.000000,916.670000,0.000000,0.000000,0.000000,916.666667),(311,251,223,0,1,901,0,'Guitare yamaha C40 vernis',1,1,0,0,0,1075.000000,0.00,0.000000,0.000000,0.000000,0.00,0.000000,'','','','',0.000000,0,'',0.000,0.000000,0.000,0,'',0,'0000-00-00 00:00:00',1290.000000,1075.000000,1290.000000,1075.000000,0.000000,0.000000,0.000000,1075.000000),(312,252,224,0,1,1862,0,'Casque Audio Technica ATHM40X',1,1,0,0,0,916.666667,0.00,0.000000,0.000000,0.000000,0.00,0.000000,'','','','',0.000000,0,'',0.000,0.000000,0.000,0,'',0,'0000-00-00 00:00:00',1100.000000,916.670000,1100.000000,916.670000,0.000000,0.000000,0.000000,916.666667),(313,253,225,0,1,897,0,'Guitare Classique pour débutant Sonata',1,1,0,0,0,541.666667,0.00,0.000000,0.000000,0.000000,0.00,0.000000,'','','','',0.000000,0,'',0.000,0.000000,0.000,0,'',0,'0000-00-00 00:00:00',650.000000,541.670000,650.000000,541.670000,0.000000,0.000000,0.000000,541.666667),(314,254,226,0,1,2015,0,'Clavier Casiotone CT-200',1,1,0,0,0,1625.000000,0.00,0.000000,0.000000,0.000000,0.00,0.000000,'','','','',0.000000,0,'',0.000,0.000000,0.000,0,'',0,'0000-00-00 00:00:00',1950.000000,1625.000000,1950.000000,1625.000000,0.000000,0.000000,0.000000,1625.000000),(315,255,227,0,1,2001,0,'Clavier maître Nektar Impact LX25',1,1,0,0,0,991.666667,0.00,0.000000,0.000000,0.000000,0.00,0.000000,'','','','',0.000000,0,'',0.000,0.000000,0.000,0,'',0,'0000-00-00 00:00:00',1190.000000,991.670000,1190.000000,991.670000,0.000000,0.000000,0.000000,991.666667),(316,256,228,0,1,631,0,'Orgue Yamaha PSRE373 avec adaptateur',1,1,0,0,0,2666.666667,0.00,300.000000,300.000000,250.000000,0.00,2901.200000,'','','','',0.000000,0,'',0.000,0.000000,0.000,0,'',0,'0000-00-00 00:00:00',2900.000000,2416.670000,2900.000000,2416.670000,0.000000,0.000000,0.000000,2666.666667),(317,257,229,0,1,1612,0,'Saxophone 200 Alto JINBAO',1,1,0,0,0,4083.333333,0.00,400.000000,400.000000,333.330000,0.00,4501.200000,'','','','',0.000000,0,'',0.000,0.000000,0.000,0,'',0,'0000-00-00 00:00:00',4500.000000,3750.000000,4500.000000,3750.000000,0.000000,0.000000,0.000000,4083.333333),(318,258,230,0,1,2066,0,'Oud & Luth turc avec pochette',1,1,0,0,0,2916.666667,0.00,0.000000,0.000000,0.000000,0.00,0.000000,'','','','',0.000000,0,'',0.000,0.000000,0.000,0,'',0,'0000-00-00 00:00:00',3500.000000,2916.670000,3500.000000,2916.670000,0.000000,0.000000,0.000000,2916.666667),(319,258,230,0,1,1904,0,'Saz Baglama',1,1,0,0,0,1541.666667,0.00,0.000000,0.000000,0.000000,0.00,0.000000,'','','','',0.000000,0,'',0.000,0.000000,0.000,0,'',0,'0000-00-00 00:00:00',1850.000000,1541.670000,1850.000000,1541.670000,0.000000,0.000000,0.000000,1541.666667),(320,258,230,0,1,856,0,'Tambourin MT 8',1,1,0,0,0,158.333333,0.00,0.000000,0.000000,0.000000,0.00,0.000000,'','','','',0.000000,0,'',0.000,0.000000,0.000,0,'',0,'0000-00-00 00:00:00',190.000000,158.330000,190.000000,158.330000,0.000000,0.000000,0.000000,158.333333),(321,258,230,0,1,853,0,'Tar andalous',1,1,0,0,0,291.666667,0.00,0.000000,0.000000,0.000000,0.00,0.000000,'','','','',0.000000,0,'',0.000,0.000000,0.000,0,'',0,'0000-00-00 00:00:00',350.000000,291.670000,350.000000,291.670000,0.000000,0.000000,0.000000,291.666667),(322,259,231,0,1,767,0,'Pied micro d-5',1,0,0,0,0,158.333333,0.00,0.000000,0.000000,0.000000,0.00,0.000000,'','','','',0.000000,0,'',0.000,0.000000,0.000,0,'',0,'0000-00-00 00:00:00',190.000000,158.330000,190.000000,158.330000,0.000000,0.000000,0.000000,158.333333),(323,259,231,0,1,760,0,'Micro JTS NX-8S',1,1,0,0,0,458.333333,0.00,0.000000,0.000000,0.000000,0.00,0.000000,'','','','',0.000000,0,'',0.000,0.000000,0.000,0,'',0,'0000-00-00 00:00:00',550.000000,458.330000,550.000000,458.330000,0.000000,0.000000,0.000000,458.333333),(324,260,232,0,1,1677,0,'Pédalier pédale de guitare Multi-effet Fender Marine Layer Reverb',1,1,0,0,0,1158.333333,0.00,0.000000,0.000000,0.000000,0.00,0.000000,'','','','',0.000000,0,'',0.000,0.000000,0.000,0,'',0,'0000-00-00 00:00:00',1390.000000,1158.330000,1390.000000,1158.330000,0.000000,0.000000,0.000000,1158.333333),(325,261,233,0,1,2003,0,'Banjo 6 cordes avec housse ',1,1,0,0,0,1541.666667,0.00,0.000000,0.000000,0.000000,0.00,0.000000,'','','','',0.000000,0,'',0.000,0.000000,0.000,0,'',0,'0000-00-00 00:00:00',1850.000000,1541.670000,1850.000000,1541.670000,0.000000,0.000000,0.000000,1541.666667),(326,262,0,0,1,866,0,'Xylophone',1,1,0,0,0,250.000000,0.00,0.000000,0.000000,0.000000,0.00,0.000000,'','','','',0.000000,0,'',0.000,0.000000,0.000,0,'',0,'0000-00-00 00:00:00',300.000000,250.000000,300.000000,250.000000,0.000000,0.000000,0.000000,250.000000),(327,262,0,0,1,865,0,'Triangle',1,1,0,0,0,41.666667,0.00,0.000000,0.000000,0.000000,0.00,0.000000,'','','','',0.000000,0,'',0.000,0.000000,0.000,0,'',0,'0000-00-00 00:00:00',50.000000,41.670000,50.000000,41.670000,0.000000,0.000000,0.000000,41.666667),(328,262,0,0,1,838,0,'Castanet ',1,1,0,0,0,66.666667,0.00,0.000000,0.000000,0.000000,0.00,0.000000,'','','','',0.000000,0,'',0.000,0.000000,0.000,0,'',0,'0000-00-00 00:00:00',80.000000,66.670000,80.000000,66.670000,0.000000,0.000000,0.000000,66.666667),(329,262,0,0,1,845,0,'Egg Shakers',1,1,0,0,0,16.666667,0.00,0.000000,0.000000,0.000000,0.00,0.000000,'','','','',0.000000,0,'',0.000,0.000000,0.000,0,'',0,'0000-00-00 00:00:00',20.000000,16.670000,20.000000,16.670000,0.000000,0.000000,0.000000,16.666667),(330,262,0,0,1,847,0,'Maracas en bois',1,1,0,0,0,100.000000,0.00,0.000000,0.000000,0.000000,0.00,0.000000,'','','','',0.000000,0,'',0.000,0.000000,0.000,0,'',0,'0000-00-00 00:00:00',120.000000,100.000000,120.000000,100.000000,0.000000,0.000000,0.000000,100.000000),(331,262,0,0,1,855,0,'Tambourin MT 6.10',1,1,0,0,0,100.000000,0.00,0.000000,0.000000,0.000000,0.00,0.000000,'','','','',0.000000,0,'',0.000,0.000000,0.000,0,'',0,'0000-00-00 00:00:00',120.000000,100.000000,120.000000,100.000000,0.000000,0.000000,0.000000,100.000000),(332,262,0,0,1,846,0,'Guiro en bois',1,1,0,0,0,160.000000,0.00,0.000000,0.000000,0.000000,0.00,0.000000,'','','','',0.000000,0,'',0.000,0.000000,0.000,0,'',0,'0000-00-00 00:00:00',192.000000,160.000000,192.000000,160.000000,0.000000,0.000000,0.000000,160.000000),(333,263,234,0,1,1999,0,'Clavier maître Nektar Impact LX61+',1,1,0,0,0,1658.333333,0.00,0.000000,0.000000,0.000000,0.00,0.000000,'','','','',0.000000,0,'',0.000,0.000000,0.000,0,'',0,'0000-00-00 00:00:00',1990.000000,1658.330000,1990.000000,1658.330000,0.000000,0.000000,0.000000,1658.333333),(334,264,235,0,1,1228,0,'Piano pour débutant  plus 25 morceaux à  jouer édition Usborne',1,1,0,0,0,41.666667,0.00,0.000000,0.000000,0.000000,0.00,0.000000,'','','','',0.500000,0,'',0.000,0.000000,0.000,0,'',0,'0000-00-00 00:00:00',50.000000,41.670000,50.000000,41.670000,0.000000,0.000000,200.000000,41.666667),(335,265,236,0,1,913,0,'Pack Parrot electric',1,1,0,0,0,1458.333333,0.00,0.000000,0.000000,0.000000,0.00,0.000000,'','','','',0.000000,0,'',0.000,0.000000,0.000,0,'',0,'0000-00-00 00:00:00',1750.000000,1458.330000,1750.000000,1458.330000,0.000000,0.000000,0.000000,1458.333333),(336,266,237,0,1,1569,0,'Violon Sonata bois massif',1,1,0,0,0,1208.333333,0.00,0.000000,0.000000,0.000000,0.00,0.000000,'','','','',0.000000,0,'',0.000,0.000000,0.000,0,'',0,'0000-00-00 00:00:00',1450.000000,1208.330000,1450.000000,1208.330000,0.000000,0.000000,0.000000,1208.333333),(337,267,238,0,1,640,0,'Piano Yamaha Arius YDP 103',1,1,0,0,0,7916.666667,0.00,0.000000,0.000000,0.000000,0.00,0.000000,'','','','',0.000000,0,'',0.000,0.000000,0.000,0,'',0,'0000-00-00 00:00:00',9500.000000,7916.670000,9500.000000,7916.670000,0.000000,0.000000,0.000000,7916.666667),(338,268,239,0,1,1714,0,'Table de mixage Pioneer XDJ-RX2',1,1,0,0,0,18750.000000,0.00,600.000000,600.000000,500.000000,0.00,21901.200000,'','','','',6.000000,0,'',0.000,0.000000,0.000,0,'',0,'0000-00-00 00:00:00',21900.000000,18250.000000,21900.000000,18250.000000,0.000000,0.000000,18410.000000,18750.000000),(339,269,240,0,1,1560,0,'Pyramid Aoud  Black nylon',1,1,0,0,0,125.000000,0.00,0.000000,0.000000,0.000000,0.00,0.000000,'','','','',0.500000,0,'',0.000,0.000000,0.000,0,'',0,'0000-00-00 00:00:00',150.000000,125.000000,150.000000,125.000000,0.000000,0.000000,145.000000,125.000000),(340,269,240,0,1,1489,0,'Mediator pyramide oud',2,2,0,0,0,8.333333,0.00,0.000000,0.000000,0.000000,0.00,0.000000,'','','','',0.000000,0,'',0.000,0.000000,0.000,0,'',0,'0000-00-00 00:00:00',20.000000,16.660000,10.000000,8.330000,0.000000,0.000000,0.000000,8.333333),(341,270,241,0,1,1883,0,'Enceinte JBL Control 1 pro Paire',1,1,0,0,0,1625.000000,0.00,0.000000,0.000000,0.000000,0.00,0.000000,'','','','',0.000000,0,'',0.000,0.000000,0.000,0,'',0,'0000-00-00 00:00:00',1950.000000,1625.000000,1950.000000,1625.000000,0.000000,0.000000,0.000000,1625.000000),(342,271,242,0,1,2054,0,'Yamaha HS5I Enceinte de studio active (paire)',1,1,0,0,0,5166.666667,0.00,300.000000,300.000000,250.000000,0.00,5901.200000,'','','','',0.000000,0,'',0.000,0.000000,0.000,0,'',0,'0000-00-00 00:00:00',5900.000000,4916.670000,5900.000000,4916.670000,0.000000,0.000000,0.000000,5166.666667),(343,272,243,0,1,1942,0,'Piano Artesia DP3 Plus',1,1,0,0,0,5333.333333,0.00,0.000000,0.000000,0.000000,0.00,0.000000,'','','','',0.000000,0,'',0.000,0.000000,0.000,0,'',0,'0000-00-00 00:00:00',6400.000000,5333.330000,6400.000000,5333.330000,0.000000,0.000000,0.000000,5333.333333),(344,273,244,0,1,1654,0,'Piano Ringway Rp220 avec tabouret',1,1,0,0,0,5166.666667,0.00,0.000000,0.000000,0.000000,0.00,0.000000,'','','','',0.000000,0,'',0.000,0.000000,0.000,0,'',0,'0000-00-00 00:00:00',6200.000000,5166.670000,6200.000000,5166.670000,0.000000,0.000000,0.000000,5166.666667),(345,274,245,0,1,2082,0,'Piano Yamaha DGX-670 avec adaptateur',1,1,0,0,0,8750.000000,0.00,0.000000,0.000000,0.000000,0.00,0.000000,'','','','',0.000000,0,'',0.000,0.000000,0.000,0,'',0,'0000-00-00 00:00:00',10500.000000,8750.000000,10500.000000,8750.000000,0.000000,0.000000,0.000000,8750.000000),(346,275,246,0,1,643,0,'Piano Yamaha P-45 avec adaptateur',1,1,0,0,0,4416.666667,0.00,0.000000,0.000000,0.000000,0.00,0.000000,'','','','',0.000000,0,'',0.000,0.000000,0.000,0,'',0,'0000-00-00 00:00:00',5300.000000,4416.670000,5300.000000,4416.670000,0.000000,0.000000,0.000000,4416.666667),(347,276,247,0,1,1,0,'Table de mixage Pioneer DJ DDJ-400 - Controleur DJ 2 voies pour Rekordbox DJ',1,1,0,0,0,4000.000000,0.00,400.000000,400.000000,333.330000,0.00,4401.200000,'','','','',6.000000,0,'',0.000,0.000000,0.000,0,'',0,'0000-00-00 00:00:00',4400.000000,3666.670000,4400.000000,3666.670000,0.000000,0.000000,2562.000000,4000.000000),(348,277,248,0,1,1,0,'Table de mixage Pioneer DJ DDJ-400 - Controleur DJ 2 voies pour Rekordbox DJ',1,1,0,0,0,4000.000000,0.00,400.000000,400.000000,333.330000,0.00,4401.200000,'','','','',6.000000,0,'',0.000,0.000000,0.000,0,'',0,'0000-00-00 00:00:00',4400.000000,3666.670000,4400.000000,3666.670000,0.000000,0.000000,2562.000000,4000.000000),(349,278,249,0,1,1237,0,'Méthode rose avec CD',1,1,0,0,0,275.000000,0.00,0.000000,0.000000,0.000000,0.00,0.000000,'','','','',0.500000,0,'',0.000,0.000000,0.000,0,'',0,'0000-00-00 00:00:00',330.000000,275.000000,330.000000,275.000000,0.000000,0.000000,200.000000,275.000000),(350,279,250,0,1,1880,0,'Guitare électro-acoustique Yamaha FC100S',1,1,0,0,0,1583.333333,0.00,0.000000,0.000000,0.000000,0.00,0.000000,'','','','',0.000000,0,'',0.000,0.000000,0.000,0,'',0,'0000-00-00 00:00:00',1900.000000,1583.330000,1900.000000,1583.330000,0.000000,0.000000,0.000000,1583.333333),(351,280,251,0,1,1,0,'Table de mixage Pioneer DJ DDJ-400 - Controleur DJ 2 voies pour Rekordbox DJ',1,1,0,0,0,4000.000000,0.00,400.000000,400.000000,333.330000,0.00,4401.200000,'','','','',6.000000,0,'',0.000,0.000000,0.000,0,'',0,'0000-00-00 00:00:00',4400.000000,3666.670000,4400.000000,3666.670000,0.000000,0.000000,2562.000000,4000.000000),(352,281,252,0,1,1946,0,'Yamaha PSR-S670',1,1,0,0,0,5825.000000,0.00,0.000000,0.000000,0.000000,0.00,0.000000,'','','','',0.000000,0,'',0.000,0.000000,0.000,0,'',0,'0000-00-00 00:00:00',6990.000000,5825.000000,6990.000000,5825.000000,0.000000,0.000000,0.000000,5825.000000),(353,282,253,0,1,644,0,'Roland pédale  de volume double',1,1,0,0,0,1333.333333,0.00,0.000000,0.000000,0.000000,0.00,0.000000,'','','','',0.000000,0,'',0.000,0.000000,0.000,0,'',0,'0000-00-00 00:00:00',1600.000000,1333.330000,1600.000000,1333.330000,0.000000,0.000000,0.000000,1333.333333),(354,283,254,0,1,647,0,'Yamaha F-51 avec adaptateur',1,1,0,0,0,1433.333333,0.00,0.000000,0.000000,0.000000,0.00,0.000000,'','','','',0.000000,0,'',0.000,0.000000,0.000,0,'',0,'0000-00-00 00:00:00',1720.000000,1433.330000,1720.000000,1433.330000,0.000000,0.000000,0.000000,1433.333333),(355,284,255,0,1,984,0,'Trompette Jinbao 400L',1,1,0,0,0,2000.000000,0.00,0.000000,0.000000,0.000000,0.00,0.000000,'','','','',0.000000,0,'',0.000,0.000000,0.000,0,'',0,'0000-00-00 00:00:00',2400.000000,2000.000000,2400.000000,2000.000000,0.000000,0.000000,0.000000,2000.000000),(356,284,255,0,1,857,0,'Tambourin MT1\"\"',1,1,0,0,0,116.666667,0.00,0.000000,0.000000,0.000000,0.00,0.000000,'','','','',0.000000,0,'',0.000,0.000000,0.000,0,'',0,'0000-00-00 00:00:00',140.000000,116.670000,140.000000,116.670000,0.000000,0.000000,0.000000,116.666667),(357,284,255,0,1,978,0,'clairon',1,1,0,0,0,1166.666667,0.00,0.000000,0.000000,0.000000,0.00,0.000000,'','','','',0.000000,0,'',0.000,0.000000,0.000,0,'',0,'0000-00-00 00:00:00',1400.000000,1166.670000,1400.000000,1166.670000,0.000000,0.000000,0.000000,1166.666667),(358,285,256,0,1,643,0,'Piano Yamaha P-45 avec adaptateur',1,1,0,0,0,4416.666667,0.00,0.000000,0.000000,0.000000,0.00,0.000000,'','','','',0.000000,0,'',0.000,0.000000,0.000,0,'',0,'0000-00-00 00:00:00',5300.000000,4416.670000,5300.000000,4416.670000,0.000000,0.000000,0.000000,4416.666667),(359,286,257,0,1,978,0,'clairon',1,1,0,0,0,1166.666667,0.00,0.000000,0.000000,0.000000,0.00,0.000000,'','','','',0.000000,0,'',0.000,0.000000,0.000,0,'',0,'0000-00-00 00:00:00',1400.000000,1166.670000,1400.000000,1166.670000,0.000000,0.000000,0.000000,1166.666667),(360,286,257,0,1,857,0,'Tambourin MT1\"\"',1,1,0,0,0,116.666667,0.00,0.000000,0.000000,0.000000,0.00,0.000000,'','','','',0.000000,0,'',0.000,0.000000,0.000,0,'',0,'0000-00-00 00:00:00',140.000000,116.670000,140.000000,116.670000,0.000000,0.000000,0.000000,116.666667),(361,287,258,0,1,857,0,'Tambourin MT1\"\"',1,1,0,0,0,116.666667,0.00,0.000000,0.000000,0.000000,0.00,0.000000,'','','','',0.000000,0,'',0.000,0.000000,0.000,0,'',0,'0000-00-00 00:00:00',140.000000,116.670000,140.000000,116.670000,0.000000,0.000000,0.000000,116.666667),(362,287,258,0,1,978,0,'clairon',1,1,0,0,0,1166.666667,0.00,0.000000,0.000000,0.000000,0.00,0.000000,'','','','',0.000000,0,'',0.000,0.000000,0.000,0,'',0,'0000-00-00 00:00:00',1400.000000,1166.670000,1400.000000,1166.670000,0.000000,0.000000,0.000000,1166.666667),(363,288,259,0,1,2031,0,'Clavier maître SE-49 Nektar ',1,1,0,0,0,708.333333,0.00,0.000000,0.000000,0.000000,0.00,0.000000,'','','','',0.000000,0,'',0.000,0.000000,0.000,0,'',0,'0000-00-00 00:00:00',850.000000,708.330000,850.000000,708.330000,0.000000,0.000000,0.000000,708.333333),(364,289,260,0,1,1623,0,'P-115 Yamaha',1,1,0,0,0,6500.000000,0.00,800.000000,800.000000,666.670000,0.00,7001.200000,'','','','',0.000000,0,'',0.000,0.000000,0.000,0,'',0,'0000-00-00 00:00:00',7000.000000,5833.330000,7000.000000,5833.330000,0.000000,0.000000,0.000000,6500.000000),(366,290,263,0,1,1609,0,'Violon 4/4',1,1,0,0,0,541.666667,0.00,0.000000,0.000000,0.000000,0.00,0.000000,'','','','',0.000000,0,'',0.000,0.000000,0.000,0,'',0,'0000-00-00 00:00:00',650.000000,541.670000,650.000000,541.670000,0.000000,0.000000,0.000000,541.666667),(367,291,261,0,1,1440,0,'Pack guitare électrique Sonata',1,1,0,0,0,1458.333333,0.00,0.000000,0.000000,0.000000,0.00,0.000000,'','','','',0.000000,0,'',0.000,0.000000,0.000,0,'',0,'0000-00-00 00:00:00',1750.000000,1458.330000,1750.000000,1458.330000,0.000000,0.000000,0.000000,1458.333333),(368,292,262,0,1,777,0,'Table de mixage Mikel 12',1,1,0,0,0,2166.666667,0.00,0.000000,0.000000,0.000000,0.00,0.000000,'','','','',0.000000,0,'',0.000,0.000000,0.000,0,'',0,'0000-00-00 00:00:00',2600.000000,2166.670000,2600.000000,2166.670000,0.000000,0.000000,0.000000,2166.666667),(369,293,264,0,1,1440,0,'Pack guitare électrique Sonata',1,1,0,0,0,1458.333333,0.00,0.000000,0.000000,0.000000,0.00,0.000000,'','','','',0.000000,0,'',0.000,0.000000,0.000,0,'',0,'0000-00-00 00:00:00',1750.000000,1458.330000,1750.000000,1458.330000,0.000000,0.000000,0.000000,1458.333333),(370,294,265,0,1,2014,0,'Clavier CASIO CT-S100',1,1,0,0,0,1458.333333,0.00,150.000000,150.000000,125.000000,0.00,1601.200000,'','','','',0.000000,0,'',0.000,0.000000,0.000,0,'',0,'0000-00-00 00:00:00',1600.000000,1333.330000,1600.000000,1333.330000,0.000000,0.000000,0.000000,1458.333333),(371,295,266,0,1,2054,0,'Yamaha HS5I Enceinte de studio active (paire)',1,1,0,0,0,5208.333333,0.00,300.000000,300.000000,250.000000,0.00,5951.200000,'','','','',0.000000,0,'',0.000,0.000000,0.000,0,'',0,'0000-00-00 00:00:00',5950.000000,4958.330000,5950.000000,4958.330000,0.000000,0.000000,0.000000,5208.333333),(372,296,267,0,1,2081,0,'Stand & Support Guitare',1,1,0,0,0,150.000000,0.00,0.000000,0.000000,0.000000,0.00,0.000000,'','','','',0.000000,0,'',0.000,0.000000,0.000,0,'',0,'0000-00-00 00:00:00',180.000000,150.000000,180.000000,150.000000,0.000000,0.000000,0.000000,150.000000),(373,296,267,0,1,1476,0,'Ceinture guitare Fender',1,1,0,0,0,83.333333,0.00,0.000000,0.000000,0.000000,0.00,0.000000,'','','','',0.000000,0,'',0.000,0.000000,0.000,0,'',0,'0000-00-00 00:00:00',100.000000,83.330000,100.000000,83.330000,0.000000,0.000000,0.000000,83.333333),(374,297,268,0,1,2076,0,'Guitare électro-acoustique Smiger LG7',1,1,0,0,0,1625.000000,0.00,0.000000,0.000000,0.000000,0.00,0.000000,'','','','',0.000000,0,'',0.000,0.000000,0.000,0,'',0,'0000-00-00 00:00:00',1950.000000,1625.000000,1950.000000,1625.000000,0.000000,0.000000,0.000000,1625.000000),(375,298,269,0,1,947,0,'Phaser shifter',1,1,0,0,0,1416.666667,0.00,0.000000,0.000000,0.000000,0.00,0.000000,'','','','',0.000000,0,'',0.000,0.000000,0.000,0,'',0,'0000-00-00 00:00:00',1700.000000,1416.670000,1700.000000,1416.670000,0.000000,0.000000,0.000000,1416.666667),(376,299,270,0,1,1992,0,'Contrôleur USB MIDI Nektar SE25',1,1,0,0,0,541.666667,0.00,60.000000,60.000000,50.000000,0.00,591.200000,'','','','',0.000000,0,'',0.000,0.000000,0.000,0,'',0,'0000-00-00 00:00:00',590.000000,491.670000,590.000000,491.670000,0.000000,0.000000,0.000000,541.666667),(377,300,271,0,1,1542,0,'D\'orazio  Oud 11 strings',5,5,0,0,0,83.333333,0.00,0.000000,0.000000,0.000000,0.00,0.000000,'','','','',0.500000,0,'',0.000,0.000000,0.000,0,'',0,'0000-00-00 00:00:00',500.000000,416.650000,100.000000,83.330000,0.000000,0.000000,135.000000,83.333333),(378,301,272,0,1,1666,0,'Piano DGX-660 Yamaha',1,1,0,0,0,7500.000000,0.00,0.000000,0.000000,0.000000,0.00,0.000000,'','','','',0.000000,0,'',0.000,0.000000,0.000,0,'',0,'0000-00-00 00:00:00',9000.000000,7500.000000,9000.000000,7500.000000,0.000000,0.000000,0.000000,7500.000000),(379,302,273,0,1,643,0,'Piano Yamaha P-45 avec adaptateur',1,1,0,0,0,4958.333333,0.00,0.000000,0.000000,0.000000,0.00,0.000000,'','','','',0.000000,0,'',0.000,0.000000,0.000,0,'',0,'0000-00-00 00:00:00',5950.000000,4958.330000,5950.000000,4958.330000,0.000000,0.000000,0.000000,4958.333333),(380,303,274,0,1,1482,0,'Clé guitare électirque separée / unité',1,1,0,0,0,16.666667,0.00,0.000000,0.000000,0.000000,0.00,0.000000,'','','','',0.000000,0,'',0.000,0.000000,0.000,0,'',0,'0000-00-00 00:00:00',20.000000,16.670000,20.000000,16.670000,0.000000,0.000000,0.000000,16.666667),(381,303,274,0,1,1486,0,'Mécaniques (Jeu de clés ) guitare folk separée',1,1,0,0,0,66.666667,0.00,0.000000,0.000000,0.000000,0.00,0.000000,'','','','',0.000000,0,'',0.000,0.000000,0.000,0,'',0,'0000-00-00 00:00:00',80.000000,66.670000,80.000000,66.670000,0.000000,0.000000,0.000000,66.666667),(382,304,275,0,1,1969,0,'Carte son Behringer UMC404',1,1,0,0,0,1458.333333,0.00,0.000000,0.000000,0.000000,0.00,0.000000,'','','','',0.000000,0,'',0.000,0.000000,0.000,0,'',0,'0000-00-00 00:00:00',1750.000000,1458.330000,1750.000000,1458.330000,0.000000,0.000000,0.000000,1458.333333),(383,305,276,0,1,2014,0,'Clavier CASIO CT-S100',1,1,0,0,0,1458.333333,0.00,150.000000,150.000000,125.000000,0.00,1601.200000,'','','','',0.000000,0,'',0.000,0.000000,0.000,0,'',0,'0000-00-00 00:00:00',1600.000000,1333.330000,1600.000000,1333.330000,0.000000,0.000000,0.000000,1458.333333),(384,306,277,0,1,645,0,'Yamaha A350 avec adaptateur',1,1,0,0,0,3833.333333,0.00,0.000000,0.000000,0.000000,0.00,0.000000,'','','','',0.000000,0,'',0.000,0.000000,0.000,0,'',0,'0000-00-00 00:00:00',4600.000000,3833.330000,4600.000000,3833.330000,0.000000,0.000000,0.000000,3833.333333),(385,307,0,0,1,640,0,'Piano Yamaha Arius YDP 103',1,1,0,0,0,8750.000000,0.00,0.000000,0.000000,0.000000,0.00,0.000000,'','','','',0.000000,0,'',0.000,0.000000,0.000,0,'',0,'0000-00-00 00:00:00',10500.000000,8750.000000,10500.000000,8750.000000,0.000000,0.000000,0.000000,8750.000000),(386,308,278,0,1,640,0,'Piano Yamaha Arius YDP 103',1,1,0,0,0,8750.000000,0.00,0.000000,0.000000,0.000000,0.00,0.000000,'','','','',0.000000,0,'',0.000,0.000000,0.000,0,'',0,'0000-00-00 00:00:00',10500.000000,8750.000000,10500.000000,8750.000000,0.000000,0.000000,0.000000,8750.000000),(387,309,279,0,1,1998,0,'Clavier maître Nektar Impact LX88+',1,1,0,0,0,2991.666667,0.00,0.000000,0.000000,0.000000,0.00,0.000000,'','','','',0.000000,0,'',0.000,0.000000,0.000,0,'',0,'0000-00-00 00:00:00',3590.000000,2991.670000,3590.000000,2991.670000,0.000000,0.000000,0.000000,2991.666667),(388,310,280,0,1,986,0,'Anches pour clarinette sib 3',1,1,0,0,0,33.333333,0.00,0.000000,0.000000,0.000000,0.00,0.000000,'','','','',0.000000,0,'',0.000,0.000000,0.000,0,'',0,'0000-00-00 00:00:00',40.000000,33.330000,40.000000,33.330000,0.000000,0.000000,0.000000,33.333333),(389,311,281,0,1,1714,0,'Table de mixage Pioneer XDJ-RX2',1,1,0,0,0,18750.000000,0.00,600.000000,600.000000,500.000000,0.00,21901.200000,'','','','',6.000000,0,'',0.000,0.000000,0.000,0,'',0,'0000-00-00 00:00:00',21900.000000,18250.000000,21900.000000,18250.000000,0.000000,0.000000,18410.000000,18750.000000),(390,312,282,0,1,1647,0,'ESC105 Fender',1,1,0,0,0,1000.000000,0.00,0.000000,0.000000,0.000000,0.00,0.000000,'','','','',0.000000,0,'',0.000,0.000000,0.000,0,'',0,'0000-00-00 00:00:00',1200.000000,1000.000000,1200.000000,1000.000000,0.000000,0.000000,0.000000,1000.000000),(391,313,283,0,1,1647,0,'ESC105 Fender',1,1,0,0,0,1000.000000,0.00,0.000000,0.000000,0.000000,0.00,0.000000,'','','','',0.000000,0,'',0.000,0.000000,0.000,0,'',0,'0000-00-00 00:00:00',1200.000000,1000.000000,1200.000000,1000.000000,0.000000,0.000000,0.000000,1000.000000),(392,314,284,0,1,1615,0,'Guitare électrique Pack Fender Squier',1,1,0,0,0,2750.000000,0.00,0.000000,0.000000,0.000000,0.00,0.000000,'','','','',0.000000,0,'',0.000,0.000000,0.000,0,'',0,'0000-00-00 00:00:00',3300.000000,2750.000000,3300.000000,2750.000000,0.000000,0.000000,0.000000,2750.000000),(393,315,285,0,1,1937,0,'Rode Rodecaster Pro',1,1,0,0,0,6583.333333,0.00,0.000000,0.000000,0.000000,0.00,0.000000,'','','','',0.000000,0,'',0.000,0.000000,0.000,0,'',0,'0000-00-00 00:00:00',7900.000000,6583.330000,7900.000000,6583.330000,0.000000,0.000000,0.000000,6583.333333),(394,315,285,0,1,1941,0,'RODE PodMic',2,2,0,0,0,1325.000000,0.00,0.000000,0.000000,0.000000,0.00,0.000000,'','','','',0.000000,0,'',0.000,0.000000,0.000,0,'',0,'0000-00-00 00:00:00',3180.000000,2650.000000,1590.000000,1325.000000,0.000000,0.000000,0.000000,1325.000000),(395,316,286,0,1,1439,0,'Electric Squier Pack',1,1,0,0,0,2500.000000,0.00,200.000000,200.000000,166.670000,0.00,2801.200000,'','','','',0.000000,0,'',0.000,0.000000,0.000,0,'',0,'0000-00-00 00:00:00',2800.000000,2333.330000,2800.000000,2333.330000,0.000000,0.000000,0.000000,2500.000000),(396,317,287,0,1,1886,0,'JBL Control 24 ct Paire',1,1,0,0,0,2083.333333,0.00,0.000000,0.000000,0.000000,0.00,0.000000,'','','','',0.000000,0,'',0.000,0.000000,0.000,0,'',0,'0000-00-00 00:00:00',2500.000000,2083.330000,2500.000000,2083.330000,0.000000,0.000000,0.000000,2083.333333),(397,318,288,0,1,2078,0,'Mini ampli 5W portable Smiger',1,1,0,0,0,325.000000,0.00,0.000000,0.000000,0.000000,0.00,0.000000,'','','','',0.000000,0,'',0.000,0.000000,0.000,0,'',0,'0000-00-00 00:00:00',390.000000,325.000000,390.000000,325.000000,0.000000,0.000000,0.000000,325.000000),(398,319,289,0,1,762,0,'Micro shure sm57',1,1,0,0,0,1333.333333,0.00,0.000000,0.000000,0.000000,0.00,0.000000,'','','','',0.000000,0,'',0.000,0.000000,0.000,0,'',0,'0000-00-00 00:00:00',1600.000000,1333.330000,1600.000000,1333.330000,0.000000,0.000000,0.000000,1333.333333),(399,319,289,0,1,769,0,'Support',1,1,0,0,0,150.000000,0.00,0.000000,0.000000,0.000000,0.00,0.000000,'','','','',0.000000,0,'',0.000,0.000000,0.000,0,'',0,'0000-00-00 00:00:00',180.000000,150.000000,180.000000,150.000000,0.000000,0.000000,0.000000,150.000000),(400,320,0,0,1,1612,0,'Saxophone 200 Alto JINBAO',1,1,0,0,0,4083.333333,0.00,400.000000,400.000000,333.330000,0.00,4501.200000,'','','','',0.000000,0,'',0.000,0.000000,0.000,0,'',0,'0000-00-00 00:00:00',4500.000000,3750.000000,4500.000000,3750.000000,0.000000,0.000000,0.000000,4083.333333),(401,321,0,0,1,1612,0,'Saxophone 200 Alto JINBAO',1,1,0,0,0,4083.333333,0.00,400.000000,400.000000,333.330000,0.00,4501.200000,'','','','',0.000000,0,'',0.000,0.000000,0.000,0,'',0,'0000-00-00 00:00:00',4500.000000,3750.000000,4500.000000,3750.000000,0.000000,0.000000,0.000000,4083.333333),(402,322,0,0,1,1612,0,'Saxophone 200 Alto JINBAO',1,1,0,0,0,4083.333333,0.00,400.000000,400.000000,333.330000,0.00,4501.200000,'','','','',0.000000,0,'',0.000,0.000000,0.000,0,'',0,'0000-00-00 00:00:00',4500.000000,3750.000000,4500.000000,3750.000000,0.000000,0.000000,0.000000,4083.333333),(403,323,0,0,1,1612,0,'Saxophone 200 Alto JINBAO',1,1,0,0,0,4083.333333,0.00,400.000000,400.000000,333.330000,0.00,4501.200000,'','','','',0.000000,0,'',0.000,0.000000,0.000,0,'',0,'0000-00-00 00:00:00',4500.000000,3750.000000,4500.000000,3750.000000,0.000000,0.000000,0.000000,4083.333333),(404,324,290,0,1,2005,0,'Loutar berbère 4 cordes',1,1,0,0,0,1500.000000,0.00,0.000000,0.000000,0.000000,0.00,0.000000,'','','','',0.000000,0,'',0.000,0.000000,0.000,0,'',0,'0000-00-00 00:00:00',1800.000000,1500.000000,1800.000000,1500.000000,0.000000,0.000000,0.000000,1500.000000),(405,325,291,0,1,1421,0,'Peau 14 JINBAO',2,2,0,0,0,50.000000,0.00,0.000000,0.000000,0.000000,0.00,0.000000,'','','','',0.000000,0,'',0.000,0.000000,0.000,0,'',0,'0000-00-00 00:00:00',120.000000,100.000000,60.000000,50.000000,0.000000,0.000000,45.000000,50.000000),(406,326,292,0,1,1787,0,'Clarinette YCL250',1,1,0,0,0,5416.666667,0.00,0.000000,0.000000,0.000000,0.00,0.000000,'','','','',0.000000,0,'',0.000,0.000000,0.000,0,'',0,'0000-00-00 00:00:00',6500.000000,5416.670000,6500.000000,5416.670000,0.000000,0.000000,0.000000,5416.666667),(407,327,293,0,1,1944,0,'Piano Artesia DP-10e',1,1,0,0,0,6583.333333,0.00,0.000000,0.000000,0.000000,0.00,0.000000,'','','','',0.000000,0,'',0.000,0.000000,0.000,0,'',0,'0000-00-00 00:00:00',7900.000000,6583.330000,7900.000000,6583.330000,0.000000,0.000000,0.000000,6583.333333),(408,328,294,0,1,643,0,'Piano Yamaha P-45 avec adaptateur',1,1,0,0,0,4958.333333,0.00,0.000000,0.000000,0.000000,0.00,0.000000,'','','','',0.000000,0,'',0.000,0.000000,0.000,0,'',0,'0000-00-00 00:00:00',5950.000000,4958.330000,5950.000000,4958.330000,0.000000,0.000000,0.000000,4958.333333),(409,329,295,0,1,1859,0,'Casque Audio Technica ATH-M50xBT',1,1,0,0,0,1991.666667,0.00,0.000000,0.000000,0.000000,0.00,0.000000,'','','','',0.000000,0,'',0.000,0.000000,0.000,0,'',0,'0000-00-00 00:00:00',2390.000000,1991.670000,2390.000000,1991.670000,0.000000,0.000000,0.000000,1991.666667),(410,330,296,0,1,1883,0,'Enceinte JBL Control 1 pro Paire',1,1,0,0,0,1625.000000,0.00,0.000000,0.000000,0.000000,0.00,0.000000,'','','','',0.000000,0,'',0.000,0.000000,0.000,0,'',0,'0000-00-00 00:00:00',1950.000000,1625.000000,1950.000000,1625.000000,0.000000,0.000000,0.000000,1625.000000),(411,331,297,0,1,1,0,'Table de mixage Pioneer DJ DDJ-400 - Controleur DJ 2 voies pour Rekordbox DJ',1,1,0,0,0,4000.000000,0.00,400.000000,400.000000,333.330000,0.00,4401.200000,'','','','',6.000000,0,'',0.000,0.000000,0.000,0,'',0,'0000-00-00 00:00:00',4400.000000,3666.670000,4400.000000,3666.670000,0.000000,0.000000,2562.000000,4000.000000),(412,332,298,0,1,1796,0,'Cloche Jam Block LP1205',1,1,0,0,0,250.000000,0.00,0.000000,0.000000,0.000000,0.00,0.000000,'','','','',0.000000,0,'',0.000,0.000000,0.000,0,'',0,'0000-00-00 00:00:00',300.000000,250.000000,300.000000,250.000000,0.000000,0.000000,0.000000,250.000000),(413,333,299,0,1,913,0,'Pack Parrot electric',1,1,0,0,0,1458.333333,0.00,0.000000,0.000000,0.000000,0.00,0.000000,'','','','',0.000000,0,'',0.000,0.000000,0.000,0,'',0,'0000-00-00 00:00:00',1750.000000,1458.330000,1750.000000,1458.330000,0.000000,0.000000,0.000000,1458.333333),(414,334,300,0,1,913,0,'Pack Parrot electric',1,1,0,0,0,1458.333333,0.00,0.000000,0.000000,0.000000,0.00,0.000000,'','','','',0.000000,0,'',0.000,0.000000,0.000,0,'',0,'0000-00-00 00:00:00',1750.000000,1458.330000,1750.000000,1458.330000,0.000000,0.000000,0.000000,1458.333333),(415,335,0,0,1,1938,0,'RODE NT-USB Mini',1,1,0,0,0,1241.666667,0.00,0.000000,0.000000,0.000000,0.00,0.000000,'','','','',0.000000,0,'',0.000,0.000000,0.000,0,'',0,'0000-00-00 00:00:00',1490.000000,1241.670000,1490.000000,1241.670000,0.000000,0.000000,0.000000,1241.666667),(416,336,301,0,1,1689,0,'Chevalet électrique Violin Pickup',1,1,0,0,0,1041.666667,0.00,0.000000,0.000000,0.000000,0.00,0.000000,'','','','',0.000000,0,'',0.000,0.000000,0.000,0,'',0,'0000-00-00 00:00:00',1250.000000,1041.670000,1250.000000,1041.670000,0.000000,0.000000,0.000000,1041.666667),(417,337,302,0,1,2079,0,'Guitare électro-acoustique M-416 Smiger',1,1,0,0,0,2166.666667,0.00,0.000000,0.000000,0.000000,0.00,0.000000,'','','','',0.000000,0,'',0.000,0.000000,0.000,0,'',0,'0000-00-00 00:00:00',2600.000000,2166.670000,2600.000000,2166.670000,0.000000,0.000000,0.000000,2166.666667),(418,337,302,0,1,1478,0,'Ceinture guitare',1,1,0,0,0,66.666667,0.00,0.000000,0.000000,0.000000,0.00,0.000000,'','','','',0.000000,0,'',0.000,0.000000,0.000,0,'',0,'0000-00-00 00:00:00',80.000000,66.670000,80.000000,66.670000,0.000000,0.000000,0.000000,66.666667),(419,337,302,0,1,2081,0,'Stand & Support Guitare',1,1,0,0,0,150.000000,0.00,0.000000,0.000000,0.000000,0.00,0.000000,'','','','',0.000000,0,'',0.000,0.000000,0.000,0,'',0,'0000-00-00 00:00:00',180.000000,150.000000,180.000000,150.000000,0.000000,0.000000,0.000000,150.000000),(420,337,302,0,1,1556,0,'Ernie ball acoustique',1,1,0,0,0,108.333333,0.00,0.000000,0.000000,0.000000,0.00,0.000000,'','','','',0.500000,0,'',0.000,0.000000,0.000,0,'',0,'0000-00-00 00:00:00',130.000000,108.330000,130.000000,108.330000,0.000000,0.000000,145.000000,108.333333),(421,338,0,0,1,2112,0,'Clavier maître NEKTAR SE61',1,1,0,0,0,1833.333333,0.00,0.000000,0.000000,0.000000,0.00,0.000000,'','','','',0.000000,0,'',0.000,0.000000,0.000,0,'',0,'0000-00-00 00:00:00',2200.000000,1833.330000,2200.000000,1833.330000,0.000000,0.000000,0.000000,1833.333333),(422,339,303,0,1,1609,0,'Violon 4/4',1,1,0,0,0,541.666667,0.00,0.000000,0.000000,0.000000,0.00,0.000000,'','','','',0.000000,0,'',0.000,0.000000,0.000,0,'',0,'0000-00-00 00:00:00',650.000000,541.670000,650.000000,541.670000,0.000000,0.000000,0.000000,541.666667),(423,340,304,0,1,1398,0,'Bar chimes 36 avec support',1,1,0,0,0,875.000000,0.00,0.000000,0.000000,0.000000,0.00,0.000000,'','','','',0.000000,0,'',0.000,0.000000,0.000,0,'',0,'0000-00-00 00:00:00',1050.000000,875.000000,1050.000000,875.000000,0.000000,0.000000,600.000000,875.000000),(424,340,304,0,1,1433,0,'Support cymbales 3f',1,1,0,0,0,375.000000,0.00,0.000000,0.000000,0.000000,0.00,0.000000,'','','','',0.000000,0,'',0.000,0.000000,0.000,0,'',0,'0000-00-00 00:00:00',450.000000,375.000000,450.000000,375.000000,0.000000,0.000000,290.000000,375.000000),(425,340,304,0,1,1425,0,'Pédale Charleston',1,1,0,0,0,458.333333,0.00,0.000000,0.000000,0.000000,0.00,0.000000,'','','','',0.000000,0,'',0.000,0.000000,0.000,0,'',0,'0000-00-00 00:00:00',550.000000,458.330000,550.000000,458.330000,0.000000,0.000000,262.500000,458.333333),(426,341,305,0,1,1710,0,'Contrôleur DJ Pioneer DDJ-800 ',1,1,0,0,0,11354.166667,0.00,0.000000,0.000000,0.000000,0.00,0.000000,'','','','',6.000000,0,'',0.000,0.000000,0.000,0,'',0,'0000-00-00 00:00:00',13625.000000,11354.170000,13625.000000,11354.170000,0.000000,0.000000,9635.000000,11354.166667),(427,342,306,0,1,1710,0,'Contrôleur DJ Pioneer DDJ-800 ',1,1,0,0,0,11354.166667,0.00,0.000000,0.000000,0.000000,0.00,0.000000,'','','','',6.000000,0,'',0.000,0.000000,0.000,0,'',0,'0000-00-00 00:00:00',13625.000000,11354.170000,13625.000000,11354.170000,0.000000,0.000000,9635.000000,11354.166667),(428,343,307,0,1,947,0,'Phaser shifter',1,1,0,0,0,1416.666667,0.00,0.000000,0.000000,0.000000,0.00,0.000000,'','','','',0.000000,0,'',0.000,0.000000,0.000,0,'',0,'0000-00-00 00:00:00',1700.000000,1416.670000,1700.000000,1416.670000,0.000000,0.000000,0.000000,1416.666667),(429,344,308,0,1,1647,0,'ESC105 Fender',1,1,0,0,0,1000.000000,0.00,0.000000,0.000000,0.000000,0.00,0.000000,'','','','',0.000000,0,'',0.000,0.000000,0.000,0,'',0,'0000-00-00 00:00:00',1200.000000,1000.000000,1200.000000,1000.000000,0.000000,0.000000,0.000000,1000.000000),(430,345,309,0,1,1,0,'Table de mixage Pioneer DJ DDJ-400 - Controleur DJ 2 voies pour Rekordbox DJ',1,1,0,0,0,4000.000000,0.00,400.000000,400.000000,333.330000,0.00,4401.200000,'','','','',6.000000,0,'',0.000,0.000000,0.000,0,'',0,'0000-00-00 00:00:00',4400.000000,3666.670000,4400.000000,3666.670000,0.000000,0.000000,2562.000000,4000.000000),(431,346,310,0,1,1714,0,'Table de mixage Pioneer XDJ-RX2',1,1,0,0,0,18750.000000,0.00,600.000000,600.000000,500.000000,0.00,21901.200000,'','','','',6.000000,0,'',0.000,0.000000,0.000,0,'',0,'0000-00-00 00:00:00',21900.000000,18250.000000,21900.000000,18250.000000,0.000000,0.000000,18410.000000,18750.000000),(432,347,311,0,1,1440,0,'Pack guitare électrique Sonata',1,1,0,0,0,1458.333333,0.00,0.000000,0.000000,0.000000,0.00,0.000000,'','','','',0.000000,0,'',0.000,0.000000,0.000,0,'',0,'0000-00-00 00:00:00',1750.000000,1458.330000,1750.000000,1458.330000,0.000000,0.000000,0.000000,1458.333333),(433,348,312,0,1,1997,0,'Clavier maître Nektar Impact GXP88',1,1,0,0,0,2908.333333,0.00,0.000000,0.000000,0.000000,0.00,0.000000,'','','','',0.000000,0,'',0.000,0.000000,0.000,0,'',0,'0000-00-00 00:00:00',3490.000000,2908.330000,3490.000000,2908.330000,0.000000,0.000000,0.000000,2908.333333),(434,349,313,0,1,1625,0,'Mélodica',2,2,0,0,0,204.166667,0.00,0.000000,0.000000,0.000000,0.00,0.000000,'','','','',0.000000,0,'',0.000,0.000000,0.000,0,'',0,'0000-00-00 00:00:00',490.000000,408.340000,245.000000,204.170000,0.000000,0.000000,0.000000,204.166667),(435,350,314,0,1,1440,0,'Pack guitare électrique Sonata',1,1,0,0,0,1458.333333,0.00,0.000000,0.000000,0.000000,0.00,0.000000,'','','','',0.000000,0,'',0.000,0.000000,0.000,0,'',0,'0000-00-00 00:00:00',1750.000000,1458.330000,1750.000000,1458.330000,0.000000,0.000000,0.000000,1458.333333),(436,351,315,0,1,1616,0,'Violon Sonata',1,1,0,0,0,583.333333,0.00,0.000000,0.000000,0.000000,0.00,0.000000,'','','','',0.000000,0,'',0.000,0.000000,0.000,0,'',0,'0000-00-00 00:00:00',700.000000,583.330000,700.000000,583.330000,0.000000,0.000000,0.000000,583.333333),(437,352,316,0,1,2080,0,'ukulélé Bois massif',1,1,0,0,0,650.000000,0.00,0.000000,0.000000,0.000000,0.00,0.000000,'','','','',0.000000,0,'',0.000,0.000000,0.000,0,'',0,'0000-00-00 00:00:00',780.000000,650.000000,780.000000,650.000000,0.000000,0.000000,0.000000,650.000000),(438,353,317,0,1,1899,0,'Oud & Luth turc pour enfant avec pochette',1,1,0,0,0,2083.333333,0.00,0.000000,0.000000,0.000000,0.00,0.000000,'','','','',0.000000,0,'',0.000,0.000000,0.000,0,'',0,'0000-00-00 00:00:00',2500.000000,2083.330000,2500.000000,2083.330000,0.000000,0.000000,0.000000,2083.333333),(439,354,0,0,1,2083,0,'Guitare Yamaha CG102',1,1,0,0,0,2208.333333,0.00,0.000000,0.000000,0.000000,0.00,0.000000,'','','','',0.000000,0,'',0.000,0.000000,0.000,0,'',0,'0000-00-00 00:00:00',2650.000000,2208.330000,2650.000000,2208.330000,0.000000,0.000000,0.000000,2208.333333),(440,355,0,0,1,892,0,'Classical Granados',1,1,0,0,0,1500.000000,0.00,0.000000,0.000000,0.000000,0.00,0.000000,'','','','',0.000000,0,'',0.000,0.000000,0.000,0,'',0,'0000-00-00 00:00:00',1800.000000,1500.000000,1800.000000,1500.000000,0.000000,0.000000,0.000000,1500.000000),(441,356,318,0,1,1,0,'Table de mixage Pioneer DJ DDJ-400 - Controleur DJ 2 voies pour Rekordbox DJ',1,1,0,0,0,4000.000000,0.00,400.000000,400.000000,333.330000,0.00,4401.200000,'','','','',6.000000,0,'',0.000,0.000000,0.000,0,'',0,'0000-00-00 00:00:00',4400.000000,3666.670000,4400.000000,3666.670000,0.000000,0.000000,2562.000000,4000.000000),(442,357,319,0,1,1,0,'Table de mixage Pioneer DJ DDJ-400 - Controleur DJ 2 voies pour Rekordbox DJ',1,1,0,0,0,4000.000000,0.00,400.000000,400.000000,333.330000,0.00,4401.200000,'','','','',6.000000,0,'',0.000,0.000000,0.000,0,'',0,'0000-00-00 00:00:00',4400.000000,3666.670000,4400.000000,3666.670000,0.000000,0.000000,2562.000000,4000.000000),(443,358,320,0,1,1440,0,'Pack guitare électrique Sonata',1,1,0,0,0,1541.666667,0.00,0.000000,0.000000,0.000000,0.00,0.000000,'','','','',0.000000,0,'',0.000,0.000000,0.000,0,'',0,'0000-00-00 00:00:00',1850.000000,1541.670000,1850.000000,1541.670000,0.000000,0.000000,0.000000,1541.666667),(444,359,321,0,1,1469,0,'Archet violon  4/4',1,1,0,0,0,83.333333,0.00,0.000000,0.000000,0.000000,0.00,0.000000,'','','','',0.000000,0,'',0.000,0.000000,0.000,0,'',0,'0000-00-00 00:00:00',100.000000,83.330000,100.000000,83.330000,0.000000,0.000000,0.000000,83.333333),(445,359,321,0,1,1481,0,'Chevaliet Aubert',1,1,0,0,0,83.333333,0.00,0.000000,0.000000,0.000000,0.00,0.000000,'','','','',0.000000,0,'',0.000,0.000000,0.000,0,'',0,'0000-00-00 00:00:00',100.000000,83.330000,100.000000,83.330000,0.000000,0.000000,0.000000,83.333333),(446,359,321,0,1,1488,0,'Leto colophane',1,1,0,0,0,12.500000,0.00,0.000000,0.000000,0.000000,0.00,0.000000,'','','','',0.000000,0,'',0.000,0.000000,0.000,0,'',0,'0000-00-00 00:00:00',15.000000,12.500000,15.000000,12.500000,0.000000,0.000000,0.000000,12.500000),(447,360,322,0,1,2114,0,'Contrôleur DJ Pioneer XDJ-RX3',1,1,0,0,0,25416.666667,0.00,0.000000,0.000000,0.000000,0.00,0.000000,'','','','',0.000000,0,'',0.000,0.000000,0.000,0,'',0,'0000-00-00 00:00:00',30500.000000,25416.670000,30500.000000,25416.670000,0.000000,0.000000,0.000000,25416.666667),(448,361,323,0,1,913,0,'Pack Parrot electric',1,1,0,0,0,1541.666667,0.00,0.000000,0.000000,0.000000,0.00,0.000000,'','','','',0.000000,0,'',0.000,0.000000,0.000,0,'',0,'0000-00-00 00:00:00',1850.000000,1541.670000,1850.000000,1541.670000,0.000000,0.000000,0.000000,1541.666667),(449,362,324,0,1,950,0,'Yamaha FC7',1,1,0,0,0,708.333333,0.00,0.000000,0.000000,0.000000,0.00,0.000000,'','','','',0.000000,0,'',0.000,0.000000,0.000,0,'',0,'0000-00-00 00:00:00',850.000000,708.330000,850.000000,708.330000,0.000000,0.000000,0.000000,708.333333),(450,363,325,0,1,1219,0,'Les classiques favoris 1',1,1,0,0,0,179.166667,0.00,0.000000,0.000000,0.000000,0.00,0.000000,'','','','',0.500000,0,'',0.000,0.000000,0.000,0,'',0,'0000-00-00 00:00:00',215.000000,179.170000,215.000000,179.170000,0.000000,0.000000,200.000000,179.166667),(451,364,326,0,1,2034,0,'Orgue Oriental CASIO CTX-700',1,1,0,0,0,2625.000000,0.00,0.000000,0.000000,0.000000,0.00,0.000000,'','','','',0.000000,0,'',0.000,0.000000,0.000,0,'',0,'0000-00-00 00:00:00',3150.000000,2625.000000,3150.000000,2625.000000,0.000000,0.000000,0.000000,2625.000000),(452,365,327,0,1,1967,0,'DDJ-1000 Pioneer',1,1,0,0,0,16833.333333,0.00,3400.000000,3400.000000,2833.330000,0.00,16801.200000,'','','','',0.000000,0,'',0.000,0.000000,0.000,0,'',0,'0000-00-00 00:00:00',16800.000000,14000.000000,16800.000000,14000.000000,0.000000,0.000000,0.000000,16833.333333),(453,366,328,0,1,1,0,'Table de mixage Pioneer DJ DDJ-400 - Controleur DJ 2 voies pour Rekordbox DJ',1,1,0,0,0,4000.000000,0.00,400.000000,400.000000,333.330000,0.00,4401.200000,'','','','',6.000000,0,'',0.000,0.000000,0.000,0,'',0,'0000-00-00 00:00:00',4400.000000,3666.670000,4400.000000,3666.670000,0.000000,0.000000,2562.000000,4000.000000),(454,367,329,0,1,1236,0,'Méthode rose ancienne édition',1,1,0,0,0,191.666667,0.00,0.000000,0.000000,0.000000,0.00,0.000000,'','','','',0.500000,0,'',0.000,0.000000,0.000,0,'',0,'0000-00-00 00:00:00',230.000000,191.670000,230.000000,191.670000,0.000000,0.000000,200.000000,191.666667),(455,368,330,0,1,1236,0,'Méthode rose ancienne édition',1,1,0,0,0,191.666667,0.00,0.000000,0.000000,0.000000,0.00,0.000000,'','','','',0.500000,0,'',0.000,0.000000,0.000,0,'',0,'0000-00-00 00:00:00',230.000000,191.670000,230.000000,191.670000,0.000000,0.000000,200.000000,191.666667),(456,369,331,0,1,1238,0,'Méthode rose nouvelle édition',1,1,0,0,0,148.333333,0.00,0.000000,0.000000,0.000000,0.00,0.000000,'','','','',0.500000,0,'',0.000,0.000000,0.000,0,'',0,'0000-00-00 00:00:00',178.000000,148.330000,178.000000,148.330000,0.000000,0.000000,200.000000,148.333333),(457,370,332,0,1,2062,0,'Orgue Casio CT-S300 avec adaptateur',1,1,0,0,0,2158.333333,0.00,0.000000,0.000000,0.000000,0.00,0.000000,'','','','',0.000000,0,'',0.000,0.000000,0.000,0,'',0,'0000-00-00 00:00:00',2590.000000,2158.330000,2590.000000,2158.330000,0.000000,0.000000,0.000000,2158.333333),(458,371,333,0,1,1238,0,'Méthode rose nouvelle édition',1,1,0,0,0,148.333333,0.00,0.000000,0.000000,0.000000,0.00,0.000000,'','','','',0.500000,0,'',0.000,0.000000,0.000,0,'',0,'0000-00-00 00:00:00',178.000000,148.330000,178.000000,148.330000,0.000000,0.000000,200.000000,148.333333),(459,372,334,0,1,950,0,'Yamaha FC7',1,1,0,0,0,708.333333,0.00,0.000000,0.000000,0.000000,0.00,0.000000,'','','','',0.000000,0,'',0.000,0.000000,0.000,0,'',0,'0000-00-00 00:00:00',850.000000,708.330000,850.000000,708.330000,0.000000,0.000000,0.000000,708.333333),(460,373,335,0,1,1533,0,'Canon mini jack 1.5 mètre',2,2,0,0,0,110.000000,0.00,0.000000,0.000000,0.000000,0.00,0.000000,'','','','',0.500000,0,'',0.000,0.000000,0.000,0,'',0,'0000-00-00 00:00:00',220.000000,220.000000,110.000000,110.000000,0.000000,0.000000,130.000000,110.000000),(461,374,336,0,1,1613,0,'Méthode rose nouvelle édition',1,1,0,0,0,148.333333,0.00,0.000000,0.000000,0.000000,0.00,0.000000,'','','','',0.500000,0,'',0.000,0.000000,0.000,0,'',0,'0000-00-00 00:00:00',178.000000,148.330000,178.000000,148.330000,0.000000,0.000000,200.000000,148.333333),(462,375,337,0,1,1440,0,'Pack guitare électrique Sonata',1,1,0,0,0,1541.666667,0.00,0.000000,0.000000,0.000000,0.00,0.000000,'','','','',0.000000,0,'',0.000,0.000000,0.000,0,'',0,'0000-00-00 00:00:00',1850.000000,1541.670000,1850.000000,1541.670000,0.000000,0.000000,0.000000,1541.666667),(463,376,338,0,1,1,0,'Table de mixage Pioneer DJ DDJ-400 - Controleur DJ 2 voies pour Rekordbox DJ',1,1,0,0,0,4000.000000,0.00,400.000000,400.000000,333.330000,0.00,4401.200000,'','','','',6.000000,0,'',0.000,0.000000,0.000,0,'',0,'0000-00-00 00:00:00',4400.000000,3666.670000,4400.000000,3666.670000,0.000000,0.000000,2562.000000,4000.000000),(464,377,339,0,1,1,0,'Table de mixage Pioneer DJ DDJ-400 - Controleur DJ 2 voies pour Rekordbox DJ',1,1,0,0,0,4000.000000,0.00,400.000000,400.000000,333.330000,0.00,4401.200000,'','','','',6.000000,0,'',0.000,0.000000,0.000,0,'',0,'0000-00-00 00:00:00',4400.000000,3666.670000,4400.000000,3666.670000,0.000000,0.000000,2562.000000,4000.000000),(465,378,340,0,1,1927,0,'MARCUS MILLER Basse Electrique – M2 4 cordes',1,1,0,0,0,3250.000000,0.00,0.000000,0.000000,0.000000,0.00,0.000000,'','','','',0.000000,0,'',0.000,0.000000,0.000,0,'',0,'0000-00-00 00:00:00',3900.000000,3250.000000,3900.000000,3250.000000,0.000000,0.000000,0.000000,3250.000000),(466,379,341,0,1,1625,0,'Mélodica',1,1,0,0,0,208.333333,0.00,0.000000,0.000000,0.000000,0.00,0.000000,'','','','',0.000000,0,'',0.000,0.000000,0.000,0,'',0,'0000-00-00 00:00:00',250.000000,208.330000,250.000000,208.330000,0.000000,0.000000,0.000000,208.333333),(467,380,342,0,1,950,0,'Yamaha FC7',1,1,0,0,0,708.333333,0.00,0.000000,0.000000,0.000000,0.00,0.000000,'','','','',0.000000,0,'',0.000,0.000000,0.000,0,'',0,'0000-00-00 00:00:00',850.000000,708.330000,850.000000,708.330000,0.000000,0.000000,0.000000,708.333333),(468,381,0,0,1,1664,0,'Darbouka Gawharat El Fan avec pochette ',1,1,0,0,0,1916.666667,0.00,0.000000,0.000000,0.000000,0.00,0.000000,'','','','',0.000000,0,'',0.000,0.000000,0.000,0,'',0,'0000-00-00 00:00:00',2300.000000,1916.670000,2300.000000,1916.670000,0.000000,0.000000,0.000000,1916.666667),(469,381,0,0,1,1400,0,'Bendir JINBAO',1,1,0,0,0,400.000000,0.00,0.000000,0.000000,0.000000,0.00,0.000000,'','','','',0.000000,0,'',0.000,0.000000,0.000,0,'',0,'0000-00-00 00:00:00',480.000000,400.000000,480.000000,400.000000,0.000000,0.000000,166.700000,400.000000),(470,382,343,0,1,950,0,'Yamaha FC7',1,1,0,0,0,708.333333,0.00,0.000000,0.000000,0.000000,0.00,0.000000,'','','','',0.000000,0,'',0.000,0.000000,0.000,0,'',0,'0000-00-00 00:00:00',850.000000,708.330000,850.000000,708.330000,0.000000,0.000000,0.000000,708.333333),(471,383,344,0,1,2034,0,'Orgue Oriental CASIO CTX-700',1,1,0,0,0,2625.000000,0.00,0.000000,0.000000,0.000000,0.00,0.000000,'','','','',0.000000,0,'',0.000,0.000000,0.000,0,'',0,'0000-00-00 00:00:00',3150.000000,2625.000000,3150.000000,2625.000000,0.000000,0.000000,0.000000,2625.000000),(472,384,345,0,1,767,0,'Trépied Micro support Perche',1,1,0,0,0,208.333333,0.00,0.000000,0.000000,0.000000,0.00,0.000000,'','','','',0.000000,0,'',0.000,0.000000,0.000,0,'',0,'0000-00-00 00:00:00',250.000000,208.330000,250.000000,208.330000,0.000000,0.000000,0.000000,208.333333),(473,384,345,0,1,950,0,'Yamaha FC7',1,1,0,0,0,708.333333,0.00,0.000000,0.000000,0.000000,0.00,0.000000,'','','','',0.000000,0,'',0.000,0.000000,0.000,0,'',0,'0000-00-00 00:00:00',850.000000,708.330000,850.000000,708.330000,0.000000,0.000000,0.000000,708.333333),(474,385,346,0,1,1613,0,'Méthode rose nouvelle édition',1,1,0,0,0,148.333333,0.00,0.000000,0.000000,0.000000,0.00,0.000000,'','','','',0.500000,0,'',0.000,0.000000,0.000,0,'',0,'0000-00-00 00:00:00',178.000000,148.330000,178.000000,148.330000,0.000000,0.000000,200.000000,148.333333),(475,385,346,0,1,1229,0,'3ème année de piano',1,1,0,0,0,137.500000,0.00,0.000000,0.000000,0.000000,0.00,0.000000,'','','','',0.500000,0,'',0.000,0.000000,0.000,0,'',0,'0000-00-00 00:00:00',165.000000,137.500000,165.000000,137.500000,0.000000,0.000000,75.000000,137.500000),(476,386,347,0,1,901,0,'Guitare yamaha C40 vernis',1,1,0,0,0,1125.000000,0.00,0.000000,0.000000,0.000000,0.00,0.000000,'','','','',0.000000,0,'',0.000,0.000000,0.000,0,'',0,'0000-00-00 00:00:00',1350.000000,1125.000000,1350.000000,1125.000000,0.000000,0.000000,0.000000,1125.000000),(477,387,348,0,1,1237,0,'Méthode rose avec CD',1,1,0,0,0,275.000000,0.00,0.000000,0.000000,0.000000,0.00,0.000000,'','','','',0.500000,0,'',0.000,0.000000,0.000,0,'',0,'0000-00-00 00:00:00',330.000000,275.000000,330.000000,275.000000,0.000000,0.000000,200.000000,275.000000),(478,388,0,0,1,1,0,'Table de mixage Pioneer DJ DDJ-400 - Controleur DJ 2 voies pour Rekordbox DJ',1,1,0,0,0,4000.000000,0.00,400.000000,400.000000,333.330000,0.00,4401.200000,'','','','',6.000000,0,'',0.000,0.000000,0.000,0,'',0,'0000-00-00 00:00:00',4400.000000,3666.670000,4400.000000,3666.670000,0.000000,0.000000,2562.000000,4000.000000),(479,389,349,0,1,1944,0,'Piano Artesia DP-10e',1,1,0,0,0,6583.333333,0.00,0.000000,0.000000,0.000000,0.00,0.000000,'','','','',0.000000,0,'',0.000,0.000000,0.000,0,'',0,'0000-00-00 00:00:00',7900.000000,6583.330000,7900.000000,6583.330000,0.000000,0.000000,0.000000,6583.333333),(480,390,350,0,1,1710,0,'Contrôleur DJ Pioneer DDJ-800 ',1,1,0,0,0,11354.166667,0.00,0.000000,0.000000,0.000000,0.00,0.000000,'','','','',6.000000,0,'',0.000,0.000000,0.000,0,'',0,'0000-00-00 00:00:00',13625.000000,11354.170000,13625.000000,11354.170000,0.000000,0.000000,9635.000000,11354.166667),(481,391,352,0,1,900,0,'Guitare Yamaha C40 Matte',1,1,0,0,0,1125.000000,0.00,0.000000,0.000000,0.000000,0.00,0.000000,'','','','',0.000000,0,'',0.000,0.000000,0.000,0,'',0,'0000-00-00 00:00:00',1350.000000,1125.000000,1350.000000,1125.000000,0.000000,0.000000,0.000000,1125.000000),(482,392,0,0,1,637,0,'Piano à queue ag-30',1,1,0,0,0,18750.000000,0.00,2000.000000,2000.000000,1666.670000,0.00,20501.200000,'','','','',0.000000,0,'',0.000,0.000000,0.000,0,'',0,'0000-00-00 00:00:00',20500.000000,17083.330000,20500.000000,17083.330000,0.000000,0.000000,0.000000,18750.000000),(483,393,351,0,1,647,0,'Yamaha F-51 avec adaptateur',1,1,0,0,0,1433.333333,0.00,0.000000,0.000000,0.000000,0.00,0.000000,'','','','',0.000000,0,'',0.000,0.000000,0.000,0,'',0,'0000-00-00 00:00:00',1720.000000,1433.330000,1720.000000,1433.330000,0.000000,0.000000,0.000000,1433.333333);

--
-- Table structure for table `ps_order_detail_tax`
--

CREATE TABLE `ps_order_detail_tax` (
  `id_order_detail` int(11) NOT NULL,
  `id_tax` int(11) NOT NULL,
  `unit_amount` decimal(16,6) NOT NULL DEFAULT '0.000000',
  `total_amount` decimal(16,6) NOT NULL DEFAULT '0.000000',
  KEY `id_order_detail` (`id_order_detail`),
  KEY `id_tax` (`id_tax`)
) ENGINE=InnoDB DEFAULT CHARSET=utf8;

--
-- Dumping data for table `ps_order_detail_tax`
--

INSERT INTO `ps_order_detail_tax` VALUES (16,1,36.000000,36.000000),(17,1,83.330000,83.330000),(18,1,916.670000,916.670000),(19,1,333.330000,333.330000),(21,1,383.330000,383.330000),(22,1,291.670000,291.670000),(23,1,1.670000,1.670000),(24,1,8.330000,8.330000),(25,1,8.330000,8.330000),(26,1,0.830000,2.490000),(30,1,200.000000,200.000000),(31,1,258.330000,258.330000),(32,1,14.170000,28.340000),(35,1,108.330000,108.330000),(36,1,633.330000,633.330000),(37,1,400.000000,400.000000),(38,1,291.670000,291.670000),(39,1,233.330000,233.330000),(40,1,366.670000,366.670000),(41,1,200.000000,200.000000),(42,1,8.330000,8.330000),(43,1,1.670000,1.670000),(44,1,20.000000,20.000000),(45,1,241.670000,241.670000),(46,1,0.830000,4.150000),(47,1,916.670000,916.670000),(48,1,13.330000,13.330000),(49,1,8.330000,8.330000),(50,1,91.670000,91.670000),(51,1,966.670000,966.670000),(52,1,175.000000,175.000000),(53,1,266.670000,266.670000),(54,1,200.000000,200.000000),(55,1,40.000000,40.000000),(56,1,15.000000,30.000000),(57,1,250.000000,250.000000),(58,1,16.670000,16.670000),(59,1,250.000000,250.000000),(60,1,13.330000,13.330000),(61,1,0.830000,0.830000),(62,1,366.670000,366.670000),(63,1,125.000000,125.000000),(65,1,13.330000,13.330000),(66,1,483.330000,483.330000),(67,1,266.670000,266.670000),(68,1,40.000000,40.000000),(69,1,266.670000,266.670000),(70,1,483.330000,483.330000),(71,1,600.000000,600.000000),(72,1,240.000000,240.000000),(73,1,200.000000,200.000000),(74,1,266.670000,266.670000),(75,1,466.670000,466.670000),(76,1,466.670000,466.670000),(77,1,156.670000,156.670000),(78,1,0.830000,0.830000),(79,1,39.170000,39.170000),(80,1,633.330000,633.330000),(81,1,37.500000,37.500000),(82,1,250.000000,250.000000),(83,1,291.670000,291.670000),(84,1,291.670000,291.670000),(85,1,200.000000,200.000000),(86,1,433.330000,433.330000),(87,1,83.330000,83.330000),(88,1,215.000000,215.000000),(89,1,13.330000,13.330000),(90,1,16.670000,16.670000),(91,1,16.670000,16.670000),(92,1,13.330000,13.330000),(93,1,16.670000,16.670000),(94,1,41.670000,41.670000),(97,1,2.500000,2.500000),(98,1,266.670000,266.670000),(99,1,308.330000,308.330000),(100,1,200.000000,200.000000),(101,1,200.000000,200.000000),(102,1,13.330000,13.330000),(103,1,250.000000,250.000000),(104,1,633.330000,633.330000),(105,1,200.000000,200.000000),(106,1,200.000000,200.000000),(107,1,200.000000,200.000000),(108,1,175.000000,175.000000),(109,1,16.670000,16.670000),(110,1,200.000000,200.000000),(111,1,266.670000,266.670000),(112,1,30.000000,30.000000),(113,1,16.670000,16.670000),(114,1,1.670000,1.670000),(115,1,200.000000,200.000000),(116,1,283.330000,283.330000),(117,1,2250.000000,2250.000000),(118,1,16.670000,16.670000),(119,1,366.670000,366.670000),(120,1,266.670000,266.670000),(121,1,141.670000,141.670000),(122,1,233.330000,233.330000),(123,1,20.000000,20.000000),(124,1,16.670000,16.670000),(125,1,200.000000,200.000000),(126,1,44.170000,44.170000),(127,1,68.330000,68.330000),(128,1,68.330000,68.330000),(129,1,8.330000,8.330000),(130,1,49.170000,49.170000),(131,1,55.830000,55.830000),(132,1,633.330000,633.330000),(133,1,240.000000,240.000000),(134,1,240.000000,240.000000),(135,1,633.330000,633.330000),(136,1,633.330000,633.330000),(137,1,633.330000,633.330000),(138,1,20.000000,20.000000),(139,1,1500.000000,1500.000000),(140,1,633.330000,633.330000),(141,1,633.330000,633.330000),(142,1,633.330000,633.330000),(143,1,200.000000,200.000000),(144,1,633.330000,633.330000),(145,1,108.330000,108.330000),(146,1,3.330000,6.660000),(147,1,175.000000,175.000000),(148,1,633.330000,633.330000),(149,1,3650.000000,3650.000000),(150,1,91.670000,91.670000),(151,1,650.000000,650.000000),(152,1,308.330000,308.330000),(153,1,291.670000,291.670000),(154,1,633.330000,633.330000),(155,1,633.330000,633.330000),(156,1,650.000000,650.000000),(157,1,1866.670000,1866.670000),(158,1,633.330000,633.330000),(159,1,966.670000,966.670000),(160,1,248.330000,248.330000),(161,1,91.670000,91.670000),(162,1,108.330000,108.330000),(163,1,108.330000,108.330000),(164,1,25.000000,25.000000),(165,1,25.000000,25.000000),(166,1,283.330000,283.330000),(167,1,308.330000,308.330000),(168,1,183.330000,183.330000),(169,1,108.330000,108.330000),(170,1,400.000000,400.000000),(171,1,240.000000,240.000000),(172,1,240.000000,240.000000),(173,1,283.330000,283.330000),(174,1,308.330000,308.330000),(175,1,650.000000,650.000000),(176,1,383.330000,383.330000),(178,1,200.000000,200.000000),(179,1,283.330000,283.330000),(180,1,483.330000,483.330000),(181,1,1536.670000,1536.670000),(182,1,1833.330000,1833.330000),(183,1,240.000000,240.000000),(184,1,240.000000,240.000000),(185,1,291.670000,291.670000),(186,1,2250.000000,2250.000000),(187,1,400.000000,400.000000),(188,1,250.000000,500.000000),(189,1,833.330000,833.330000),(190,1,316.670000,316.670000),(191,1,12.500000,12.500000),(192,1,216.670000,216.670000),(193,1,216.670000,216.670000),(194,1,200.000000,200.000000),(195,1,275.000000,275.000000),(196,1,266.670000,266.670000),(197,1,633.330000,633.330000),(198,1,39.170000,39.170000),(199,1,12.500000,12.500000),(200,1,38.830000,38.830000),(201,1,1616.670000,1616.670000),(202,1,13.330000,106.640000),(203,1,8.330000,8.330000),(204,1,21.670000,21.670000),(205,1,6.670000,33.350000),(206,1,35.830000,35.830000),(207,1,233.330000,233.330000),(208,1,691.670000,691.670000),(209,1,41.670000,41.670000),(210,1,1.670000,8.350000),(211,1,431.670000,431.670000),(212,1,431.670000,431.670000),(213,1,231.670000,231.670000),(214,1,266.670000,266.670000),(215,1,650.000000,650.000000),(216,1,215.000000,215.000000),(217,1,1165.000000,1165.000000),(218,1,8.330000,83.300000),(219,1,258.330000,258.330000),(220,1,466.670000,466.670000),(221,1,266.670000,266.670000),(222,1,400.000000,400.000000),(223,1,325.080000,325.080000),(224,1,400.000000,400.000000),(225,1,400.000000,400.000000),(226,1,58.330000,58.330000),(227,1,833.330000,833.330000),(228,1,216.670000,216.670000),(230,1,108.330000,108.330000),(231,1,1916.670000,1916.670000),(232,1,1916.670000,1916.670000),(233,1,300.000000,300.000000),(234,1,550.000000,550.000000),(235,1,156.670000,156.670000),(236,1,483.330000,483.330000),(237,1,716.670000,716.670000),(238,1,215.000000,215.000000),(239,1,30.000000,30.000000),(240,1,633.330000,633.330000),(241,1,833.330000,833.330000),(242,1,600.000000,600.000000),(243,1,1.670000,3.340000),(244,1,816.670000,816.670000),(245,1,1050.000000,1050.000000),(246,1,283.330000,283.330000),(247,1,400.000000,400.000000),(248,1,733.330000,733.330000),(249,1,200.000000,200.000000),(250,1,208.330000,208.330000),(251,1,266.670000,266.670000),(252,1,231.670000,231.670000),(253,1,241.670000,241.670000),(254,1,31.670000,31.670000),(255,1,400.000000,400.000000),(256,1,408.330000,408.330000),(257,1,250.000000,250.000000),(258,1,215.000000,215.000000),(259,1,380.000000,380.000000),(260,1,215.000000,215.000000),(261,1,380.000000,380.000000),(262,1,833.330000,833.330000),(264,1,1066.670000,1066.670000),(265,1,833.330000,833.330000),(266,1,316.670000,316.670000),(267,1,286.670000,286.670000),(268,1,215.000000,215.000000),(269,1,833.330000,833.330000),(270,1,16.670000,16.670000),(271,1,250.000000,250.000000),(272,1,3.330000,3.330000),(273,1,3.330000,3.330000),(274,1,966.670000,966.670000),(275,1,966.670000,966.670000),(276,1,316.670000,316.670000),(277,1,400.000000,400.000000),(278,1,83.330000,83.330000),(279,1,158.330000,158.330000),(280,1,591.670000,591.670000),(281,1,116.670000,116.670000),(282,1,183.330000,183.330000),(283,1,208.330000,208.330000),(284,1,325.000000,325.000000),(285,1,225.000000,225.000000),(286,1,291.670000,291.670000),(287,1,225.000000,225.000000),(288,1,283.330000,283.330000),(289,1,308.330000,308.330000),(290,1,141.670000,141.670000),(291,1,100.000000,100.000000),(292,1,150.000000,150.000000),(293,1,286.670000,286.670000),(294,1,216.670000,216.670000),(295,1,983.330000,983.330000),(296,1,2416.670000,2416.670000),(297,1,325.000000,325.000000),(298,1,633.330000,633.330000),(299,1,650.000000,1300.000000),(300,1,215.000000,215.000000),(301,1,215.000000,215.000000),(302,1,466.670000,466.670000),(303,1,541.670000,541.670000),(304,1,900.000000,900.000000),(305,1,4083.330000,4083.330000),(306,1,15.000000,15.000000),(307,1,20.000000,20.000000),(308,1,2.500000,5.000000),(309,1,483.330000,483.330000),(310,1,183.330000,183.330000),(311,1,215.000000,215.000000),(312,1,183.330000,183.330000),(313,1,108.330000,108.330000),(314,1,325.000000,325.000000),(315,1,198.330000,198.330000),(316,1,483.330000,483.330000),(317,1,750.000000,750.000000),(318,1,583.330000,583.330000),(319,1,308.330000,308.330000),(320,1,31.670000,31.670000),(321,1,58.330000,58.330000),(322,1,31.670000,31.670000),(323,1,91.670000,91.670000),(324,1,231.670000,231.670000),(325,1,308.330000,308.330000),(326,1,50.000000,50.000000),(327,1,8.330000,8.330000),(328,1,13.330000,13.330000),(329,1,3.330000,3.330000),(330,1,20.000000,20.000000),(331,1,20.000000,20.000000),(332,1,32.000000,32.000000),(333,1,331.670000,331.670000),(334,1,8.330000,8.330000),(335,1,291.670000,291.670000),(336,1,241.670000,241.670000),(337,1,1583.330000,1583.330000),(338,1,3650.000000,3650.000000),(339,1,25.000000,25.000000),(340,1,1.670000,3.340000),(341,1,325.000000,325.000000),(342,1,983.330000,983.330000),(343,1,1066.670000,1066.670000),(344,1,1033.330000,1033.330000),(345,1,1750.000000,1750.000000),(346,1,883.330000,883.330000),(347,1,733.330000,733.330000),(348,1,733.330000,733.330000),(349,1,55.000000,55.000000),(350,1,316.670000,316.670000),(351,1,733.330000,733.330000),(352,1,1165.000000,1165.000000),(353,1,266.670000,266.670000),(354,1,286.670000,286.670000),(355,1,400.000000,400.000000),(356,1,23.330000,23.330000),(357,1,233.330000,233.330000),(358,1,883.330000,883.330000),(359,1,233.330000,233.330000),(360,1,23.330000,23.330000),(361,1,23.330000,23.330000),(362,1,233.330000,233.330000),(363,1,141.670000,141.670000),(364,1,1166.670000,1166.670000),(366,1,108.330000,108.330000),(367,1,291.670000,291.670000),(368,1,433.330000,433.330000),(369,1,291.670000,291.670000),(370,1,266.670000,266.670000),(371,1,991.670000,991.670000),(372,1,30.000000,30.000000),(373,1,16.670000,16.670000),(374,1,325.000000,325.000000),(375,1,283.330000,283.330000),(376,1,98.330000,98.330000),(377,1,16.670000,83.350000),(378,1,1500.000000,1500.000000),(379,1,991.670000,991.670000),(380,1,3.330000,3.330000),(381,1,13.330000,13.330000),(382,1,291.670000,291.670000),(383,1,266.670000,266.670000),(384,1,766.670000,766.670000),(385,1,1750.000000,1750.000000),(386,1,1750.000000,1750.000000),(387,1,598.330000,598.330000),(388,1,6.670000,6.670000),(389,1,3650.000000,3650.000000),(390,1,200.000000,200.000000),(391,1,200.000000,200.000000),(392,1,550.000000,550.000000),(393,1,1316.670000,1316.670000),(394,1,265.000000,530.000000),(395,1,466.670000,466.670000),(396,1,416.670000,416.670000),(397,1,65.000000,65.000000),(398,1,266.670000,266.670000),(399,1,30.000000,30.000000),(400,1,750.000000,750.000000),(401,1,750.000000,750.000000),(402,1,750.000000,750.000000),(403,1,750.000000,750.000000),(404,1,300.000000,300.000000),(405,1,10.000000,20.000000),(406,1,1083.330000,1083.330000),(407,1,1316.670000,1316.670000),(408,1,991.670000,991.670000),(409,1,398.330000,398.330000),(410,1,325.000000,325.000000),(411,1,733.330000,733.330000),(412,1,50.000000,50.000000),(413,1,291.670000,291.670000),(414,1,291.670000,291.670000),(415,1,248.330000,248.330000),(416,1,208.330000,208.330000),(417,1,433.330000,433.330000),(418,1,13.330000,13.330000),(419,1,30.000000,30.000000),(420,1,21.670000,21.670000),(421,1,366.670000,366.670000),(422,1,108.330000,108.330000),(423,1,175.000000,175.000000),(424,1,75.000000,75.000000),(425,1,91.670000,91.670000),(426,1,2270.830000,2270.830000),(427,1,2270.830000,2270.830000),(428,1,283.330000,283.330000),(429,1,200.000000,200.000000),(430,1,733.330000,733.330000),(431,1,3650.000000,3650.000000),(432,1,291.670000,291.670000),(433,1,581.670000,581.670000),(434,1,40.830000,81.660000),(435,1,291.670000,291.670000),(436,1,116.670000,116.670000),(437,1,130.000000,130.000000),(438,1,416.670000,416.670000),(439,1,441.670000,441.670000),(440,1,300.000000,300.000000),(441,1,733.330000,733.330000),(442,1,733.330000,733.330000),(443,1,308.330000,308.330000),(444,1,16.670000,16.670000),(445,1,16.670000,16.670000),(446,1,2.500000,2.500000),(447,1,5083.330000,5083.330000),(448,1,308.330000,308.330000),(449,1,141.670000,141.670000),(450,1,35.830000,35.830000),(451,1,525.000000,525.000000),(452,1,2800.000000,2800.000000),(453,1,733.330000,733.330000),(454,1,38.330000,38.330000),(455,1,38.330000,38.330000),(456,1,29.670000,29.670000),(457,1,431.670000,431.670000),(458,1,29.670000,29.670000),(459,1,141.670000,141.670000),(461,1,29.670000,29.670000),(462,1,308.330000,308.330000),(463,1,733.330000,733.330000),(464,1,733.330000,733.330000),(465,1,650.000000,650.000000),(466,1,41.670000,41.670000),(467,1,141.670000,141.670000),(468,1,383.330000,383.330000),(469,1,80.000000,80.000000),(470,1,141.670000,141.670000),(471,1,525.000000,525.000000),(472,1,41.670000,41.670000),(473,1,141.670000,141.670000),(474,1,29.670000,29.670000),(475,1,27.500000,27.500000),(476,1,225.000000,225.000000),(477,1,55.000000,55.000000),(478,1,733.330000,733.330000),(479,1,1316.670000,1316.670000),(480,1,2270.830000,2270.830000),(481,1,225.000000,225.000000),(482,1,3416.670000,3416.670000),(483,1,286.670000,286.670000);

--
-- Table structure for table `ps_order_history`
--

CREATE TABLE `ps_order_history` (
  `id_order_history` int(10) unsigned NOT NULL AUTO_INCREMENT,
  `id_employee` int(10) unsigned NOT NULL,
  `id_order` int(10) unsigned NOT NULL,
  `id_order_state` int(10) unsigned NOT NULL,
  `date_add` datetime NOT NULL,
  PRIMARY KEY (`id_order_history`),
  KEY `order_history_order` (`id_order`),
  KEY `id_employee` (`id_employee`),
  KEY `id_order_state` (`id_order_state`)
) ENGINE=InnoDB AUTO_INCREMENT=456 DEFAULT CHARSET=utf8;

--
-- Dumping data for table `ps_order_history`
--

INSERT INTO `ps_order_history` VALUES (1,0,1,1,'2018-08-31 09:33:31'),(2,0,2,1,'2018-08-31 09:33:31'),(3,0,3,1,'2018-08-31 09:33:31'),(4,0,4,1,'2018-08-31 09:33:31'),(5,0,5,10,'2018-08-31 09:33:31'),(6,1,1,6,'2018-08-31 09:33:31'),(7,1,3,8,'2018-08-31 09:33:31'),(8,0,6,10,'2018-10-03 12:04:23'),(9,0,7,10,'2018-12-31 10:52:30'),(10,0,8,1,'2019-01-09 12:18:17'),(11,0,9,10,'2019-01-20 01:54:20'),(12,0,10,10,'2019-04-24 10:04:02'),(13,0,11,10,'2019-05-18 09:22:10'),(14,0,12,10,'2019-09-17 23:21:56'),(15,0,13,10,'2019-12-27 23:23:20'),(16,0,14,3,'2020-01-12 09:53:43'),(17,0,15,3,'2020-01-17 16:44:32'),(18,0,16,3,'2020-01-29 09:15:13'),(19,0,17,3,'2020-02-02 20:05:11'),(20,0,18,3,'2020-02-06 11:44:19'),(21,0,19,3,'2020-02-12 03:37:20'),(22,0,20,3,'2020-04-01 18:37:43'),(23,0,21,3,'2020-04-03 19:59:58'),(24,0,22,3,'2020-04-07 11:16:37'),(25,0,23,3,'2020-04-10 18:20:17'),(26,0,24,3,'2020-04-10 23:29:48'),(27,0,25,3,'2020-04-11 16:38:06'),(28,0,26,3,'2020-04-12 06:34:20'),(29,0,27,3,'2020-04-12 16:18:54'),(30,0,28,3,'2020-04-13 16:04:47'),(31,0,29,3,'2020-04-13 18:56:09'),(32,0,30,3,'2020-04-13 19:38:59'),(33,0,31,3,'2020-04-13 19:48:42'),(34,1,25,5,'2020-04-13 21:54:47'),(35,0,32,3,'2020-04-16 18:22:18'),(36,0,33,3,'2020-04-17 18:28:26'),(37,0,34,3,'2020-04-18 13:37:42'),(38,0,35,3,'2020-04-18 23:35:01'),(39,0,36,3,'2020-04-19 07:46:18'),(40,0,37,3,'2020-04-19 18:37:06'),(41,0,38,3,'2020-04-20 21:50:55'),(42,0,39,3,'2020-04-21 12:08:31'),(43,0,40,3,'2020-04-21 18:15:39'),(44,0,41,3,'2020-04-22 15:43:05'),(45,0,42,3,'2020-04-25 14:04:33'),(46,0,43,3,'2020-04-25 23:27:41'),(47,0,44,3,'2020-04-26 09:33:49'),(48,0,45,3,'2020-04-26 11:33:10'),(49,0,46,3,'2020-04-28 16:52:45'),(50,0,47,3,'2020-04-28 18:40:35'),(51,0,48,3,'2020-04-30 14:43:15'),(52,0,49,3,'2020-04-30 19:22:28'),(53,0,50,3,'2020-05-05 09:38:24'),(54,0,51,3,'2020-05-06 03:31:36'),(55,0,52,3,'2020-05-06 03:31:55'),(56,0,53,3,'2020-05-06 23:00:34'),(57,0,54,3,'2020-05-10 11:28:58'),(58,0,55,10,'2020-05-12 15:04:45'),(59,0,56,3,'2020-05-14 12:59:39'),(60,0,57,3,'2020-05-16 16:26:37'),(61,0,58,3,'2020-05-16 17:18:33'),(62,0,59,3,'2020-05-16 19:47:18'),(63,0,60,3,'2020-05-16 21:27:48'),(64,0,61,3,'2020-05-18 02:51:19'),(65,0,62,3,'2020-05-19 21:35:10'),(66,0,63,3,'2020-05-20 02:21:44'),(67,0,64,3,'2020-05-22 15:08:25'),(68,0,65,3,'2020-05-23 04:37:26'),(69,0,66,3,'2020-05-23 14:24:43'),(70,0,67,3,'2020-05-23 20:55:07'),(71,0,68,3,'2020-05-25 21:52:29'),(72,0,69,3,'2020-05-27 00:40:21'),(73,0,70,3,'2020-05-27 12:16:30'),(74,0,71,3,'2020-05-27 20:43:49'),(75,0,72,3,'2020-05-28 23:01:02'),(76,0,73,3,'2020-05-29 20:41:12'),(77,0,74,3,'2020-05-30 18:14:48'),(78,0,75,3,'2020-05-31 19:10:19'),(79,0,76,3,'2020-06-01 18:00:46'),(80,0,77,3,'2020-06-02 12:39:49'),(81,0,78,3,'2020-06-03 21:40:49'),(82,0,79,3,'2020-06-06 23:28:04'),(83,0,80,3,'2020-06-07 12:31:58'),(84,0,81,3,'2020-06-08 14:28:04'),(85,0,82,3,'2020-06-15 00:21:30'),(86,0,83,3,'2020-06-15 12:02:46'),(87,0,84,3,'2020-06-17 16:42:39'),(88,0,85,3,'2020-06-19 18:02:51'),(89,0,86,3,'2020-07-01 19:56:49'),(90,0,87,3,'2020-07-02 00:38:39'),(91,0,88,3,'2020-07-07 21:18:39'),(92,0,89,3,'2020-07-08 22:33:28'),(93,0,90,3,'2020-07-08 22:39:40'),(94,0,91,3,'2020-07-12 00:03:30'),(95,0,92,3,'2020-07-12 00:08:47'),(96,0,93,3,'2020-07-12 10:23:48'),(97,0,94,3,'2020-07-20 10:39:06'),(98,0,95,3,'2020-07-22 12:11:31'),(99,0,96,3,'2020-07-24 12:52:38'),(100,0,97,3,'2020-07-24 12:53:17'),(101,0,98,3,'2020-07-24 13:05:00'),(102,0,99,3,'2020-07-24 19:14:05'),(103,0,100,3,'2020-07-31 17:22:52'),(104,0,101,3,'2020-08-01 18:51:40'),(105,0,102,3,'2020-08-05 23:26:03'),(106,0,103,3,'2020-08-09 12:23:00'),(107,0,104,3,'2020-08-14 16:16:43'),(108,0,105,3,'2020-08-19 11:04:40'),(109,0,106,3,'2020-08-20 16:58:39'),(110,0,107,3,'2020-08-25 12:52:03'),(111,0,108,3,'2020-08-30 14:35:48'),(112,0,109,3,'2020-09-02 13:37:14'),(113,0,110,3,'2020-09-08 19:46:13'),(114,0,111,3,'2020-09-10 16:11:39'),(115,0,112,3,'2020-09-17 01:15:54'),(116,0,114,3,'2020-09-25 12:03:36'),(117,0,115,3,'2020-10-05 09:41:01'),(118,0,116,3,'2020-10-07 00:08:26'),(119,0,117,3,'2020-10-16 15:34:22'),(120,0,118,3,'2020-10-21 12:59:23'),(121,0,119,3,'2020-10-21 13:02:26'),(122,0,120,3,'2020-10-21 14:30:46'),(123,0,121,3,'2020-10-21 14:40:17'),(124,0,122,3,'2020-10-26 19:40:14'),(125,0,123,3,'2020-11-02 23:12:40'),(126,0,125,3,'2020-11-04 15:30:39'),(127,0,126,3,'2020-11-06 00:09:35'),(128,0,127,3,'2020-11-09 19:48:28'),(129,0,128,3,'2020-11-12 18:05:08'),(130,0,129,3,'2020-11-12 18:05:28'),(131,0,130,3,'2020-11-13 16:34:00'),(132,0,131,3,'2020-11-14 23:36:55'),(133,0,132,3,'2020-11-25 02:25:12'),(134,0,133,3,'2020-11-29 21:34:23'),(135,0,135,10,'2020-12-06 15:43:28'),(136,0,136,3,'2020-12-06 19:18:55'),(137,0,137,3,'2020-12-13 19:11:37'),(138,0,138,3,'2020-12-16 01:00:40'),(139,0,139,3,'2020-12-17 10:13:54'),(140,0,140,3,'2020-12-20 09:55:52'),(141,0,141,3,'2020-12-20 09:59:25'),(142,0,143,3,'2020-12-23 16:42:54'),(143,0,145,3,'2020-12-28 09:41:56'),(144,0,146,10,'2020-12-28 23:11:39'),(145,0,147,3,'2020-12-29 10:21:22'),(146,0,149,3,'2021-01-19 22:16:05'),(147,0,150,3,'2021-01-20 13:48:43'),(148,0,151,3,'2021-01-25 03:27:21'),(149,0,152,3,'2021-01-26 11:52:27'),(150,0,153,3,'2021-01-26 11:52:43'),(151,0,154,3,'2021-01-26 20:31:59'),(152,0,155,3,'2021-01-27 13:21:01'),(153,0,156,3,'2021-01-31 18:34:38'),(154,0,157,10,'2021-02-02 17:07:03'),(155,0,158,3,'2021-02-07 23:27:20'),(156,0,159,3,'2021-02-08 23:50:04'),(157,0,160,3,'2021-02-09 22:03:30'),(158,0,162,3,'2021-02-11 22:42:25'),(159,0,163,3,'2021-02-12 17:56:39'),(160,0,164,10,'2021-02-15 17:16:53'),(161,0,165,3,'2021-02-15 17:18:48'),(162,0,166,3,'2021-02-19 14:31:40'),(163,0,167,3,'2021-02-26 17:59:09'),(164,0,168,3,'2021-03-01 16:36:53'),(165,0,169,3,'2021-03-20 11:01:05'),(166,0,170,3,'2021-03-20 12:23:22'),(167,0,171,3,'2021-03-20 12:35:11'),(168,0,172,3,'2021-03-26 09:40:44'),(169,0,173,3,'2021-03-29 17:52:34'),(170,0,174,3,'2021-03-31 13:13:22'),(171,0,175,3,'2021-03-31 14:03:08'),(172,0,176,3,'2021-04-04 21:05:31'),(173,0,177,3,'2021-04-04 21:09:18'),(174,0,178,3,'2021-04-05 14:41:43'),(175,0,179,3,'2021-04-08 20:52:49'),(176,0,180,3,'2021-04-13 19:26:35'),(177,0,181,3,'2021-04-13 23:11:49'),(178,0,182,3,'2021-04-14 01:16:39'),(179,0,183,1,'2021-04-14 15:34:29'),(180,0,184,1,'2021-04-14 15:34:48'),(181,0,184,9,'2021-04-14 15:34:49'),(182,0,185,3,'2021-04-19 12:41:01'),(183,0,186,3,'2021-04-19 17:48:07'),(184,0,187,3,'2021-04-22 23:29:39'),(185,0,188,3,'2021-04-25 10:34:28'),(186,0,189,3,'2021-04-27 13:14:13'),(187,0,190,3,'2021-04-30 18:13:48'),(188,0,191,3,'2021-05-01 21:13:28'),(189,0,192,3,'2021-05-02 09:32:32'),(190,0,193,3,'2021-05-02 13:37:59'),(191,0,194,3,'2021-05-02 19:07:52'),(192,0,195,3,'2021-05-06 15:22:35'),(193,0,196,3,'2021-05-06 18:56:55'),(194,0,197,3,'2021-05-06 23:05:20'),(195,0,198,3,'2021-05-07 11:11:41'),(196,0,200,3,'2021-05-10 16:10:10'),(197,0,201,3,'2021-05-15 12:53:54'),(198,0,202,3,'2021-06-05 16:30:36'),(199,0,203,3,'2021-06-06 06:51:00'),(200,0,204,3,'2021-06-08 22:44:22'),(201,0,205,3,'2021-07-06 01:10:49'),(202,0,206,3,'2021-07-08 14:15:51'),(203,0,207,3,'2021-07-12 18:04:36'),(204,0,208,10,'2021-07-26 20:11:59'),(205,0,209,3,'2021-07-27 18:42:03'),(206,0,210,3,'2021-07-27 18:44:44'),(207,0,211,3,'2021-07-28 00:43:10'),(208,0,212,3,'2021-08-01 12:30:41'),(209,0,213,3,'2021-08-05 11:26:14'),(210,0,214,3,'2021-08-05 15:16:28'),(211,0,215,3,'2021-08-07 16:50:30'),(212,0,216,3,'2021-08-08 03:29:13'),(213,0,217,3,'2021-08-10 20:49:01'),(214,0,218,3,'2021-08-14 21:59:08'),(215,0,219,3,'2021-08-16 21:39:27'),(216,0,220,3,'2021-08-20 09:53:10'),(217,0,221,3,'2021-08-20 09:59:26'),(218,0,222,3,'2021-08-20 14:33:31'),(219,0,223,3,'2021-08-20 14:38:37'),(220,0,224,3,'2021-09-01 20:24:59'),(221,0,225,3,'2021-09-06 15:58:05'),(222,0,226,3,'2021-09-22 22:47:48'),(223,0,227,3,'2021-09-30 06:45:42'),(224,0,228,3,'2021-10-04 14:37:35'),(225,0,229,3,'2021-10-05 15:09:45'),(226,0,230,3,'2021-10-07 13:04:49'),(227,0,231,3,'2021-10-10 19:51:01'),(228,0,232,3,'2021-10-11 11:21:37'),(229,0,233,3,'2021-10-20 18:18:22'),(230,0,234,3,'2021-10-22 00:32:37'),(231,0,235,3,'2021-10-23 17:28:51'),(232,0,236,3,'2021-10-24 20:57:35'),(233,0,237,3,'2021-10-25 16:49:14'),(234,0,238,3,'2021-10-28 13:22:49'),(235,0,239,3,'2021-10-28 17:24:03'),(236,0,240,3,'2021-10-29 14:24:02'),(237,0,241,3,'2021-10-31 08:21:57'),(238,0,242,3,'2021-11-02 19:58:52'),(239,0,243,3,'2021-11-02 20:01:57'),(240,0,244,3,'2021-11-04 17:58:23'),(241,0,245,3,'2021-11-08 11:09:48'),(242,0,246,3,'2021-11-08 16:32:33'),(243,0,247,3,'2021-11-13 04:51:58'),(244,0,248,3,'2021-11-17 19:53:19'),(245,0,249,3,'2021-11-22 20:37:11'),(246,0,250,3,'2021-11-24 20:59:05'),(247,0,251,3,'2021-11-26 09:55:38'),(248,0,252,3,'2021-11-28 13:48:55'),(249,0,253,3,'2021-11-29 16:10:48'),(250,0,254,3,'2021-12-05 13:18:58'),(251,0,255,3,'2021-12-05 14:10:52'),(252,0,256,3,'2021-12-16 12:10:32'),(253,0,257,3,'2021-12-17 14:10:56'),(254,0,258,3,'2021-12-17 21:42:53'),(255,0,259,3,'2021-12-19 21:09:32'),(256,0,259,9,'2021-12-19 21:09:32'),(257,0,260,3,'2021-12-22 17:59:30'),(258,0,261,3,'2021-12-25 18:04:40'),(259,0,262,10,'2021-12-27 11:31:38'),(260,0,263,3,'2021-12-27 21:06:51'),(261,0,264,3,'2021-12-29 15:27:00'),(262,0,265,3,'2021-12-30 14:41:07'),(263,0,266,3,'2022-01-01 20:34:14'),(264,0,267,3,'2022-01-06 08:42:58'),(265,0,268,3,'2022-01-07 00:14:14'),(266,0,269,3,'2022-01-07 21:36:35'),(267,0,270,3,'2022-01-09 22:42:42'),(268,0,271,3,'2022-01-10 09:37:44'),(269,0,272,3,'2022-01-20 22:32:53'),(270,0,273,3,'2022-01-20 22:39:36'),(271,0,274,3,'2022-01-21 17:49:28'),(272,0,275,3,'2022-02-01 20:59:54'),(273,0,276,3,'2022-02-02 19:24:57'),(274,0,277,3,'2022-02-09 08:05:51'),(275,0,278,3,'2022-02-10 19:25:56'),(276,0,279,3,'2022-02-11 13:28:38'),(277,0,280,3,'2022-02-13 11:41:25'),(278,0,281,3,'2022-02-14 20:31:47'),(279,0,282,3,'2022-02-20 00:11:32'),(280,0,283,3,'2022-02-20 18:18:38'),(281,0,284,3,'2022-02-21 23:21:15'),(282,0,285,3,'2022-02-25 16:42:59'),(283,0,286,3,'2022-02-26 15:37:09'),(284,0,287,3,'2022-02-28 12:11:00'),(285,0,288,3,'2022-03-01 16:37:33'),(286,0,289,3,'2022-03-11 19:41:30'),(287,0,290,10,'2022-03-12 09:19:49'),(288,0,291,3,'2022-03-13 21:19:05'),(289,0,292,3,'2022-03-14 13:51:59'),(290,1,290,5,'2022-03-15 22:03:31'),(291,1,290,3,'2022-03-15 22:03:59'),(292,0,293,3,'2022-03-21 18:58:03'),(293,0,294,3,'2022-03-25 01:06:52'),(294,0,295,3,'2022-03-27 12:49:19'),(295,0,296,3,'2022-03-27 23:57:54'),(296,0,297,3,'2022-03-31 20:07:49'),(297,0,298,3,'2022-04-04 21:28:58'),(298,0,299,3,'2022-04-07 03:04:04'),(299,0,300,3,'2022-04-08 05:13:44'),(300,0,301,3,'2022-04-10 22:58:32'),(301,0,302,3,'2022-04-19 11:53:56'),(302,0,303,3,'2022-04-23 00:49:44'),(303,0,304,3,'2022-05-03 16:57:56'),(304,0,305,3,'2022-05-09 15:09:27'),(305,0,306,3,'2022-05-12 09:59:16'),(306,0,307,1,'2022-05-13 19:10:31'),(307,0,308,3,'2022-05-13 19:14:27'),(308,0,309,3,'2022-05-20 04:11:49'),(309,0,310,3,'2022-05-20 16:05:12'),(310,0,311,3,'2022-05-23 14:18:57'),(311,0,312,3,'2022-05-31 17:47:56'),(312,0,313,3,'2022-05-31 17:49:47'),(313,0,314,3,'2022-05-31 21:21:44'),(314,0,315,3,'2022-06-12 15:55:20'),(315,0,316,3,'2022-06-13 21:54:31'),(316,0,317,3,'2022-06-13 22:52:27'),(317,0,318,3,'2022-06-13 23:22:40'),(318,0,319,3,'2022-06-17 22:01:47'),(319,0,320,1,'2022-06-21 17:36:22'),(320,0,321,1,'2022-06-21 17:39:56'),(321,0,322,10,'2022-06-21 17:59:11'),(322,0,323,10,'2022-06-21 18:04:35'),(323,0,324,3,'2022-06-22 17:11:06'),(324,0,325,3,'2022-06-23 17:42:00'),(325,0,326,3,'2022-06-26 23:27:51'),(326,0,327,3,'2022-07-04 00:09:24'),(327,0,328,3,'2022-07-04 22:05:03'),(328,1,327,6,'2022-07-05 12:55:50'),(329,0,329,3,'2022-07-07 15:55:01'),(330,0,330,3,'2022-07-12 21:20:23'),(331,0,331,3,'2022-07-16 17:29:47'),(332,0,332,3,'2022-07-19 12:19:40'),(333,0,333,3,'2022-07-21 12:48:13'),(334,0,334,3,'2022-07-21 12:53:44'),(335,0,335,10,'2022-07-24 16:48:12'),(336,0,336,3,'2022-07-30 17:11:06'),(337,0,337,3,'2022-07-31 21:21:52'),(338,0,338,10,'2022-08-01 14:58:50'),(339,0,339,3,'2022-08-05 17:27:29'),(340,0,340,3,'2022-08-08 18:21:08'),(341,0,341,3,'2022-08-11 19:48:21'),(342,0,342,3,'2022-08-11 19:49:32'),(343,0,343,3,'2022-08-18 20:40:51'),(344,0,344,3,'2022-08-21 10:22:30'),(345,0,345,3,'2022-08-21 23:57:55'),(346,0,346,3,'2022-08-22 12:24:31'),(347,0,347,3,'2022-08-23 01:04:18'),(348,0,348,3,'2022-08-29 12:59:20'),(349,0,349,3,'2022-09-03 13:39:55'),(350,0,350,3,'2022-09-03 15:05:42'),(351,1,348,10,'2022-09-06 16:07:45'),(352,1,349,5,'2022-09-06 16:08:30'),(353,1,350,5,'2022-09-06 16:08:53'),(354,0,351,3,'2022-09-06 19:19:37'),(355,1,351,4,'2022-09-08 13:37:07'),(356,1,339,5,'2022-09-08 13:38:28'),(357,1,339,3,'2022-09-08 13:42:33'),(358,0,352,3,'2022-09-14 23:49:34'),(359,1,352,6,'2022-09-15 15:52:36'),(360,0,353,3,'2022-09-15 19:56:04'),(361,0,354,1,'2022-09-16 18:22:55'),(362,0,355,10,'2022-09-16 18:26:15'),(363,0,356,3,'2022-09-23 00:30:00'),(364,0,357,3,'2022-09-23 01:12:51'),(365,0,358,3,'2022-09-27 16:08:53'),(366,1,358,4,'2022-09-29 13:27:44'),(367,0,359,3,'2022-09-29 14:39:55'),(368,1,357,5,'2022-09-30 15:00:58'),(369,1,356,6,'2022-09-30 15:01:32'),(370,1,358,5,'2022-09-30 15:06:45'),(371,0,360,3,'2022-10-04 00:19:22'),(372,1,360,6,'2022-10-05 09:58:59'),(373,1,359,4,'2022-10-05 09:59:29'),(374,0,361,3,'2022-10-05 16:45:19'),(375,0,362,3,'2022-10-06 11:08:51'),(376,1,362,6,'2022-10-06 16:07:20'),(377,1,361,4,'2022-10-06 16:07:44'),(378,0,363,3,'2022-10-08 23:06:10'),(379,1,359,5,'2022-10-11 09:29:32'),(380,1,353,6,'2022-10-11 09:30:21'),(381,1,351,6,'2022-10-11 09:31:22'),(382,0,364,3,'2022-10-12 18:09:14'),(383,0,365,3,'2022-10-13 21:39:29'),(384,0,366,3,'2022-10-14 13:49:18'),(385,0,367,3,'2022-10-14 16:24:34'),(386,0,368,3,'2022-10-16 14:25:32'),(387,1,363,6,'2022-10-18 09:49:06'),(388,1,364,6,'2022-10-18 09:50:11'),(389,1,365,6,'2022-10-18 09:50:57'),(390,1,366,5,'2022-10-18 09:51:48'),(391,1,367,6,'2022-10-18 09:52:21'),(392,1,368,6,'2022-10-18 09:52:58'),(393,1,368,6,'2022-10-18 09:53:01'),(394,1,361,5,'2022-10-18 09:53:54'),(395,1,355,6,'2022-10-18 09:55:11'),(396,1,354,6,'2022-10-18 09:56:01'),(397,1,348,6,'2022-10-18 09:56:57'),(398,0,369,3,'2022-10-18 11:22:47'),(399,1,369,6,'2022-10-19 10:30:24'),(400,0,370,3,'2022-10-20 16:25:49'),(401,0,371,3,'2022-10-21 12:03:07'),(402,1,371,6,'2022-10-21 12:38:17'),(403,0,372,3,'2022-10-23 22:04:18'),(404,1,370,4,'2022-10-24 13:55:19'),(405,0,373,3,'2022-10-24 20:03:48'),(406,0,374,3,'2022-10-26 16:59:50'),(407,1,374,6,'2022-10-26 17:07:27'),(408,1,372,6,'2022-10-26 17:08:21'),(409,1,370,5,'2022-10-26 18:31:21'),(410,0,375,3,'2022-10-28 00:07:56'),(411,1,375,5,'2022-10-30 02:32:07'),(412,0,376,3,'2022-10-30 23:04:24'),(413,1,376,6,'2022-10-31 08:01:08'),(414,1,376,6,'2022-10-31 08:01:16'),(415,1,376,6,'2022-10-31 08:01:16'),(416,0,377,3,'2022-10-31 11:22:37'),(417,1,377,6,'2022-10-31 16:32:21'),(418,0,378,3,'2022-11-03 15:02:21'),(419,0,379,3,'2022-11-04 06:13:08'),(420,1,379,4,'2022-11-08 07:41:59'),(421,0,380,3,'2022-11-10 19:55:20'),(422,0,381,10,'2022-11-12 12:04:30'),(423,0,382,3,'2022-11-12 15:38:39'),(424,0,383,3,'2022-11-14 19:01:20'),(425,1,382,6,'2022-11-14 19:39:00'),(426,1,380,6,'2022-11-14 19:39:16'),(427,1,379,5,'2022-11-14 19:39:42'),(428,0,384,3,'2022-11-15 16:25:28'),(429,0,385,3,'2022-11-16 07:08:28'),(430,1,384,6,'2022-11-16 10:57:47'),(431,1,385,6,'2022-11-16 10:58:20'),(432,1,383,4,'2022-11-16 11:05:55'),(433,0,386,3,'2022-11-17 21:40:32'),(434,0,387,3,'2022-11-21 09:47:29'),(435,1,387,6,'2022-11-21 16:06:41'),(436,1,386,4,'2022-11-21 16:07:30'),(437,1,383,5,'2022-11-21 22:01:04'),(438,1,386,5,'2022-11-24 11:32:46'),(439,0,388,10,'2022-12-01 01:24:46'),(440,0,389,3,'2022-12-03 16:59:41'),(441,0,390,3,'2022-12-06 23:32:36'),(442,1,390,4,'2022-12-09 11:12:02'),(443,0,391,10,'2022-12-09 22:45:01'),(444,1,390,5,'2022-12-10 11:16:50'),(445,0,392,10,'2022-12-13 00:02:47'),(446,0,393,3,'2022-12-14 18:44:01'),(447,1,392,6,'2022-12-15 10:02:07'),(448,1,391,4,'2022-12-15 10:02:34'),(449,1,389,6,'2022-12-15 10:03:06'),(450,1,388,6,'2022-12-15 10:03:42'),(451,1,381,6,'2022-12-15 10:04:17'),(452,1,378,6,'2022-12-15 10:04:49'),(453,1,373,6,'2022-12-15 10:05:29'),(454,1,393,6,'2022-12-17 13:00:23'),(455,1,391,5,'2022-12-17 13:00:46');

--
-- Table structure for table `ps_order_invoice`
--

CREATE TABLE `ps_order_invoice` (
  `id_order_invoice` int(11) unsigned NOT NULL AUTO_INCREMENT,
  `id_order` int(11) NOT NULL,
  `number` int(11) NOT NULL,
  `delivery_number` int(11) NOT NULL,
  `delivery_date` datetime DEFAULT NULL,
  `total_discount_tax_excl` decimal(17,2) NOT NULL DEFAULT '0.00',
  `total_discount_tax_incl` decimal(17,2) NOT NULL DEFAULT '0.00',
  `total_paid_tax_excl` decimal(17,2) NOT NULL DEFAULT '0.00',
  `total_paid_tax_incl` decimal(17,2) NOT NULL DEFAULT '0.00',
  `total_products` decimal(17,2) NOT NULL DEFAULT '0.00',
  `total_products_wt` decimal(17,2) NOT NULL DEFAULT '0.00',
  `total_shipping_tax_excl` decimal(17,2) NOT NULL DEFAULT '0.00',
  `total_shipping_tax_incl` decimal(17,2) NOT NULL DEFAULT '0.00',
  `shipping_tax_computation_method` int(10) unsigned NOT NULL,
  `total_wrapping_tax_excl` decimal(17,2) NOT NULL DEFAULT '0.00',
  `total_wrapping_tax_incl` decimal(17,2) NOT NULL DEFAULT '0.00',
  `note` text,
  `date_add` datetime NOT NULL,
  PRIMARY KEY (`id_order_invoice`),
  KEY `id_order` (`id_order`)
) ENGINE=InnoDB AUTO_INCREMENT=353 DEFAULT CHARSET=utf8;

--
-- Dumping data for table `ps_order_invoice`
--

INSERT INTO `ps_order_invoice` VALUES (1,14,1,1,'2020-01-12 09:53:43',0.00,0.00,59.50,71.40,0.00,0.00,59.50,71.40,0,0.00,0.00,'','2020-01-12 09:53:42'),(2,15,2,2,'2020-01-17 16:44:31',0.00,0.00,59.50,71.40,0.00,0.00,59.50,71.40,0,0.00,0.00,'','2020-01-17 16:44:31'),(3,16,3,3,'2020-01-29 09:15:11',0.00,0.00,1059.50,1271.40,1000.00,1200.00,59.50,71.40,0,0.00,0.00,'','2020-01-29 09:15:11'),(4,17,4,4,'2020-02-02 20:05:10',0.00,0.00,1351.17,1621.40,1291.67,1550.00,59.50,71.40,0,0.00,0.00,'','2020-02-02 20:05:10'),(5,18,5,5,'2020-02-06 11:44:18',0.00,0.00,201.16,241.40,141.66,170.00,59.50,71.40,0,0.00,0.00,'','2020-02-06 11:44:18'),(6,19,6,6,'2020-02-12 03:37:19',0.00,0.00,119.50,131.40,60.00,60.00,59.50,71.40,0,0.00,0.00,'','2020-02-12 03:37:19'),(7,20,7,7,'2020-04-01 18:37:42',0.00,0.00,601.17,721.40,541.67,650.00,59.50,71.40,0,0.00,0.00,'','2020-04-01 18:37:42'),(8,21,8,8,'2020-04-03 19:59:58',0.00,0.00,3217.00,3860.40,3166.67,3800.00,50.33,60.40,0,0.00,0.00,'','2020-04-03 19:59:58'),(9,22,9,9,'2020-04-07 11:16:36',0.00,0.00,2059.50,2471.40,2000.00,2400.00,59.50,71.40,0,0.00,0.00,'','2020-04-07 11:16:36'),(10,23,10,10,'2020-04-10 18:20:16',0.00,0.00,1517.83,1821.40,1458.33,1750.00,59.50,71.40,0,0.00,0.00,'','2020-04-10 18:20:16'),(11,24,11,11,'2020-04-10 23:29:48',0.00,0.00,1226.17,1471.40,1166.67,1400.00,59.50,71.40,0,0.00,0.00,'','2020-04-10 23:29:47'),(12,25,12,12,'2020-04-11 16:38:06',0.00,0.00,1892.83,2271.40,1833.33,2200.00,59.50,71.40,0,0.00,0.00,'','2020-04-11 16:38:05'),(13,26,13,13,'2020-04-12 06:34:19',0.00,0.00,1059.50,1271.40,1000.00,1200.00,59.50,71.40,0,0.00,0.00,'','2020-04-12 06:34:18'),(14,27,14,14,'2020-04-12 16:18:53',0.00,0.00,1438.68,1726.40,1379.18,1655.00,59.50,71.40,0,0.00,0.00,'','2020-04-12 16:18:53'),(15,28,15,15,'2020-04-13 16:04:47',0.00,0.00,4642.83,5571.40,4583.33,5500.00,59.50,71.40,0,0.00,0.00,'','2020-04-13 16:04:46'),(16,29,16,16,'2020-04-13 18:56:08',0.00,0.00,148.67,178.40,108.34,130.00,40.33,48.40,0,0.00,0.00,'','2020-04-13 18:56:07'),(17,30,17,17,'2020-04-13 19:38:59',0.00,0.00,517.83,621.40,458.33,550.00,59.50,71.40,0,0.00,0.00,'','2020-04-13 19:38:59'),(18,31,18,18,'2020-04-13 19:48:41',0.00,0.00,4892.83,5871.40,4833.33,5800.00,59.50,71.40,0,0.00,0.00,'','2020-04-13 19:48:41'),(19,32,19,19,'2020-04-16 18:22:18',0.00,0.00,934.50,1121.40,875.00,1050.00,59.50,71.40,0,0.00,0.00,'','2020-04-16 18:22:16'),(20,33,20,20,'2020-04-17 18:28:25',0.00,0.00,1392.83,1671.40,1333.33,1600.00,59.50,71.40,0,0.00,0.00,'','2020-04-17 18:28:25'),(21,34,21,21,'2020-04-18 13:37:42',0.00,0.00,1059.50,1271.40,1000.00,1200.00,59.50,71.40,0,0.00,0.00,'','2020-04-18 13:37:41'),(22,35,22,22,'2020-04-18 23:35:01',0.00,0.00,409.50,491.40,350.00,420.00,59.50,71.40,0,0.00,0.00,'','2020-04-18 23:35:00'),(23,36,23,23,'2020-04-19 07:46:17',0.00,0.00,1309.50,1571.40,1250.00,1500.00,59.50,71.40,0,0.00,0.00,'','2020-04-19 07:46:17'),(24,37,24,24,'2020-04-19 18:37:05',0.00,0.00,123.66,148.40,83.33,100.00,40.33,48.40,0,0.00,0.00,'','2020-04-19 18:37:04'),(25,38,25,25,'2020-04-20 21:50:54',0.00,0.00,1309.50,1571.40,1250.00,1500.00,59.50,71.40,0,0.00,0.00,'','2020-04-20 21:50:53'),(26,39,26,26,'2020-04-21 12:08:30',0.00,0.00,111.17,133.40,70.84,85.00,40.33,48.40,0,0.00,0.00,'','2020-04-21 12:08:30'),(27,40,27,27,'2020-04-21 18:15:38',0.00,0.00,1892.83,2271.40,1833.33,2200.00,59.50,71.40,0,0.00,0.00,'','2020-04-21 18:15:37'),(28,41,28,28,'2020-04-22 15:43:04',0.00,0.00,684.50,821.40,625.00,750.00,59.50,71.40,0,0.00,0.00,'','2020-04-22 15:43:03'),(29,42,29,29,'2020-04-25 14:04:32',0.00,0.00,160.33,168.40,120.00,120.00,40.33,48.40,0,0.00,0.00,'','2020-04-25 14:04:32'),(30,43,30,30,'2020-04-25 23:27:40',0.00,0.00,107.00,128.40,66.67,80.00,40.33,48.40,0,0.00,0.00,'','2020-04-25 23:27:40'),(31,44,31,31,'2020-04-26 09:33:47',0.00,0.00,2476.17,2971.40,2416.67,2900.00,59.50,71.40,0,0.00,0.00,'','2020-04-26 09:33:46'),(32,45,32,32,'2020-04-26 11:33:09',0.00,0.00,1392.83,1671.40,1333.33,1600.00,59.50,71.40,0,0.00,0.00,'','2020-04-26 11:33:09'),(33,46,33,33,'2020-04-28 16:52:44',0.00,0.00,259.50,311.40,200.00,240.00,59.50,71.40,0,0.00,0.00,'','2020-04-28 16:52:44'),(34,47,34,34,'2020-04-28 18:40:34',0.00,0.00,3809.50,4571.40,3750.00,4500.00,59.50,71.40,0,0.00,0.00,'','2020-04-28 18:40:33'),(35,48,35,35,'2020-04-30 14:43:14',0.00,0.00,3059.50,3671.40,3000.00,3600.00,59.50,71.40,0,0.00,0.00,'','2020-04-30 14:43:14'),(36,49,36,36,'2020-04-30 19:22:27',0.00,0.00,1259.50,1511.40,1200.00,1440.00,59.50,71.40,0,0.00,0.00,'','2020-04-30 19:22:27'),(37,50,37,37,'2020-05-05 09:38:24',0.00,0.00,2392.83,2871.40,2333.33,2800.00,59.50,71.40,0,0.00,0.00,'','2020-05-05 09:38:23'),(38,51,38,38,'2020-05-06 03:31:36',0.00,0.00,2392.83,2871.40,2333.33,2800.00,59.50,71.40,0,0.00,0.00,'','2020-05-06 03:31:35'),(39,52,39,39,'2020-05-06 03:31:55',0.00,0.00,2392.83,2871.40,2333.33,2800.00,59.50,71.40,0,0.00,0.00,'','2020-05-06 03:31:54'),(40,53,40,40,'2020-05-06 23:00:34',0.00,0.00,847.00,1016.40,787.50,945.00,59.50,71.40,0,0.00,0.00,'','2020-05-06 23:00:33'),(41,54,41,41,'2020-05-10 11:28:57',0.00,0.00,236.16,283.40,195.83,235.00,40.33,48.40,0,0.00,0.00,'','2020-05-10 11:28:57'),(42,56,42,42,'2020-05-14 12:59:39',0.00,0.00,227.83,273.40,187.50,225.00,40.33,48.40,0,0.00,0.00,'','2020-05-14 12:59:39'),(43,57,43,43,'2020-05-16 16:26:37',0.00,0.00,1309.50,1571.40,1250.00,1500.00,59.50,71.40,0,0.00,0.00,'','2020-05-16 16:26:36'),(44,58,44,44,'2020-05-16 17:18:32',0.00,0.00,1517.83,1821.40,1458.33,1750.00,59.50,71.40,0,0.00,0.00,'','2020-05-16 17:18:31'),(45,59,45,45,'2020-05-16 19:47:18',0.00,0.00,1517.83,1821.40,1458.33,1750.00,59.50,71.40,0,0.00,0.00,'','2020-05-16 19:47:17'),(46,60,46,46,'2020-05-16 21:27:47',0.00,0.00,1059.50,1271.40,1000.00,1200.00,59.50,71.40,0,0.00,0.00,'','2020-05-16 21:27:47'),(47,61,47,47,'2020-05-18 02:51:18',0.00,0.00,4437.50,5299.40,4378.00,5228.00,59.50,71.40,0,0.00,0.00,'','2020-05-18 02:51:18'),(48,62,48,48,'2020-05-19 21:35:10',0.00,0.00,72.00,86.40,12.50,15.00,59.50,71.40,0,0.00,0.00,'','2020-05-19 21:35:10'),(49,63,49,49,'2020-05-20 02:21:44',0.00,0.00,1392.83,1671.40,1333.33,1600.00,59.50,71.40,0,0.00,0.00,'','2020-05-20 02:21:44'),(50,64,50,50,'2020-05-22 15:08:24',0.00,0.00,1601.17,1921.40,1541.67,1850.00,59.50,71.40,0,0.00,0.00,'','2020-05-22 15:08:24'),(51,65,51,51,'2020-05-23 04:37:26',0.00,0.00,1059.50,1271.40,1000.00,1200.00,59.50,71.40,0,0.00,0.00,'','2020-05-23 04:37:25'),(52,66,52,52,'2020-05-23 14:24:43',0.00,0.00,1059.50,1271.40,1000.00,1200.00,59.50,71.40,0,0.00,0.00,'','2020-05-23 14:24:42'),(53,67,53,53,'2020-05-23 20:55:07',0.00,0.00,126.17,151.40,66.67,80.00,59.50,71.40,0,0.00,0.00,'','2020-05-23 20:55:06'),(54,68,54,54,'2020-05-25 21:52:28',0.00,0.00,1309.50,1571.40,1250.00,1500.00,59.50,71.40,0,0.00,0.00,'','2020-05-25 21:52:28'),(55,69,55,55,'2020-05-27 00:40:20',0.00,0.00,3217.00,3860.40,3166.67,3800.00,50.33,60.40,0,0.00,0.00,'','2020-05-27 00:40:20'),(56,70,56,56,'2020-05-27 12:16:30',0.00,0.00,1059.50,1271.40,1000.00,1200.00,59.50,71.40,0,0.00,0.00,'','2020-05-27 12:16:29'),(57,71,57,57,'2020-05-27 20:43:48',0.00,0.00,1059.50,1271.40,1000.00,1200.00,59.50,71.40,0,0.00,0.00,'','2020-05-27 20:43:48'),(58,72,58,58,'2020-05-28 23:01:01',0.00,0.00,1059.50,1271.40,1000.00,1200.00,59.50,71.40,0,0.00,0.00,'','2020-05-28 23:01:01'),(59,73,59,59,'2020-05-29 20:41:11',0.00,0.00,934.50,1121.40,875.00,1050.00,59.50,71.40,0,0.00,0.00,'','2020-05-29 20:41:11'),(60,74,60,60,'2020-05-30 18:14:48',0.00,0.00,123.66,148.40,83.33,100.00,40.33,48.40,0,0.00,0.00,'','2020-05-30 18:14:48'),(61,75,61,61,'2020-05-31 19:10:18',0.00,0.00,1059.50,1271.40,1000.00,1200.00,59.50,71.40,0,0.00,0.00,'','2020-05-31 19:10:18'),(62,76,62,62,'2020-06-01 18:00:46',0.00,0.00,1634.49,1961.40,1574.99,1890.00,59.50,71.40,0,0.00,0.00,'','2020-06-01 18:00:46'),(63,77,63,63,'2020-06-02 12:39:49',0.00,0.00,1059.50,1271.40,1000.00,1200.00,59.50,71.40,0,0.00,0.00,'','2020-06-02 12:39:48'),(64,78,64,64,'2020-06-03 21:40:49',0.00,0.00,1476.17,1771.40,1416.67,1700.00,59.50,71.40,0,0.00,0.00,'','2020-06-03 21:40:49'),(65,79,65,65,'2020-06-06 23:28:04',0.00,0.00,11309.50,13571.40,11250.00,13500.00,59.50,71.40,0,0.00,0.00,'','2020-06-06 23:28:03'),(66,80,66,66,'2020-06-07 12:31:58',0.00,0.00,123.66,148.40,83.33,100.00,40.33,48.40,0,0.00,0.00,'','2020-06-07 12:31:57'),(67,81,67,67,'2020-06-08 14:28:03',0.00,0.00,1892.83,2271.40,1833.33,2200.00,59.50,71.40,0,0.00,0.00,'','2020-06-08 14:28:03'),(68,82,68,68,'2020-06-15 00:21:30',0.00,0.00,1392.83,1671.40,1333.33,1600.00,59.50,71.40,0,0.00,0.00,'','2020-06-15 00:21:29'),(69,83,69,69,'2020-06-15 12:02:45',0.00,0.00,748.66,898.40,708.33,850.00,40.33,48.40,0,0.00,0.00,'','2020-06-15 12:02:44'),(70,84,70,70,'2020-06-17 16:42:38',0.00,0.00,1226.17,1471.40,1166.67,1400.00,59.50,71.40,0,0.00,0.00,'','2020-06-17 16:42:38'),(71,85,71,71,'2020-06-19 18:02:51',0.00,0.00,223.66,268.40,183.33,220.00,40.33,48.40,0,0.00,0.00,'','2020-06-19 18:02:51'),(72,86,72,72,'2020-07-01 19:56:49',0.00,0.00,1059.50,1271.40,1000.00,1200.00,59.50,71.40,0,0.00,0.00,'','2020-07-01 19:56:48'),(73,87,73,73,'2020-07-02 00:38:39',0.00,0.00,1530.34,1836.40,1470.84,1765.00,59.50,71.40,0,0.00,0.00,'','2020-07-02 00:38:39'),(74,88,74,74,'2020-07-07 21:18:37',0.00,0.00,3217.00,3860.40,3166.67,3800.00,50.33,60.40,0,0.00,0.00,'','2020-07-07 21:18:37'),(75,89,75,75,'2020-07-08 22:33:27',0.00,0.00,1259.50,1511.40,1200.00,1440.00,59.50,71.40,0,0.00,0.00,'','2020-07-08 22:33:26'),(76,90,76,76,'2020-07-08 22:39:39',0.00,0.00,1259.50,1511.40,1200.00,1440.00,59.50,71.40,0,0.00,0.00,'','2020-07-08 22:39:39'),(77,91,77,77,'2020-07-12 00:03:30',0.00,0.00,3217.00,3860.40,3166.67,3800.00,50.33,60.40,0,0.00,0.00,'','2020-07-12 00:03:29'),(78,92,78,78,'2020-07-12 00:08:47',0.00,0.00,3217.00,3860.40,3166.67,3800.00,50.33,60.40,0,0.00,0.00,'','2020-07-12 00:08:46'),(79,93,79,79,'2020-07-12 10:23:48',0.00,0.00,3217.00,3860.40,3166.67,3800.00,50.33,60.40,0,0.00,0.00,'','2020-07-12 10:23:47'),(80,94,80,80,'2020-07-20 10:39:05',0.00,0.00,140.33,168.40,100.00,120.00,40.33,48.40,0,0.00,0.00,'','2020-07-20 10:39:05'),(81,95,81,81,'2020-07-22 12:11:30',0.00,0.00,7559.50,9071.40,7500.00,9000.00,59.50,71.40,0,0.00,0.00,'','2020-07-22 12:11:29'),(82,96,82,82,'2020-07-24 12:52:37',0.00,0.00,3217.00,3860.40,3166.67,3800.00,50.33,60.40,0,0.00,0.00,'','2020-07-24 12:52:36'),(83,97,83,83,'2020-07-24 12:53:16',0.00,0.00,3217.00,3860.40,3166.67,3800.00,50.33,60.40,0,0.00,0.00,'','2020-07-24 12:53:16'),(84,98,84,84,'2020-07-24 13:04:59',0.00,0.00,3217.00,3860.40,3166.67,3800.00,50.33,60.40,0,0.00,0.00,'','2020-07-24 13:04:58'),(85,99,85,85,'2020-07-24 19:14:04',0.00,0.00,1059.50,1271.40,1000.00,1200.00,59.50,71.40,0,0.00,0.00,'','2020-07-24 19:14:04'),(86,100,86,86,'2020-07-31 17:22:51',0.00,0.00,3217.00,3860.40,3166.67,3800.00,50.33,60.40,0,0.00,0.00,'','2020-07-31 17:22:51'),(87,101,87,87,'2020-08-01 18:51:40',0.00,0.00,601.17,721.40,541.67,650.00,59.50,71.40,0,0.00,0.00,'','2020-08-01 18:51:39'),(88,102,88,88,'2020-08-05 23:26:02',0.00,0.00,967.84,1161.40,908.34,1090.00,59.50,71.40,0,0.00,0.00,'','2020-08-05 23:26:01'),(89,103,89,89,'2020-08-09 12:23:00',0.00,0.00,3217.00,3860.40,3166.67,3800.00,50.33,60.40,0,0.00,0.00,'','2020-08-09 12:23:00'),(90,104,90,90,'2020-08-14 16:16:42',0.00,0.00,18300.33,21960.40,18250.00,21900.00,50.33,60.40,0,0.00,0.00,'','2020-08-14 16:16:42'),(91,105,91,91,'2020-08-19 11:04:39',0.00,0.00,517.83,621.40,458.33,550.00,59.50,71.40,0,0.00,0.00,'','2020-08-19 11:04:38'),(92,106,92,92,'2020-08-20 16:58:38',0.00,0.00,3309.50,3971.40,3250.00,3900.00,59.50,71.40,0,0.00,0.00,'','2020-08-20 16:58:37'),(93,107,93,93,'2020-08-25 12:52:02',0.00,0.00,1601.17,1921.40,1541.67,1850.00,59.50,71.40,0,0.00,0.00,'','2020-08-25 12:52:02'),(94,108,94,94,'2020-08-30 14:35:48',0.00,0.00,1517.83,1821.40,1458.33,1750.00,59.50,71.40,0,0.00,0.00,'','2020-08-30 14:35:47'),(95,109,95,95,'2020-09-02 13:37:14',0.00,0.00,3217.00,3860.40,3166.67,3800.00,50.33,60.40,0,0.00,0.00,'','2020-09-02 13:37:13'),(96,110,96,96,'2020-09-08 19:46:12',0.00,0.00,3217.00,3860.40,3166.67,3800.00,50.33,60.40,0,0.00,0.00,'','2020-09-08 19:46:12'),(97,111,97,97,'2020-09-10 16:11:38',0.00,0.00,3309.50,3971.40,3250.00,3900.00,59.50,71.40,0,0.00,0.00,'','2020-09-10 16:11:38'),(98,112,98,98,'2020-09-17 01:15:53',0.00,0.00,9383.66,11260.40,9333.33,11200.00,50.33,60.40,0,0.00,0.00,'','2020-09-17 01:15:53'),(99,114,99,99,'2020-09-25 12:03:35',0.00,0.00,3217.00,3860.40,3166.67,3800.00,50.33,60.40,0,0.00,0.00,'','2020-09-25 12:03:34'),(100,115,100,100,'2020-10-05 09:41:01',0.00,0.00,4892.83,5871.40,4833.33,5800.00,59.50,71.40,0,0.00,0.00,'','2020-10-05 09:41:00'),(101,116,101,101,'2020-10-07 00:08:25',0.00,0.00,1301.17,1561.40,1241.67,1490.00,59.50,71.40,0,0.00,0.00,'','2020-10-07 00:08:24'),(102,117,102,102,'2020-10-16 15:34:22',0.00,0.00,498.66,598.40,458.33,550.00,40.33,48.40,0,0.00,0.00,'','2020-10-16 15:34:21'),(103,118,103,103,'2020-10-21 12:59:23',0.00,0.00,601.17,721.40,541.67,650.00,59.50,71.40,0,0.00,0.00,'','2020-10-21 12:59:23'),(104,119,104,104,'2020-10-21 13:02:26',0.00,0.00,601.17,721.40,541.67,650.00,59.50,71.40,0,0.00,0.00,'','2020-10-21 13:02:26'),(105,120,105,105,'2020-10-21 14:30:45',0.00,0.00,165.33,198.40,125.00,150.00,40.33,48.40,0,0.00,0.00,'','2020-10-21 14:30:44'),(106,121,106,106,'2020-10-21 14:40:17',0.00,0.00,165.33,198.40,125.00,150.00,40.33,48.40,0,0.00,0.00,'','2020-10-21 14:40:17'),(107,122,107,107,'2020-10-26 19:40:13',0.00,0.00,1476.17,1771.40,1416.67,1700.00,59.50,71.40,0,0.00,0.00,'','2020-10-26 19:40:11'),(108,123,108,108,'2020-11-02 23:12:38',0.00,0.00,1601.17,1921.40,1541.67,1850.00,59.50,71.40,0,0.00,0.00,'','2020-11-02 23:12:37'),(109,125,109,109,'2020-11-04 15:30:38',0.00,0.00,976.17,1171.40,916.67,1100.00,59.50,71.40,0,0.00,0.00,'','2020-11-04 15:30:37'),(110,126,110,110,'2020-11-06 00:09:35',0.00,0.00,601.17,721.40,541.67,650.00,59.50,71.40,0,0.00,0.00,'','2020-11-06 00:09:34'),(111,127,111,111,'2020-11-09 19:48:27',0.00,0.00,2059.50,2471.40,2000.00,2400.00,59.50,71.40,0,0.00,0.00,'','2020-11-09 19:48:27'),(112,128,112,112,'2020-11-12 18:05:07',0.00,0.00,1259.50,1511.40,1200.00,1440.00,59.50,71.40,0,0.00,0.00,'','2020-11-12 18:05:07'),(113,129,113,113,'2020-11-12 18:05:28',0.00,0.00,1259.50,1511.40,1200.00,1440.00,59.50,71.40,0,0.00,0.00,'','2020-11-12 18:05:27'),(114,130,114,114,'2020-11-13 16:34:00',0.00,0.00,1476.17,1771.40,1416.67,1700.00,59.50,71.40,0,0.00,0.00,'','2020-11-13 16:33:59'),(115,131,115,115,'2020-11-14 23:36:55',0.00,0.00,1601.17,1921.40,1541.67,1850.00,59.50,71.40,0,0.00,0.00,'','2020-11-14 23:36:55'),(116,132,116,116,'2020-11-25 02:25:11',0.00,0.00,3309.50,3971.40,3250.00,3900.00,59.50,71.40,0,0.00,0.00,'','2020-11-25 02:25:09'),(117,133,117,117,'2020-11-29 21:34:23',0.00,0.00,1976.17,2371.40,1916.67,2300.00,59.50,71.40,0,0.00,0.00,'','2020-11-29 21:34:22'),(118,136,118,118,'2020-12-06 19:18:55',0.00,0.00,1476.17,1771.40,1416.67,1700.00,59.50,71.40,0,0.00,0.00,'','2020-12-06 19:18:54'),(119,137,119,119,'2020-12-13 19:11:36',0.00,0.00,2476.17,2971.40,2416.67,2900.00,59.50,71.40,0,0.00,0.00,'','2020-12-13 19:11:36'),(120,138,120,120,'2020-12-16 01:00:39',0.00,0.00,7742.83,9291.40,7683.33,9220.00,59.50,71.40,0,0.00,0.00,'','2020-12-16 01:00:39'),(121,139,121,121,'2020-12-17 10:13:53',0.00,0.00,9226.17,11071.40,9166.67,11000.00,59.50,71.40,0,0.00,0.00,'','2020-12-17 10:13:53'),(122,140,122,122,'2020-12-20 09:55:51',0.00,0.00,1259.50,1511.40,1200.00,1440.00,59.50,71.40,0,0.00,0.00,'','2020-12-20 09:55:51'),(123,141,123,123,'2020-12-20 09:59:25',0.00,0.00,1259.50,1511.40,1200.00,1440.00,59.50,71.40,0,0.00,0.00,'','2020-12-20 09:59:24'),(124,143,124,124,'2020-12-23 16:42:53',0.00,0.00,1517.83,1821.40,1458.33,1750.00,59.50,71.40,0,0.00,0.00,'','2020-12-23 16:42:53'),(125,145,125,125,'2020-12-28 09:41:55',0.00,0.00,11309.50,13571.40,11250.00,13500.00,59.50,71.40,0,0.00,0.00,'','2020-12-28 09:41:54'),(126,147,126,126,'2020-12-29 10:21:21',0.00,0.00,2559.50,3071.40,2500.00,3000.00,59.50,71.40,0,0.00,0.00,'','2020-12-29 10:21:21'),(127,149,127,127,'2021-01-19 22:16:04',0.00,0.00,4226.17,5071.40,4166.67,5000.00,59.50,71.40,0,0.00,0.00,'','2021-01-19 22:16:04'),(128,150,128,128,'2021-01-20 13:48:43',0.00,0.00,1642.83,1971.40,1583.33,1900.00,59.50,71.40,0,0.00,0.00,'','2021-01-20 13:48:42'),(129,151,129,129,'2021-01-25 03:27:20',0.00,0.00,102.83,123.40,62.50,75.00,40.33,48.40,0,0.00,0.00,'','2021-01-25 03:27:19'),(130,152,130,130,'2021-01-26 11:52:27',0.00,0.00,1142.83,1371.40,1083.33,1300.00,59.50,71.40,0,0.00,0.00,'','2021-01-26 11:52:26'),(131,153,131,131,'2021-01-26 11:52:43',0.00,0.00,1142.83,1371.40,1083.33,1300.00,59.50,71.40,0,0.00,0.00,'','2021-01-26 11:52:43'),(132,154,132,132,'2021-01-26 20:31:58',0.00,0.00,1059.50,1271.40,1000.00,1200.00,59.50,71.40,0,0.00,0.00,'','2021-01-26 20:31:58'),(133,155,133,133,'2021-01-27 13:21:00',0.00,0.00,1434.50,1721.40,1375.00,1650.00,59.50,71.40,0,0.00,0.00,'','2021-01-27 13:21:00'),(134,156,134,134,'2021-01-31 18:34:37',0.00,0.00,1392.83,1671.40,1333.33,1600.00,59.50,71.40,0,0.00,0.00,'','2021-01-31 18:34:37'),(135,158,135,135,'2021-02-07 23:27:20',0.00,0.00,493.67,592.40,452.50,543.00,41.17,49.40,0,0.00,0.00,'','2021-02-07 23:27:19'),(136,159,136,136,'2021-02-08 23:50:03',0.00,0.00,8142.83,9771.40,8083.33,9700.00,59.50,71.40,0,0.00,0.00,'','2021-02-08 23:50:03'),(137,160,137,137,'2021-02-09 22:03:29',0.00,0.00,1081.18,1297.40,1029.18,1235.00,52.00,62.40,0,0.00,0.00,'','2021-02-09 22:03:29'),(138,162,138,138,'2021-02-11 22:42:24',0.00,0.00,1226.17,1471.40,1166.67,1400.00,59.50,71.40,0,0.00,0.00,'','2021-02-11 22:42:24'),(139,163,139,139,'2021-02-12 17:56:38',0.00,0.00,3767.81,4521.40,3708.31,4450.00,59.50,71.40,0,0.00,0.00,'','2021-02-12 17:56:38'),(140,165,140,140,'2021-02-15 17:18:48',0.00,0.00,2217.83,2661.40,2158.33,2590.00,59.50,71.40,0,0.00,0.00,'','2021-02-15 17:18:48'),(141,166,141,141,'2021-02-19 14:31:39',0.00,0.00,2551.16,3061.40,2491.66,2990.00,59.50,71.40,0,0.00,0.00,'','2021-02-19 14:31:39'),(142,167,142,142,'2021-02-26 17:59:09',0.00,0.00,3309.50,3971.40,3250.00,3900.00,59.50,71.40,0,0.00,0.00,'','2021-02-26 17:59:08'),(143,168,143,143,'2021-03-01 16:36:52',0.00,0.00,1134.50,1361.40,1075.00,1290.00,59.50,71.40,0,0.00,0.00,'','2021-03-01 16:36:52'),(144,169,144,144,'2021-03-20 11:01:05',0.00,0.00,5884.50,7061.40,5825.00,6990.00,59.50,71.40,0,0.00,0.00,'','2021-03-20 11:01:05'),(145,170,145,145,'2021-03-20 12:23:22',0.00,0.00,476.20,571.40,416.70,500.00,59.50,71.40,0,0.00,0.00,'','2021-03-20 12:23:21'),(146,171,146,146,'2021-03-20 12:35:11',0.00,0.00,1351.17,1621.40,1291.67,1550.00,59.50,71.40,0,0.00,0.00,'','2021-03-20 12:35:11'),(147,172,147,147,'2021-03-26 09:40:43',0.00,0.00,2392.83,2871.40,2333.33,2800.00,59.50,71.40,0,0.00,0.00,'','2021-03-26 09:40:43'),(148,173,148,148,'2021-03-29 17:52:34',0.00,0.00,1392.83,1671.40,1333.33,1600.00,59.50,71.40,0,0.00,0.00,'','2021-03-29 17:52:33'),(149,174,149,149,'2021-03-31 13:13:22',0.00,0.00,2050.33,2460.40,2000.00,2400.00,50.33,60.40,0,0.00,0.00,'','2021-03-31 13:13:21'),(150,175,150,150,'2021-03-31 14:03:08',0.00,0.00,1684.92,2021.90,1625.42,1950.50,59.50,71.40,0,0.00,0.00,'','2021-03-31 14:03:07'),(151,176,151,151,'2021-04-04 21:05:30',0.00,0.00,2050.33,2460.40,2000.00,2400.00,50.33,60.40,0,0.00,0.00,'','2021-04-04 21:05:30'),(152,177,152,152,'2021-04-04 21:09:18',0.00,0.00,2050.33,2460.40,2000.00,2400.00,50.33,60.40,0,0.00,0.00,'','2021-04-04 21:09:17'),(153,178,153,153,'2021-04-05 14:41:42',0.00,0.00,351.17,421.40,291.67,350.00,59.50,71.40,0,0.00,0.00,'','2021-04-05 14:41:42'),(154,179,154,154,'2021-04-08 20:52:48',0.00,0.00,4226.17,5071.40,4166.67,5000.00,59.50,71.40,0,0.00,0.00,'','2021-04-08 20:52:47'),(155,180,155,155,'2021-04-13 19:26:34',0.00,0.00,1142.83,1371.40,1083.33,1300.00,59.50,71.40,0,0.00,0.00,'','2021-04-13 19:26:34'),(156,181,156,156,'2021-04-13 23:11:48',0.00,0.00,279.50,291.40,220.00,220.00,59.50,71.40,0,0.00,0.00,'','2021-04-13 23:11:48'),(157,182,157,157,'2021-04-14 01:16:38',0.00,0.00,601.17,721.40,541.67,650.00,59.50,71.40,0,0.00,0.00,'','2021-04-14 01:16:36'),(158,184,158,0,'0000-00-00 00:00:00',0.00,0.00,9642.83,11571.40,9583.33,11500.00,59.50,71.40,0,0.00,0.00,'','2021-04-14 15:34:49'),(159,185,159,158,'2021-04-19 12:41:00',0.00,0.00,1559.50,1871.40,1500.00,1800.00,59.50,71.40,0,0.00,0.00,'','2021-04-19 12:41:00'),(160,186,160,159,'2021-04-19 17:48:07',0.00,0.00,2809.50,3371.40,2750.00,3300.00,59.50,71.40,0,0.00,0.00,'','2021-04-19 17:48:06'),(161,187,161,160,'2021-04-22 23:29:38',0.00,0.00,842.83,1011.40,783.33,940.00,59.50,71.40,0,0.00,0.00,'','2021-04-22 23:29:38'),(162,188,162,161,'2021-04-25 10:34:28',0.00,0.00,2476.17,2971.40,2416.67,2900.00,59.50,71.40,0,0.00,0.00,'','2021-04-25 10:34:28'),(163,189,163,162,'2021-04-27 13:14:12',0.00,0.00,3642.83,4371.40,3583.33,4300.00,59.50,71.40,0,0.00,0.00,'','2021-04-27 13:14:12'),(164,190,164,163,'2021-04-30 18:13:48',0.00,0.00,1134.50,1361.40,1075.00,1290.00,59.50,71.40,0,0.00,0.00,'','2021-04-30 18:13:48'),(165,191,165,164,'2021-05-01 21:13:28',0.00,0.00,209.50,251.40,150.00,180.00,59.50,71.40,0,0.00,0.00,'','2021-05-01 21:13:27'),(166,192,166,165,'2021-05-02 09:32:31',0.00,0.00,3217.00,3860.40,3166.67,3800.00,50.33,60.40,0,0.00,0.00,'','2021-05-02 09:32:31'),(167,193,167,166,'2021-05-02 13:37:58',0.00,0.00,4226.17,5071.40,4166.67,5000.00,59.50,71.40,0,0.00,0.00,'','2021-05-02 13:37:58'),(168,194,168,167,'2021-05-02 19:07:52',0.00,0.00,3076.16,3691.40,3016.66,3620.00,59.50,71.40,0,0.00,0.00,'','2021-05-02 19:07:52'),(169,195,169,168,'2021-05-06 15:22:34',0.00,0.00,4142.83,4971.40,4083.33,4900.00,59.50,71.40,0,0.00,0.00,'','2021-05-06 15:22:33'),(170,196,170,169,'2021-05-06 18:56:54',0.00,0.00,5309.50,6371.40,5250.00,6300.00,59.50,71.40,0,0.00,0.00,'','2021-05-06 18:56:54'),(171,197,171,170,'2021-05-06 23:05:19',0.00,0.00,1476.17,1771.40,1416.67,1700.00,59.50,71.40,0,0.00,0.00,'','2021-05-06 23:05:18'),(172,198,172,171,'2021-05-07 11:11:41',0.00,0.00,5726.17,6871.40,5666.67,6800.00,59.50,71.40,0,0.00,0.00,'','2021-05-07 11:11:41'),(173,200,173,172,'2021-05-10 16:10:09',0.00,0.00,1059.50,1271.40,1000.00,1200.00,59.50,71.40,0,0.00,0.00,'','2021-05-10 16:10:09'),(174,201,174,173,'2021-05-15 12:53:53',0.00,0.00,1101.17,1321.40,1041.67,1250.00,59.50,71.40,0,0.00,0.00,'','2021-05-15 12:53:53'),(175,202,175,174,'2021-06-05 16:30:36',0.00,0.00,1392.83,1671.40,1333.33,1600.00,59.50,71.40,0,0.00,0.00,'','2021-06-05 16:30:35'),(176,203,176,175,'2021-06-06 06:51:00',0.00,0.00,1217.83,1461.40,1158.33,1390.00,59.50,71.40,0,0.00,0.00,'','2021-06-06 06:50:59'),(177,204,177,176,'2021-06-08 22:44:21',0.00,0.00,1267.83,1521.40,1208.33,1450.00,59.50,71.40,0,0.00,0.00,'','2021-06-08 22:44:21'),(178,205,178,177,'2021-07-06 01:10:49',0.00,0.00,217.83,261.40,158.33,190.00,59.50,71.40,0,0.00,0.00,'','2021-07-06 01:10:49'),(179,206,179,178,'2021-07-08 14:15:51',0.00,0.00,2050.33,2460.40,2000.00,2400.00,50.33,60.40,0,0.00,0.00,'','2021-07-08 14:15:51'),(180,207,180,179,'2021-07-12 18:04:36',0.00,0.00,2101.17,2521.40,2041.67,2450.00,59.50,71.40,0,0.00,0.00,'','2021-07-12 18:04:35'),(181,209,181,180,'2021-07-27 18:42:03',0.00,0.00,3034.50,3641.40,2975.00,3570.00,59.50,71.40,0,0.00,0.00,'','2021-07-27 18:42:02'),(182,210,182,181,'2021-07-27 18:44:44',0.00,0.00,3034.50,3641.40,2975.00,3570.00,59.50,71.40,0,0.00,0.00,'','2021-07-27 18:44:43'),(183,211,183,182,'2021-07-28 00:43:09',0.00,0.00,4219.00,5060.40,4178.67,5012.00,40.33,48.40,0,0.00,0.00,'','2021-07-28 00:43:09'),(184,212,184,183,'2021-08-01 12:30:41',0.00,0.00,5392.83,6471.40,5333.33,6400.00,59.50,71.40,0,0.00,0.00,'','2021-08-01 12:30:41'),(185,213,185,184,'2021-08-05 11:26:13',0.00,0.00,4226.17,5071.40,4166.67,5000.00,59.50,71.40,0,0.00,0.00,'','2021-08-05 11:26:13'),(186,214,186,185,'2021-08-05 15:16:28',0.00,0.00,1642.83,1971.40,1583.33,1900.00,59.50,71.40,0,0.00,0.00,'','2021-08-05 15:16:27'),(187,215,187,186,'2021-08-07 16:50:29',0.00,0.00,1492.83,1791.40,1433.33,1720.00,59.50,71.40,0,0.00,0.00,'','2021-08-07 16:50:29'),(188,216,188,187,'2021-08-08 03:29:13',0.00,0.00,1134.50,1361.40,1075.00,1290.00,59.50,71.40,0,0.00,0.00,'','2021-08-08 03:29:13'),(189,217,189,188,'2021-08-10 20:49:01',0.00,0.00,4226.17,5071.40,4166.67,5000.00,59.50,71.40,0,0.00,0.00,'','2021-08-10 20:49:01'),(190,218,190,189,'2021-08-14 21:59:07',0.00,0.00,123.66,148.40,83.33,100.00,40.33,48.40,0,0.00,0.00,'','2021-08-14 21:59:07'),(191,219,191,190,'2021-08-16 21:39:26',0.00,0.00,1309.50,1571.40,1250.00,1500.00,59.50,71.40,0,0.00,0.00,'','2021-08-16 21:39:26'),(192,220,192,191,'2021-08-20 09:53:09',0.00,0.00,57.00,68.40,16.67,20.00,40.33,48.40,0,0.00,0.00,'','2021-08-20 09:53:08'),(193,221,193,192,'2021-08-20 09:59:26',0.00,0.00,57.00,68.40,16.67,20.00,40.33,48.40,0,0.00,0.00,'','2021-08-20 09:59:25'),(194,222,194,193,'2021-08-20 14:33:31',0.00,0.00,4892.83,5871.40,4833.33,5800.00,59.50,71.40,0,0.00,0.00,'','2021-08-20 14:33:31'),(195,223,195,194,'2021-08-20 14:38:37',0.00,0.00,4892.83,5871.40,4833.33,5800.00,59.50,71.40,0,0.00,0.00,'','2021-08-20 14:38:37'),(196,224,196,195,'2021-09-01 20:24:59',0.00,0.00,1642.83,1971.40,1583.33,1900.00,59.50,71.40,0,0.00,0.00,'','2021-09-01 20:24:58'),(197,225,197,196,'2021-09-06 15:58:04',0.00,0.00,2059.50,2471.40,2000.00,2400.00,59.50,71.40,0,0.00,0.00,'','2021-09-06 15:58:04'),(198,226,198,197,'2021-09-22 22:47:48',0.00,0.00,476.17,571.40,416.67,500.00,59.50,71.40,0,0.00,0.00,'','2021-09-22 22:47:47'),(199,227,199,198,'2021-09-30 06:45:41',0.00,0.00,9101.17,10921.40,9041.67,10850.00,59.50,71.40,0,0.00,0.00,'','2021-09-30 06:45:41'),(200,228,200,199,'2021-10-04 14:37:34',0.00,0.00,1517.83,1821.40,1458.33,1750.00,59.50,71.40,0,0.00,0.00,'','2021-10-04 14:37:34'),(201,229,201,200,'2021-10-05 15:09:45',0.00,0.00,1184.50,1421.40,1125.00,1350.00,59.50,71.40,0,0.00,0.00,'','2021-10-05 15:09:45'),(202,230,202,201,'2021-10-07 13:04:49',0.00,0.00,1476.17,1771.40,1416.67,1700.00,59.50,71.40,0,0.00,0.00,'','2021-10-07 13:04:49'),(203,231,203,202,'2021-10-10 19:51:01',0.00,0.00,1601.17,1921.40,1541.67,1850.00,59.50,71.40,0,0.00,0.00,'','2021-10-10 19:51:00'),(204,232,204,203,'2021-10-11 11:21:36',0.00,0.00,767.83,921.40,708.33,850.00,59.50,71.40,0,0.00,0.00,'','2021-10-11 11:21:36'),(205,233,205,204,'2021-10-20 18:18:22',0.00,0.00,559.50,671.40,500.00,600.00,59.50,71.40,0,0.00,0.00,'','2021-10-20 18:18:21'),(206,234,206,205,'2021-10-22 00:32:37',0.00,0.00,809.50,971.40,750.00,900.00,59.50,71.40,0,0.00,0.00,'','2021-10-22 00:32:36'),(207,235,207,206,'2021-10-23 17:28:51',0.00,0.00,1492.83,1791.40,1433.33,1720.00,59.50,71.40,0,0.00,0.00,'','2021-10-23 17:28:50'),(208,236,208,207,'2021-10-24 20:57:35',0.00,0.00,1142.83,1371.40,1083.33,1300.00,59.50,71.40,0,0.00,0.00,'','2021-10-24 20:57:35'),(209,237,209,208,'2021-10-25 16:49:14',0.00,0.00,4976.17,5971.40,4916.67,5900.00,59.50,71.40,0,0.00,0.00,'','2021-10-25 16:49:13'),(210,238,210,209,'2021-10-28 13:22:48',0.00,0.00,12142.83,14571.40,12083.33,14500.00,59.50,71.40,0,0.00,0.00,'','2021-10-28 13:22:47'),(211,239,211,210,'2021-10-28 17:24:03',0.00,0.00,1684.50,2021.40,1625.00,1950.00,59.50,71.40,0,0.00,0.00,'','2021-10-28 17:24:03'),(212,240,212,211,'2021-10-29 14:24:02',0.00,0.00,3217.00,3860.40,3166.67,3800.00,50.33,60.40,0,0.00,0.00,'','2021-10-29 14:24:01'),(213,241,213,212,'2021-10-31 08:21:56',0.00,0.00,6559.50,7871.40,6500.00,7800.00,59.50,71.40,0,0.00,0.00,'','2021-10-31 08:21:56'),(214,242,214,213,'2021-11-02 19:58:52',0.00,0.00,1134.50,1361.40,1075.00,1290.00,59.50,71.40,0,0.00,0.00,'','2021-11-02 19:58:51'),(215,243,215,214,'2021-11-02 20:01:57',0.00,0.00,1134.50,1361.40,1075.00,1290.00,59.50,71.40,0,0.00,0.00,'','2021-11-02 20:01:57'),(216,244,216,215,'2021-11-04 17:58:23',0.00,0.00,2392.83,2871.40,2333.33,2800.00,59.50,71.40,0,0.00,0.00,'','2021-11-04 17:58:23'),(217,245,217,216,'2021-11-08 11:09:48',0.00,0.00,2767.83,3321.40,2708.33,3250.00,59.50,71.40,0,0.00,0.00,'','2021-11-08 11:09:48'),(218,246,218,217,'2021-11-08 16:32:33',0.00,0.00,4559.50,5471.40,4500.00,5400.00,59.50,71.40,0,0.00,0.00,'','2021-11-08 16:32:33'),(219,247,219,218,'2021-11-13 04:51:58',0.00,0.00,20476.17,24571.40,20416.67,24500.00,59.50,71.40,0,0.00,0.00,'','2021-11-13 04:51:58'),(220,248,220,219,'2021-11-17 19:53:19',0.00,0.00,259.50,311.40,200.00,240.00,59.50,71.40,0,0.00,0.00,'','2021-11-17 19:53:18'),(221,249,221,220,'2021-11-22 20:37:11',0.00,0.00,2476.17,2971.40,2416.67,2900.00,59.50,71.40,0,0.00,0.00,'','2021-11-22 20:37:11'),(222,250,222,221,'2021-11-24 20:59:05',0.00,0.00,976.17,1171.40,916.67,1100.00,59.50,71.40,0,0.00,0.00,'','2021-11-24 20:59:05'),(223,251,223,222,'2021-11-26 09:55:38',0.00,0.00,1134.50,1361.40,1075.00,1290.00,59.50,71.40,0,0.00,0.00,'','2021-11-26 09:55:37'),(224,252,224,223,'2021-11-28 13:48:55',0.00,0.00,976.17,1171.40,916.67,1100.00,59.50,71.40,0,0.00,0.00,'','2021-11-28 13:48:55'),(225,253,225,224,'2021-11-29 16:10:48',0.00,0.00,601.17,721.40,541.67,650.00,59.50,71.40,0,0.00,0.00,'','2021-11-29 16:10:48'),(226,254,226,225,'2021-12-05 13:18:58',0.00,0.00,1684.50,2021.40,1625.00,1950.00,59.50,71.40,0,0.00,0.00,'','2021-12-05 13:18:57'),(227,255,227,226,'2021-12-05 14:10:51',0.00,0.00,1051.17,1261.40,991.67,1190.00,59.50,71.40,0,0.00,0.00,'','2021-12-05 14:10:50'),(228,256,228,227,'2021-12-16 12:10:32',0.00,0.00,2476.17,2971.40,2416.67,2900.00,59.50,71.40,0,0.00,0.00,'','2021-12-16 12:10:31'),(229,257,229,228,'2021-12-17 14:10:55',0.00,0.00,3809.50,4571.40,3750.00,4500.00,59.50,71.40,0,0.00,0.00,'','2021-12-17 14:10:55'),(230,258,230,229,'2021-12-17 21:42:53',0.00,0.00,4967.84,5961.40,4908.34,5890.00,59.50,71.40,0,0.00,0.00,'','2021-12-17 21:42:52'),(231,259,231,230,'2021-12-19 21:09:31',0.00,0.00,676.16,811.40,616.66,740.00,59.50,71.40,0,0.00,0.00,'','2021-12-19 21:09:31'),(232,260,232,231,'2021-12-22 17:59:29',0.00,0.00,1217.83,1461.40,1158.33,1390.00,59.50,71.40,0,0.00,0.00,'','2021-12-22 17:59:29'),(233,261,233,232,'2021-12-25 18:04:40',0.00,0.00,1601.17,1921.40,1541.67,1850.00,59.50,71.40,0,0.00,0.00,'','2021-12-25 18:04:39'),(234,263,234,233,'2021-12-27 21:06:51',0.00,0.00,1717.83,2061.40,1658.33,1990.00,59.50,71.40,0,0.00,0.00,'','2021-12-27 21:06:51'),(235,264,235,234,'2021-12-29 15:26:59',0.00,0.00,82.00,98.40,41.67,50.00,40.33,48.40,0,0.00,0.00,'','2021-12-29 15:26:59'),(236,265,236,235,'2021-12-30 14:41:07',0.00,0.00,1517.83,1821.40,1458.33,1750.00,59.50,71.40,0,0.00,0.00,'','2021-12-30 14:41:07'),(237,266,237,236,'2022-01-01 20:34:14',0.00,0.00,1267.83,1521.40,1208.33,1450.00,59.50,71.40,0,0.00,0.00,'','2022-01-01 20:34:13'),(238,267,238,237,'2022-01-06 08:42:58',0.00,0.00,7976.17,9571.40,7916.67,9500.00,59.50,71.40,0,0.00,0.00,'','2022-01-06 08:42:58'),(239,268,239,238,'2022-01-07 00:14:14',0.00,0.00,18300.33,21960.40,18250.00,21900.00,50.33,60.40,0,0.00,0.00,'','2022-01-07 00:14:14'),(240,269,240,239,'2022-01-07 21:36:35',0.00,0.00,181.99,218.40,141.66,170.00,40.33,48.40,0,0.00,0.00,'','2022-01-07 21:36:34'),(241,270,241,240,'2022-01-09 22:42:42',0.00,0.00,1684.50,2021.40,1625.00,1950.00,59.50,71.40,0,0.00,0.00,'','2022-01-09 22:42:42'),(242,271,242,241,'2022-01-10 09:37:43',0.00,0.00,4976.17,5971.40,4916.67,5900.00,59.50,71.40,0,0.00,0.00,'','2022-01-10 09:37:43'),(243,272,243,242,'2022-01-20 22:32:53',0.00,0.00,5392.83,6471.40,5333.33,6400.00,59.50,71.40,0,0.00,0.00,'','2022-01-20 22:32:52'),(244,273,244,243,'2022-01-20 22:39:36',0.00,0.00,5226.17,6271.40,5166.67,6200.00,59.50,71.40,0,0.00,0.00,'','2022-01-20 22:39:35'),(245,274,245,244,'2022-01-21 17:49:28',0.00,0.00,8809.50,10571.40,8750.00,10500.00,59.50,71.40,0,0.00,0.00,'','2022-01-21 17:49:27'),(246,275,246,245,'2022-02-01 20:59:54',0.00,0.00,4476.17,5371.40,4416.67,5300.00,59.50,71.40,0,0.00,0.00,'','2022-02-01 20:59:54'),(247,276,247,246,'2022-02-02 19:24:56',0.00,0.00,3717.00,4460.40,3666.67,4400.00,50.33,60.40,0,0.00,0.00,'','2022-02-02 19:24:56'),(248,277,248,247,'2022-02-09 08:05:51',0.00,0.00,3717.00,4460.40,3666.67,4400.00,50.33,60.40,0,0.00,0.00,'','2022-02-09 08:05:50'),(249,278,249,248,'2022-02-10 19:25:56',0.00,0.00,315.33,378.40,275.00,330.00,40.33,48.40,0,0.00,0.00,'','2022-02-10 19:25:56'),(250,279,250,249,'2022-02-11 13:28:38',0.00,0.00,1642.83,1971.40,1583.33,1900.00,59.50,71.40,0,0.00,0.00,'','2022-02-11 13:28:38'),(251,280,251,250,'2022-02-13 11:41:25',0.00,0.00,3717.00,4460.40,3666.67,4400.00,50.33,60.40,0,0.00,0.00,'','2022-02-13 11:41:25'),(252,281,252,251,'2022-02-14 20:31:47',0.00,0.00,5884.50,7061.40,5825.00,6990.00,59.50,71.40,0,0.00,0.00,'','2022-02-14 20:31:46'),(253,282,253,252,'2022-02-20 00:11:32',0.00,0.00,1392.83,1671.40,1333.33,1600.00,59.50,71.40,0,0.00,0.00,'','2022-02-20 00:11:32'),(254,283,254,253,'2022-02-20 18:18:38',0.00,0.00,1492.83,1791.40,1433.33,1720.00,59.50,71.40,0,0.00,0.00,'','2022-02-20 18:18:37'),(255,284,255,254,'2022-02-21 23:21:15',0.00,0.00,3342.84,4011.40,3283.34,3940.00,59.50,71.40,0,0.00,0.00,'','2022-02-21 23:21:15'),(256,285,256,255,'2022-02-25 16:42:59',0.00,0.00,4476.17,5371.40,4416.67,5300.00,59.50,71.40,0,0.00,0.00,'','2022-02-25 16:42:58'),(257,286,257,256,'2022-02-26 15:37:09',0.00,0.00,1342.84,1611.40,1283.34,1540.00,59.50,71.40,0,0.00,0.00,'','2022-02-26 15:37:09'),(258,287,258,257,'2022-02-28 12:11:00',0.00,0.00,1342.84,1611.40,1283.34,1540.00,59.50,71.40,0,0.00,0.00,'','2022-02-28 12:11:00'),(259,288,259,258,'2022-03-01 16:37:33',0.00,0.00,767.83,921.40,708.33,850.00,59.50,71.40,0,0.00,0.00,'','2022-03-01 16:37:33'),(260,289,260,259,'2022-03-11 19:41:30',0.00,0.00,5892.83,7071.40,5833.33,7000.00,59.50,71.40,0,0.00,0.00,'','2022-03-11 19:41:29'),(261,291,261,260,'2022-03-13 21:19:04',0.00,0.00,1517.83,1821.40,1458.33,1750.00,59.50,71.40,0,0.00,0.00,'','2022-03-13 21:19:04'),(262,292,262,261,'2022-03-14 13:51:59',0.00,0.00,2226.17,2671.40,2166.67,2600.00,59.50,71.40,0,0.00,0.00,'','2022-03-14 13:51:59'),(263,290,263,262,'2022-03-15 22:03:31',0.00,0.00,601.17,721.40,541.67,650.00,59.50,71.40,0,0.00,0.00,'','2022-03-15 22:03:31'),(264,293,264,263,'2022-03-21 18:58:03',0.00,0.00,1517.83,1821.40,1458.33,1750.00,59.50,71.40,0,0.00,0.00,'','2022-03-21 18:58:02'),(265,294,265,264,'2022-03-25 01:06:52',0.00,0.00,1392.83,1671.40,1333.33,1600.00,59.50,71.40,0,0.00,0.00,'','2022-03-25 01:06:51'),(266,295,266,265,'2022-03-27 12:49:19',0.00,0.00,5017.83,6021.40,4958.33,5950.00,59.50,71.40,0,0.00,0.00,'','2022-03-27 12:49:19'),(267,296,267,266,'2022-03-27 23:57:54',0.00,0.00,292.83,351.40,233.33,280.00,59.50,71.40,0,0.00,0.00,'','2022-03-27 23:57:54'),(268,297,268,267,'2022-03-31 20:07:49',0.00,0.00,1684.50,2021.40,1625.00,1950.00,59.50,71.40,0,0.00,0.00,'','2022-03-31 20:07:47'),(269,298,269,268,'2022-04-04 21:28:58',0.00,0.00,1476.17,1771.40,1416.67,1700.00,59.50,71.40,0,0.00,0.00,'','2022-04-04 21:28:58'),(270,299,270,269,'2022-04-07 03:04:04',0.00,0.00,551.17,661.40,491.67,590.00,59.50,71.40,0,0.00,0.00,'','2022-04-07 03:04:03'),(271,300,271,270,'2022-04-08 05:13:43',0.00,0.00,458.65,550.40,416.65,500.00,42.00,50.40,0,0.00,0.00,'','2022-04-08 05:13:43'),(272,301,272,271,'2022-04-10 22:58:32',0.00,0.00,7559.50,9071.40,7500.00,9000.00,59.50,71.40,0,0.00,0.00,'','2022-04-10 22:58:32'),(273,302,273,272,'2022-04-19 11:53:56',0.00,0.00,5017.83,6021.40,4958.33,5950.00,59.50,71.40,0,0.00,0.00,'','2022-04-19 11:53:56'),(274,303,274,273,'2022-04-23 00:49:44',0.00,0.00,142.84,171.40,83.34,100.00,59.50,71.40,0,0.00,0.00,'','2022-04-23 00:49:44'),(275,304,275,274,'2022-05-03 16:57:56',0.00,0.00,1517.83,1821.40,1458.33,1750.00,59.50,71.40,0,0.00,0.00,'','2022-05-03 16:57:55'),(276,305,276,275,'2022-05-09 15:09:26',0.00,0.00,1392.83,1671.40,1333.33,1600.00,59.50,71.40,0,0.00,0.00,'','2022-05-09 15:09:26'),(277,306,277,276,'2022-05-12 09:59:15',0.00,0.00,3892.83,4671.40,3833.33,4600.00,59.50,71.40,0,0.00,0.00,'','2022-05-12 09:59:15'),(278,308,278,277,'2022-05-13 19:14:26',0.00,0.00,8809.50,10571.40,8750.00,10500.00,59.50,71.40,0,0.00,0.00,'','2022-05-13 19:14:26'),(279,309,279,278,'2022-05-20 04:11:49',0.00,0.00,3051.17,3661.40,2991.67,3590.00,59.50,71.40,0,0.00,0.00,'','2022-05-20 04:11:48'),(280,310,280,279,'2022-05-20 16:05:11',0.00,0.00,92.83,111.40,33.33,40.00,59.50,71.40,0,0.00,0.00,'','2022-05-20 16:05:11'),(281,311,281,280,'2022-05-23 14:18:57',0.00,0.00,18300.33,21960.40,18250.00,21900.00,50.33,60.40,0,0.00,0.00,'','2022-05-23 14:18:57'),(282,312,282,281,'2022-05-31 17:47:55',0.00,0.00,1059.50,1271.40,1000.00,1200.00,59.50,71.40,0,0.00,0.00,'','2022-05-31 17:47:55'),(283,313,283,282,'2022-05-31 17:49:46',0.00,0.00,1059.50,1271.40,1000.00,1200.00,59.50,71.40,0,0.00,0.00,'','2022-05-31 17:49:46'),(284,314,284,283,'2022-05-31 21:21:44',0.00,0.00,2809.50,3371.40,2750.00,3300.00,59.50,71.40,0,0.00,0.00,'','2022-05-31 21:21:43'),(285,315,285,284,'2022-06-12 15:55:20',0.00,0.00,9292.83,11151.40,9233.33,11080.00,59.50,71.40,0,0.00,0.00,'','2022-06-12 15:55:20'),(286,316,286,285,'2022-06-13 21:54:31',0.00,0.00,2392.83,2871.40,2333.33,2800.00,59.50,71.40,0,0.00,0.00,'','2022-06-13 21:54:31'),(287,317,287,286,'2022-06-13 22:52:26',0.00,0.00,2142.83,2571.40,2083.33,2500.00,59.50,71.40,0,0.00,0.00,'','2022-06-13 22:52:26'),(288,318,288,287,'2022-06-13 23:22:40',0.00,0.00,384.50,461.40,325.00,390.00,59.50,71.40,0,0.00,0.00,'','2022-06-13 23:22:40'),(289,319,289,288,'2022-06-17 22:01:47',0.00,0.00,1542.83,1851.40,1483.33,1780.00,59.50,71.40,0,0.00,0.00,'','2022-06-17 22:01:47'),(290,324,290,289,'2022-06-22 17:11:06',0.00,0.00,1559.50,1871.40,1500.00,1800.00,59.50,71.40,0,0.00,0.00,'','2022-06-22 17:11:06'),(291,325,291,290,'2022-06-23 17:42:00',0.00,0.00,159.50,191.40,100.00,120.00,59.50,71.40,0,0.00,0.00,'','2022-06-23 17:41:59'),(292,326,292,291,'2022-06-26 23:27:51',0.00,0.00,5476.17,6571.40,5416.67,6500.00,59.50,71.40,0,0.00,0.00,'','2022-06-26 23:27:50'),(293,327,293,292,'2022-07-04 00:09:23',0.00,0.00,6642.83,7971.40,6583.33,7900.00,59.50,71.40,0,0.00,0.00,'','2022-07-04 00:09:23'),(294,328,294,293,'2022-07-04 22:05:02',0.00,0.00,5017.83,6021.40,4958.33,5950.00,59.50,71.40,0,0.00,0.00,'','2022-07-04 22:05:02'),(295,329,295,294,'2022-07-07 15:55:00',0.00,0.00,2051.17,2461.40,1991.67,2390.00,59.50,71.40,0,0.00,0.00,'','2022-07-07 15:55:00'),(296,330,296,295,'2022-07-12 21:20:23',0.00,0.00,1684.50,2021.40,1625.00,1950.00,59.50,71.40,0,0.00,0.00,'','2022-07-12 21:20:22'),(297,331,297,296,'2022-07-16 17:29:47',0.00,0.00,3717.00,4460.40,3666.67,4400.00,50.33,60.40,0,0.00,0.00,'','2022-07-16 17:29:47'),(298,332,298,297,'2022-07-19 12:19:39',0.00,0.00,309.50,371.40,250.00,300.00,59.50,71.40,0,0.00,0.00,'','2022-07-19 12:19:39'),(299,333,299,298,'2022-07-21 12:48:13',0.00,0.00,1517.83,1821.40,1458.33,1750.00,59.50,71.40,0,0.00,0.00,'','2022-07-21 12:48:12'),(300,334,300,299,'2022-07-21 12:53:44',0.00,0.00,1517.83,1821.40,1458.33,1750.00,59.50,71.40,0,0.00,0.00,'','2022-07-21 12:53:43'),(301,336,301,300,'2022-07-30 17:11:06',0.00,0.00,1101.17,1321.40,1041.67,1250.00,59.50,71.40,0,0.00,0.00,'','2022-07-30 17:11:06'),(302,337,302,301,'2022-07-31 21:21:52',0.00,0.00,2532.00,3038.40,2491.67,2990.00,40.33,48.40,0,0.00,0.00,'','2022-07-31 21:21:52'),(303,339,303,302,'2022-08-05 17:27:29',0.00,0.00,601.17,721.40,541.67,650.00,59.50,71.40,0,0.00,0.00,'','2022-08-05 17:27:28'),(304,340,304,303,'2022-08-08 18:21:08',0.00,0.00,1767.83,2121.40,1708.33,2050.00,59.50,71.40,0,0.00,0.00,'','2022-08-08 18:21:07'),(305,341,305,304,'2022-08-11 19:48:20',0.00,0.00,11404.50,13685.40,11354.17,13625.00,50.33,60.40,0,0.00,0.00,'','2022-08-11 19:48:18'),(306,342,306,305,'2022-08-11 19:49:31',0.00,0.00,11404.50,13685.40,11354.17,13625.00,50.33,60.40,0,0.00,0.00,'','2022-08-11 19:49:31'),(307,343,307,306,'2022-08-18 20:40:50',0.00,0.00,1476.17,1771.40,1416.67,1700.00,59.50,71.40,0,0.00,0.00,'','2022-08-18 20:40:50'),(308,344,308,307,'2022-08-21 10:22:30',0.00,0.00,1059.50,1271.40,1000.00,1200.00,59.50,71.40,0,0.00,0.00,'','2022-08-21 10:22:29'),(309,345,309,308,'2022-08-21 23:57:55',0.00,0.00,3717.00,4460.40,3666.67,4400.00,50.33,60.40,0,0.00,0.00,'','2022-08-21 23:57:55'),(310,346,310,309,'2022-08-22 12:24:31',0.00,0.00,18300.33,21960.40,18250.00,21900.00,50.33,60.40,0,0.00,0.00,'','2022-08-22 12:24:30'),(311,347,311,310,'2022-08-23 01:04:17',0.00,0.00,1517.83,1821.40,1458.33,1750.00,59.50,71.40,0,0.00,0.00,'','2022-08-23 01:04:16'),(312,348,312,311,'2022-08-29 12:59:20',0.00,0.00,2967.83,3561.40,2908.33,3490.00,59.50,71.40,0,0.00,0.00,'','2022-08-29 12:59:20'),(313,349,313,312,'2022-09-03 13:39:55',0.00,0.00,467.84,561.40,408.34,490.00,59.50,71.40,0,0.00,0.00,'','2022-09-03 13:39:55'),(314,350,314,313,'2022-09-03 15:05:42',0.00,0.00,1517.83,1821.40,1458.33,1750.00,59.50,71.40,0,0.00,0.00,'','2022-09-03 15:05:41'),(315,351,315,314,'2022-09-06 19:19:37',0.00,0.00,642.83,771.40,583.33,700.00,59.50,71.40,0,0.00,0.00,'','2022-09-06 19:19:36'),(316,352,316,315,'2022-09-14 23:49:34',0.00,0.00,709.50,851.40,650.00,780.00,59.50,71.40,0,0.00,0.00,'','2022-09-14 23:49:33'),(317,353,317,316,'2022-09-15 19:56:04',0.00,0.00,2142.83,2571.40,2083.33,2500.00,59.50,71.40,0,0.00,0.00,'','2022-09-15 19:56:03'),(318,356,318,317,'2022-09-23 00:30:00',0.00,0.00,3717.00,4460.40,3666.67,4400.00,50.33,60.40,0,0.00,0.00,'','2022-09-23 00:29:59'),(319,357,319,318,'2022-09-23 01:12:51',0.00,0.00,3717.00,4460.40,3666.67,4400.00,50.33,60.40,0,0.00,0.00,'','2022-09-23 01:12:51'),(320,358,320,319,'2022-09-27 16:08:53',0.00,0.00,1601.17,1921.40,1541.67,1850.00,59.50,71.40,0,0.00,0.00,'','2022-09-27 16:08:52'),(321,359,321,320,'2022-09-29 14:39:54',0.00,0.00,238.66,286.40,179.16,215.00,59.50,71.40,0,0.00,0.00,'','2022-09-29 14:39:53'),(322,360,322,321,'2022-10-04 00:19:22',0.00,0.00,25476.17,30571.40,25416.67,30500.00,59.50,71.40,0,0.00,0.00,'','2022-10-04 00:19:21'),(323,361,323,322,'2022-10-05 16:45:18',0.00,0.00,1601.17,1921.40,1541.67,1850.00,59.50,71.40,0,0.00,0.00,'','2022-10-05 16:45:18'),(324,362,324,323,'2022-10-06 11:08:51',0.00,0.00,767.83,921.40,708.33,850.00,59.50,71.40,0,0.00,0.00,'','2022-10-06 11:08:51'),(325,363,325,324,'2022-10-08 23:06:09',0.00,0.00,219.50,263.40,179.17,215.00,40.33,48.40,0,0.00,0.00,'','2022-10-08 23:06:09'),(326,364,326,325,'2022-10-12 18:09:14',0.00,0.00,2684.50,3221.40,2625.00,3150.00,59.50,71.40,0,0.00,0.00,'','2022-10-12 18:09:13'),(327,365,327,326,'2022-10-13 21:39:28',0.00,0.00,14059.50,16871.40,14000.00,16800.00,59.50,71.40,0,0.00,0.00,'','2022-10-13 21:39:28'),(328,366,328,327,'2022-10-14 13:49:18',0.00,0.00,3717.00,4460.40,3666.67,4400.00,50.33,60.40,0,0.00,0.00,'','2022-10-14 13:49:17'),(329,367,329,328,'2022-10-14 16:24:34',0.00,0.00,232.00,278.40,191.67,230.00,40.33,48.40,0,0.00,0.00,'','2022-10-14 16:24:33'),(330,368,330,329,'2022-10-16 14:25:32',0.00,0.00,232.00,278.40,191.67,230.00,40.33,48.40,0,0.00,0.00,'','2022-10-16 14:25:31'),(331,369,331,330,'2022-10-18 11:22:47',0.00,0.00,188.66,226.40,148.33,178.00,40.33,48.40,0,0.00,0.00,'','2022-10-18 11:22:46'),(332,370,332,331,'2022-10-20 16:25:49',0.00,0.00,2217.83,2661.40,2158.33,2590.00,59.50,71.40,0,0.00,0.00,'','2022-10-20 16:25:47'),(333,371,333,332,'2022-10-21 12:03:07',0.00,0.00,188.66,226.40,148.33,178.00,40.33,48.40,0,0.00,0.00,'','2022-10-21 12:03:07'),(334,372,334,333,'2022-10-23 22:04:18',0.00,0.00,767.83,921.40,708.33,850.00,59.50,71.40,0,0.00,0.00,'','2022-10-23 22:04:17'),(335,373,335,334,'2022-10-24 20:03:47',0.00,0.00,279.50,291.40,220.00,220.00,59.50,71.40,0,0.00,0.00,'','2022-10-24 20:03:47'),(336,374,336,335,'2022-10-26 16:59:50',0.00,0.00,188.66,226.40,148.33,178.00,40.33,48.40,0,0.00,0.00,'','2022-10-26 16:59:49'),(337,375,337,336,'2022-10-28 00:07:56',0.00,0.00,1601.17,1921.40,1541.67,1850.00,59.50,71.40,0,0.00,0.00,'','2022-10-28 00:07:56'),(338,376,338,337,'2022-10-30 23:04:24',0.00,0.00,3717.00,4460.40,3666.67,4400.00,50.33,60.40,0,0.00,0.00,'','2022-10-30 23:04:24'),(339,377,339,338,'2022-10-31 11:22:37',0.00,0.00,3717.00,4460.40,3666.67,4400.00,50.33,60.40,0,0.00,0.00,'','2022-10-31 11:22:36'),(340,378,340,339,'2022-11-03 15:02:21',0.00,0.00,3309.50,3971.40,3250.00,3900.00,59.50,71.40,0,0.00,0.00,'','2022-11-03 15:02:21'),(341,379,341,340,'2022-11-04 06:13:07',0.00,0.00,267.83,321.40,208.33,250.00,59.50,71.40,0,0.00,0.00,'','2022-11-04 06:13:07'),(342,380,342,341,'2022-11-10 19:55:20',0.00,0.00,767.83,921.40,708.33,850.00,59.50,71.40,0,0.00,0.00,'','2022-11-10 19:55:20'),(343,382,343,342,'2022-11-12 15:38:38',0.00,0.00,767.83,921.40,708.33,850.00,59.50,71.40,0,0.00,0.00,'','2022-11-12 15:38:38'),(344,383,344,343,'2022-11-14 19:01:20',0.00,0.00,2684.50,3221.40,2625.00,3150.00,59.50,71.40,0,0.00,0.00,'','2022-11-14 19:01:20'),(345,384,345,344,'2022-11-15 16:25:28',0.00,0.00,976.16,1171.40,916.66,1100.00,59.50,71.40,0,0.00,0.00,'','2022-11-15 16:25:28'),(346,385,346,345,'2022-11-16 07:08:28',0.00,0.00,345.33,414.40,285.83,343.00,59.50,71.40,0,0.00,0.00,'','2022-11-16 07:08:27'),(347,386,347,346,'2022-11-17 21:40:32',0.00,0.00,1184.50,1421.40,1125.00,1350.00,59.50,71.40,0,0.00,0.00,'','2022-11-17 21:40:32'),(348,387,348,347,'2022-11-21 09:47:29',0.00,0.00,315.33,378.40,275.00,330.00,40.33,48.40,0,0.00,0.00,'','2022-11-21 09:47:29'),(349,389,349,348,'2022-12-03 16:59:41',0.00,0.00,6642.83,7971.40,6583.33,7900.00,59.50,71.40,0,0.00,0.00,'','2022-12-03 16:59:40'),(350,390,350,349,'2022-12-06 23:32:36',0.00,0.00,11404.50,13685.40,11354.17,13625.00,50.33,60.40,0,0.00,0.00,'','2022-12-06 23:32:35'),(351,393,351,350,'2022-12-14 18:44:01',0.00,0.00,1492.83,1791.40,1433.33,1720.00,59.50,71.40,0,0.00,0.00,'','2022-12-14 18:44:01'),(352,391,352,351,'2022-12-15 10:02:34',0.00,0.00,1184.50,1421.40,1125.00,1350.00,59.50,71.40,0,0.00,0.00,'','2022-12-15 10:02:34');

--
